0:00:00.831064910 [333m 7190[00m 0x7fe03c0024f0 [37mDEBUG  [00m [00m          rtpptdemux gstrtpptdemux.c:363:gst_rtp_pt_demux_chain:<rtpptdemux0>[00m received buffer for pt 96
0:00:00.830710548 [333m 7190[00m 0x7fe0480444f0 [37mDEBUG  [00m [00;01;34m            GST_CAPS gstutils.c:2808:gst_pad_peer_query_caps:<rtpjitterbuffer1:sink>[00m get pad peer caps with filter (NULL)
0:00:00.831196146 [333m 7190[00m 0x7fe0480444f0 [37mDEBUG  [00m [00m               query gstquery.c:680:gst_query_new_custom:[00m creating new query 0x7fe028002de0 caps
0:00:00.831223576 [333m 7190[00m 0x7fe0480444f0 [37mDEBUG  [00m [00;01;31;41m            GST_PADS gstpad.c:3570:gst_pad_peer_query:<rtpjitterbuffer1:sink>[00m peer query 0x7fe028002de0 (caps)
0:00:00.830887455 [333m 7190[00m 0x7fe0480130a0 [33;01mLOG    [00m [00;01;35m      GST_SCHEDULING gstpad.c:3715:gst_pad_chain_data_unchecked:<manager:recv_rtp_sink_0>[00m called chainfunction &gst_proxy_pad_chain_default with buffer 0x7fe018003c00, returned ok
0:00:00.831298708 [333m 7190[00m 0x7fe0480130a0 [37mDEBUG  [00m [00;01;31;41m            GST_PADS gstpad.c:1432:gst_pad_check_reconfigure:<udpsrc0:src>[00m remove RECONFIGURE flag
0:00:00.831321176 [333m 7190[00m 0x7fe0480130a0 [37mDEBUG  [00m [00m             basesrc gstbasesrc.c:3151:gst_base_src_negotiate:<udpsrc0>[00m starting negotiation
0:00:00.831333195 [333m 7190[00m 0x7fe0480130a0 [37mDEBUG  [00m [00;01;34m            GST_CAPS gstutils.c:2762:gst_pad_query_caps:<udpsrc0:src>[00m get pad caps with filter (NULL)
0:00:00.831350292 [333m 7190[00m 0x7fe0480130a0 [37mDEBUG  [00m [00m               query gstquery.c:680:gst_query_new_custom:[00m creating new query 0x7fe03c0026d0 caps
0:00:00.831239628 [333m 7190[00m 0x7fe0480444f0 [36mINFO   [00m [00;01;31;41m            GST_PADS gstpad.c:3626:gst_pad_peer_query:<rtpjitterbuffer1:sink>[00m pad has no peer
0:00:00.831401818 [333m 7190[00m 0x7fe0480444f0 [37mDEBUG  [00m [00m  gstrtpjitterbuffer gstrtpjitterbuffer.c:874:gst_rtp_jitter_buffer_getcaps:<rtpjitterbuffer1>[00m intersect with template
0:00:00.831352873 [333m 7190[00m 0x7fe03c0024f0 [37mDEBUG  [00m [00m              rtpbin gstrtpbin.c:2479:pt_map_requested:<manager>[00m payload map requested for pt 96 in session 0
0:00:00.831509769 [333m 7190[00m 0x7fe03c0024f0 [37mDEBUG  [00m [00m              rtpbin gstrtpbin.c:685:get_pt_map:[00m searching pt 96 in cache
0:00:00.831370691 [333m 7190[00m 0x7fe0480130a0 [37mDEBUG  [00m [00;01;31;41m            GST_PADS gstpad.c:3445:gst_pad_query:<udpsrc0:src>[00m doing query 0x7fe03c0026d0 (caps)
0:00:00.831625207 [333m 7190[00m 0x7fe0480130a0 [37mDEBUG  [00m [00m             basesrc gstbasesrc.c:1248:gst_base_src_default_query:<udpsrc0>[00m query caps returns 1
0:00:00.831534028 [333m 7190[00m 0x7fe03c0024f0 [37mDEBUG  [00m [00m          rtpptdemux gstrtpptdemux.c:276:gst_rtp_pt_demux_get_caps:[00m pt 96, got caps application/x-rtp, media=(string)video, payload=(int)96, clock-rate=(int)90000, encoding-name=(string)H264, packetization-mode=(string)1, profile-level-id=(string)420029, sprop-parameter-sets=(string)"Z0IAKeKQGQJvy4C3AQEBpB4kRUA\=\,aM48gA\=\=", a-framerate=(string)30.0, a-transform=(string)"-1\,0\,0\;0\,-1\,0\;0\,0\,1", clock-base=(uint)3372289389, seqnum-base=(uint)19392, npt-start=(guint64)0, play-speed=(double)1, play-scale=(double)1
0:00:00.831438317 [333m 7190[00m 0x7fe0480444f0 [37mDEBUG  [00m [00;01;31;41m            GST_PADS gstpad.c:3467:gst_pad_query:<rtpjitterbuffer1:src>[00m sent query 0x7fe028002d90 (caps), result 1
0:00:00.831824238 [333m 7190[00m 0x7fe0480444f0 [37mDEBUG  [00m [00;01;34m            GST_CAPS gstutils.c:2769:gst_pad_query_caps:<rtpjitterbuffer1:src>[00m query returned application/x-rtp
0:00:00.831848423 [333m 7190[00m 0x7fe0480444f0 [37mDEBUG  [00m [00;01;34m            GST_CAPS gstutils.c:2762:gst_pad_query_caps:<rtpptdemux1:sink>[00m get pad caps with filter (NULL)
0:00:00.831862599 [333m 7190[00m 0x7fe0480444f0 [37mDEBUG  [00m [00m               query gstquery.c:680:gst_query_new_custom:[00m creating new query 0x7fe028002e80 caps
0:00:00.831789549 [333m 7190[00m 0x7fe03c0024f0 [37mDEBUG  [00m [00;01;31;41m            GST_PADS gstpad.c:1667:gst_pad_set_event_function_full:<'':src_96>[00m eventfunc for set to 0x7fe0459b02c0
0:00:00.831917943 [333m 7190[00m 0x7fe03c0024f0 [37mDEBUG  [00m [00m          rtpptdemux gstrtpptdemux.c:385:gst_rtp_pt_demux_chain:[00m Adding pt=96 to the list.
0:00:00.831939909 [333m 7190[00m 0x7fe03c0024f0 [37mDEBUG  [00m [00;01;31;41m            GST_PADS gstpad.c:953:gst_pad_set_active:<'':src_96>[00m activating pad from none
0:00:00.831952861 [333m 7190[00m 0x7fe03c0024f0 [37mDEBUG  [00m [00;01;31;41m            GST_PADS gstpad.c:870:pre_activate:<'':src_96>[00m setting pad into push mode, unset flushing
0:00:00.831983653 [333m 7190[00m 0x7fe03c0024f0 [37mDEBUG  [00m [00;01;31;41m            GST_PADS gstpad.c:1091:gst_pad_activate_mode:<'':src_96>[00m activated in push mode
0:00:00.832004314 [333m 7190[00m 0x7fe03c0024f0 [33;01mLOG    [00m [00;01;31;41m            GST_PADS gstpad.c:4522:store_sticky_event:<'':src_96>[00m stored sticky event stream-start
0:00:00.832017267 [333m 7190[00m 0x7fe03c0024f0 [37mDEBUG  [00m [00;01;31;41m            GST_PADS gstpad.c:3376:check_sticky:<'':src_96>[00m pushing all sticky events
0:00:00.832047324 [333m 7190[00m 0x7fe03c0024f0 [37mDEBUG  [00m [00;01;31;41m            GST_PADS gstpad.c:4724:gst_pad_push_event_unchecked:<'':src_96>[00m Dropping event because pad is not linked
0:00:00.832062979 [333m 7190[00m 0x7fe03c0024f0 [37mDEBUG  [00m [00;01;31;41m            GST_PADS gstpad.c:3348:push_sticky:<'':src_96>[00m pad was not linked, mark pending
0:00:00.831876461 [333m 7190[00m 0x7fe0480444f0 [37mDEBUG  [00m [00;01;31;41m            GST_PADS gstpad.c:3445:gst_pad_query:<rtpptdemux1:sink>[00m doing query 0x7fe028002e80 (caps)
0:00:00.832117168 [333m 7190[00m 0x7fe0480444f0 [37mDEBUG  [00m [00;01;34m            GST_CAPS gstpad.c:2852:gst_pad_query_caps_default:<rtpptdemux1:sink>[00m query caps caps query: 0x7fe028002e80, GstQueryCaps, filter=(GstCaps)NULL, caps=(GstCaps)NULL;
0:00:00.831873682 [333m 7190[00m 0x7fe0480130a0 [37mDEBUG  [00m [00;01;31;41m            GST_PADS gstpad.c:3467:gst_pad_query:<udpsrc0:src>[00m sent query 0x7fe03c0026d0 (caps), result 1
0:00:00.832195697 [333m 7190[00m 0x7fe0480130a0 [37mDEBUG  [00m [00;01;34m            GST_CAPS gstutils.c:2769:gst_pad_query_caps:<udpsrc0:src>[00m query returned ANY
0:00:00.832240896 [333m 7190[00m 0x7fe0480130a0 [37mDEBUG  [00m [00m             basesrc gstbasesrc.c:3081:gst_base_src_default_negotiate:<udpsrc0>[00m caps of src: ANY
0:00:00.832275748 [333m 7190[00m 0x7fe0480130a0 [37mDEBUG  [00m [00m             basesrc gstbasesrc.c:3127:gst_base_src_default_negotiate:<udpsrc0>[00m no negotiation needed
0:00:00.832292654 [333m 7190[00m 0x7fe0480130a0 [37mDEBUG  [00m [00;01;34m            GST_CAPS gstpad.c:2428:gst_pad_get_current_caps:<udpsrc0:src>[00m get current pad caps (NULL)
0:00:00.832133973 [333m 7190[00m 0x7fe03c0024f0 [37mDEBUG  [00m [00;01;37;41m     GST_PERFORMANCE gstcaps.c:162:_gst_caps_copy:application/x-rtp, media=(string)video, payload=(int)96, clock-rate=(int)90000, encoding-name=(string)H264, packetization-mode=(string)1, profile-level-id=(string)420029, sprop-parameter-sets=(string)"Z0IAKeKQGQJvy4C3AQEBpB4kRUA\=\,aM48gA\=\=", a-framerate=(string)30.0, a-transform=(string)"-1\,0\,0\;0\,-1\,0\;0\,0\,1", clock-base=(uint)3372289389, seqnum-base=(uint)19392, npt-start=(guint64)0, play-speed=(double)1, play-scale=(double)1[00m doing copy 0x7fe048012c50 -> 0x7fe04805b680
0:00:00.832406268 [333m 7190[00m 0x7fe03c0024f0 [37mDEBUG  [00m [00;01;37;41m     GST_PERFORMANCE gstminiobject.c:326:gst_mini_object_make_writable:[00m copy GstCaps miniobject 0x7fe048012c50 -> 0x7fe04805b680
0:00:00.832449491 [333m 7190[00m 0x7fe0480444f0 [37mDEBUG  [00m [00;01;34m            GST_CAPS gstpad.c:2875:gst_pad_query_caps_default:<rtpptdemux1:sink>[00m trying pad template caps
0:00:00.832326359 [333m 7190[00m 0x7fe0480130a0 [37mDEBUG  [00m [00m               query gstquery.c:680:gst_query_new_custom:[00m creating new query 0x7fe03c0024a0 allocation
0:00:00.832433068 [333m 7190[00m 0x7fe03c0024f0 [36mINFO   [00m [00;01;34m           GST_EVENT gstevent.c:629:gst_event_new_caps:[00m creating caps event application/x-rtp, media=(string)video, payload=(int)96, clock-rate=(int)90000, encoding-name=(string)H264, packetization-mode=(string)1, profile-level-id=(string)420029, sprop-parameter-sets=(string)"Z0IAKeKQGQJvy4C3AQEBpB4kRUA\=\,aM48gA\=\=", a-framerate=(string)30.0, a-transform=(string)"-1\,0\,0\;0\,-1\,0\;0\,0\,1", clock-base=(uint)3372289389, seqnum-base=(uint)19392, npt-start=(guint64)0, play-speed=(double)1, play-scale=(double)1
0:00:00.832528646 [333m 7190[00m 0x7fe0480130a0 [37mDEBUG  [00m [00;01;31;41m            GST_PADS gstpad.c:3570:gst_pad_peer_query:<udpsrc0:src>[00m peer query 0x7fe03c0024a0 (allocation)
0:00:00.832560072 [333m 7190[00m 0x7fe0480130a0 [37mDEBUG  [00m [00;01;31;41m            GST_PADS gstpad.c:3445:gst_pad_query:<manager:recv_rtp_sink_0>[00m doing query 0x7fe03c0024a0 (allocation)
0:00:00.832537703 [333m 7190[00m 0x7fe0480444f0 [37mDEBUG  [00m [00;01;34m            GST_CAPS gstpad.c:2905:gst_pad_query_caps_default:<rtpptdemux1:sink>[00m using caps 0x7fe03c002770 application/x-rtp
0:00:00.832637303 [333m 7190[00m 0x7fe0480444f0 [37mDEBUG  [00m [00;01;31;41m            GST_PADS gstpad.c:2983:gst_pad_query_default:<rtpptdemux1:sink>[00m not forwarding 0x7fe028002e80 (caps) query
0:00:00.832685827 [333m 7190[00m 0x7fe0480444f0 [37mDEBUG  [00m [00;01;31;41m            GST_PADS gstpad.c:3467:gst_pad_query:<rtpptdemux1:sink>[00m sent query 0x7fe028002e80 (caps), result 1
0:00:00.832763413 [333m 7190[00m 0x7fe0480444f0 [37mDEBUG  [00m [00;01;34m            GST_CAPS gstutils.c:2769:gst_pad_query_caps:<rtpptdemux1:sink>[00m query returned application/x-rtp
0:00:00.832809995 [333m 7190[00m 0x7fe0480444f0 [37mDEBUG  [00m [00;01;34m            GST_CAPS gstpad.c:1983:gst_pad_link_check_compatible_unlocked:<rtpjitterbuffer1:src>[00m src caps application/x-rtp
0:00:00.832594266 [333m 7190[00m 0x7fe0480130a0 [37mDEBUG  [00m [00;01;31;41m            GST_PADS gstpad.c:2983:gst_pad_query_default:<manager:recv_rtp_sink_0>[00m forwarding 0x7fe03c0024a0 (allocation) query
0:00:00.832563650 [333m 7190[00m 0x7fe03c0024f0 [37mDEBUG  [00m [00;01;34m           GST_EVENT gstevent.c:301:gst_event_new_custom:[00m creating new event 0x7fe018002ea0 caps 12814
0:00:00.832927781 [333m 7190[00m 0x7fe03c0024f0 [33;01mLOG    [00m [00;01;31;41m            GST_PADS gstpad.c:4522:store_sticky_event:<'':src_96>[00m stored sticky event caps
0:00:00.832947668 [333m 7190[00m 0x7fe03c0024f0 [37mDEBUG  [00m [00;01;31;41m            GST_PADS gstpad.c:4528:store_sticky_event:<'':src_96>[00m notify caps
0:00:00.832980457 [333m 7190[00m 0x7fe03c0024f0 [37mDEBUG  [00m [00;01;31;41m            GST_PADS gstpad.c:3376:check_sticky:<'':src_96>[00m pushing all sticky events
0:00:00.832996619 [333m 7190[00m 0x7fe03c0024f0 [37mDEBUG  [00m [00;01;31;41m            GST_PADS gstpad.c:4724:gst_pad_push_event_unchecked:<'':src_96>[00m Dropping event because pad is not linked
0:00:00.832878505 [333m 7190[00m 0x7fe0480130a0 [33;01mLOG    [00m [00;01;31;41m            GST_PADS gstpad.c:2691:gst_pad_forward:<manager:recv_rtp_sink_0>[00m calling forward function on pad recv_rtp_sink_0:proxypad0
0:00:00.832829253 [333m 7190[00m 0x7fe0480444f0 [37mDEBUG  [00m [00;01;34m            GST_CAPS gstpad.c:1985:gst_pad_link_check_compatible_unlocked:<rtpptdemux1:sink>[00m sink caps application/x-rtp
0:00:00.833089441 [333m 7190[00m 0x7fe0480444f0 [37mDEBUG  [00m [00;01;34m            GST_CAPS gstpad.c:2003:gst_pad_link_check_compatible_unlocked:[00m caps are compatible
0:00:00.833112723 [333m 7190[00m 0x7fe03c0024f0 [37mDEBUG  [00m [00;01;31;41m            GST_PADS gstpad.c:3348:push_sticky:<'':src_96>[00m pad was not linked, mark pending
0:00:00.833055779 [333m 7190[00m 0x7fe0480130a0 [33;01mLOG    [00m [00;01;31;41m            GST_PADS gstpad.c:2926:query_forward_func:<recv_rtp_sink_0:proxypad0>[00m query peer 0x7fe03c0024a0 (allocation) of recv_rtp_sink_0:proxypad0
0:00:00.833111156 [333m 7190[00m 0x7fe0480444f0 [36mINFO   [00m [00;01;31;41m            GST_PADS gstpad.c:2285:gst_pad_link_full:[00m linked rtpjitterbuffer1:src and rtpptdemux1:sink, successful
0:00:00.833196173 [333m 7190[00m 0x7fe0480444f0 [36mINFO   [00m [00;01;34m           GST_EVENT gstevent.c:1314:gst_event_new_reconfigure:[00m creating reconfigure event
0:00:00.833227973 [333m 7190[00m 0x7fe0480444f0 [37mDEBUG  [00m [00;01;34m           GST_EVENT gstevent.c:301:gst_event_new_custom:[00m creating new event 0x7fe0480492a0 reconfigure 61441
0:00:00.833264323 [333m 7190[00m 0x7fe0480444f0 [37mDEBUG  [00m [00;01;34m           GST_EVENT gstpad.c:4935:gst_pad_send_event_unchecked:<rtpjitterbuffer1:src>[00m have event type reconfigure event: 0x7fe0480492a0, time 99:99:99.999999999, seq-num 200, (NULL)
0:00:00.833284850 [333m 7190[00m 0x7fe0480444f0 [36mINFO   [00m [00;01;34m           GST_EVENT gstpad.c:5033:gst_pad_send_event_unchecked:<rtpjitterbuffer1:src>[00m Received event on flushing pad. Discarding
0:00:00.833312067 [333m 7190[00m 0x7fe0480444f0 [33;01mLOG    [00m [00;01;34m           GST_EVENT gstevent.c:223:_gst_event_free:[00m freeing event 0x7fe0480492a0 type reconfigure
0:00:00.833352352 [333m 7190[00m 0x7fe0480444f0 [33;01mLOG    [00m [00;01;37;41m         GST_MESSAGE gstmessage.c:282:gst_message_new_custom:[00m source sink: creating new message 0x7fe028002110 structure-change
0:00:00.833375879 [333m 7190[00m 0x7fe0480130a0 [37mDEBUG  [00m [00;01;31;41m            GST_PADS gstpad.c:3570:gst_pad_peer_query:<recv_rtp_sink_0:proxypad0>[00m peer query 0x7fe03c0024a0 (allocation)
0:00:00.833197617 [333m 7190[00m 0x7fe03c0024f0 [37mDEBUG  [00m [00;01;31;41m            GST_PADS gstpad.c:4724:gst_pad_push_event_unchecked:<'':src_96>[00m Dropping event because pad is not linked
0:00:00.833375451 [333m 7190[00m 0x7fe0480444f0 [37mDEBUG  [00m [00;43m             GST_BUS gstbus.c:312:gst_bus_post:<bus3>[00m [msg 0x7fe028002110] posting on bus structure-change message: 0x7fe028002110, time 99:99:99.999999999, seq-num 201, element 'sink', GstMessageStructureChange, type=(GstStructureChangeType)GST_STRUCTURE_CHANGE_TYPE_PAD_LINK, owner=(GstElement)"\(GstRtpJitterBuffer\)\ rtpjitterbuffer1", busy=(boolean)false;
0:00:00.833429719 [333m 7190[00m 0x7fe03c0024f0 [37mDEBUG  [00m [00;01;31;41m            GST_PADS gstpad.c:3348:push_sticky:<'':src_96>[00m pad was not linked, mark pending
0:00:00.833514848 [333m 7190[00m 0x7fe03c0024f0 [37mDEBUG  [00m [00;01;31;41m            GST_PADS gstpad.c:4724:gst_pad_push_event_unchecked:<'':src_96>[00m Dropping event because pad is not linked
0:00:00.833547424 [333m 7190[00m 0x7fe03c0024f0 [37mDEBUG  [00m [00;01;31;41m            GST_PADS gstpad.c:3348:push_sticky:<'':src_96>[00m pad was not linked, mark pending
0:00:00.833565204 [333m 7190[00m 0x7fe03c0024f0 [33;01mLOG    [00m [00;01;31;41m            GST_PADS gstpad.c:4522:store_sticky_event:<'':src_96>[00m stored sticky event segment
0:00:00.833596897 [333m 7190[00m 0x7fe03c0024f0 [37mDEBUG  [00m [00;01;31;41m            GST_PADS gstpad.c:3376:check_sticky:<'':src_96>[00m pushing all sticky events
0:00:00.833473993 [333m 7190[00m 0x7fe0480444f0 [37mDEBUG  [00m [00;01m                 bin gstbin.c:3342:gst_bin_handle_message_func:<manager>[00m [msg 0x7fe028002110] handling child sink message of type structure-change
0:00:00.833759532 [333m 7190[00m 0x7fe0480444f0 [33;01mLOG    [00m [00;01m                 bin gstbin.c:859:message_check:[00m looking at message 0x7fe028002090: 1
0:00:00.833796999 [333m 7190[00m 0x7fe0480444f0 [37mDEBUG  [00m [00;01m                 bin gstbin.c:956:bin_remove_messages:<rtpptdemux1:sink>[00m deleting message 0x7fe028002090 of types 0x00001000
0:00:00.833830837 [333m 7190[00m 0x7fe0480444f0 [33;01mLOG    [00m [00;01;37;41m         GST_MESSAGE gstmessage.c:184:_gst_message_free:[00m finalize message 0x7fe028002090, structure-change from sink
0:00:00.833718076 [333m 7190[00m 0x7fe03c0024f0 [37mDEBUG  [00m [00;01;31;41m            GST_PADS gstpad.c:4724:gst_pad_push_event_unchecked:<'':src_96>[00m Dropping event because pad is not linked
0:00:00.833910003 [333m 7190[00m 0x7fe03c0024f0 [37mDEBUG  [00m [00;01;31;41m            GST_PADS gstpad.c:3348:push_sticky:<'':src_96>[00m pad was not linked, mark pending
0:00:00.833943982 [333m 7190[00m 0x7fe03c0024f0 [37mDEBUG  [00m [00;01;31;41m            GST_PADS gstpad.c:4724:gst_pad_push_event_unchecked:<'':src_96>[00m Dropping event because pad is not linked
0:00:00.833975897 [333m 7190[00m 0x7fe03c0024f0 [37mDEBUG  [00m [00;01;31;41m            GST_PADS gstpad.c:3348:push_sticky:<'':src_96>[00m pad was not linked, mark pending
0:00:00.834007546 [333m 7190[00m 0x7fe03c0024f0 [37mDEBUG  [00m [00;01;31;41m            GST_PADS gstpad.c:4724:gst_pad_push_event_unchecked:<'':src_96>[00m Dropping event because pad is not linked
0:00:00.834038823 [333m 7190[00m 0x7fe03c0024f0 [37mDEBUG  [00m [00;01;31;41m            GST_PADS gstpad.c:3348:push_sticky:<'':src_96>[00m pad was not linked, mark pending
0:00:00.834070355 [333m 7190[00m 0x7fe03c0024f0 [37mDEBUG  [00m [00;01;31;41m            GST_PADS gstpad.c:4724:gst_pad_push_event_unchecked:<'':src_96>[00m Dropping event because pad is not linked
0:00:00.834088662 [333m 7190[00m 0x7fe03c0024f0 [37mDEBUG  [00m [00;01;31;41m            GST_PADS gstpad.c:3348:push_sticky:<'':src_96>[00m pad was not linked, mark pending
0:00:00.834100455 [333m 7190[00m 0x7fe03c0024f0 [37mDEBUG  [00m [00;01;31;41m            GST_PADS gstpad.c:4724:gst_pad_push_event_unchecked:<'':src_96>[00m Dropping event because pad is not linked
0:00:00.834112466 [333m 7190[00m 0x7fe03c0024f0 [37mDEBUG  [00m [00;01;31;41m            GST_PADS gstpad.c:3348:push_sticky:<'':src_96>[00m pad was not linked, mark pending
0:00:00.834123563 [333m 7190[00m 0x7fe03c0024f0 [37mDEBUG  [00m [00;01;31;41m            GST_PADS gstpad.c:4724:gst_pad_push_event_unchecked:<'':src_96>[00m Dropping event because pad is not linked
0:00:00.834134519 [333m 7190[00m 0x7fe03c0024f0 [37mDEBUG  [00m [00;01;31;41m            GST_PADS gstpad.c:3348:push_sticky:<'':src_96>[00m pad was not linked, mark pending
0:00:00.834145076 [333m 7190[00m 0x7fe03c0024f0 [37mDEBUG  [00m [00;01;31;41m            GST_PADS gstpad.c:4724:gst_pad_push_event_unchecked:<'':src_96>[00m Dropping event because pad is not linked
0:00:00.834155483 [333m 7190[00m 0x7fe03c0024f0 [37mDEBUG  [00m [00;01;31;41m            GST_PADS gstpad.c:3348:push_sticky:<'':src_96>[00m pad was not linked, mark pending
0:00:00.834168473 [333m 7190[00m 0x7fe03c0024f0 [36mINFO   [00m [00;01;37;41m    GST_ELEMENT_PADS gstelement.c:649:gst_element_add_pad:<rtpptdemux0>[00m adding pad 'src_96'
0:00:00.834183959 [333m 7190[00m 0x7fe03c0024f0 [37mDEBUG  [00m [00;01;31;44m     GST_REFCOUNTING gstobject.c:684:gst_object_set_parent:<'':src_96>[00m set parent (ref and sink)
0:00:00.834198081 [333m 7190[00m 0x7fe03c0024f0 [37mDEBUG  [00m [00m          rtpptdemux gstrtpptdemux.c:414:gst_rtp_pt_demux_chain:[00m emitting new-payload-type for pt 96
0:00:00.834261752 [333m 7190[00m 0x7fe03c0024f0 [37mDEBUG  [00m [00m              rtpbin gstrtpbin.c:2422:new_payload_found:[00m new payload pad 96
0:00:00.833869241 [333m 7190[00m 0x7fe0480444f0 [33;01mLOG    [00m [00;01;37;41m         GST_MESSAGE gstmessage.c:184:_gst_message_free:[00m finalize message 0x7fe028002110, structure-change from sink
0:00:00.834307028 [333m 7190[00m 0x7fe0480130a0 [37mDEBUG  [00m [00;01;31;41m            GST_PADS gstpad.c:3445:gst_pad_query:<rtpsession0:recv_rtp_sink>[00m doing query 0x7fe03c0024a0 (allocation)
0:00:00.834350832 [333m 7190[00m 0x7fe0480444f0 [37mDEBUG  [00m [00;43m             GST_BUS gstbus.c:343:gst_bus_post:<bus3>[00m [msg 0x7fe028002110] dropped
0:00:00.834394508 [333m 7190[00m 0x7fe0480130a0 [37mDEBUG  [00m [00;01;31;41m            GST_PADS gstpad.c:2983:gst_pad_query_default:<rtpsession0:recv_rtp_sink>[00m not forwarding 0x7fe03c0024a0 (allocation) query
0:00:00.834436876 [333m 7190[00m 0x7fe0480444f0 [37mDEBUG  [00m [00;01;37;41m    GST_ELEMENT_PADS gstutils.c:1649:gst_element_link_pads_full:[00m linked pad rtpjitterbuffer1:src to pad rtpptdemux1:sink
0:00:00.834482914 [333m 7190[00m 0x7fe0480130a0 [37mDEBUG  [00m [00;01;31;41m            GST_PADS gstpad.c:3467:gst_pad_query:<rtpsession0:recv_rtp_sink>[00m sent query 0x7fe03c0024a0 (allocation), result 0
0:00:00.834568758 [333m 7190[00m 0x7fe0480130a0 [37mDEBUG  [00m [00;01;31;41m            GST_PADS gstpad.c:3511:gst_pad_query:<rtpsession0:recv_rtp_sink>[00m query failed
0:00:00.834603382 [333m 7190[00m 0x7fe0480130a0 [37mDEBUG  [00m [00;01;31;41m            GST_PADS gstpad.c:3632:gst_pad_peer_query:<recv_rtp_sink_0:proxypad0>[00m query failed
0:00:00.834527998 [333m 7190[00m 0x7fe0480444f0 [37mDEBUG  [00m [00;01;31m          GST_STATES gstelement.c:2482:gst_element_set_state_func:<rtpptdemux1>[00m set_state to PLAYING
0:00:00.834690955 [333m 7190[00m 0x7fe0480444f0 [37mDEBUG  [00m [00;01;31m          GST_STATES gstelement.c:2507:gst_element_set_state_func:<rtpptdemux1>[00m setting target state to PLAYING
0:00:00.834726329 [333m 7190[00m 0x7fe0480444f0 [37mDEBUG  [00m [00;01;31m          GST_STATES gstelement.c:2520:gst_element_set_state_func:<rtpptdemux1>[00m current NULL, old_pending VOID_PENDING, next VOID_PENDING, old return SUCCESS
0:00:00.834761210 [333m 7190[00m 0x7fe0480444f0 [37mDEBUG  [00m [00;01;31m          GST_STATES gstelement.c:2554:gst_element_set_state_func:<rtpptdemux1>[00m intermediate: setting state from NULL to READY
0:00:00.834637959 [333m 7190[00m 0x7fe0480130a0 [37mDEBUG  [00m [00;01;31;41m            GST_PADS gstpad.c:3467:gst_pad_query:<manager:recv_rtp_sink_0>[00m sent query 0x7fe03c0024a0 (allocation), result 0
0:00:00.834837178 [333m 7190[00m 0x7fe0480130a0 [37mDEBUG  [00m [00;01;31;41m            GST_PADS gstpad.c:3511:gst_pad_query:<manager:recv_rtp_sink_0>[00m query failed
0:00:00.834871982 [333m 7190[00m 0x7fe0480130a0 [37mDEBUG  [00m [00;01;31;41m            GST_PADS gstpad.c:3632:gst_pad_peer_query:<udpsrc0:src>[00m query failed
0:00:00.834904981 [333m 7190[00m 0x7fe0480130a0 [37mDEBUG  [00m [00m             basesrc gstbasesrc.c:3026:gst_base_src_prepare_allocation:<udpsrc0>[00m peer ALLOCATION query failed
0:00:00.834797158 [333m 7190[00m 0x7fe0480444f0 [33;01mLOG    [00m [00;01;31m          GST_STATES gstelement.c:2800:gst_element_change_state_func:<rtpptdemux1>[00m default handler tries setting state from NULL to READY (000a)
0:00:00.834944550 [333m 7190[00m 0x7fe0480130a0 [37mDEBUG  [00m [00m             basesrc gstbasesrc.c:3033:gst_base_src_prepare_allocation:<udpsrc0>[00m ALLOCATION (1) params: allocation query: 0x7fe03c0024a0, GstQueryAllocation, caps=(GstCaps)NULL, need-pool=(boolean)true, allocator=(GArray)NULL, pool=(GArray)NULL;
0:00:00.834963571 [333m 7190[00m 0x7fe0480444f0 [37mDEBUG  [00m [00;01;31m          GST_STATES gstelement.c:2639:gst_element_change_state:<rtpptdemux1>[00m element changed state SUCCESS
0:00:00.834986359 [333m 7190[00m 0x7fe0480130a0 [33;01mLOG    [00m [00m             basesrc gstbasesrc.c:2663:gst_base_src_loop:<udpsrc0>[00m next_ts 99:99:99.999999999 size 4096
0:00:00.835121047 [333m 7190[00m 0x7fe0480130a0 [37mDEBUG  [00m [00m             basesrc gstbasesrc.c:2388:gst_base_src_get_range:<udpsrc0>[00m calling create offset 18446744073709551615 length 4096, time 0
0:00:00.835075609 [333m 7190[00m 0x7fe0480444f0 [36mINFO   [00m [00;01;31m          GST_STATES gstelement.c:2306:gst_element_continue_state:<rtpptdemux1>[00m committing state from NULL to READY, pending PLAYING, next PAUSED
0:00:00.835201637 [333m 7190[00m 0x7fe0480444f0 [36mINFO   [00m [00;01;31m          GST_STATES gstelement.c:2236:_priv_gst_element_state_changed:<rtpptdemux1>[00m notifying about state-changed NULL to READY (PLAYING pending)
0:00:00.835164326 [333m 7190[00m 0x7fe0480130a0 [33;01mLOG    [00m [00m              udpsrc gstudpsrc.c:469:gst_udpsrc_create:<udpsrc0>[00m ioctl says 1400 bytes available
0:00:00.835241146 [333m 7190[00m 0x7fe0480444f0 [33;01mLOG    [00m [00;01;37;41m         GST_MESSAGE gstmessage.c:282:gst_message_new_custom:[00m source rtpptdemux1: creating new message 0x7fe028002190 state-changed
0:00:00.835284885 [333m 7190[00m 0x7fe0480130a0 [37mDEBUG  [00m [00;01;34m          GST_MEMORY gstmemory.c:138:gst_memory_init:[00m new memory 0x7fe03c00e110, maxsize:1407 offset:0 size:1400
0:00:00.835357679 [333m 7190[00m 0x7fe0480130a0 [33;01mLOG    [00m [00;01;42m          GST_BUFFER gstbuffer.c:628:gst_buffer_new:[00m new 0x7fe018003d10
0:00:00.835327359 [333m 7190[00m 0x7fe0480444f0 [37mDEBUG  [00m [00;43m             GST_BUS gstbus.c:312:gst_bus_post:<bus3>[00m [msg 0x7fe028002190] posting on bus state-changed message: 0x7fe028002190, time 99:99:99.999999999, seq-num 202, element 'rtpptdemux1', GstMessageStateChanged, old-state=(GstState)GST_STATE_NULL, new-state=(GstState)GST_STATE_READY, pending-state=(GstState)GST_STATE_PLAYING;
0:00:00.835371893 [333m 7190[00m 0x7fe0480130a0 [33;01mLOG    [00m [00;01;42m          GST_BUFFER gstbuffer.c:297:_memory_add:[00m buffer 0x7fe018003d10, idx -1, mem 0x7fe03c00e110, lock 1
0:00:00.835452108 [333m 7190[00m 0x7fe0480130a0 [33;01mLOG    [00m [00;01;42m          GST_BUFFER gstbuffer.c:682:gst_buffer_new_allocate:[00m new buffer 0x7fe018003d10 of size 1400 from allocator (nil)
0:00:00.835412488 [333m 7190[00m 0x7fe0480444f0 [37mDEBUG  [00m [00;01m                 bin gstbin.c:3342:gst_bin_handle_message_func:<manager>[00m [msg 0x7fe028002190] handling child rtpptdemux1 message of type state-changed
0:00:00.835533164 [333m 7190[00m 0x7fe0480444f0 [37mDEBUG  [00m [00;01m                 bin gstbin.c:3639:gst_bin_handle_message_func:<manager>[00m posting message upward
0:00:00.835489540 [333m 7190[00m 0x7fe0480130a0 [33;01mLOG    [00m [00;01;42m          GST_BUFFER gstbuffer.c:1479:gst_buffer_map_range:[00m buffer 0x7fe018003d10, idx 0, length -1, flags 0002
0:00:00.835595378 [333m 7190[00m 0x7fe0480130a0 [33;01mLOG    [00m [00;01;42m          GST_BUFFER gstbuffer.c:207:_get_merged_memory:[00m buffer 0x7fe018003d10, idx 0, length 1
0:00:00.835567136 [333m 7190[00m 0x7fe0480444f0 [37mDEBUG  [00m [00;43m             GST_BUS gstbus.c:312:gst_bus_post:<bus0>[00m [msg 0x7fe028002190] posting on bus state-changed message: 0x7fe028002190, time 99:99:99.999999999, seq-num 202, element 'rtpptdemux1', GstMessageStateChanged, old-state=(GstState)GST_STATE_NULL, new-state=(GstState)GST_STATE_READY, pending-state=(GstState)GST_STATE_PLAYING;
0:00:00.835650877 [333m 7190[00m 0x7fe0480444f0 [37mDEBUG  [00m [00;01m                 bin gstbin.c:3342:gst_bin_handle_message_func:<rtspsrc0>[00m [msg 0x7fe028002190] handling child rtpptdemux1 message of type state-changed
0:00:00.835682448 [333m 7190[00m 0x7fe0480444f0 [37mDEBUG  [00m [00;01m                 bin gstbin.c:3639:gst_bin_handle_message_func:<rtspsrc0>[00m posting message upward
0:00:00.835688366 [333m 7190[00m 0x7fe0480130a0 [33;01mLOG    [00m [00;01;42m          GST_BUFFER gstbuffer.c:1342:gst_buffer_resize_range:[00m trim 0x7fe018003d10 0-1400 size:1400 offs:0 max:1407
0:00:00.835694738 [333m 7190[00m 0x7fe0480444f0 [37mDEBUG  [00m [00;43m             GST_BUS gstbus.c:312:gst_bus_post:<bus1>[00m [msg 0x7fe028002190] posting on bus state-changed message: 0x7fe028002190, time 99:99:99.999999999, seq-num 202, element 'rtpptdemux1', GstMessageStateChanged, old-state=(GstState)GST_STATE_NULL, new-state=(GstState)GST_STATE_READY, pending-state=(GstState)GST_STATE_PLAYING;
0:00:00.835814079 [333m 7190[00m 0x7fe0480444f0 [37mDEBUG  [00m [00;01m                 bin gstbin.c:3342:gst_bin_handle_message_func:<pipeline0>[00m [msg 0x7fe028002190] handling child rtpptdemux1 message of type state-changed
0:00:00.835850221 [333m 7190[00m 0x7fe0480444f0 [37mDEBUG  [00m [00;01m                 bin gstbin.c:3639:gst_bin_handle_message_func:<pipeline0>[00m posting message upward
0:00:00.835768806 [333m 7190[00m 0x7fe0480130a0 [37mDEBUG  [00m [00;01;42m          GST_BUFFER gstbuffer.c:1926:gst_buffer_add_meta:[00m alloc metadata 0x7fe048058d38 (GstNetAddressMeta) of size 24
0:00:00.835914632 [333m 7190[00m 0x7fe0480130a0 [33;01mLOG    [00m [00m              udpsrc gstudpsrc.c:525:gst_udpsrc_create:<udpsrc0>[00m read 1400 bytes
0:00:00.835882127 [333m 7190[00m 0x7fe0480444f0 [37mDEBUG  [00m [00;43m             GST_BUS gstbus.c:312:gst_bus_post:<bus2>[00m [msg 0x7fe028002190] posting on bus state-changed message: 0x7fe028002190, time 99:99:99.999999999, seq-num 202, element 'rtpptdemux1', GstMessageStateChanged, old-state=(GstState)GST_STATE_NULL, new-state=(GstState)GST_STATE_READY, pending-state=(GstState)GST_STATE_PLAYING;
0:00:00.835999982 [333m 7190[00m 0x7fe0480444f0 [37mDEBUG  [00m [00;43m             GST_BUS gstbus.c:347:gst_bus_post:<bus2>[00m [msg 0x7fe028002190] pushing on async queue
0:00:00.836034460 [333m 7190[00m 0x7fe0480444f0 [33;01mLOG    [00m [00m            GST_POLL gstpoll.c:186:raise_wakeup:[00m 0x106fed0: raise
0:00:00.835950628 [333m 7190[00m 0x7fe0480130a0 [37mDEBUG  [00m [00;01;33m           GST_CLOCK gstclock.c:952:gst_clock_get_internal_time:<GstSystemClock>[00m internal time 16:06:48.910602202
0:00:00.836087286 [333m 7190[00m       0xf29a30 [33;01mLOG    [00m [00;43m             GST_BUS gstbus.c:498:gst_bus_timed_pop_filtered:<bus2>[00m have 1 messages
0:00:00.836111891 [333m 7190[00m       0xf29a30 [33;01mLOG    [00m [00m            GST_POLL gstpoll.c:201:release_wakeup:[00m 0x106fed0: release
0:00:00.836095422 [333m 7190[00m 0x7fe0480130a0 [37mDEBUG  [00m [00;01;33m           GST_CLOCK gstclock.c:997:gst_clock_get_time:<GstSystemClock>[00m adjusted time 16:06:48.910602202
0:00:00.836140539 [333m 7190[00m 0x7fe0480444f0 [37mDEBUG  [00m [00;43m             GST_BUS gstbus.c:350:gst_bus_post:<bus2>[00m [msg 0x7fe028002190] pushed on async queue
0:00:00.836198007 [333m 7190[00m 0x7fe0480444f0 [37mDEBUG  [00m [00;43m             GST_BUS gstbus.c:343:gst_bus_post:<bus1>[00m [msg 0x7fe028002190] dropped
0:00:00.836128809 [333m 7190[00m       0xf29a30 [37mDEBUG  [00m [00;43m             GST_BUS gstbus.c:506:gst_bus_timed_pop_filtered:<bus2>[00m got message 0x7fe028002190, state-changed from rtpptdemux1, type mask is 4294967295
0:00:00.836245249 [333m 7190[00m       0xf29a30 [37mDEBUG  [00m [00;43m             GST_BUS gstbus.c:767:gst_bus_source_dispatch:<bus2>[00m source 0x106f2c0 calling dispatch with state-changed message: 0x7fe028002190, time 99:99:99.999999999, seq-num 202, element 'rtpptdemux1', GstMessageStateChanged, old-state=(GstState)GST_STATE_NULL, new-state=(GstState)GST_STATE_READY, pending-state=(GstState)GST_STATE_PLAYING;
0:00:00.836256527 [333m 7190[00m 0x7fe0480130a0 [33;01mLOG    [00m [00m             basesrc gstbasesrc.c:2205:gst_base_src_do_sync:<udpsrc0>[00m created DTS 0:00:00.635399047
0:00:00.836337647 [333m 7190[00m 0x7fe0480130a0 [33;01mLOG    [00m [00m             basesrc gstbasesrc.c:2215:gst_base_src_do_sync:<udpsrc0>[00m created PTS 0:00:00.635399047
0:00:00.836408702 [333m 7190[00m 0x7fe0480130a0 [37mDEBUG  [00m [00m             basesrc gstbasesrc.c:2253:gst_base_src_do_sync:<udpsrc0>[00m no sync needed
0:00:00.836443369 [333m 7190[00m 0x7fe0480130a0 [37mDEBUG  [00m [00m             basesrc gstbasesrc.c:2451:gst_base_src_get_range:<udpsrc0>[00m buffer ok
0:00:00.836297882 [333m 7190[00m       0xf29a30 [37mDEBUG  [00m [00;43m             GST_BUS gstbus.c:973:poll_func:[00m mainloop 0x109d830 quit
0:00:00.836478776 [333m 7190[00m 0x7fe0480130a0 [33;01mLOG    [00m [00;01;35m      GST_SCHEDULING gstpad.c:3709:gst_pad_chain_data_unchecked:<manager:recv_rtp_sink_0>[00m calling chainfunction &gst_proxy_pad_chain_default with buffer buffer: 0x7fe018003d10, pts 0:00:00.635399047, dts 0:00:00.635399047, dur 99:99:99.999999999, size 1400, offset 18446744073709551615, offset_end 18446744073709551615, flags 0x0
0:00:00.836525256 [333m 7190[00m       0xf29a30 [37mDEBUG  [00m [00;43m             GST_BUS gstbus.c:772:gst_bus_source_dispatch:<bus2>[00m source 0x106f2c0 handler returns 1
0:00:00.836587680 [333m 7190[00m       0xf29a30 [37mDEBUG  [00m [00;43m             GST_BUS gstbus.c:1083:gst_bus_poll:[00m mainloop stopped 0x109d830
0:00:00.836602689 [333m 7190[00m       0xf29a30 [37mDEBUG  [00m [00;43m             GST_BUS gstbus.c:1328:gst_bus_remove_signal_watch:<bus2>[00m removing signal watch 86
0:00:00.836616471 [333m 7190[00m       0xf29a30 [37mDEBUG  [00m [00;43m             GST_BUS gstbus.c:793:gst_bus_source_finalize:<bus2>[00m finalize source 0x106f2c0
0:00:00.836631741 [333m 7190[00m       0xf29a30 [37mDEBUG  [00m [00;43m             GST_BUS gstbus.c:1096:gst_bus_poll:<bus2>[00m finished poll with message 0x7fe028002190
0:00:00.836644035 [333m 7190[00m       0xf29a30 [33;01mLOG    [00m [00;01;37;41m         GST_MESSAGE gstmessage.c:184:_gst_message_free:[00m finalize message 0x7fe028002190, state-changed from rtpptdemux1
0:00:00.836685813 [333m 7190[00m       0xf29a30 [37mDEBUG  [00m [00;43m             GST_BUS gstbus.c:870:gst_bus_add_watch_full_unlocked:<bus2>[00m New source 0x106f2c0 with id 87
0:00:00.836702519 [333m 7190[00m       0xf29a30 [37mDEBUG  [00m [00;43m             GST_BUS gstbus.c:1081:gst_bus_poll:[00m running mainloop 0x10a0770
0:00:00.836537190 [333m 7190[00m 0x7fe0480444f0 [37mDEBUG  [00m [00;43m             GST_BUS gstbus.c:343:gst_bus_post:<bus0>[00m [msg 0x7fe028002190] dropped
0:00:00.836754603 [333m 7190[00m 0x7fe0480444f0 [37mDEBUG  [00m [00;43m             GST_BUS gstbus.c:343:gst_bus_post:<bus3>[00m [msg 0x7fe028002190] dropped
0:00:00.836558288 [333m 7190[00m 0x7fe0480130a0 [33;01mLOG    [00m [00;01;35m      GST_SCHEDULING gstpad.c:3709:gst_pad_chain_data_unchecked:<rtpsession0:recv_rtp_sink>[00m calling chainfunction &0x7fe0459c4320 with buffer buffer: 0x7fe018003d10, pts 0:00:00.635399047, dts 0:00:00.635399047, dur 99:99:99.999999999, size 1400, offset 18446744073709551615, offset_end 18446744073709551615, flags 0x0
0:00:00.836834601 [333m 7190[00m 0x7fe0480130a0 [33;01mLOG    [00m [00m          rtpsession gstrtpsession.c:1621:gst_rtp_session_chain_recv_rtp:<rtpsession0>[00m received RTP packet
0:00:00.836790546 [333m 7190[00m 0x7fe0480444f0 [36mINFO   [00m [00;01;31m          GST_STATES gstelement.c:2313:gst_element_continue_state:<rtpptdemux1>[00m continue state change READY to PAUSED, final PLAYING
0:00:00.836869946 [333m 7190[00m 0x7fe0480130a0 [37mDEBUG  [00m [00;01;33m           GST_CLOCK gstclock.c:952:gst_clock_get_internal_time:<GstSystemClock>[00m internal time 16:06:48.911521519
0:00:00.836955444 [333m 7190[00m 0x7fe0480130a0 [37mDEBUG  [00m [00;01;33m           GST_CLOCK gstclock.c:997:gst_clock_get_time:<GstSystemClock>[00m adjusted time 16:06:48.911521519
0:00:00.836912143 [333m 7190[00m 0x7fe0480444f0 [33;01mLOG    [00m [00;01;31m          GST_STATES gstelement.c:2800:gst_element_change_state_func:<rtpptdemux1>[00m default handler tries setting state from READY to PAUSED (0013)
0:00:00.837071560 [333m 7190[00m 0x7fe0480444f0 [37mDEBUG  [00m [00;01;37;41m    GST_ELEMENT_PADS gstelement.c:2743:gst_element_pads_activate:<rtpptdemux1>[00m activate pads
0:00:00.836992765 [333m 7190[00m 0x7fe0480130a0 [33;01mLOG    [00m [00;01;42m          GST_BUFFER gstbuffer.c:1479:gst_buffer_map_range:[00m buffer 0x7fe018003d10, idx 0, length 1, flags 0001
0:00:00.837149374 [333m 7190[00m 0x7fe0480130a0 [33;01mLOG    [00m [00;01;42m          GST_BUFFER gstbuffer.c:207:_get_merged_memory:[00m buffer 0x7fe018003d10, idx 0, length 1
0:00:00.837114669 [333m 7190[00m 0x7fe0480444f0 [37mDEBUG  [00m [00;01;31;41m            GST_PADS gstpad.c:953:gst_pad_set_active:<rtpptdemux1:sink>[00m activating pad from none
0:00:00.837229760 [333m 7190[00m 0x7fe0480444f0 [37mDEBUG  [00m [00;01;31;41m            GST_PADS gstpad.c:870:pre_activate:<rtpptdemux1:sink>[00m setting pad into push mode, unset flushing
0:00:00.837267016 [333m 7190[00m 0x7fe0480444f0 [37mDEBUG  [00m [00;01;31;41m            GST_PADS gstpad.c:881:pre_activate:<rtpptdemux1:sink>[00m reschedule events on peer rtpjitterbuffer1:src
0:00:00.837302399 [333m 7190[00m 0x7fe0480444f0 [37mDEBUG  [00m [00;01;31;41m            GST_PADS gstpad.c:1091:gst_pad_activate_mode:<rtpptdemux1:sink>[00m activated in push mode
0:00:00.837187786 [333m 7190[00m 0x7fe0480130a0 [33;01mLOG    [00m [00;01;42m          GST_BUFFER gstbuffer.c:1479:gst_buffer_map_range:[00m buffer 0x7fe018003d10, idx 0, length 1, flags 0001
0:00:00.837338771 [333m 7190[00m 0x7fe0480444f0 [37mDEBUG  [00m [00;01;37;41m    GST_ELEMENT_PADS gstelement.c:2762:gst_element_pads_activate:<rtpptdemux1>[00m pad activation successful
0:00:00.837403582 [333m 7190[00m 0x7fe0480444f0 [37mDEBUG  [00m [00;01;31m          GST_STATES gstelement.c:2639:gst_element_change_state:<rtpptdemux1>[00m element changed state SUCCESS
0:00:00.837422631 [333m 7190[00m 0x7fe0480444f0 [36mINFO   [00m [00;01;31m          GST_STATES gstelement.c:2306:gst_element_continue_state:<rtpptdemux1>[00m committing state from READY to PAUSED, pending PLAYING, next PLAYING
0:00:00.837441960 [333m 7190[00m 0x7fe0480444f0 [36mINFO   [00m [00;01;31m          GST_STATES gstelement.c:2236:_priv_gst_element_state_changed:<rtpptdemux1>[00m notifying about state-changed READY to PAUSED (PLAYING pending)
0:00:00.837462220 [333m 7190[00m 0x7fe0480444f0 [33;01mLOG    [00m [00;01;37;41m         GST_MESSAGE gstmessage.c:282:gst_message_new_custom:[00m source rtpptdemux1: creating new message 0x7fe028002210 state-changed
0:00:00.837401644 [333m 7190[00m 0x7fe0480130a0 [33;01mLOG    [00m [00;01;42m          GST_BUFFER gstbuffer.c:207:_get_merged_memory:[00m buffer 0x7fe018003d10, idx 0, length 1
0:00:00.837497931 [333m 7190[00m 0x7fe0480444f0 [37mDEBUG  [00m [00;43m             GST_BUS gstbus.c:312:gst_bus_post:<bus3>[00m [msg 0x7fe028002210] posting on bus state-changed message: 0x7fe028002210, time 99:99:99.999999999, seq-num 203, element 'rtpptdemux1', GstMessageStateChanged, old-state=(GstState)GST_STATE_READY, new-state=(GstState)GST_STATE_PAUSED, pending-state=(GstState)GST_STATE_PLAYING;
0:00:00.837578801 [333m 7190[00m 0x7fe0480444f0 [37mDEBUG  [00m [00;01m                 bin gstbin.c:3342:gst_bin_handle_message_func:<manager>[00m [msg 0x7fe028002210] handling child rtpptdemux1 message of type state-changed
0:00:00.837615351 [333m 7190[00m 0x7fe0480444f0 [37mDEBUG  [00m [00;01m                 bin gstbin.c:3639:gst_bin_handle_message_func:<manager>[00m posting message upward
0:00:00.837533911 [333m 7190[00m 0x7fe0480130a0 [33;01mLOG    [00m [00;01;42m          GST_BUFFER gstbuffer.c:1479:gst_buffer_map_range:[00m buffer 0x7fe018003d10, idx 0, length 1, flags 0001
0:00:00.837689909 [333m 7190[00m 0x7fe0480130a0 [33;01mLOG    [00m [00;01;42m          GST_BUFFER gstbuffer.c:207:_get_merged_memory:[00m buffer 0x7fe018003d10, idx 0, length 1
0:00:00.837711965 [333m 7190[00m 0x7fe0480130a0 [33;01mLOG    [00m [00m           rtpsource rtpsource.c:1099:rtp_source_process_rtp:[00m seq 19394, PC: 2, OC: 2776
0:00:00.837778228 [333m 7190[00m 0x7fe0480130a0 [33;01mLOG    [00m [00;01;42m          GST_BUFFER gstbuffer.c:1479:gst_buffer_map_range:[00m buffer 0x7fe018003d10, idx 0, length 1, flags 0001
0:00:00.837815749 [333m 7190[00m 0x7fe0480130a0 [33;01mLOG    [00m [00;01;42m          GST_BUFFER gstbuffer.c:207:_get_merged_memory:[00m buffer 0x7fe018003d10, idx 0, length 1
0:00:00.837850307 [333m 7190[00m 0x7fe0480130a0 [33;01mLOG    [00m [00m           rtpsource rtpsource.c:885:calculate_jitter:[00m SSRC 457ea06a got payload 96
0:00:00.837647416 [333m 7190[00m 0x7fe0480444f0 [37mDEBUG  [00m [00;43m             GST_BUS gstbus.c:312:gst_bus_post:<bus0>[00m [msg 0x7fe028002210] posting on bus state-changed message: 0x7fe028002210, time 99:99:99.999999999, seq-num 203, element 'rtpptdemux1', GstMessageStateChanged, old-state=(GstState)GST_STATE_READY, new-state=(GstState)GST_STATE_PAUSED, pending-state=(GstState)GST_STATE_PLAYING;
0:00:00.837931284 [333m 7190[00m 0x7fe0480444f0 [37mDEBUG  [00m [00;01m                 bin gstbin.c:3342:gst_bin_handle_message_func:<rtspsrc0>[00m [msg 0x7fe028002210] handling child rtpptdemux1 message of type state-changed
0:00:00.837967778 [333m 7190[00m 0x7fe0480444f0 [37mDEBUG  [00m [00;01m                 bin gstbin.c:3639:gst_bin_handle_message_func:<rtspsrc0>[00m posting message upward
0:00:00.837884752 [333m 7190[00m 0x7fe0480130a0 [33;01mLOG    [00m [00m           rtpsource rtpsource.c:920:calculate_jitter:[00m rtparrival 57185, rtptime 3372290918, clock-rate 90000, diff 2764, jitter: 172.750000
0:00:00.838030493 [333m 7190[00m 0x7fe0480130a0 [33;01mLOG    [00m [00m           rtpsource rtpsource.c:822:push_packet:[00m pushing new packet
0:00:00.838046910 [333m 7190[00m 0x7fe0480130a0 [33;01mLOG    [00m [00m          rtpsession rtpsession.c:1123:source_push_rtp:[00m source 457ea06a pushed receiver RTP packet
0:00:00.837999722 [333m 7190[00m 0x7fe0480444f0 [37mDEBUG  [00m [00;43m             GST_BUS gstbus.c:312:gst_bus_post:<bus1>[00m [msg 0x7fe028002210] posting on bus state-changed message: 0x7fe028002210, time 99:99:99.999999999, seq-num 203, element 'rtpptdemux1', GstMessageStateChanged, old-state=(GstState)GST_STATE_READY, new-state=(GstState)GST_STATE_PAUSED, pending-state=(GstState)GST_STATE_PLAYING;
0:00:00.838096146 [333m 7190[00m 0x7fe0480444f0 [37mDEBUG  [00m [00;01m                 bin gstbin.c:3342:gst_bin_handle_message_func:<pipeline0>[00m [msg 0x7fe028002210] handling child rtpptdemux1 message of type state-changed
0:00:00.838132075 [333m 7190[00m 0x7fe0480444f0 [37mDEBUG  [00m [00;01m                 bin gstbin.c:3639:gst_bin_handle_message_func:<pipeline0>[00m posting message upward
0:00:00.838062016 [333m 7190[00m 0x7fe0480130a0 [33;01mLOG    [00m [00m          rtpsession gstrtpsession.c:1068:gst_rtp_session_process_rtp:<rtpsession0>[00m pushing received RTP packet
0:00:00.838163738 [333m 7190[00m 0x7fe0480444f0 [37mDEBUG  [00m [00;43m             GST_BUS gstbus.c:312:gst_bus_post:<bus2>[00m [msg 0x7fe028002210] posting on bus state-changed message: 0x7fe028002210, time 99:99:99.999999999, seq-num 203, element 'rtpptdemux1', GstMessageStateChanged, old-state=(GstState)GST_STATE_READY, new-state=(GstState)GST_STATE_PAUSED, pending-state=(GstState)GST_STATE_PLAYING;
0:00:00.838239530 [333m 7190[00m 0x7fe0480444f0 [37mDEBUG  [00m [00;43m             GST_BUS gstbus.c:347:gst_bus_post:<bus2>[00m [msg 0x7fe028002210] pushing on async queue
0:00:00.838273747 [333m 7190[00m 0x7fe0480444f0 [33;01mLOG    [00m [00m            GST_POLL gstpoll.c:186:raise_wakeup:[00m 0x106fed0: raise
0:00:00.838195968 [333m 7190[00m 0x7fe0480130a0 [33;01mLOG    [00m [00;01;35m      GST_SCHEDULING gstpad.c:3709:gst_pad_chain_data_unchecked:<rtpssrcdemux0:sink>[00m calling chainfunction &0x7fe0459b24f0 with buffer buffer: 0x7fe018003d10, pts 0:00:00.635399047, dts 0:00:00.635399047, dur 99:99:99.999999999, size 1400, offset 18446744073709551615, offset_end 18446744073709551615, flags 0x0
0:00:00.838320659 [333m 7190[00m       0xf29a30 [33;01mLOG    [00m [00;43m             GST_BUS gstbus.c:498:gst_bus_timed_pop_filtered:<bus2>[00m have 1 messages
0:00:00.838431311 [333m 7190[00m       0xf29a30 [33;01mLOG    [00m [00m            GST_POLL gstpoll.c:201:release_wakeup:[00m 0x106fed0: release
0:00:00.838449378 [333m 7190[00m       0xf29a30 [37mDEBUG  [00m [00;43m             GST_BUS gstbus.c:506:gst_bus_timed_pop_filtered:<bus2>[00m got message 0x7fe028002210, state-changed from rtpptdemux1, type mask is 4294967295
0:00:00.838465165 [333m 7190[00m       0xf29a30 [37mDEBUG  [00m [00;43m             GST_BUS gstbus.c:767:gst_bus_source_dispatch:<bus2>[00m source 0x106f2c0 calling dispatch with state-changed message: 0x7fe028002210, time 99:99:99.999999999, seq-num 203, element 'rtpptdemux1', GstMessageStateChanged, old-state=(GstState)GST_STATE_READY, new-state=(GstState)GST_STATE_PAUSED, pending-state=(GstState)GST_STATE_PLAYING;
0:00:00.838492024 [333m 7190[00m       0xf29a30 [37mDEBUG  [00m [00;43m             GST_BUS gstbus.c:973:poll_func:[00m mainloop 0x10a0770 quit
0:00:00.838507076 [333m 7190[00m       0xf29a30 [37mDEBUG  [00m [00;43m             GST_BUS gstbus.c:772:gst_bus_source_dispatch:<bus2>[00m source 0x106f2c0 handler returns 1
0:00:00.838521176 [333m 7190[00m       0xf29a30 [37mDEBUG  [00m [00;43m             GST_BUS gstbus.c:1083:gst_bus_poll:[00m mainloop stopped 0x10a0770
0:00:00.838532876 [333m 7190[00m       0xf29a30 [37mDEBUG  [00m [00;43m             GST_BUS gstbus.c:1328:gst_bus_remove_signal_watch:<bus2>[00m removing signal watch 87
0:00:00.838545931 [333m 7190[00m       0xf29a30 [37mDEBUG  [00m [00;43m             GST_BUS gstbus.c:793:gst_bus_source_finalize:<bus2>[00m finalize source 0x106f2c0
0:00:00.838559665 [333m 7190[00m       0xf29a30 [37mDEBUG  [00m [00;43m             GST_BUS gstbus.c:1096:gst_bus_poll:<bus2>[00m finished poll with message 0x7fe028002210
0:00:00.838571355 [333m 7190[00m       0xf29a30 [33;01mLOG    [00m [00;01;37;41m         GST_MESSAGE gstmessage.c:184:_gst_message_free:[00m finalize message 0x7fe028002210, state-changed from rtpptdemux1
0:00:00.838593610 [333m 7190[00m       0xf29a30 [37mDEBUG  [00m [00;43m             GST_BUS gstbus.c:870:gst_bus_add_watch_full_unlocked:<bus2>[00m New source 0x106f2c0 with id 88
0:00:00.838606353 [333m 7190[00m       0xf29a30 [37mDEBUG  [00m [00;43m             GST_BUS gstbus.c:1081:gst_bus_poll:[00m running mainloop 0x109d830
0:00:00.838328629 [333m 7190[00m 0x7fe0480444f0 [37mDEBUG  [00m [00;43m             GST_BUS gstbus.c:350:gst_bus_post:<bus2>[00m [msg 0x7fe028002210] pushed on async queue
0:00:00.838679875 [333m 7190[00m 0x7fe0480444f0 [37mDEBUG  [00m [00;43m             GST_BUS gstbus.c:343:gst_bus_post:<bus1>[00m [msg 0x7fe028002210] dropped
0:00:00.838718641 [333m 7190[00m 0x7fe0480444f0 [37mDEBUG  [00m [00;43m             GST_BUS gstbus.c:343:gst_bus_post:<bus0>[00m [msg 0x7fe028002210] dropped
0:00:00.838753047 [333m 7190[00m 0x7fe0480444f0 [37mDEBUG  [00m [00;43m             GST_BUS gstbus.c:343:gst_bus_post:<bus3>[00m [msg 0x7fe028002210] dropped
0:00:00.838401093 [333m 7190[00m 0x7fe0480130a0 [33;01mLOG    [00m [00;01;42m          GST_BUFFER gstbuffer.c:1479:gst_buffer_map_range:[00m buffer 0x7fe018003d10, idx 0, length 1, flags 0001
0:00:00.838828495 [333m 7190[00m 0x7fe0480130a0 [33;01mLOG    [00m [00;01;42m          GST_BUFFER gstbuffer.c:207:_get_merged_memory:[00m buffer 0x7fe018003d10, idx 0, length 1
0:00:00.838786989 [333m 7190[00m 0x7fe0480444f0 [36mINFO   [00m [00;01;31m          GST_STATES gstelement.c:2313:gst_element_continue_state:<rtpptdemux1>[00m continue state change PAUSED to PLAYING, final PLAYING
0:00:00.838868316 [333m 7190[00m 0x7fe0480130a0 [37mDEBUG  [00m [00m        rtpssrcdemux gstrtpssrcdemux.c:627:gst_rtp_ssrc_demux_chain:<rtpssrcdemux0>[00m received buffer of SSRC 457ea06a
0:00:00.838909750 [333m 7190[00m 0x7fe0480444f0 [33;01mLOG    [00m [00;01;31m          GST_STATES gstelement.c:2800:gst_element_change_state_func:<rtpptdemux1>[00m default handler tries setting state from PAUSED to PLAYING (001c)
0:00:00.839016580 [333m 7190[00m 0x7fe0480444f0 [37mDEBUG  [00m [00;01;31m          GST_STATES gstelement.c:2639:gst_element_change_state:<rtpptdemux1>[00m element changed state SUCCESS
0:00:00.839035359 [333m 7190[00m 0x7fe0480444f0 [36mINFO   [00m [00;01;31m          GST_STATES gstelement.c:2331:gst_element_continue_state:<rtpptdemux1>[00m completed state change to PLAYING
0:00:00.839053132 [333m 7190[00m 0x7fe0480444f0 [36mINFO   [00m [00;01;31m          GST_STATES gstelement.c:2236:_priv_gst_element_state_changed:<rtpptdemux1>[00m notifying about state-changed PAUSED to PLAYING (VOID_PENDING pending)
0:00:00.838987315 [333m 7190[00m 0x7fe0480130a0 [33;01mLOG    [00m [00;01;35m      GST_SCHEDULING gstpad.c:3709:gst_pad_chain_data_unchecked:<rtpjitterbuffer0:sink>[00m calling chainfunction &gst_rtp_jitter_buffer_chain with buffer buffer: 0x7fe018003d10, pts 0:00:00.635399047, dts 0:00:00.635399047, dur 99:99:99.999999999, size 1400, offset 18446744073709551615, offset_end 18446744073709551615, flags 0x0
0:00:00.839115238 [333m 7190[00m 0x7fe0480130a0 [33;01mLOG    [00m [00;01;42m          GST_BUFFER gstbuffer.c:1479:gst_buffer_map_range:[00m buffer 0x7fe018003d10, idx 0, length 1, flags 0001
