0:00:00.867983200 [333m 7190[00m 0x7fe03c0024f0 [37mDEBUG  [00m [00;01;31;41m            GST_PADS gstpad.c:870:pre_activate:<'':recv_rtp_src_0_1165926506_96>[00m setting pad into push mode, unset flushing
0:00:00.868584056 [333m 7190[00m 0x7fe028002ed0 [37mDEBUG  [00m [00m          rtpptdemux gstrtpptdemux.c:276:gst_rtp_pt_demux_get_caps:[00m pt 97, got caps application/x-rtp, media=(string)audio, payload=(int)97, clock-rate=(int)16000, encoding-name=(string)MPEG4-GENERIC, encoding-params=(string)1, streamtype=(string)5, profile-level-id=(string)15, mode=(string)AAC-hbr, config=(string)1408, sizelength=(string)13, indexlength=(string)3, indexdeltalength=(string)3, profile=(string)1, bitrate=(string)32000, clock-base=(uint)4187365601, seqnum-base=(uint)26961, npt-start=(guint64)0, play-speed=(double)1, play-scale=(double)1
0:00:00.868500134 [333m 7190[00m 0x7fe0480130a0 [37mDEBUG  [00m [00;01;31;41m            GST_PADS gstpad.c:3467:gst_pad_query:<manager:recv_rtp_sink_0>[00m sent query 0x7fe03c002800 (allocation), result 0
0:00:00.868683392 [333m 7190[00m 0x7fe0480130a0 [37mDEBUG  [00m [00;01;31;41m            GST_PADS gstpad.c:3511:gst_pad_query:<manager:recv_rtp_sink_0>[00m query failed
0:00:00.868718316 [333m 7190[00m 0x7fe0480130a0 [37mDEBUG  [00m [00;01;31;41m            GST_PADS gstpad.c:3632:gst_pad_peer_query:<udpsrc0:src>[00m query failed
0:00:00.868750888 [333m 7190[00m 0x7fe0480130a0 [37mDEBUG  [00m [00m             basesrc gstbasesrc.c:3026:gst_base_src_prepare_allocation:<udpsrc0>[00m peer ALLOCATION query failed
0:00:00.868787225 [333m 7190[00m 0x7fe0480130a0 [37mDEBUG  [00m [00m             basesrc gstbasesrc.c:3033:gst_base_src_prepare_allocation:<udpsrc0>[00m ALLOCATION (1) params: allocation query: 0x7fe03c002800, GstQueryAllocation, caps=(GstCaps)NULL, need-pool=(boolean)true, allocator=(GArray)NULL, pool=(GArray)NULL;
0:00:00.868810425 [333m 7190[00m 0x7fe03c0024f0 [33;01mLOG    [00m [00;01;31;41m            GST_PADS gstghostpad.c:379:gst_ghost_pad_activate_push_default:<'':recv_rtp_src_0_1165926506_96>[00m activate push on '':recv_rtp_src_0_1165926506_96, proxy internal
0:00:00.868183453 [333m 7190[00m 0x7fe0480444f0 [37mDEBUG  [00m [00m  gstrtpjitterbuffer gstrtpjitterbuffer.c:1738:gst_rtp_jitter_buffer_chain:<rtpjitterbuffer1>[00m Received packet #26962 at time 0:00:00.608654744, discont 0
0:00:00.868882928 [333m 7190[00m 0x7fe0480444f0 [37mDEBUG  [00m [00m  gstrtpjitterbuffer gstrtpjitterbuffer.c:1784:gst_rtp_jitter_buffer_chain:<rtpjitterbuffer1>[00m expected #26962, got #26962, gap of 0
0:00:00.868919917 [333m 7190[00m 0x7fe0480444f0 [37mDEBUG  [00m [00m  gstrtpjitterbuffer gstrtpjitterbuffer.c:1644:calculate_packet_spacing:<rtpjitterbuffer1>[00m new packet spacing 0:00:00.021068543
0:00:00.868953875 [333m 7190[00m 0x7fe0480444f0 [33;01mLOG    [00m [00;01;42m          GST_BUFFER gstbuffer.c:1479:gst_buffer_map_range:[00m buffer 0x7fe0180035a0, idx 0, length 1, flags 0001
0:00:00.868988299 [333m 7190[00m 0x7fe0480444f0 [33;01mLOG    [00m [00;01;42m          GST_BUFFER gstbuffer.c:207:_get_merged_memory:[00m buffer 0x7fe0180035a0, idx 0, length 1
0:00:00.868924641 [333m 7190[00m 0x7fe028002ed0 [37mDEBUG  [00m [00;01;31;41m            GST_PADS gstpad.c:1667:gst_pad_set_event_function_full:<'':src_97>[00m eventfunc for set to 0x7fe0459b02c0
0:00:00.869068927 [333m 7190[00m 0x7fe028002ed0 [37mDEBUG  [00m [00m          rtpptdemux gstrtpptdemux.c:385:gst_rtp_pt_demux_chain:[00m Adding pt=97 to the list.
0:00:00.869106225 [333m 7190[00m 0x7fe028002ed0 [37mDEBUG  [00m [00;01;31;41m            GST_PADS gstpad.c:953:gst_pad_set_active:<'':src_97>[00m activating pad from none
0:00:00.869148635 [333m 7190[00m 0x7fe028002ed0 [37mDEBUG  [00m [00;01;31;41m            GST_PADS gstpad.c:870:pre_activate:<'':src_97>[00m setting pad into push mode, unset flushing
0:00:00.869183594 [333m 7190[00m 0x7fe028002ed0 [37mDEBUG  [00m [00;01;31;41m            GST_PADS gstpad.c:1091:gst_pad_activate_mode:<'':src_97>[00m activated in push mode
0:00:00.869220589 [333m 7190[00m 0x7fe028002ed0 [33;01mLOG    [00m [00;01;31;41m            GST_PADS gstpad.c:4522:store_sticky_event:<'':src_97>[00m stored sticky event stream-start
0:00:00.869254364 [333m 7190[00m 0x7fe028002ed0 [37mDEBUG  [00m [00;01;31;41m            GST_PADS gstpad.c:3376:check_sticky:<'':src_97>[00m pushing all sticky events
0:00:00.869286438 [333m 7190[00m 0x7fe028002ed0 [37mDEBUG  [00m [00;01;31;41m            GST_PADS gstpad.c:4724:gst_pad_push_event_unchecked:<'':src_97>[00m Dropping event because pad is not linked
0:00:00.869317870 [333m 7190[00m 0x7fe028002ed0 [37mDEBUG  [00m [00;01;31;41m            GST_PADS gstpad.c:3348:push_sticky:<'':src_97>[00m pad was not linked, mark pending
0:00:00.869023469 [333m 7190[00m 0x7fe0480444f0 [37mDEBUG  [00m [00m     rtpjitterbuffer rtpjitterbuffer.c:431:calculate_skew:[00m extrtp 4187366625, gstrtp 72:41:50.414062500, base 72:41:50.350062500, send_diff 0:00:00.064000000
0:00:00.869391228 [333m 7190[00m 0x7fe0480444f0 [37mDEBUG  [00m [00m     rtpjitterbuffer rtpjitterbuffer.c:454:calculate_skew:[00m time 0:00:00.608654744, base 0:00:00.587586201, recv_diff 0:00:00.021068543, slope 24
0:00:00.869431127 [333m 7190[00m 0x7fe0480444f0 [37mDEBUG  [00m [00m     rtpjitterbuffer rtpjitterbuffer.c:471:calculate_skew:[00m filling 1, delta -42931457
0:00:00.868921593 [333m 7190[00m 0x7fe03c0024f0 [37mDEBUG  [00m [00;01;31;41m            GST_PADS gstpad.c:870:pre_activate:<recv_rtp_src_0_1165926506_96:proxypad6>[00m setting pad into push mode, unset flushing
0:00:00.869485972 [333m 7190[00m 0x7fe03c0024f0 [37mDEBUG  [00m [00;01;31;41m            GST_PADS gstpad.c:881:pre_activate:<recv_rtp_src_0_1165926506_96:proxypad6>[00m reschedule events on peer rtpptdemux0:src_96
0:00:00.869523631 [333m 7190[00m 0x7fe03c0024f0 [33;01mLOG    [00m [00;01;31;41m            GST_PADS gstghostpad.c:288:gst_ghost_pad_internal_activate_push_default:<recv_rtp_src_0_1165926506_96:proxypad6>[00m activate push on recv_rtp_src_0_1165926506_96:proxypad6, we're ok
0:00:00.869560006 [333m 7190[00m 0x7fe03c0024f0 [37mDEBUG  [00m [00;01;31;41m            GST_PADS gstpad.c:1118:gst_pad_activate_mode:<'':recv_rtp_src_0_1165926506_96>[00m already activated in push mode
0:00:00.869594767 [333m 7190[00m 0x7fe03c0024f0 [37mDEBUG  [00m [00;01;31;41m            GST_PADS gstpad.c:1091:gst_pad_activate_mode:<recv_rtp_src_0_1165926506_96:proxypad6>[00m activated in push mode
0:00:00.869628846 [333m 7190[00m 0x7fe03c0024f0 [37mDEBUG  [00m [00;01;31;41m            GST_PADS gstpad.c:1091:gst_pad_activate_mode:<'':recv_rtp_src_0_1165926506_96>[00m activated in push mode
0:00:00.869674973 [333m 7190[00m 0x7fe03c0024f0 [36mINFO   [00m [00;01;37;41m    GST_ELEMENT_PADS gstelement.c:649:gst_element_add_pad:<manager>[00m adding pad 'recv_rtp_src_0_1165926506_96'
0:00:00.869711419 [333m 7190[00m 0x7fe03c0024f0 [37mDEBUG  [00m [00;01;31;44m     GST_REFCOUNTING gstobject.c:684:gst_object_set_parent:<'':recv_rtp_src_0_1165926506_96>[00m set parent (ref and sink)
0:00:00.869748393 [333m 7190[00m 0x7fe03c0024f0 [37mDEBUG  [00m [00m             rtspsrc gstrtspsrc.c:2465:new_manager_pad:<rtspsrc0>[00m got new manager pad <manager:recv_rtp_src_0_1165926506_96>
0:00:00.869774103 [333m 7190[00m 0x7fe03c0024f0 [37mDEBUG  [00m [00m             rtspsrc gstrtspsrc.c:2473:new_manager_pad:<rtspsrc0>[00m stream: 0, SSRC 457ea06a, PT 96
0:00:00.869806773 [333m 7190[00m 0x7fe03c0024f0 [37mDEBUG  [00m [00m             rtspsrc gstrtspsrc.c:2491:new_manager_pad:<rtspsrc0>[00m stream 0x7fe048014d00, container 0, disabled 0, added 1
0:00:00.869876064 [333m 7190[00m 0x7fe03c0024f0 [37mDEBUG  [00m [00m             rtspsrc gstrtspsrc.c:2491:new_manager_pad:<rtspsrc0>[00m stream 0x7fe048015c30, container 0, disabled 0, added 0
0:00:00.869777060 [333m 7190[00m 0x7fe0480130a0 [33;01mLOG    [00m [00m             basesrc gstbasesrc.c:2663:gst_base_src_loop:<udpsrc0>[00m next_ts 99:99:99.999999999 size 4096
0:00:00.869363218 [333m 7190[00m 0x7fe028002ed0 [37mDEBUG  [00m [00;01;37;41m     GST_PERFORMANCE gstcaps.c:162:_gst_caps_copy:application/x-rtp, media=(string)audio, payload=(int)97, clock-rate=(int)16000, encoding-name=(string)MPEG4-GENERIC, encoding-params=(string)1, streamtype=(string)5, profile-level-id=(string)15, mode=(string)AAC-hbr, config=(string)1408, sizelength=(string)13, indexlength=(string)3, indexdeltalength=(string)3, profile=(string)1, bitrate=(string)32000, clock-base=(uint)4187365601, seqnum-base=(uint)26961, npt-start=(guint64)0, play-speed=(double)1, play-scale=(double)1[00m doing copy 0x7fe048012ca0 -> 0x7fe014003140
0:00:00.869447806 [333m 7190[00m 0x7fe0480444f0 [37mDEBUG  [00m [00m     rtpjitterbuffer rtpjitterbuffer.c:586:calculate_skew:[00m skew -38638, out 0:00:00.651547563
0:00:00.870056134 [333m 7190[00m 0x7fe0480444f0 [37mDEBUG  [00m [00m  gstrtpjitterbuffer gstrtpjitterbuffer.c:1908:gst_rtp_jitter_buffer_chain:<rtpjitterbuffer1>[00m Pushed packet #26962, now 1 packets, tail: 1
0:00:00.870093367 [333m 7190[00m 0x7fe0480444f0 [33;01mLOG    [00m [00;01;35m      GST_SCHEDULING gstpad.c:3715:gst_pad_chain_data_unchecked:<rtpjitterbuffer1:sink>[00m called chainfunction &gst_rtp_jitter_buffer_chain with buffer 0x7fe0180035a0, returned ok
0:00:00.870131215 [333m 7190[00m 0x7fe0480444f0 [33;01mLOG    [00m [00;01;35m      GST_SCHEDULING gstpad.c:3715:gst_pad_chain_data_unchecked:<rtpssrcdemux1:sink>[00m called chainfunction &0x7fe0459b24f0 with buffer 0x7fe0180035a0, returned ok
0:00:00.870166042 [333m 7190[00m 0x7fe0480444f0 [37mDEBUG  [00m [00m          rtpsession rtpsession.c:1613:source_update_active:[00m source: 7ec12dea became active, 1 active sources
0:00:00.869967974 [333m 7190[00m 0x7fe03c0024f0 [33;01mLOG    [00m [00;01;31;41m            GST_PADS gstghostpad.c:742:gst_ghost_pad_new_from_template:[00m name:recv_rtp_src_0_1165926506_96, target:manager:recv_rtp_src_0_1165926506_96, templ:0x7fe02800b5b0
0:00:00.870012274 [333m 7190[00m 0x7fe028002ed0 [37mDEBUG  [00m [00;01;37;41m     GST_PERFORMANCE gstminiobject.c:326:gst_mini_object_make_writable:[00m copy GstCaps miniobject 0x7fe048012ca0 -> 0x7fe014003140
0:00:00.869959384 [333m 7190[00m 0x7fe0480130a0 [37mDEBUG  [00m [00m             basesrc gstbasesrc.c:2388:gst_base_src_get_range:<udpsrc0>[00m calling create offset 18446744073709551615 length 4096, time 0
0:00:00.870298106 [333m 7190[00m 0x7fe028002ed0 [36mINFO   [00m [00;01;34m           GST_EVENT gstevent.c:629:gst_event_new_caps:[00m creating caps event application/x-rtp, media=(string)audio, payload=(int)97, clock-rate=(int)16000, encoding-name=(string)MPEG4-GENERIC, encoding-params=(string)1, streamtype=(string)5, profile-level-id=(string)15, mode=(string)AAC-hbr, config=(string)1408, sizelength=(string)13, indexlength=(string)3, indexdeltalength=(string)3, profile=(string)1, bitrate=(string)32000, clock-base=(uint)4187365601, seqnum-base=(uint)26961, npt-start=(guint64)0, play-speed=(double)1, play-scale=(double)1
0:00:00.870204083 [333m 7190[00m 0x7fe0480444f0 [37mDEBUG  [00m [00m          rtpsession rtpsession.c:1637:source_update_sender:[00m source: 7ec12dea became sender, 1 sender sources
0:00:00.870338843 [333m 7190[00m 0x7fe0480130a0 [33;01mLOG    [00m [00m              udpsrc gstudpsrc.c:469:gst_udpsrc_create:<udpsrc0>[00m ioctl says 1400 bytes available
0:00:00.870259907 [333m 7190[00m 0x7fe03c0024f0 [37mDEBUG  [00m [00;01;31;41m            GST_PADS gstpad.c:1734:gst_pad_set_iterate_internal_links_function_full:<GstProxyPad@0x7fe0280089b0>[00m internal link iterator set to gst_proxy_pad_iterate_internal_links_default
0:00:00.870389833 [333m 7190[00m 0x7fe0480444f0 [33;01mLOG    [00m [00;01;35m      GST_SCHEDULING gstpad.c:3715:gst_pad_chain_data_unchecked:<rtpsession1:recv_rtp_sink>[00m called chainfunction &0x7fe0459c4320 with buffer 0x7fe0180035a0, returned ok
0:00:00.870551841 [333m 7190[00m 0x7fe0480444f0 [33;01mLOG    [00m [00;01;35m      GST_SCHEDULING gstpad.c:3715:gst_pad_chain_data_unchecked:<manager:recv_rtp_sink_1>[00m called chainfunction &gst_proxy_pad_chain_default with buffer 0x7fe0180035a0, returned ok
0:00:00.870574754 [333m 7190[00m 0x7fe0480444f0 [37mDEBUG  [00m [00;01;31;41m            GST_PADS gstpad.c:1432:gst_pad_check_reconfigure:<udpsrc2:src>[00m remove RECONFIGURE flag
0:00:00.870605073 [333m 7190[00m 0x7fe0480444f0 [37mDEBUG  [00m [00m             basesrc gstbasesrc.c:3151:gst_base_src_negotiate:<udpsrc2>[00m starting negotiation
0:00:00.870620240 [333m 7190[00m 0x7fe0480444f0 [37mDEBUG  [00m [00;01;34m            GST_CAPS gstutils.c:2762:gst_pad_query_caps:<udpsrc2:src>[00m get pad caps with filter (NULL)
0:00:00.870635602 [333m 7190[00m 0x7fe0480444f0 [37mDEBUG  [00m [00m               query gstquery.c:680:gst_query_new_custom:[00m creating new query 0x7fe028002de0 caps
0:00:00.870510132 [333m 7190[00m 0x7fe03c0024f0 [37mDEBUG  [00m [00;01;31;41m            GST_PADS gstpad.c:1526:gst_pad_set_activatemode_function_full:<GstGhostPad@0x7fe0280089b0>[00m activatemodefunc set to gst_ghost_pad_activate_mode_default
0:00:00.870737307 [333m 7190[00m 0x7fe03c0024f0 [37mDEBUG  [00m [00;01;31;41m            GST_PADS gstpad.c:1634:gst_pad_set_getrange_function_full:<'':recv_rtp_src_0_1165926506_96>[00m getrangefunc set to gst_proxy_pad_getrange_default
0:00:00.870649084 [333m 7190[00m 0x7fe0480444f0 [37mDEBUG  [00m [00;01;31;41m            GST_PADS gstpad.c:3445:gst_pad_query:<udpsrc2:src>[00m doing query 0x7fe028002de0 (caps)
0:00:00.870576598 [333m 7190[00m 0x7fe0480130a0 [37mDEBUG  [00m [00;01;34m          GST_MEMORY gstmemory.c:138:gst_memory_init:[00m new memory 0x7fe03c011660, maxsize:1407 offset:0 size:1400
0:00:00.870870475 [333m 7190[00m 0x7fe0480130a0 [33;01mLOG    [00m [00;01;42m          GST_BUFFER gstbuffer.c:628:gst_buffer_new:[00m new 0x7fe03c005550
0:00:00.870903077 [333m 7190[00m 0x7fe0480130a0 [33;01mLOG    [00m [00;01;42m          GST_BUFFER gstbuffer.c:297:_memory_add:[00m buffer 0x7fe03c005550, idx -1, mem 0x7fe03c011660, lock 1
0:00:00.870937389 [333m 7190[00m 0x7fe0480130a0 [33;01mLOG    [00m [00;01;42m          GST_BUFFER gstbuffer.c:682:gst_buffer_new_allocate:[00m new buffer 0x7fe03c005550 of size 1400 from allocator (nil)
0:00:00.870972089 [333m 7190[00m 0x7fe0480130a0 [33;01mLOG    [00m [00;01;42m          GST_BUFFER gstbuffer.c:1479:gst_buffer_map_range:[00m buffer 0x7fe03c005550, idx 0, length -1, flags 0002
0:00:00.871006359 [333m 7190[00m 0x7fe0480130a0 [33;01mLOG    [00m [00;01;42m          GST_BUFFER gstbuffer.c:207:_get_merged_memory:[00m buffer 0x7fe03c005550, idx 0, length 1
0:00:00.870835222 [333m 7190[00m 0x7fe0480444f0 [37mDEBUG  [00m [00m             basesrc gstbasesrc.c:1248:gst_base_src_default_query:<udpsrc2>[00m query caps returns 1
0:00:00.871079095 [333m 7190[00m 0x7fe0480130a0 [33;01mLOG    [00m [00;01;42m          GST_BUFFER gstbuffer.c:1342:gst_buffer_resize_range:[00m trim 0x7fe03c005550 0-1400 size:1400 offs:0 max:1407
0:00:00.871123333 [333m 7190[00m 0x7fe0480130a0 [37mDEBUG  [00m [00;01;42m          GST_BUFFER gstbuffer.c:1926:gst_buffer_add_meta:[00m alloc metadata 0x7fe048059208 (GstNetAddressMeta) of size 24
0:00:00.871161093 [333m 7190[00m 0x7fe0480130a0 [33;01mLOG    [00m [00m              udpsrc gstudpsrc.c:525:gst_udpsrc_create:<udpsrc0>[00m read 1400 bytes
0:00:00.871196038 [333m 7190[00m 0x7fe0480130a0 [37mDEBUG  [00m [00;01;33m           GST_CLOCK gstclock.c:952:gst_clock_get_internal_time:<GstSystemClock>[00m internal time 16:06:48.945847835
0:00:00.871232550 [333m 7190[00m 0x7fe0480130a0 [37mDEBUG  [00m [00;01;33m           GST_CLOCK gstclock.c:997:gst_clock_get_time:<GstSystemClock>[00m adjusted time 16:06:48.945847835
0:00:00.870743702 [333m 7190[00m 0x7fe028002ed0 [37mDEBUG  [00m [00;01;34m           GST_EVENT gstevent.c:301:gst_event_new_custom:[00m creating new event 0x7fe014003980 caps 12814
0:00:00.871372077 [333m 7190[00m 0x7fe028002ed0 [33;01mLOG    [00m [00;01;31;41m            GST_PADS gstpad.c:4522:store_sticky_event:<'':src_97>[00m stored sticky event caps
0:00:00.871407774 [333m 7190[00m 0x7fe028002ed0 [37mDEBUG  [00m [00;01;31;41m            GST_PADS gstpad.c:4528:store_sticky_event:<'':src_97>[00m notify caps
0:00:00.871443873 [333m 7190[00m 0x7fe028002ed0 [37mDEBUG  [00m [00;01;31;41m            GST_PADS gstpad.c:3376:check_sticky:<'':src_97>[00m pushing all sticky events
0:00:00.871476456 [333m 7190[00m 0x7fe028002ed0 [37mDEBUG  [00m [00;01;31;41m            GST_PADS gstpad.c:4724:gst_pad_push_event_unchecked:<'':src_97>[00m Dropping event because pad is not linked
0:00:00.871508463 [333m 7190[00m 0x7fe028002ed0 [37mDEBUG  [00m [00;01;31;41m            GST_PADS gstpad.c:3348:push_sticky:<'':src_97>[00m pad was not linked, mark pending
0:00:00.871540217 [333m 7190[00m 0x7fe028002ed0 [37mDEBUG  [00m [00;01;31;41m            GST_PADS gstpad.c:4724:gst_pad_push_event_unchecked:<'':src_97>[00m Dropping event because pad is not linked
0:00:00.871571932 [333m 7190[00m 0x7fe028002ed0 [37mDEBUG  [00m [00;01;31;41m            GST_PADS gstpad.c:3348:push_sticky:<'':src_97>[00m pad was not linked, mark pending
0:00:00.871088471 [333m 7190[00m 0x7fe0480444f0 [37mDEBUG  [00m [00;01;31;41m            GST_PADS gstpad.c:3467:gst_pad_query:<udpsrc2:src>[00m sent query 0x7fe028002de0 (caps), result 1
0:00:00.870796005 [333m 7190[00m 0x7fe03c0024f0 [37mDEBUG  [00m [00;01;31;41m            GST_PADS gstpad.c:1734:gst_pad_set_iterate_internal_links_function_full:<GstProxyPad@0x7fe048041440>[00m internal link iterator set to gst_proxy_pad_iterate_internal_links_default
0:00:00.871328487 [333m 7190[00m 0x7fe0480130a0 [33;01mLOG    [00m [00m             basesrc gstbasesrc.c:2205:gst_base_src_do_sync:<udpsrc0>[00m created DTS 0:00:00.670644680
0:00:00.871708522 [333m 7190[00m 0x7fe0480130a0 [33;01mLOG    [00m [00m             basesrc gstbasesrc.c:2215:gst_base_src_do_sync:<udpsrc0>[00m created PTS 0:00:00.670644680
0:00:00.871587002 [333m 7190[00m 0x7fe028002ed0 [37mDEBUG  [00m [00;01;31;41m            GST_PADS gstpad.c:4724:gst_pad_push_event_unchecked:<'':src_97>[00m Dropping event because pad is not linked
0:00:00.871626852 [333m 7190[00m 0x7fe0480444f0 [37mDEBUG  [00m [00;01;34m            GST_CAPS gstutils.c:2769:gst_pad_query_caps:<udpsrc2:src>[00m query returned ANY
0:00:00.871688855 [333m 7190[00m 0x7fe03c0024f0 [37mDEBUG  [00m [00;01;31;41m            GST_PADS gstpad.c:1561:gst_pad_set_chain_function_full:<'':proxypad7>[00m chainfunc set to gst_proxy_pad_chain_default
0:00:00.871831875 [333m 7190[00m 0x7fe03c0024f0 [37mDEBUG  [00m [00;01;31;41m            GST_PADS gstpad.c:1598:gst_pad_set_chain_list_function_full:<'':proxypad7>[00m chainlistfunc set to gst_proxy_pad_chain_list_default
0:00:00.871849425 [333m 7190[00m 0x7fe0480130a0 [37mDEBUG  [00m [00m             basesrc gstbasesrc.c:2253:gst_base_src_do_sync:<udpsrc0>[00m no sync needed
0:00:00.871896439 [333m 7190[00m 0x7fe028002ed0 [37mDEBUG  [00m [00;01;31;41m            GST_PADS gstpad.c:3348:push_sticky:<'':src_97>[00m pad was not linked, mark pending
0:00:00.871941241 [333m 7190[00m 0x7fe028002ed0 [33;01mLOG    [00m [00;01;31;41m            GST_PADS gstpad.c:4522:store_sticky_event:<'':src_97>[00m stored sticky event segment
0:00:00.871977176 [333m 7190[00m 0x7fe028002ed0 [37mDEBUG  [00m [00;01;31;41m            GST_PADS gstpad.c:3376:check_sticky:<'':src_97>[00m pushing all sticky events
0:00:00.871992877 [333m 7190[00m 0x7fe028002ed0 [37mDEBUG  [00m [00;01;31;41m            GST_PADS gstpad.c:4724:gst_pad_push_event_unchecked:<'':src_97>[00m Dropping event because pad is not linked
0:00:00.872011433 [333m 7190[00m 0x7fe028002ed0 [37mDEBUG  [00m [00;01;31;41m            GST_PADS gstpad.c:3348:push_sticky:<'':src_97>[00m pad was not linked, mark pending
0:00:00.872022766 [333m 7190[00m 0x7fe028002ed0 [37mDEBUG  [00m [00;01;31;41m            GST_PADS gstpad.c:4724:gst_pad_push_event_unchecked:<'':src_97>[00m Dropping event because pad is not linked
0:00:00.872033542 [333m 7190[00m 0x7fe028002ed0 [37mDEBUG  [00m [00;01;31;41m            GST_PADS gstpad.c:3348:push_sticky:<'':src_97>[00m pad was not linked, mark pending
0:00:00.872044149 [333m 7190[00m 0x7fe028002ed0 [37mDEBUG  [00m [00;01;31;41m            GST_PADS gstpad.c:4724:gst_pad_push_event_unchecked:<'':src_97>[00m Dropping event because pad is not linked
0:00:00.872054723 [333m 7190[00m 0x7fe028002ed0 [37mDEBUG  [00m [00;01;31;41m            GST_PADS gstpad.c:3348:push_sticky:<'':src_97>[00m pad was not linked, mark pending
0:00:00.872065264 [333m 7190[00m 0x7fe028002ed0 [37mDEBUG  [00m [00;01;31;41m            GST_PADS gstpad.c:4724:gst_pad_push_event_unchecked:<'':src_97>[00m Dropping event because pad is not linked
0:00:00.872075734 [333m 7190[00m 0x7fe028002ed0 [37mDEBUG  [00m [00;01;31;41m            GST_PADS gstpad.c:3348:push_sticky:<'':src_97>[00m pad was not linked, mark pending
0:00:00.872086290 [333m 7190[00m 0x7fe028002ed0 [37mDEBUG  [00m [00;01;31;41m            GST_PADS gstpad.c:4724:gst_pad_push_event_unchecked:<'':src_97>[00m Dropping event because pad is not linked
0:00:00.871904911 [333m 7190[00m 0x7fe0480130a0 [37mDEBUG  [00m [00m             basesrc gstbasesrc.c:2451:gst_base_src_get_range:<udpsrc0>[00m buffer ok
0:00:00.871942826 [333m 7190[00m 0x7fe03c0024f0 [37mDEBUG  [00m [00;01;31;44m     GST_REFCOUNTING gstobject.c:684:gst_object_set_parent:<'':proxypad7>[00m set parent (ref and sink)
0:00:00.871898467 [333m 7190[00m 0x7fe0480444f0 [37mDEBUG  [00m [00m             basesrc gstbasesrc.c:3081:gst_base_src_default_negotiate:<udpsrc2>[00m caps of src: ANY
0:00:00.872254049 [333m 7190[00m 0x7fe0480444f0 [37mDEBUG  [00m [00m             basesrc gstbasesrc.c:3127:gst_base_src_default_negotiate:<udpsrc2>[00m no negotiation needed
0:00:00.872272642 [333m 7190[00m 0x7fe0480444f0 [37mDEBUG  [00m [00;01;34m            GST_CAPS gstpad.c:2428:gst_pad_get_current_caps:<udpsrc2:src>[00m get current pad caps (NULL)
0:00:00.872097099 [333m 7190[00m 0x7fe028002ed0 [37mDEBUG  [00m [00;01;31;41m            GST_PADS gstpad.c:3348:push_sticky:<'':src_97>[00m pad was not linked, mark pending
0:00:00.872325672 [333m 7190[00m 0x7fe028002ed0 [37mDEBUG  [00m [00;01;31;41m            GST_PADS gstpad.c:4724:gst_pad_push_event_unchecked:<'':src_97>[00m Dropping event because pad is not linked
0:00:00.872362389 [333m 7190[00m 0x7fe028002ed0 [37mDEBUG  [00m [00;01;31;41m            GST_PADS gstpad.c:3348:push_sticky:<'':src_97>[00m pad was not linked, mark pending
0:00:00.872394163 [333m 7190[00m 0x7fe028002ed0 [37mDEBUG  [00m [00;01;31;41m            GST_PADS gstpad.c:4724:gst_pad_push_event_unchecked:<'':src_97>[00m Dropping event because pad is not linked
0:00:00.872409090 [333m 7190[00m 0x7fe028002ed0 [37mDEBUG  [00m [00;01;31;41m            GST_PADS gstpad.c:3348:push_sticky:<'':src_97>[00m pad was not linked, mark pending
0:00:00.872422093 [333m 7190[00m 0x7fe028002ed0 [36mINFO   [00m [00;01;37;41m    GST_ELEMENT_PADS gstelement.c:649:gst_element_add_pad:<rtpptdemux1>[00m adding pad 'src_97'
0:00:00.872437474 [333m 7190[00m 0x7fe028002ed0 [37mDEBUG  [00m [00;01;31;44m     GST_REFCOUNTING gstobject.c:684:gst_object_set_parent:<'':src_97>[00m set parent (ref and sink)
0:00:00.872451097 [333m 7190[00m 0x7fe028002ed0 [37mDEBUG  [00m [00m          rtpptdemux gstrtpptdemux.c:414:gst_rtp_pt_demux_chain:[00m emitting new-payload-type for pt 97
0:00:00.872468068 [333m 7190[00m 0x7fe028002ed0 [37mDEBUG  [00m [00m              rtpbin gstrtpbin.c:2422:new_payload_found:[00m new payload pad 97
0:00:00.872489534 [333m 7190[00m 0x7fe028002ed0 [33;01mLOG    [00m [00;01;31;41m            GST_PADS gstghostpad.c:742:gst_ghost_pad_new_from_template:[00m name:recv_rtp_src_1_2126589418_97, target:rtpptdemux1:src_97, templ:0x7fe048019180
0:00:00.872518032 [333m 7190[00m 0x7fe028002ed0 [37mDEBUG  [00m [00;01;31;41m            GST_PADS gstpad.c:1734:gst_pad_set_iterate_internal_links_function_full:<GstProxyPad@0x7fe0280090d0>[00m internal link iterator set to gst_proxy_pad_iterate_internal_links_default
0:00:00.872533690 [333m 7190[00m 0x7fe028002ed0 [37mDEBUG  [00m [00;01;31;41m            GST_PADS gstpad.c:1526:gst_pad_set_activatemode_function_full:<GstGhostPad@0x7fe0280090d0>[00m activatemodefunc set to gst_ghost_pad_activate_mode_default
0:00:00.872559696 [333m 7190[00m 0x7fe028002ed0 [37mDEBUG  [00m [00;01;31;41m            GST_PADS gstpad.c:1634:gst_pad_set_getrange_function_full:<'':recv_rtp_src_1_2126589418_97>[00m getrangefunc set to gst_proxy_pad_getrange_default
0:00:00.872592037 [333m 7190[00m 0x7fe028002ed0 [37mDEBUG  [00m [00;01;31;41m            GST_PADS gstpad.c:1734:gst_pad_set_iterate_internal_links_function_full:<GstProxyPad@0x7fe048041b00>[00m internal link iterator set to gst_proxy_pad_iterate_internal_links_default
0:00:00.872617605 [333m 7190[00m 0x7fe028002ed0 [37mDEBUG  [00m [00;01;31;41m            GST_PADS gstpad.c:1561:gst_pad_set_chain_function_full:<'':proxypad8>[00m chainfunc set to gst_proxy_pad_chain_default
0:00:00.872631640 [333m 7190[00m 0x7fe028002ed0 [37mDEBUG  [00m [00;01;31;41m            GST_PADS gstpad.c:1598:gst_pad_set_chain_list_function_full:<'':proxypad8>[00m chainlistfunc set to gst_proxy_pad_chain_list_default
0:00:00.872643821 [333m 7190[00m 0x7fe028002ed0 [37mDEBUG  [00m [00;01;31;44m     GST_REFCOUNTING gstobject.c:684:gst_object_set_parent:<'':proxypad8>[00m set parent (ref and sink)
0:00:00.872655803 [333m 7190[00m 0x7fe028002ed0 [37mDEBUG  [00m [00;01;31;41m            GST_PADS gstpad.c:1526:gst_pad_set_activatemode_function_full:<recv_rtp_src_1_2126589418_97:proxypad8>[00m activatemodefunc set to gst_ghost_pad_internal_activate_mode_default
0:00:00.872701846 [333m 7190[00m 0x7fe028002ed0 [37mDEBUG  [00m [00;01;31;41m            GST_PADS gstghostpad.c:834:gst_ghost_pad_set_target:<'':recv_rtp_src_1_2126589418_97>[00m set target rtpptdemux1:src_97
0:00:00.872716832 [333m 7190[00m 0x7fe028002ed0 [37mDEBUG  [00m [00;01;31;41m            GST_PADS gstghostpad.c:854:gst_ghost_pad_set_target:<'':recv_rtp_src_1_2126589418_97>[00m connecting internal pad to target <rtpptdemux1:src_97>
0:00:00.872735042 [333m 7190[00m 0x7fe028002ed0 [33;01mLOG    [00m [00;01;37;41m         GST_MESSAGE gstmessage.c:282:gst_message_new_custom:[00m source proxypad8: creating new message 0x7fe02c001b20 structure-change
0:00:00.872759063 [333m 7190[00m 0x7fe028002ed0 [37mDEBUG  [00m [00;43m             GST_BUS gstbus.c:312:gst_bus_post:<bus3>[00m [msg 0x7fe02c001b20] posting on bus structure-change message: 0x7fe02c001b20, time 99:99:99.999999999, seq-num 220, element 'proxypad8', GstMessageStructureChange, type=(GstStructureChangeType)GST_STRUCTURE_CHANGE_TYPE_PAD_LINK, owner=(GstElement)"\(GstRtpPtDemux\)\ rtpptdemux1", busy=(boolean)true;
0:00:00.872804862 [333m 7190[00m 0x7fe028002ed0 [37mDEBUG  [00m [00;01m                 bin gstbin.c:3342:gst_bin_handle_message_func:<manager>[00m [msg 0x7fe02c001b20] handling child proxypad8 message of type structure-change
0:00:00.872899210 [333m 7190[00m 0x7fe028002ed0 [37mDEBUG  [00m [00;01m                 bin gstbin.c:881:find_message:<manager>[00m no message found matching types 00001000
0:00:00.872912769 [333m 7190[00m 0x7fe028002ed0 [37mDEBUG  [00m [00;01m                 bin gstbin.c:888:find_message:<manager>[00m   structure-change
0:00:00.872924282 [333m 7190[00m 0x7fe028002ed0 [37mDEBUG  [00m [00;01m                 bin gstbin.c:928:bin_replace_message:<manager>[00m got new message 0x7fe02c001b20, structure-change from proxypad8
0:00:00.872944252 [333m 7190[00m 0x7fe028002ed0 [37mDEBUG  [00m [00;43m             GST_BUS gstbus.c:343:gst_bus_post:<bus3>[00m [msg 0x7fe02c001b20] dropped
0:00:00.872957462 [333m 7190[00m 0x7fe028002ed0 [36mINFO   [00m [00;01;31;41m            GST_PADS gstpad.c:2083:gst_pad_link_prepare:[00m trying to link rtpptdemux1:src_97 and recv_rtp_src_1_2126589418_97:proxypad8
0:00:00.872973012 [333m 7190[00m 0x7fe028002ed0 [36mINFO   [00m [00;01;31;41m            GST_PADS gstpad.c:2285:gst_pad_link_full:[00m linked rtpptdemux1:src_97 and recv_rtp_src_1_2126589418_97:proxypad8, successful
0:00:00.872986574 [333m 7190[00m 0x7fe028002ed0 [36mINFO   [00m [00;01;34m           GST_EVENT gstevent.c:1314:gst_event_new_reconfigure:[00m creating reconfigure event
0:00:00.872996896 [333m 7190[00m 0x7fe028002ed0 [37mDEBUG  [00m [00;01;34m           GST_EVENT gstevent.c:301:gst_event_new_custom:[00m creating new event 0x7fe0140039e0 reconfigure 61441
0:00:00.873010498 [333m 7190[00m 0x7fe028002ed0 [37mDEBUG  [00m [00;01;34m           GST_EVENT gstpad.c:4935:gst_pad_send_event_unchecked:<rtpptdemux1:src_97>[00m have event type reconfigure event: 0x7fe0140039e0, time 99:99:99.999999999, seq-num 221, (NULL)
0:00:00.873026419 [333m 7190[00m 0x7fe028002ed0 [33;01mLOG    [00m [00;01;31;41m            GST_PADS gstpad.c:2771:gst_pad_event_default:<rtpptdemux1:src_97>[00m default event handler for event reconfigure event: 0x7fe0140039e0, time 99:99:99.999999999, seq-num 221, (NULL)
0:00:00.873040997 [333m 7190[00m 0x7fe028002ed0 [37mDEBUG  [00m [00;01;31;41m            GST_PADS gstpad.c:2581:gst_pad_iterate_internal_links_default:<rtpptdemux1:src_97>[00m Making iterator
0:00:00.873062130 [333m 7190[00m 0x7fe028002ed0 [33;01mLOG    [00m [00;01;31;41m            GST_PADS gstpad.c:2691:gst_pad_forward:<rtpptdemux1:src_97>[00m calling forward function on pad rtpptdemux1:sink
0:00:00.872196923 [333m 7190[00m 0x7fe03c0024f0 [37mDEBUG  [00m [00;01;31;41m            GST_PADS gstpad.c:1526:gst_pad_set_activatemode_function_full:<recv_rtp_src_0_1165926506_96:proxypad7>[00m activatemodefunc set to gst_ghost_pad_internal_activate_mode_default
0:00:00.873118714 [333m 7190[00m 0x7fe03c0024f0 [37mDEBUG  [00m [00;01;31;41m            GST_PADS gstghostpad.c:834:gst_ghost_pad_set_target:<'':recv_rtp_src_0_1165926506_96>[00m set target manager:recv_rtp_src_0_1165926506_96
0:00:00.873138872 [333m 7190[00m 0x7fe03c0024f0 [37mDEBUG  [00m [00;01;31;41m            GST_PADS gstghostpad.c:854:gst_ghost_pad_set_target:<'':recv_rtp_src_0_1165926506_96>[00m connecting internal pad to target <manager:recv_rtp_src_0_1165926506_96>
0:00:00.873158533 [333m 7190[00m 0x7fe03c0024f0 [33;01mLOG    [00m [00;01;37;41m         GST_MESSAGE gstmessage.c:282:gst_message_new_custom:[00m source proxypad7: creating new message 0xf366c0 structure-change
0:00:00.872288678 [333m 7190[00m 0x7fe0480444f0 [37mDEBUG  [00m [00m               query gstquery.c:680:gst_query_new_custom:[00m creating new query 0x7fe028002c50 allocation
0:00:00.873076857 [333m 7190[00m 0x7fe028002ed0 [33;01mLOG    [00m [00;01;31;41m            GST_PADS gstpad.c:2736:event_forward_func:<rtpptdemux1:sink>[00m Reffing and pushing event 0x7fe0140039e0 (reconfigure) to rtpptdemux1:sink
0:00:00.873307031 [333m 7190[00m 0x7fe028002ed0 [33;01mLOG    [00m [00;01;31;41m            GST_PADS gstpad.c:4680:gst_pad_push_event_unchecked:<rtpptdemux1:sink>[00m sending event 0x7fe0140039e0 (reconfigure) to peerpad <rtpjitterbuffer1:src>
0:00:00.873329549 [333m 7190[00m 0x7fe028002ed0 [37mDEBUG  [00m [00;01;34m           GST_EVENT gstpad.c:4935:gst_pad_send_event_unchecked:<rtpjitterbuffer1:src>[00m have event type reconfigure event: 0x7fe0140039e0, time 99:99:99.999999999, seq-num 221, (NULL)
0:00:00.873345936 [333m 7190[00m 0x7fe028002ed0 [37mDEBUG  [00m [00m  gstrtpjitterbuffer gstrtpjitterbuffer.c:1133:gst_rtp_jitter_buffer_src_event:<rtpjitterbuffer1>[00m received reconfigure
0:00:00.873358486 [333m 7190[00m 0x7fe028002ed0 [33;01mLOG    [00m [00;01;31;41m            GST_PADS gstpad.c:4680:gst_pad_push_event_unchecked:<rtpjitterbuffer1:sink>[00m sending event 0x7fe0140039e0 (reconfigure) to peerpad <rtpssrcdemux1:src_2126589418>
0:00:00.873380643 [333m 7190[00m 0x7fe028002ed0 [37mDEBUG  [00m [00;01;34m           GST_EVENT gstpad.c:4935:gst_pad_send_event_unchecked:<rtpssrcdemux1:src_2126589418>[00m have event type reconfigure event: 0x7fe0140039e0, time 99:99:99.999999999, seq-num 221, (NULL)
0:00:00.873396259 [333m 7190[00m 0x7fe028002ed0 [33;01mLOG    [00m [00;01;31;41m            GST_PADS gstpad.c:2771:gst_pad_event_default:<rtpssrcdemux1:src_2126589418>[00m default event handler for event reconfigure event: 0x7fe0140039e0, time 99:99:99.999999999, seq-num 221, (NULL)
0:00:00.873414546 [333m 7190[00m 0x7fe028002ed0 [33;01mLOG    [00m [00;01;31;41m            GST_PADS gstpad.c:2691:gst_pad_forward:<rtpssrcdemux1:src_2126589418>[00m calling forward function on pad rtpssrcdemux1:sink
0:00:00.873427936 [333m 7190[00m 0x7fe028002ed0 [33;01mLOG    [00m [00;01;31;41m            GST_PADS gstpad.c:2736:event_forward_func:<rtpssrcdemux1:sink>[00m Reffing and pushing event 0x7fe0140039e0 (reconfigure) to rtpssrcdemux1:sink
0:00:00.873441847 [333m 7190[00m 0x7fe028002ed0 [33;01mLOG    [00m [00;01;31;41m            GST_PADS gstpad.c:4680:gst_pad_push_event_unchecked:<rtpssrcdemux1:sink>[00m sending event 0x7fe0140039e0 (reconfigure) to peerpad <rtpsession1:recv_rtp_src>
0:00:00.873461956 [333m 7190[00m 0x7fe028002ed0 [37mDEBUG  [00m [00;01;34m           GST_EVENT gstpad.c:4935:gst_pad_send_event_unchecked:<rtpsession1:recv_rtp_src>[00m have event type reconfigure event: 0x7fe0140039e0, time 99:99:99.999999999, seq-num 221, (NULL)
0:00:00.873477441 [333m 7190[00m 0x7fe028002ed0 [33;01mLOG    [00m [00;01;31;41m            GST_PADS gstpad.c:4680:gst_pad_push_event_unchecked:<rtpsession1:recv_rtp_sink>[00m sending event 0x7fe0140039e0 (reconfigure) to peerpad <recv_rtp_sink_1:proxypad3>
0:00:00.873491817 [333m 7190[00m 0x7fe028002ed0 [37mDEBUG  [00m [00;01;34m           GST_EVENT gstpad.c:4935:gst_pad_send_event_unchecked:<recv_rtp_sink_1:proxypad3>[00m have event type reconfigure event: 0x7fe0140039e0, time 99:99:99.999999999, seq-num 221, (NULL)
0:00:00.873505367 [333m 7190[00m 0x7fe028002ed0 [33;01mLOG    [00m [00;01;31;41m            GST_PADS gstpad.c:2771:gst_pad_event_default:<recv_rtp_sink_1:proxypad3>[00m default event handler for event reconfigure event: 0x7fe0140039e0, time 99:99:99.999999999, seq-num 221, (NULL)
0:00:00.873521552 [333m 7190[00m 0x7fe028002ed0 [33;01mLOG    [00m [00;01;31;41m            GST_PADS gstpad.c:2691:gst_pad_forward:<recv_rtp_sink_1:proxypad3>[00m calling forward function on pad manager:recv_rtp_sink_1
0:00:00.873536375 [333m 7190[00m 0x7fe028002ed0 [33;01mLOG    [00m [00;01;31;41m            GST_PADS gstpad.c:2736:event_forward_func:<manager:recv_rtp_sink_1>[00m Reffing and pushing event 0x7fe0140039e0 (reconfigure) to manager:recv_rtp_sink_1
0:00:00.873550858 [333m 7190[00m 0x7fe028002ed0 [33;01mLOG    [00m [00;01;31;41m            GST_PADS gstpad.c:4680:gst_pad_push_event_unchecked:<manager:recv_rtp_sink_1>[00m sending event 0x7fe0140039e0 (reconfigure) to peerpad <udpsrc2:src>
0:00:00.873565286 [333m 7190[00m 0x7fe028002ed0 [37mDEBUG  [00m [00;01;34m           GST_EVENT gstpad.c:4935:gst_pad_send_event_unchecked:<udpsrc2:src>[00m have event type reconfigure event: 0x7fe0140039e0, time 99:99:99.999999999, seq-num 221, (NULL)
0:00:00.873579621 [333m 7190[00m 0x7fe028002ed0 [37mDEBUG  [00m [00m             basesrc gstbasesrc.c:1928:gst_base_src_default_event:<udpsrc2>[00m handle event reconfigure event: 0x7fe0140039e0, time 99:99:99.999999999, seq-num 221, (NULL)
0:00:00.873593486 [333m 7190[00m 0x7fe028002ed0 [37mDEBUG  [00m [00;01;31;41m            GST_PADS gstpad.c:5001:gst_pad_send_event_unchecked:<udpsrc2:src>[00m sent event, ret ok
0:00:00.873605084 [333m 7190[00m 0x7fe028002ed0 [33;01mLOG    [00m [00;01;31;41m            GST_PADS gstpad.c:4687:gst_pad_push_event_unchecked:<manager:recv_rtp_sink_1>[00m sent event 0x7fe0140039e0 to peerpad <udpsrc2:src>, ret ok
0:00:00.873626919 [333m 7190[00m 0x7fe028002ed0 [37mDEBUG  [00m [00;01;31;41m            GST_PADS gstpad.c:5001:gst_pad_send_event_unchecked:<recv_rtp_sink_1:proxypad3>[00m sent event, ret ok
0:00:00.873639420 [333m 7190[00m 0x7fe028002ed0 [33;01mLOG    [00m [00;01;31;41m            GST_PADS gstpad.c:4687:gst_pad_push_event_unchecked:<rtpsession1:recv_rtp_sink>[00m sent event 0x7fe0140039e0 to peerpad <recv_rtp_sink_1:proxypad3>, ret ok
0:00:00.873655157 [333m 7190[00m 0x7fe028002ed0 [37mDEBUG  [00m [00;01;31;41m            GST_PADS gstpad.c:5001:gst_pad_send_event_unchecked:<rtpsession1:recv_rtp_src>[00m sent event, ret ok
0:00:00.873723091 [333m 7190[00m 0x7fe028002ed0 [33;01mLOG    [00m [00;01;31;41m            GST_PADS gstpad.c:4687:gst_pad_push_event_unchecked:<rtpssrcdemux1:sink>[00m sent event 0x7fe0140039e0 to peerpad <rtpsession1:recv_rtp_src>, ret ok
0:00:00.873764579 [333m 7190[00m 0x7fe028002ed0 [37mDEBUG  [00m [00;01;31;41m            GST_PADS gstpad.c:5001:gst_pad_send_event_unchecked:<rtpssrcdemux1:src_2126589418>[00m sent event, ret ok
0:00:00.873799021 [333m 7190[00m 0x7fe028002ed0 [33;01mLOG    [00m [00;01;31;41m            GST_PADS gstpad.c:4687:gst_pad_push_event_unchecked:<rtpjitterbuffer1:sink>[00m sent event 0x7fe0140039e0 to peerpad <rtpssrcdemux1:src_2126589418>, ret ok
0:00:00.873819029 [333m 7190[00m 0x7fe028002ed0 [37mDEBUG  [00m [00;01;31;41m            GST_PADS gstpad.c:5001:gst_pad_send_event_unchecked:<rtpjitterbuffer1:src>[00m sent event, ret ok
0:00:00.873831123 [333m 7190[00m 0x7fe028002ed0 [33;01mLOG    [00m [00;01;31;41m            GST_PADS gstpad.c:4687:gst_pad_push_event_unchecked:<rtpptdemux1:sink>[00m sent event 0x7fe0140039e0 to peerpad <rtpjitterbuffer1:src>, ret ok
0:00:00.873846001 [333m 7190[00m 0x7fe028002ed0 [33;01mLOG    [00m [00;01;34m           GST_EVENT gstevent.c:223:_gst_event_free:[00m freeing event 0x7fe0140039e0 type reconfigure
0:00:00.873859205 [333m 7190[00m 0x7fe028002ed0 [37mDEBUG  [00m [00;01;31;41m            GST_PADS gstpad.c:5001:gst_pad_send_event_unchecked:<rtpptdemux1:src_97>[00m sent event, ret ok
0:00:00.873875631 [333m 7190[00m 0x7fe028002ed0 [33;01mLOG    [00m [00;01;37;41m         GST_MESSAGE gstmessage.c:282:gst_message_new_custom:[00m source proxypad8: creating new message 0x10a0c20 structure-change
0:00:00.873891724 [333m 7190[00m 0x7fe028002ed0 [37mDEBUG  [00m [00;43m             GST_BUS gstbus.c:312:gst_bus_post:<bus3>[00m [msg 0x10a0c20] posting on bus structure-change message: 0x10a0c20, time 99:99:99.999999999, seq-num 223, element 'proxypad8', GstMessageStructureChange, type=(GstStructureChangeType)GST_STRUCTURE_CHANGE_TYPE_PAD_LINK, owner=(GstElement)"\(GstRtpPtDemux\)\ rtpptdemux1", busy=(boolean)false;
0:00:00.873924413 [333m 7190[00m 0x7fe028002ed0 [37mDEBUG  [00m [00;01m                 bin gstbin.c:3342:gst_bin_handle_message_func:<manager>[00m [msg 0x10a0c20] handling child proxypad8 message of type structure-change
0:00:00.873938301 [333m 7190[00m 0x7fe028002ed0 [33;01mLOG    [00m [00;01m                 bin gstbin.c:859:message_check:[00m looking at message 0x7fe02c001b20: 1
0:00:00.873950522 [333m 7190[00m 0x7fe028002ed0 [37mDEBUG  [00m [00;01m                 bin gstbin.c:956:bin_remove_messages:<recv_rtp_src_1_2126589418_97:proxypad8>[00m deleting message 0x7fe02c001b20 of types 0x00001000
0:00:00.873962304 [333m 7190[00m 0x7fe028002ed0 [33;01mLOG    [00m [00;01;37;41m         GST_MESSAGE gstmessage.c:184:_gst_message_free:[00m finalize message 0x7fe02c001b20, structure-change from proxypad8
0:00:00.873976749 [333m 7190[00m 0x7fe028002ed0 [33;01mLOG    [00m [00;01;37;41m         GST_MESSAGE gstmessage.c:184:_gst_message_free:[00m finalize message 0x10a0c20, structure-change from proxypad8
0:00:00.873991409 [333m 7190[00m 0x7fe028002ed0 [37mDEBUG  [00m [00;43m             GST_BUS gstbus.c:343:gst_bus_post:<bus3>[00m [msg 0x10a0c20] dropped
0:00:00.874013504 [333m 7190[00m 0x7fe028002ed0 [37mDEBUG  [00m [00;01;31;41m            GST_PADS gstpad.c:953:gst_pad_set_active:<'':recv_rtp_src_1_2126589418_97>[00m activating pad from none
0:00:00.874026137 [333m 7190[00m 0x7fe028002ed0 [37mDEBUG  [00m [00;01;31;41m            GST_PADS gstpad.c:870:pre_activate:<'':recv_rtp_src_1_2126589418_97>[00m setting pad into push mode, unset flushing
0:00:00.874038680 [333m 7190[00m 0x7fe028002ed0 [33;01mLOG    [00m [00;01;31;41m            GST_PADS gstghostpad.c:379:gst_ghost_pad_activate_push_default:<'':recv_rtp_src_1_2126589418_97>[00m activate push on '':recv_rtp_src_1_2126589418_97, proxy internal
0:00:00.874052705 [333m 7190[00m 0x7fe028002ed0 [37mDEBUG  [00m [00;01;31;41m            GST_PADS gstpad.c:870:pre_activate:<recv_rtp_src_1_2126589418_97:proxypad8>[00m setting pad into push mode, unset flushing
0:00:00.874064751 [333m 7190[00m 0x7fe028002ed0 [37mDEBUG  [00m [00;01;31;41m            GST_PADS gstpad.c:881:pre_activate:<recv_rtp_src_1_2126589418_97:proxypad8>[00m reschedule events on peer rtpptdemux1:src_97
0:00:00.874077736 [333m 7190[00m 0x7fe028002ed0 [33;01mLOG    [00m [00;01;31;41m            GST_PADS gstghostpad.c:288:gst_ghost_pad_internal_activate_push_default:<recv_rtp_src_1_2126589418_97:proxypad8>[00m activate push on recv_rtp_src_1_2126589418_97:proxypad8, we're ok
0:00:00.874091404 [333m 7190[00m 0x7fe028002ed0 [37mDEBUG  [00m [00;01;31;41m            GST_PADS gstpad.c:1118:gst_pad_activate_mode:<'':recv_rtp_src_1_2126589418_97>[00m already activated in push mode
0:00:00.874104186 [333m 7190[00m 0x7fe028002ed0 [37mDEBUG  [00m [00;01;31;41m            GST_PADS gstpad.c:1091:gst_pad_activate_mode:<recv_rtp_src_1_2126589418_97:proxypad8>[00m activated in push mode
0:00:00.874116648 [333m 7190[00m 0x7fe028002ed0 [37mDEBUG  [00m [00;01;31;41m            GST_PADS gstpad.c:1091:gst_pad_activate_mode:<'':recv_rtp_src_1_2126589418_97>[00m activated in push mode
0:00:00.874129759 [333m 7190[00m 0x7fe028002ed0 [36mINFO   [00m [00;01;37;41m    GST_ELEMENT_PADS gstelement.c:649:gst_element_add_pad:<manager>[00m adding pad 'recv_rtp_src_1_2126589418_97'
0:00:00.874143378 [333m 7190[00m 0x7fe028002ed0 [37mDEBUG  [00m [00;01;31;44m     GST_REFCOUNTING gstobject.c:684:gst_object_set_parent:<'':recv_rtp_src_1_2126589418_97>[00m set parent (ref and sink)
0:00:00.874158223 [333m 7190[00m 0x7fe028002ed0 [37mDEBUG  [00m [00m             rtspsrc gstrtspsrc.c:2465:new_manager_pad:<rtspsrc0>[00m got new manager pad <manager:recv_rtp_src_1_2126589418_97>
0:00:00.874176005 [333m 7190[00m 0x7fe028002ed0 [37mDEBUG  [00m [00m             rtspsrc gstrtspsrc.c:2473:new_manager_pad:<rtspsrc0>[00m stream: 1, SSRC 7ec12dea, PT 97
0:00:00.874189265 [333m 7190[00m 0x7fe028002ed0 [37mDEBUG  [00m [00m             rtspsrc gstrtspsrc.c:2491:new_manager_pad:<rtspsrc0>[00m stream 0x7fe048014d00, container 0, disabled 0, added 1
0:00:00.874190505 [333m 7190[00m 0x7fe0480130a0 [33;01mLOG    [00m [00;01;35m      GST_SCHEDULING gstpad.c:3709:gst_pad_chain_data_unchecked:<manager:recv_rtp_sink_0>[00m calling chainfunction &gst_proxy_pad_chain_default with buffer buffer: 0x7fe03c005550, pts 0:00:00.670644680, dts 0:00:00.670644680, dur 99:99:99.999999999, size 1400, offset 18446744073709551615, offset_end 18446744073709551615, flags 0x0
0:00:00.873256930 [333m 7190[00m 0x7fe0480444f0 [37mDEBUG  [00m [00;01;31;41m            GST_PADS gstpad.c:3570:gst_pad_peer_query:<udpsrc2:src>[00m peer query 0x7fe028002c50 (allocation)
0:00:00.873195623 [333m 7190[00m 0x7fe03c0024f0 [37mDEBUG  [00m [00;43m             GST_BUS gstbus.c:312:gst_bus_post:<bus0>[00m [msg 0xf366c0] posting on bus structure-change message: 0xf366c0, time 99:99:99.999999999, seq-num 222, element 'proxypad7', GstMessageStructureChange, type=(GstStructureChangeType)GST_STRUCTURE_CHANGE_TYPE_PAD_LINK, owner=(GstElement)"\(GstRtpBin\)\ manager", busy=(boolean)true;
0:00:00.874343991 [333m 7190[00m 0x7fe03c0024f0 [37mDEBUG  [00m [00;01m                 bin gstbin.c:3342:gst_bin_handle_message_func:<rtspsrc0>[00m [msg 0xf366c0] handling child proxypad7 message of type structure-change
0:00:00.874386392 [333m 7190[00m 0x7fe03c0024f0 [37mDEBUG  [00m [00;01m                 bin gstbin.c:881:find_message:<rtspsrc0>[00m no message found matching types 00001000
0:00:00.874421019 [333m 7190[00m 0x7fe03c0024f0 [37mDEBUG  [00m [00;01m                 bin gstbin.c:888:find_message:<rtspsrc0>[00m   structure-change
0:00:00.874437111 [333m 7190[00m 0x7fe03c0024f0 [37mDEBUG  [00m [00;01m                 bin gstbin.c:928:bin_replace_message:<rtspsrc0>[00m got new message 0xf366c0, structure-change from proxypad7
0:00:00.874450791 [333m 7190[00m 0x7fe03c0024f0 [37mDEBUG  [00m [00;43m             GST_BUS gstbus.c:343:gst_bus_post:<bus0>[00m [msg 0xf366c0] dropped
0:00:00.874463211 [333m 7190[00m 0x7fe03c0024f0 [36mINFO   [00m [00;01;31;41m            GST_PADS gstpad.c:2083:gst_pad_link_prepare:[00m trying to link manager:recv_rtp_src_0_1165926506_96 and recv_rtp_src_0_1165926506_96:proxypad7
0:00:00.874478943 [333m 7190[00m 0x7fe03c0024f0 [36mINFO   [00m [00;01;31;41m            GST_PADS gstpad.c:2285:gst_pad_link_full:[00m linked manager:recv_rtp_src_0_1165926506_96 and recv_rtp_src_0_1165926506_96:proxypad7, successful
0:00:00.874492414 [333m 7190[00m 0x7fe03c0024f0 [36mINFO   [00m [00;01;34m           GST_EVENT gstevent.c:1314:gst_event_new_reconfigure:[00m creating reconfigure event
0:00:00.874491909 [333m 7190[00m 0x7fe028002ed0 [37mDEBUG  [00m [00m             rtspsrc gstrtspsrc.c:2491:new_manager_pad:<rtspsrc0>[00m stream 0x7fe048015c30, container 0, disabled 0, added 1
0:00:00.874561818 [333m 7190[00m 0x7fe0480444f0 [37mDEBUG  [00m [00;01;31;41m            GST_PADS gstpad.c:3445:gst_pad_query:<manager:recv_rtp_sink_1>[00m doing query 0x7fe028002c50 (allocation)
0:00:00.874593436 [333m 7190[00m 0x7fe0480444f0 [37mDEBUG  [00m [00;01;31;41m            GST_PADS gstpad.c:2983:gst_pad_query_default:<manager:recv_rtp_sink_1>[00m forwarding 0x7fe028002c50 (allocation) query
0:00:00.874630965 [333m 7190[00m 0x7fe0480444f0 [33;01mLOG    [00m [00;01;31;41m            GST_PADS gstpad.c:2691:gst_pad_forward:<manager:recv_rtp_sink_1>[00m calling forward function on pad recv_rtp_sink_1:proxypad3
0:00:00.874646966 [333m 7190[00m 0x7fe03c0024f0 [37mDEBUG  [00m [00;01;34m           GST_EVENT gstevent.c:301:gst_event_new_custom:[00m creating new event 0x7fe018002f60 reconfigure 61441
0:00:00.874695710 [333m 7190[00m 0x7fe03c0024f0 [37mDEBUG  [00m [00;01;34m           GST_EVENT gstpad.c:4935:gst_pad_send_event_unchecked:<manager:recv_rtp_src_0_1165926506_96>[00m have event type reconfigure event: 0x7fe018002f60, time 99:99:99.999999999, seq-num 224, (NULL)
0:00:00.874566303 [333m 7190[00m 0x7fe0480130a0 [33;01mLOG    [00m [00;01;35m      GST_SCHEDULING gstpad.c:3709:gst_pad_chain_data_unchecked:<rtpsession0:recv_rtp_sink>[00m calling chainfunction &0x7fe0459c4320 with buffer buffer: 0x7fe03c005550, pts 0:00:00.670644680, dts 0:00:00.670644680, dur 99:99:99.999999999, size 1400, offset 18446744073709551615, offset_end 18446744073709551615, flags 0x0
0:00:00.874780391 [333m 7190[00m 0x7fe0480130a0 [33;01mLOG    [00m [00m          rtpsession gstrtpsession.c:1621:gst_rtp_session_chain_recv_rtp:<rtpsession0>[00m received RTP packet
0:00:00.874798795 [333m 7190[00m 0x7fe0480130a0 [37mDEBUG  [00m [00;01;33m           GST_CLOCK gstclock.c:952:gst_clock_get_internal_time:<GstSystemClock>[00m internal time 16:06:48.949451128
0:00:00.874815048 [333m 7190[00m 0x7fe0480130a0 [37mDEBUG  [00m [00;01;33m           GST_CLOCK gstclock.c:997:gst_clock_get_time:<GstSystemClock>[00m adjusted time 16:06:48.949451128
0:00:00.874818430 [333m 7190[00m 0x7fe0480444f0 [33;01mLOG    [00m [00;01;31;41m            GST_PADS gstpad.c:2926:query_forward_func:<recv_rtp_sink_1:proxypad3>[00m query peer 0x7fe028002c50 (allocation) of recv_rtp_sink_1:proxypad3
0:00:00.874903915 [333m 7190[00m 0x7fe0480444f0 [37mDEBUG  [00m [00;01;31;41m            GST_PADS gstpad.c:3570:gst_pad_peer_query:<recv_rtp_sink_1:proxypad3>[00m peer query 0x7fe028002c50 (allocation)
0:00:00.874945082 [333m 7190[00m 0x7fe0480444f0 [37mDEBUG  [00m [00;01;31;41m            GST_PADS gstpad.c:3445:gst_pad_query:<rtpsession1:recv_rtp_sink>[00m doing query 0x7fe028002c50 (allocation)
0:00:00.874982149 [333m 7190[00m 0x7fe0480444f0 [37mDEBUG  [00m [00;01;31;41m            GST_PADS gstpad.c:2983:gst_pad_query_default:<rtpsession1:recv_rtp_sink>[00m not forwarding 0x7fe028002c50 (allocation) query
0:00:00.875018175 [333m 7190[00m 0x7fe0480444f0 [37mDEBUG  [00m [00;01;31;41m            GST_PADS gstpad.c:3467:gst_pad_query:<rtpsession1:recv_rtp_sink>[00m sent query 0x7fe028002c50 (allocation), result 0
0:00:00.875052012 [333m 7190[00m 0x7fe0480444f0 [37mDEBUG  [00m [00;01;31;41m            GST_PADS gstpad.c:3511:gst_pad_query:<rtpsession1:recv_rtp_sink>[00m query failed
0:00:00.875083869 [333m 7190[00m 0x7fe0480444f0 [37mDEBUG  [00m [00;01;31;41m            GST_PADS gstpad.c:3632:gst_pad_peer_query:<recv_rtp_sink_1:proxypad3>[00m query failed
