0:00:00.853242441 [333m 7190[00m 0x7fe0480444f0 [33;01mLOG    [00m [00;01;31;41m            GST_PADS gstpad.c:4680:gst_pad_push_event_unchecked:<rtpsession1:recv_rtp_sink>[00m sending event 0x7fe048049300 (reconfigure) to peerpad <recv_rtp_sink_1:proxypad3>
0:00:00.853258159 [333m 7190[00m 0x7fe0480444f0 [37mDEBUG  [00m [00;01;34m           GST_EVENT gstpad.c:4935:gst_pad_send_event_unchecked:<recv_rtp_sink_1:proxypad3>[00m have event type reconfigure event: 0x7fe048049300, time 99:99:99.999999999, seq-num 211, (NULL)
0:00:00.853272544 [333m 7190[00m 0x7fe0480444f0 [33;01mLOG    [00m [00;01;31;41m            GST_PADS gstpad.c:2771:gst_pad_event_default:<recv_rtp_sink_1:proxypad3>[00m default event handler for event reconfigure event: 0x7fe048049300, time 99:99:99.999999999, seq-num 211, (NULL)
0:00:00.853288606 [333m 7190[00m 0x7fe0480444f0 [33;01mLOG    [00m [00;01;31;41m            GST_PADS gstpad.c:2691:gst_pad_forward:<recv_rtp_sink_1:proxypad3>[00m calling forward function on pad manager:recv_rtp_sink_1
0:00:00.853302669 [333m 7190[00m 0x7fe0480444f0 [33;01mLOG    [00m [00;01;31;41m            GST_PADS gstpad.c:2736:event_forward_func:<manager:recv_rtp_sink_1>[00m Reffing and pushing event 0x7fe048049300 (reconfigure) to manager:recv_rtp_sink_1
0:00:00.853353442 [333m 7190[00m 0x7fe0480444f0 [33;01mLOG    [00m [00;01;31;41m            GST_PADS gstpad.c:4680:gst_pad_push_event_unchecked:<manager:recv_rtp_sink_1>[00m sending event 0x7fe048049300 (reconfigure) to peerpad <udpsrc2:src>
0:00:00.853372257 [333m 7190[00m 0x7fe0480444f0 [37mDEBUG  [00m [00;01;34m           GST_EVENT gstpad.c:4935:gst_pad_send_event_unchecked:<udpsrc2:src>[00m have event type reconfigure event: 0x7fe048049300, time 99:99:99.999999999, seq-num 211, (NULL)
0:00:00.853387729 [333m 7190[00m 0x7fe0480444f0 [37mDEBUG  [00m [00m             basesrc gstbasesrc.c:1928:gst_base_src_default_event:<udpsrc2>[00m handle event reconfigure event: 0x7fe048049300, time 99:99:99.999999999, seq-num 211, (NULL)
0:00:00.853401314 [333m 7190[00m 0x7fe0480444f0 [37mDEBUG  [00m [00;01;31;41m            GST_PADS gstpad.c:5001:gst_pad_send_event_unchecked:<udpsrc2:src>[00m sent event, ret ok
0:00:00.853413173 [333m 7190[00m 0x7fe0480444f0 [33;01mLOG    [00m [00;01;31;41m            GST_PADS gstpad.c:4687:gst_pad_push_event_unchecked:<manager:recv_rtp_sink_1>[00m sent event 0x7fe048049300 to peerpad <udpsrc2:src>, ret ok
0:00:00.853430359 [333m 7190[00m 0x7fe0480444f0 [37mDEBUG  [00m [00;01;31;41m            GST_PADS gstpad.c:5001:gst_pad_send_event_unchecked:<recv_rtp_sink_1:proxypad3>[00m sent event, ret ok
0:00:00.853443209 [333m 7190[00m 0x7fe0480444f0 [33;01mLOG    [00m [00;01;31;41m            GST_PADS gstpad.c:4687:gst_pad_push_event_unchecked:<rtpsession1:recv_rtp_sink>[00m sent event 0x7fe048049300 to peerpad <recv_rtp_sink_1:proxypad3>, ret ok
0:00:00.853459171 [333m 7190[00m 0x7fe0480444f0 [37mDEBUG  [00m [00;01;31;41m            GST_PADS gstpad.c:5001:gst_pad_send_event_unchecked:<rtpsession1:recv_rtp_src>[00m sent event, ret ok
0:00:00.853471305 [333m 7190[00m 0x7fe0480444f0 [33;01mLOG    [00m [00;01;31;41m            GST_PADS gstpad.c:4687:gst_pad_push_event_unchecked:<rtpssrcdemux1:sink>[00m sent event 0x7fe048049300 to peerpad <rtpsession1:recv_rtp_src>, ret ok
0:00:00.853485801 [333m 7190[00m 0x7fe0480444f0 [33;01mLOG    [00m [00;01;34m           GST_EVENT gstevent.c:223:_gst_event_free:[00m freeing event 0x7fe048049300 type reconfigure
0:00:00.853499260 [333m 7190[00m 0x7fe0480444f0 [37mDEBUG  [00m [00;01;31;41m            GST_PADS gstpad.c:5001:gst_pad_send_event_unchecked:<rtpssrcdemux1:src_2126589418>[00m sent event, ret ok
0:00:00.853515101 [333m 7190[00m 0x7fe0480444f0 [33;01mLOG    [00m [00;01;37;41m         GST_MESSAGE gstmessage.c:282:gst_message_new_custom:[00m source sink: creating new message 0x7fe028002010 structure-change
0:00:00.853530732 [333m 7190[00m 0x7fe0480444f0 [37mDEBUG  [00m [00;43m             GST_BUS gstbus.c:312:gst_bus_post:<bus3>[00m [msg 0x7fe028002010] posting on bus structure-change message: 0x7fe028002010, time 99:99:99.999999999, seq-num 212, element 'sink', GstMessageStructureChange, type=(GstStructureChangeType)GST_STRUCTURE_CHANGE_TYPE_PAD_LINK, owner=(GstElement)"\(GstRtpSsrcDemux\)\ rtpssrcdemux1", busy=(boolean)false;
0:00:00.853560500 [333m 7190[00m 0x7fe0480444f0 [37mDEBUG  [00m [00;01m                 bin gstbin.c:3342:gst_bin_handle_message_func:<manager>[00m [msg 0x7fe028002010] handling child sink message of type structure-change
0:00:00.853574208 [333m 7190[00m 0x7fe0480444f0 [33;01mLOG    [00m [00;01m                 bin gstbin.c:859:message_check:[00m looking at message 0x7fe028002090: 1
0:00:00.853586359 [333m 7190[00m 0x7fe0480444f0 [37mDEBUG  [00m [00;01m                 bin gstbin.c:956:bin_remove_messages:<rtpjitterbuffer1:sink>[00m deleting message 0x7fe028002090 of types 0x00001000
0:00:00.853597774 [333m 7190[00m 0x7fe0480444f0 [33;01mLOG    [00m [00;01;37;41m         GST_MESSAGE gstmessage.c:184:_gst_message_free:[00m finalize message 0x7fe028002090, structure-change from sink
0:00:00.853612104 [333m 7190[00m 0x7fe0480444f0 [33;01mLOG    [00m [00;01;37;41m         GST_MESSAGE gstmessage.c:184:_gst_message_free:[00m finalize message 0x7fe028002010, structure-change from sink
0:00:00.853718414 [333m 7190[00m 0x7fe0480444f0 [37mDEBUG  [00m [00;43m             GST_BUS gstbus.c:343:gst_bus_post:<bus3>[00m [msg 0x7fe028002010] dropped
0:00:00.853757389 [333m 7190[00m 0x7fe0480444f0 [37mDEBUG  [00m [00m              rtpbin gstrtpbin.c:2570:new_ssrc_pad_found:<manager>[00m linking jitterbuffer RTCP
0:00:00.853791606 [333m 7190[00m 0x7fe0480444f0 [36mINFO   [00m [00;01;37;41m    GST_ELEMENT_PADS gstelement.c:900:gst_element_get_static_pad:[00m found pad rtpssrcdemux1:rtcp_src_2126589418
0:00:00.853809343 [333m 7190[00m 0x7fe0480444f0 [37mDEBUG  [00m [00;01;31;41m            GST_PADS gstelement.c:1020:gst_element_get_request_pad:[00m comparing sink_rtcp to sink_rtcp
0:00:00.853839382 [333m 7190[00m 0x7fe0480444f0 [36mINFO   [00m [00;01;37;41m    GST_ELEMENT_PADS gstelement.c:897:gst_element_get_static_pad:[00m no such pad 'sink_rtcp' in element "rtpjitterbuffer1"
0:00:00.853875402 [333m 7190[00m 0x7fe0480444f0 [37mDEBUG  [00m [00m  gstrtpjitterbuffer gstrtpjitterbuffer.c:732:gst_rtp_jitter_buffer_request_new_pad:<rtpjitterbuffer1>[00m requesting pad sink_rtcp
0:00:00.853892556 [333m 7190[00m 0x7fe0480444f0 [37mDEBUG  [00m [00m  gstrtpjitterbuffer gstrtpjitterbuffer.c:684:create_rtcp_sink:<rtpjitterbuffer1>[00m creating RTCP sink pad
0:00:00.851517119 [333m 7190[00m 0x7fe0480130a0 [33;01mLOG    [00m [00;01;42m          GST_BUFFER gstbuffer.c:207:_get_merged_memory:[00m buffer 0x7fe03c005000, idx 0, length 1
0:00:00.853940748 [333m 7190[00m 0x7fe0480444f0 [37mDEBUG  [00m [00;01;31;41m            GST_PADS gstpad.c:1561:gst_pad_set_chain_function_full:<'':sink_rtcp>[00m chainfunc set to 0x7fe0459aa3c0
0:00:00.853949729 [333m 7190[00m 0x7fe0480130a0 [37mDEBUG  [00m [00m  gstrtpjitterbuffer gstrtpjitterbuffer.c:1908:gst_rtp_jitter_buffer_chain:<rtpjitterbuffer0>[00m Pushed packet #19397, now 5 packets, tail: 0
0:00:00.853973100 [333m 7190[00m 0x7fe0480130a0 [33;01mLOG    [00m [00;01;35m      GST_SCHEDULING gstpad.c:3715:gst_pad_chain_data_unchecked:<rtpjitterbuffer0:sink>[00m called chainfunction &gst_rtp_jitter_buffer_chain with buffer 0x7fe03c005110, returned ok
0:00:00.852164004 [333m 7190[00m       0xf29a30 [37mDEBUG  [00m [00;43m             GST_BUS gstbus.c:870:gst_bus_add_watch_full_unlocked:<bus2>[00m New source 0x106f2c0 with id 94
0:00:00.854049588 [333m 7190[00m       0xf29a30 [37mDEBUG  [00m [00;43m             GST_BUS gstbus.c:1081:gst_bus_poll:[00m running mainloop 0x109d830
0:00:00.853977896 [333m 7190[00m 0x7fe0480444f0 [37mDEBUG  [00m [00;01;31;41m            GST_PADS gstpad.c:1667:gst_pad_set_event_function_full:<'':sink_rtcp>[00m eventfunc for set to 0x7fe0459aa2d0
0:00:00.854148113 [333m 7190[00m 0x7fe0480444f0 [37mDEBUG  [00m [00;01;31;41m            GST_PADS gstpad.c:1734:gst_pad_set_iterate_internal_links_function_full:<'':sink_rtcp>[00m internal link iterator set to 0x7fe0459aa230
0:00:00.854009242 [333m 7190[00m 0x7fe0480130a0 [33;01mLOG    [00m [00;01;35m      GST_SCHEDULING gstpad.c:3715:gst_pad_chain_data_unchecked:<rtpssrcdemux0:sink>[00m called chainfunction &0x7fe0459b24f0 with buffer 0x7fe03c005110, returned ok
0:00:00.854201380 [333m 7190[00m 0x7fe0480130a0 [33;01mLOG    [00m [00;01;35m      GST_SCHEDULING gstpad.c:3715:gst_pad_chain_data_unchecked:<rtpsession0:recv_rtp_sink>[00m called chainfunction &0x7fe0459c4320 with buffer 0x7fe03c005110, returned ok
0:00:00.854223729 [333m 7190[00m 0x7fe0480130a0 [33;01mLOG    [00m [00;01;35m      GST_SCHEDULING gstpad.c:3715:gst_pad_chain_data_unchecked:<manager:recv_rtp_sink_0>[00m called chainfunction &gst_proxy_pad_chain_default with buffer 0x7fe03c005110, returned ok
0:00:00.854244368 [333m 7190[00m 0x7fe0480130a0 [33;01mLOG    [00m [00m             basesrc gstbasesrc.c:2663:gst_base_src_loop:<udpsrc0>[00m next_ts 99:99:99.999999999 size 4096
0:00:00.854288680 [333m 7190[00m 0x7fe0480130a0 [37mDEBUG  [00m [00m             basesrc gstbasesrc.c:2388:gst_base_src_get_range:<udpsrc0>[00m calling create offset 18446744073709551615 length 4096, time 0
0:00:00.854172135 [333m 7190[00m 0x7fe0480444f0 [37mDEBUG  [00m [00;01;31;41m            GST_PADS gstpad.c:953:gst_pad_set_active:<'':sink_rtcp>[00m activating pad from none
0:00:00.854336257 [333m 7190[00m 0x7fe0480444f0 [37mDEBUG  [00m [00;01;31;41m            GST_PADS gstpad.c:870:pre_activate:<'':sink_rtcp>[00m setting pad into push mode, unset flushing
0:00:00.854311241 [333m 7190[00m 0x7fe0480130a0 [33;01mLOG    [00m [00m              udpsrc gstudpsrc.c:469:gst_udpsrc_create:<udpsrc0>[00m ioctl says 1400 bytes available
0:00:00.854407760 [333m 7190[00m 0x7fe0480130a0 [37mDEBUG  [00m [00;01;34m          GST_MEMORY gstmemory.c:138:gst_memory_init:[00m new memory 0x7fe03c010400, maxsize:1407 offset:0 size:1400
0:00:00.854434617 [333m 7190[00m 0x7fe0480130a0 [33;01mLOG    [00m [00;01;42m          GST_BUFFER gstbuffer.c:628:gst_buffer_new:[00m new 0x7fe03c005220
0:00:00.854470279 [333m 7190[00m 0x7fe0480444f0 [37mDEBUG  [00m [00;01;31;41m            GST_PADS gstpad.c:1091:gst_pad_activate_mode:<'':sink_rtcp>[00m activated in push mode
0:00:00.854502842 [333m 7190[00m 0x7fe0480444f0 [36mINFO   [00m [00;01;37;41m    GST_ELEMENT_PADS gstelement.c:649:gst_element_add_pad:<rtpjitterbuffer1>[00m adding pad 'sink_rtcp'
0:00:00.854479625 [333m 7190[00m 0x7fe0480130a0 [33;01mLOG    [00m [00;01;42m          GST_BUFFER gstbuffer.c:297:_memory_add:[00m buffer 0x7fe03c005220, idx -1, mem 0x7fe03c010400, lock 1
0:00:00.854556320 [333m 7190[00m 0x7fe0480130a0 [33;01mLOG    [00m [00;01;42m          GST_BUFFER gstbuffer.c:682:gst_buffer_new_allocate:[00m new buffer 0x7fe03c005220 of size 1400 from allocator (nil)
0:00:00.854576890 [333m 7190[00m 0x7fe0480130a0 [33;01mLOG    [00m [00;01;42m          GST_BUFFER gstbuffer.c:1479:gst_buffer_map_range:[00m buffer 0x7fe03c005220, idx 0, length -1, flags 0002
0:00:00.854595470 [333m 7190[00m 0x7fe0480130a0 [33;01mLOG    [00m [00;01;42m          GST_BUFFER gstbuffer.c:207:_get_merged_memory:[00m buffer 0x7fe03c005220, idx 0, length 1
0:00:00.854533999 [333m 7190[00m 0x7fe0480444f0 [37mDEBUG  [00m [00;01;31;44m     GST_REFCOUNTING gstobject.c:684:gst_object_set_parent:<'':sink_rtcp>[00m set parent (ref and sink)
0:00:00.854640579 [333m 7190[00m 0x7fe0480444f0 [33;01mLOG    [00m [00;01;37;41m         GST_MESSAGE gstmessage.c:282:gst_message_new_custom:[00m source sink_rtcp: creating new message 0x7fe04803b730 structure-change
0:00:00.854651658 [333m 7190[00m 0x7fe0480130a0 [33;01mLOG    [00m [00;01;42m          GST_BUFFER gstbuffer.c:1342:gst_buffer_resize_range:[00m trim 0x7fe03c005220 0-1400 size:1400 offs:0 max:1407
0:00:00.854691735 [333m 7190[00m 0x7fe0480444f0 [37mDEBUG  [00m [00;43m             GST_BUS gstbus.c:312:gst_bus_post:<bus3>[00m [msg 0x7fe04803b730] posting on bus structure-change message: 0x7fe04803b730, time 99:99:99.999999999, seq-num 213, element 'sink_rtcp', GstMessageStructureChange, type=(GstStructureChangeType)GST_STRUCTURE_CHANGE_TYPE_PAD_LINK, owner=(GstElement)"\(GstRtpSsrcDemux\)\ rtpssrcdemux1", busy=(boolean)true;
0:00:00.854752728 [333m 7190[00m 0x7fe0480444f0 [37mDEBUG  [00m [00;01m                 bin gstbin.c:3342:gst_bin_handle_message_func:<manager>[00m [msg 0x7fe04803b730] handling child sink_rtcp message of type structure-change
0:00:00.854790712 [333m 7190[00m 0x7fe0480444f0 [37mDEBUG  [00m [00;01m                 bin gstbin.c:881:find_message:<manager>[00m no message found matching types 00001000
0:00:00.854807992 [333m 7190[00m 0x7fe0480444f0 [37mDEBUG  [00m [00;01m                 bin gstbin.c:888:find_message:<manager>[00m   structure-change
0:00:00.854820508 [333m 7190[00m 0x7fe0480444f0 [37mDEBUG  [00m [00;01m                 bin gstbin.c:928:bin_replace_message:<manager>[00m got new message 0x7fe04803b730, structure-change from sink_rtcp
0:00:00.854916998 [333m 7190[00m 0x7fe0480444f0 [37mDEBUG  [00m [00;43m             GST_BUS gstbus.c:343:gst_bus_post:<bus3>[00m [msg 0x7fe04803b730] dropped
0:00:00.854816811 [333m 7190[00m 0x7fe0480130a0 [37mDEBUG  [00m [00;01;42m          GST_BUFFER gstbuffer.c:1926:gst_buffer_add_meta:[00m alloc metadata 0x7fe048059078 (GstNetAddressMeta) of size 24
0:00:00.854967662 [333m 7190[00m 0x7fe0480130a0 [33;01mLOG    [00m [00m              udpsrc gstudpsrc.c:525:gst_udpsrc_create:<udpsrc0>[00m read 1400 bytes
0:00:00.854989233 [333m 7190[00m 0x7fe0480130a0 [37mDEBUG  [00m [00;01;33m           GST_CLOCK gstclock.c:952:gst_clock_get_internal_time:<GstSystemClock>[00m internal time 16:06:48.929641691
0:00:00.855010060 [333m 7190[00m 0x7fe0480130a0 [37mDEBUG  [00m [00;01;33m           GST_CLOCK gstclock.c:997:gst_clock_get_time:<GstSystemClock>[00m adjusted time 16:06:48.929641691
0:00:00.855028737 [333m 7190[00m 0x7fe0480130a0 [33;01mLOG    [00m [00m             basesrc gstbasesrc.c:2205:gst_base_src_do_sync:<udpsrc0>[00m created DTS 0:00:00.654438536
0:00:00.854937163 [333m 7190[00m 0x7fe0480444f0 [36mINFO   [00m [00;01;31;41m            GST_PADS gstpad.c:2083:gst_pad_link_prepare:[00m trying to link rtpssrcdemux1:rtcp_src_2126589418 and rtpjitterbuffer1:sink_rtcp
0:00:00.855079307 [333m 7190[00m 0x7fe0480444f0 [37mDEBUG  [00m [00;01;34m            GST_CAPS gstutils.c:2762:gst_pad_query_caps:<rtpssrcdemux1:rtcp_src_2126589418>[00m get pad caps with filter (NULL)
0:00:00.855105763 [333m 7190[00m 0x7fe0480444f0 [37mDEBUG  [00m [00m               query gstquery.c:680:gst_query_new_custom:[00m creating new query 0x7fe028002d90 caps
0:00:00.855126150 [333m 7190[00m 0x7fe0480444f0 [37mDEBUG  [00m [00;01;31;41m            GST_PADS gstpad.c:3445:gst_pad_query:<rtpssrcdemux1:rtcp_src_2126589418>[00m doing query 0x7fe028002d90 (caps)
0:00:00.855157698 [333m 7190[00m 0x7fe0480444f0 [33;01mLOG    [00m [00;01;35m      GST_SCHEDULING gstpad.c:3149:do_probe_callbacks:<rtpssrcdemux1:rtcp_src_2126589418>[00m do probes cookie 1
0:00:00.855042834 [333m 7190[00m 0x7fe0480130a0 [33;01mLOG    [00m [00m             basesrc gstbasesrc.c:2215:gst_base_src_do_sync:<udpsrc0>[00m created PTS 0:00:00.654438536
0:00:00.855214865 [333m 7190[00m 0x7fe0480130a0 [37mDEBUG  [00m [00m             basesrc gstbasesrc.c:2253:gst_base_src_do_sync:<udpsrc0>[00m no sync needed
0:00:00.855236218 [333m 7190[00m 0x7fe0480130a0 [37mDEBUG  [00m [00m             basesrc gstbasesrc.c:2451:gst_base_src_get_range:<udpsrc0>[00m buffer ok
0:00:00.855174613 [333m 7190[00m 0x7fe0480444f0 [33;01mLOG    [00m [00;01;35m      GST_SCHEDULING gstpad.c:3093:probe_hook_marshal:<rtpssrcdemux1:rtcp_src_2126589418>[00m hook 1, cookie 1 with flags 0x00003072 does not match 00001402
0:00:00.855293282 [333m 7190[00m 0x7fe0480444f0 [37mDEBUG  [00m [00;01;31;41m            GST_PADS gstpad.c:3217:do_probe_callbacks:<rtpssrcdemux1:rtcp_src_2126589418>[00m data is passed
0:00:00.855251084 [333m 7190[00m 0x7fe0480130a0 [33;01mLOG    [00m [00;01;35m      GST_SCHEDULING gstpad.c:3709:gst_pad_chain_data_unchecked:<manager:recv_rtp_sink_0>[00m calling chainfunction &gst_proxy_pad_chain_default with buffer buffer: 0x7fe03c005220, pts 0:00:00.654438536, dts 0:00:00.654438536, dur 99:99:99.999999999, size 1400, offset 18446744073709551615, offset_end 18446744073709551615, flags 0x0
0:00:00.855352498 [333m 7190[00m 0x7fe0480130a0 [33;01mLOG    [00m [00;01;35m      GST_SCHEDULING gstpad.c:3709:gst_pad_chain_data_unchecked:<rtpsession0:recv_rtp_sink>[00m calling chainfunction &0x7fe0459c4320 with buffer buffer: 0x7fe03c005220, pts 0:00:00.654438536, dts 0:00:00.654438536, dur 99:99:99.999999999, size 1400, offset 18446744073709551615, offset_end 18446744073709551615, flags 0x0
0:00:00.855383444 [333m 7190[00m 0x7fe0480130a0 [33;01mLOG    [00m [00m          rtpsession gstrtpsession.c:1621:gst_rtp_session_chain_recv_rtp:<rtpsession0>[00m received RTP packet
0:00:00.855310427 [333m 7190[00m 0x7fe0480444f0 [33;01mLOG    [00m [00;01;35m      GST_SCHEDULING gstpad.c:3149:do_probe_callbacks:<rtpssrcdemux1:rtcp_src_2126589418>[00m do probes cookie 2
0:00:00.855510930 [333m 7190[00m 0x7fe0480444f0 [33;01mLOG    [00m [00;01;35m      GST_SCHEDULING gstpad.c:3093:probe_hook_marshal:<rtpssrcdemux1:rtcp_src_2126589418>[00m hook 1, cookie 2 with flags 0x00003072 does not match 00001400
0:00:00.855534854 [333m 7190[00m 0x7fe0480444f0 [37mDEBUG  [00m [00;01;34m            GST_CAPS gstpad.c:2852:gst_pad_query_caps_default:<rtpssrcdemux1:rtcp_src_2126589418>[00m query caps caps query: 0x7fe028002d90, GstQueryCaps, filter=(GstCaps)NULL, caps=(GstCaps)NULL;
0:00:00.855561732 [333m 7190[00m 0x7fe0480444f0 [37mDEBUG  [00m [00;01;34m            GST_CAPS gstpad.c:2869:gst_pad_query_caps_default:<rtpssrcdemux1:rtcp_src_2126589418>[00m fixed pad caps: trying pad caps
0:00:00.855578080 [333m 7190[00m 0x7fe0480444f0 [37mDEBUG  [00m [00;01;34m            GST_CAPS gstpad.c:2875:gst_pad_query_caps_default:<rtpssrcdemux1:rtcp_src_2126589418>[00m trying pad template caps
0:00:00.855540725 [333m 7190[00m 0x7fe0480130a0 [37mDEBUG  [00m [00;01;33m           GST_CLOCK gstclock.c:952:gst_clock_get_internal_time:<GstSystemClock>[00m internal time 16:06:48.930191452
0:00:00.855613119 [333m 7190[00m 0x7fe0480130a0 [37mDEBUG  [00m [00;01;33m           GST_CLOCK gstclock.c:997:gst_clock_get_time:<GstSystemClock>[00m adjusted time 16:06:48.930191452
0:00:00.855589796 [333m 7190[00m 0x7fe0480444f0 [37mDEBUG  [00m [00;01;34m            GST_CAPS gstpad.c:2905:gst_pad_query_caps_default:<rtpssrcdemux1:rtcp_src_2126589418>[00m using caps 0x7fe04802dad0 application/x-rtcp
0:00:00.855630781 [333m 7190[00m 0x7fe0480130a0 [33;01mLOG    [00m [00;01;42m          GST_BUFFER gstbuffer.c:1479:gst_buffer_map_range:[00m buffer 0x7fe03c005220, idx 0, length 1, flags 0001
0:00:00.855693460 [333m 7190[00m 0x7fe0480130a0 [33;01mLOG    [00m [00;01;42m          GST_BUFFER gstbuffer.c:207:_get_merged_memory:[00m buffer 0x7fe03c005220, idx 0, length 1
0:00:00.855654681 [333m 7190[00m 0x7fe0480444f0 [37mDEBUG  [00m [00;01;31;41m            GST_PADS gstpad.c:2983:gst_pad_query_default:<rtpssrcdemux1:rtcp_src_2126589418>[00m not forwarding 0x7fe028002d90 (caps) query
0:00:00.855734768 [333m 7190[00m 0x7fe0480444f0 [37mDEBUG  [00m [00;01;31;41m            GST_PADS gstpad.c:3467:gst_pad_query:<rtpssrcdemux1:rtcp_src_2126589418>[00m sent query 0x7fe028002d90 (caps), result 1
0:00:00.855783687 [333m 7190[00m 0x7fe0480444f0 [33;01mLOG    [00m [00;01;35m      GST_SCHEDULING gstpad.c:3149:do_probe_callbacks:<rtpssrcdemux1:rtcp_src_2126589418>[00m do probes cookie 3
0:00:00.855801283 [333m 7190[00m 0x7fe0480444f0 [33;01mLOG    [00m [00;01;35m      GST_SCHEDULING gstpad.c:3093:probe_hook_marshal:<rtpssrcdemux1:rtcp_src_2126589418>[00m hook 1, cookie 3 with flags 0x00003072 does not match 00002400
0:00:00.855820848 [333m 7190[00m 0x7fe0480444f0 [37mDEBUG  [00m [00;01;34m            GST_CAPS gstutils.c:2769:gst_pad_query_caps:<rtpssrcdemux1:rtcp_src_2126589418>[00m query returned application/x-rtcp
0:00:00.855854503 [333m 7190[00m 0x7fe0480444f0 [37mDEBUG  [00m [00;01;34m            GST_CAPS gstutils.c:2762:gst_pad_query_caps:<rtpjitterbuffer1:sink_rtcp>[00m get pad caps with filter (NULL)
0:00:00.855712103 [333m 7190[00m 0x7fe0480130a0 [33;01mLOG    [00m [00;01;42m          GST_BUFFER gstbuffer.c:1479:gst_buffer_map_range:[00m buffer 0x7fe03c005220, idx 0, length 1, flags 0001
0:00:00.855896579 [333m 7190[00m 0x7fe0480130a0 [33;01mLOG    [00m [00;01;42m          GST_BUFFER gstbuffer.c:207:_get_merged_memory:[00m buffer 0x7fe03c005220, idx 0, length 1
0:00:00.855922661 [333m 7190[00m 0x7fe0480130a0 [33;01mLOG    [00m [00;01;42m          GST_BUFFER gstbuffer.c:1479:gst_buffer_map_range:[00m buffer 0x7fe03c005220, idx 0, length 1, flags 0001
0:00:00.855956309 [333m 7190[00m 0x7fe0480130a0 [33;01mLOG    [00m [00;01;42m          GST_BUFFER gstbuffer.c:207:_get_merged_memory:[00m buffer 0x7fe03c005220, idx 0, length 1
0:00:00.855999312 [333m 7190[00m 0x7fe0480130a0 [33;01mLOG    [00m [00m           rtpsource rtpsource.c:1099:rtp_source_process_rtp:[00m seq 19398, PC: 6, OC: 8328
0:00:00.855872498 [333m 7190[00m 0x7fe0480444f0 [37mDEBUG  [00m [00m               query gstquery.c:680:gst_query_new_custom:[00m creating new query 0x7fe028002e30 caps
0:00:00.856057442 [333m 7190[00m 0x7fe0480444f0 [37mDEBUG  [00m [00;01;31;41m            GST_PADS gstpad.c:3445:gst_pad_query:<rtpjitterbuffer1:sink_rtcp>[00m doing query 0x7fe028002e30 (caps)
0:00:00.856082542 [333m 7190[00m 0x7fe0480444f0 [37mDEBUG  [00m [00;01;34m            GST_CAPS gstpad.c:2852:gst_pad_query_caps_default:<rtpjitterbuffer1:sink_rtcp>[00m query caps caps query: 0x7fe028002e30, GstQueryCaps, filter=(GstCaps)NULL, caps=(GstCaps)NULL;
0:00:00.856119637 [333m 7190[00m 0x7fe0480444f0 [37mDEBUG  [00m [00;01;34m            GST_CAPS gstpad.c:2875:gst_pad_query_caps_default:<rtpjitterbuffer1:sink_rtcp>[00m trying pad template caps
0:00:00.856017481 [333m 7190[00m 0x7fe0480130a0 [33;01mLOG    [00m [00;01;42m          GST_BUFFER gstbuffer.c:1479:gst_buffer_map_range:[00m buffer 0x7fe03c005220, idx 0, length 1, flags 0001
0:00:00.856173142 [333m 7190[00m 0x7fe0480130a0 [33;01mLOG    [00m [00;01;42m          GST_BUFFER gstbuffer.c:207:_get_merged_memory:[00m buffer 0x7fe03c005220, idx 0, length 1
0:00:00.856197482 [333m 7190[00m 0x7fe0480130a0 [33;01mLOG    [00m [00m           rtpsource rtpsource.c:885:calculate_jitter:[00m SSRC 457ea06a got payload 96
0:00:00.856134899 [333m 7190[00m 0x7fe0480444f0 [37mDEBUG  [00m [00;01;34m            GST_CAPS gstpad.c:2905:gst_pad_query_caps_default:<rtpjitterbuffer1:sink_rtcp>[00m using caps 0x7fe03c002a30 application/x-rtcp
0:00:00.856256003 [333m 7190[00m 0x7fe0480444f0 [37mDEBUG  [00m [00;01;31;41m            GST_PADS gstpad.c:2983:gst_pad_query_default:<rtpjitterbuffer1:sink_rtcp>[00m not forwarding 0x7fe028002e30 (caps) query
0:00:00.856290316 [333m 7190[00m 0x7fe0480444f0 [37mDEBUG  [00m [00;01;31;41m            GST_PADS gstpad.c:3467:gst_pad_query:<rtpjitterbuffer1:sink_rtcp>[00m sent query 0x7fe028002e30 (caps), result 1
0:00:00.856226865 [333m 7190[00m 0x7fe0480130a0 [33;01mLOG    [00m [00m           rtpsource rtpsource.c:920:calculate_jitter:[00m rtparrival 58899, rtptime 3372290918, clock-rate 90000, diff 587, jitter: 231.437500
0:00:00.856344689 [333m 7190[00m 0x7fe0480130a0 [33;01mLOG    [00m [00m           rtpsource rtpsource.c:822:push_packet:[00m pushing new packet
0:00:00.856360522 [333m 7190[00m 0x7fe0480130a0 [33;01mLOG    [00m [00m          rtpsession rtpsession.c:1123:source_push_rtp:[00m source 457ea06a pushed receiver RTP packet
0:00:00.856379662 [333m 7190[00m 0x7fe0480130a0 [33;01mLOG    [00m [00m          rtpsession gstrtpsession.c:1068:gst_rtp_session_process_rtp:<rtpsession0>[00m pushing received RTP packet
0:00:00.856393442 [333m 7190[00m 0x7fe0480130a0 [33;01mLOG    [00m [00;01;35m      GST_SCHEDULING gstpad.c:3709:gst_pad_chain_data_unchecked:<rtpssrcdemux0:sink>[00m calling chainfunction &0x7fe0459b24f0 with buffer buffer: 0x7fe03c005220, pts 0:00:00.654438536, dts 0:00:00.654438536, dur 99:99:99.999999999, size 1400, offset 18446744073709551615, offset_end 18446744073709551615, flags 0x0
0:00:00.856417116 [333m 7190[00m 0x7fe0480130a0 [33;01mLOG    [00m [00;01;42m          GST_BUFFER gstbuffer.c:1479:gst_buffer_map_range:[00m buffer 0x7fe03c005220, idx 0, length 1, flags 0001
0:00:00.856398629 [333m 7190[00m 0x7fe0480444f0 [37mDEBUG  [00m [00;01;34m            GST_CAPS gstutils.c:2769:gst_pad_query_caps:<rtpjitterbuffer1:sink_rtcp>[00m query returned application/x-rtcp
0:00:00.856468386 [333m 7190[00m 0x7fe0480444f0 [37mDEBUG  [00m [00;01;34m            GST_CAPS gstpad.c:1983:gst_pad_link_check_compatible_unlocked:<rtpssrcdemux1:rtcp_src_2126589418>[00m src caps application/x-rtcp
0:00:00.856491882 [333m 7190[00m 0x7fe0480444f0 [37mDEBUG  [00m [00;01;34m            GST_CAPS gstpad.c:1985:gst_pad_link_check_compatible_unlocked:<rtpjitterbuffer1:sink_rtcp>[00m sink caps application/x-rtcp
0:00:00.856562514 [333m 7190[00m 0x7fe0480444f0 [37mDEBUG  [00m [00;01;34m            GST_CAPS gstpad.c:2003:gst_pad_link_check_compatible_unlocked:[00m caps are compatible
0:00:00.856583621 [333m 7190[00m 0x7fe0480444f0 [36mINFO   [00m [00;01;31;41m            GST_PADS gstpad.c:2285:gst_pad_link_full:[00m linked rtpssrcdemux1:rtcp_src_2126589418 and rtpjitterbuffer1:sink_rtcp, successful
0:00:00.856592236 [333m 7190[00m 0x7fe0480130a0 [33;01mLOG    [00m [00;01;42m          GST_BUFFER gstbuffer.c:207:_get_merged_memory:[00m buffer 0x7fe03c005220, idx 0, length 1
0:00:00.856623647 [333m 7190[00m 0x7fe0480130a0 [37mDEBUG  [00m [00m        rtpssrcdemux gstrtpssrcdemux.c:627:gst_rtp_ssrc_demux_chain:<rtpssrcdemux0>[00m received buffer of SSRC 457ea06a
0:00:00.856598899 [333m 7190[00m 0x7fe0480444f0 [36mINFO   [00m [00;01;34m           GST_EVENT gstevent.c:1314:gst_event_new_reconfigure:[00m creating reconfigure event
0:00:00.856690911 [333m 7190[00m 0x7fe0480444f0 [37mDEBUG  [00m [00;01;34m           GST_EVENT gstevent.c:301:gst_event_new_custom:[00m creating new event 0x7fe048049360 reconfigure 61441
0:00:00.856712667 [333m 7190[00m 0x7fe0480444f0 [37mDEBUG  [00m [00;01;34m           GST_EVENT gstpad.c:4935:gst_pad_send_event_unchecked:<rtpssrcdemux1:rtcp_src_2126589418>[00m have event type reconfigure event: 0x7fe048049360, time 99:99:99.999999999, seq-num 214, (NULL)
0:00:00.856746610 [333m 7190[00m 0x7fe0480444f0 [33;01mLOG    [00m [00;01;35m      GST_SCHEDULING gstpad.c:3149:do_probe_callbacks:<rtpssrcdemux1:rtcp_src_2126589418>[00m do probes cookie 4
0:00:00.856656063 [333m 7190[00m 0x7fe0480130a0 [33;01mLOG    [00m [00;01;35m      GST_SCHEDULING gstpad.c:3709:gst_pad_chain_data_unchecked:<rtpjitterbuffer0:sink>[00m calling chainfunction &gst_rtp_jitter_buffer_chain with buffer buffer: 0x7fe03c005220, pts 0:00:00.654438536, dts 0:00:00.654438536, dur 99:99:99.999999999, size 1400, offset 18446744073709551615, offset_end 18446744073709551615, flags 0x0
0:00:00.856804355 [333m 7190[00m 0x7fe0480130a0 [33;01mLOG    [00m [00;01;42m          GST_BUFFER gstbuffer.c:1479:gst_buffer_map_range:[00m buffer 0x7fe03c005220, idx 0, length 1, flags 0001
0:00:00.856841457 [333m 7190[00m 0x7fe0480130a0 [33;01mLOG    [00m [00;01;42m          GST_BUFFER gstbuffer.c:207:_get_merged_memory:[00m buffer 0x7fe03c005220, idx 0, length 1
0:00:00.856763593 [333m 7190[00m 0x7fe0480444f0 [33;01mLOG    [00m [00;01;35m      GST_SCHEDULING gstpad.c:3093:probe_hook_marshal:<rtpssrcdemux1:rtcp_src_2126589418>[00m hook 1, cookie 4 with flags 0x00003072 does not match 00001082
0:00:00.856904464 [333m 7190[00m 0x7fe0480444f0 [37mDEBUG  [00m [00;01;31;41m            GST_PADS gstpad.c:3217:do_probe_callbacks:<rtpssrcdemux1:rtcp_src_2126589418>[00m data is passed
0:00:00.856921608 [333m 7190[00m 0x7fe0480444f0 [33;01mLOG    [00m [00;01;35m      GST_SCHEDULING gstpad.c:3149:do_probe_callbacks:<rtpssrcdemux1:rtcp_src_2126589418>[00m do probes cookie 5
0:00:00.856861435 [333m 7190[00m 0x7fe0480130a0 [37mDEBUG  [00m [00m  gstrtpjitterbuffer gstrtpjitterbuffer.c:1738:gst_rtp_jitter_buffer_chain:<rtpjitterbuffer0>[00m Received packet #19398 at time 0:00:00.654438536, discont 0
0:00:00.856973024 [333m 7190[00m 0x7fe0480130a0 [37mDEBUG  [00m [00m  gstrtpjitterbuffer gstrtpjitterbuffer.c:1784:gst_rtp_jitter_buffer_chain:<rtpjitterbuffer0>[00m expected #19398, got #19398, gap of 0
0:00:00.856996321 [333m 7190[00m 0x7fe0480130a0 [33;01mLOG    [00m [00;01;42m          GST_BUFFER gstbuffer.c:1479:gst_buffer_map_range:[00m buffer 0x7fe03c005220, idx 0, length 1, flags 0001
0:00:00.857015311 [333m 7190[00m 0x7fe0480130a0 [33;01mLOG    [00m [00;01;42m          GST_BUFFER gstbuffer.c:207:_get_merged_memory:[00m buffer 0x7fe03c005220, idx 0, length 1
0:00:00.856933293 [333m 7190[00m 0x7fe0480444f0 [33;01mLOG    [00m [00;01;35m      GST_SCHEDULING gstpad.c:3093:probe_hook_marshal:<rtpssrcdemux1:rtcp_src_2126589418>[00m hook 1, cookie 5 with flags 0x00003072 does not match 00001080
0:00:00.857099117 [333m 7190[00m 0x7fe0480444f0 [33;01mLOG    [00m [00;01;31;41m            GST_PADS gstpad.c:2771:gst_pad_event_default:<rtpssrcdemux1:rtcp_src_2126589418>[00m default event handler for event reconfigure event: 0x7fe048049360, time 99:99:99.999999999, seq-num 214, (NULL)
0:00:00.857029262 [333m 7190[00m 0x7fe0480130a0 [33;01mLOG    [00m [00;01;42m          GST_BUFFER gstbuffer.c:1479:gst_buffer_map_range:[00m buffer 0x7fe03c005110, idx 0, length 1, flags 0001
0:00:00.857126875 [333m 7190[00m 0x7fe0480444f0 [33;01mLOG    [00m [00;01;31;41m            GST_PADS gstpad.c:2691:gst_pad_forward:<rtpssrcdemux1:rtcp_src_2126589418>[00m calling forward function on pad rtpssrcdemux1:rtcp_sink
0:00:00.857196400 [333m 7190[00m 0x7fe0480444f0 [33;01mLOG    [00m [00;01;31;41m            GST_PADS gstpad.c:2736:event_forward_func:<rtpssrcdemux1:rtcp_sink>[00m Reffing and pushing event 0x7fe048049360 (reconfigure) to rtpssrcdemux1:rtcp_sink
0:00:00.857221964 [333m 7190[00m 0x7fe0480444f0 [33;01mLOG    [00m [00;01;31;41m            GST_PADS gstpad.c:4680:gst_pad_push_event_unchecked:<rtpssrcdemux1:rtcp_sink>[00m sending event 0x7fe048049360 (reconfigure) to peerpad <rtpsession1:sync_src>
0:00:00.857255123 [333m 7190[00m 0x7fe0480444f0 [37mDEBUG  [00m [00;01;34m           GST_EVENT gstpad.c:4935:gst_pad_send_event_unchecked:<rtpsession1:sync_src>[00m have event type reconfigure event: 0x7fe048049360, time 99:99:99.999999999, seq-num 214, (NULL)
0:00:00.857156418 [333m 7190[00m 0x7fe0480130a0 [33;01mLOG    [00m [00;01;42m          GST_BUFFER gstbuffer.c:207:_get_merged_memory:[00m buffer 0x7fe03c005110, idx 0, length 1
0:00:00.857303799 [333m 7190[00m 0x7fe0480130a0 [37mDEBUG  [00m [00m  gstrtpjitterbuffer gstrtpjitterbuffer.c:1908:gst_rtp_jitter_buffer_chain:<rtpjitterbuffer0>[00m Pushed packet #19398, now 6 packets, tail: 0
0:00:00.857339239 [333m 7190[00m 0x7fe0480130a0 [33;01mLOG    [00m [00;01;35m      GST_SCHEDULING gstpad.c:3715:gst_pad_chain_data_unchecked:<rtpjitterbuffer0:sink>[00m called chainfunction &gst_rtp_jitter_buffer_chain with buffer 0x7fe03c005220, returned ok
0:00:00.857364721 [333m 7190[00m 0x7fe0480130a0 [33;01mLOG    [00m [00;01;35m      GST_SCHEDULING gstpad.c:3715:gst_pad_chain_data_unchecked:<rtpssrcdemux0:sink>[00m called chainfunction &0x7fe0459b24f0 with buffer 0x7fe03c005220, returned ok
0:00:00.857274864 [333m 7190[00m 0x7fe0480444f0 [33;01mLOG    [00m [00;01;31;41m            GST_PADS gstpad.c:2771:gst_pad_event_default:<rtpsession1:sync_src>[00m default event handler for event reconfigure event: 0x7fe048049360, time 99:99:99.999999999, seq-num 214, (NULL)
0:00:00.857425428 [333m 7190[00m 0x7fe0480444f0 [37mDEBUG  [00m [00;01;31;41m            GST_PADS gstpad.c:5001:gst_pad_send_event_unchecked:<rtpsession1:sync_src>[00m sent event, ret ok
0:00:00.857458611 [333m 7190[00m 0x7fe0480444f0 [33;01mLOG    [00m [00;01;31;41m            GST_PADS gstpad.c:4687:gst_pad_push_event_unchecked:<rtpssrcdemux1:rtcp_sink>[00m sent event 0x7fe048049360 to peerpad <rtpsession1:sync_src>, ret ok
0:00:00.857486143 [333m 7190[00m 0x7fe0480444f0 [33;01mLOG    [00m [00;01;34m           GST_EVENT gstevent.c:223:_gst_event_free:[00m freeing event 0x7fe048049360 type reconfigure
0:00:00.857519670 [333m 7190[00m 0x7fe0480444f0 [37mDEBUG  [00m [00;01;31;41m            GST_PADS gstpad.c:5001:gst_pad_send_event_unchecked:<rtpssrcdemux1:rtcp_src_2126589418>[00m sent event, ret ok
0:00:00.857540636 [333m 7190[00m 0x7fe0480444f0 [33;01mLOG    [00m [00;01;37;41m         GST_MESSAGE gstmessage.c:282:gst_message_new_custom:[00m source sink_rtcp: creating new message 0x7fe04803b630 structure-change
0:00:00.857548732 [333m 7190[00m 0x7fe0480130a0 [33;01mLOG    [00m [00;01;35m      GST_SCHEDULING gstpad.c:3715:gst_pad_chain_data_unchecked:<rtpsession0:recv_rtp_sink>[00m called chainfunction &0x7fe0459c4320 with buffer 0x7fe03c005220, returned ok
0:00:00.857663452 [333m 7190[00m 0x7fe0480130a0 [33;01mLOG    [00m [00;01;35m      GST_SCHEDULING gstpad.c:3715:gst_pad_chain_data_unchecked:<manager:recv_rtp_sink_0>[00m called chainfunction &gst_proxy_pad_chain_default with buffer 0x7fe03c005220, returned ok
0:00:00.857699856 [333m 7190[00m 0x7fe0480130a0 [33;01mLOG    [00m [00m             basesrc gstbasesrc.c:2663:gst_base_src_loop:<udpsrc0>[00m next_ts 99:99:99.999999999 size 4096
0:00:00.857558042 [333m 7190[00m 0x7fe0480444f0 [37mDEBUG  [00m [00;43m             GST_BUS gstbus.c:312:gst_bus_post:<bus3>[00m [msg 0x7fe04803b630] posting on bus structure-change message: 0x7fe04803b630, time 99:99:99.999999999, seq-num 215, element 'sink_rtcp', GstMessageStructureChange, type=(GstStructureChangeType)GST_STRUCTURE_CHANGE_TYPE_PAD_LINK, owner=(GstElement)"\(GstRtpSsrcDemux\)\ rtpssrcdemux1", busy=(boolean)false;
0:00:00.857769774 [333m 7190[00m 0x7fe0480444f0 [37mDEBUG  [00m [00;01m                 bin gstbin.c:3342:gst_bin_handle_message_func:<manager>[00m [msg 0x7fe04803b630] handling child sink_rtcp message of type structure-change
0:00:00.857717700 [333m 7190[00m 0x7fe0480130a0 [37mDEBUG  [00m [00m             basesrc gstbasesrc.c:2388:gst_base_src_get_range:<udpsrc0>[00m calling create offset 18446744073709551615 length 4096, time 0
0:00:00.857823888 [333m 7190[00m 0x7fe0480130a0 [33;01mLOG    [00m [00m              udpsrc gstudpsrc.c:469:gst_udpsrc_create:<udpsrc0>[00m ioctl says 1400 bytes available
0:00:00.857795078 [333m 7190[00m 0x7fe0480444f0 [33;01mLOG    [00m [00;01m                 bin gstbin.c:859:message_check:[00m looking at message 0x7fe04803b730: 1
0:00:00.857878828 [333m 7190[00m 0x7fe0480444f0 [37mDEBUG  [00m [00;01m                 bin gstbin.c:956:bin_remove_messages:<rtpjitterbuffer1:sink_rtcp>[00m deleting message 0x7fe04803b730 of types 0x00001000
0:00:00.857899815 [333m 7190[00m 0x7fe0480444f0 [33;01mLOG    [00m [00;01;37;41m         GST_MESSAGE gstmessage.c:184:_gst_message_free:[00m finalize message 0x7fe04803b730, structure-change from sink_rtcp
0:00:00.857881761 [333m 7190[00m 0x7fe0480130a0 [37mDEBUG  [00m [00;01;34m          GST_MEMORY gstmemory.c:138:gst_memory_init:[00m new memory 0x7fe03c010a20, maxsize:1407 offset:0 size:1400
0:00:00.857939317 [333m 7190[00m 0x7fe0480130a0 [33;01mLOG    [00m [00;01;42m          GST_BUFFER gstbuffer.c:628:gst_buffer_new:[00m new 0x7fe03c005330
0:00:00.857918773 [333m 7190[00m 0x7fe0480444f0 [33;01mLOG    [00m [00;01;37;41m         GST_MESSAGE gstmessage.c:184:_gst_message_free:[00m finalize message 0x7fe04803b630, structure-change from sink_rtcp
0:00:00.857991114 [333m 7190[00m 0x7fe0480444f0 [37mDEBUG  [00m [00;43m             GST_BUS gstbus.c:343:gst_bus_post:<bus3>[00m [msg 0x7fe04803b630] dropped
0:00:00.857953163 [333m 7190[00m 0x7fe0480130a0 [33;01mLOG    [00m [00;01;42m          GST_BUFFER gstbuffer.c:297:_memory_add:[00m buffer 0x7fe03c005330, idx -1, mem 0x7fe03c010a20, lock 1
0:00:00.858032502 [333m 7190[00m 0x7fe0480130a0 [33;01mLOG    [00m [00;01;42m          GST_BUFFER gstbuffer.c:682:gst_buffer_new_allocate:[00m new buffer 0x7fe03c005330 of size 1400 from allocator (nil)
0:00:00.858053741 [333m 7190[00m 0x7fe0480130a0 [33;01mLOG    [00m [00;01;42m          GST_BUFFER gstbuffer.c:1479:gst_buffer_map_range:[00m buffer 0x7fe03c005330, idx 0, length -1, flags 0002
0:00:00.858071571 [333m 7190[00m 0x7fe0480130a0 [33;01mLOG    [00m [00;01;42m          GST_BUFFER gstbuffer.c:207:_get_merged_memory:[00m buffer 0x7fe03c005330, idx 0, length 1
0:00:00.858010457 [333m 7190[00m 0x7fe0480444f0 [37mDEBUG  [00m [00m              rtpbin gstrtpbin.c:2580:new_ssrc_pad_found:<manager>[00m connecting sync signal
0:00:00.858159854 [333m 7190[00m 0x7fe0480444f0 [33;01mLOG    [00m [00;01;35m      GST_SCHEDULING gstpad.c:1323:gst_pad_remove_probe:<rtpssrcdemux1:src_2126589418>[00m removing hook 1
0:00:00.858179250 [333m 7190[00m 0x7fe03c0024f0 [33;01mLOG    [00m [00;01;31;41m            GST_PADS gstghostpad.c:742:gst_ghost_pad_new_from_template:[00m name:recv_rtp_src_0_1165926506_96, target:rtpptdemux0:src_96, templ:0x7fe048019180
0:00:00.858280653 [333m 7190[00m 0x7fe03c0024f0 [37mDEBUG  [00m [00;01;31;41m            GST_PADS gstpad.c:1734:gst_pad_set_iterate_internal_links_function_full:<GstProxyPad@0x7fe028008750>[00m internal link iterator set to gst_proxy_pad_iterate_internal_links_default
0:00:00.858303369 [333m 7190[00m 0x7fe03c0024f0 [37mDEBUG  [00m [00;01;31;41m            GST_PADS gstpad.c:1526:gst_pad_set_activatemode_function_full:<GstGhostPad@0x7fe028008750>[00m activatemodefunc set to gst_ghost_pad_activate_mode_default
0:00:00.858352338 [333m 7190[00m 0x7fe03c0024f0 [37mDEBUG  [00m [00;01;31;41m            GST_PADS gstpad.c:1634:gst_pad_set_getrange_function_full:<'':recv_rtp_src_0_1165926506_96>[00m getrangefunc set to gst_proxy_pad_getrange_default
0:00:00.858400617 [333m 7190[00m 0x7fe03c0024f0 [37mDEBUG  [00m [00;01;31;41m            GST_PADS gstpad.c:1734:gst_pad_set_iterate_internal_links_function_full:<GstProxyPad@0x7fe048041200>[00m internal link iterator set to gst_proxy_pad_iterate_internal_links_default
0:00:00.858440164 [333m 7190[00m 0x7fe0480444f0 [37mDEBUG  [00m [00;01;31;41m            GST_PADS gstpad.c:1289:cleanup_hook:<rtpssrcdemux1:src_2126589418>[00m remove blocking probe, now 0 left
0:00:00.858496260 [333m 7190[00m 0x7fe0480444f0 [37mDEBUG  [00m [00;01;31;41m            GST_PADS gstpad.c:1291:cleanup_hook:<rtpssrcdemux1:src_2126589418>[00m last blocking probe removed, unblocking
0:00:00.858533586 [333m 7190[00m 0x7fe0480444f0 [33;01mLOG    [00m [00;01;35m      GST_SCHEDULING gstpad.c:1323:gst_pad_remove_probe:<rtpssrcdemux1:rtcp_src_2126589418>[00m removing hook 1
0:00:00.858552209 [333m 7190[00m 0x7fe0480444f0 [37mDEBUG  [00m [00;01;31;41m            GST_PADS gstpad.c:1289:cleanup_hook:<rtpssrcdemux1:rtcp_src_2126589418>[00m remove blocking probe, now 0 left
0:00:00.858581523 [333m 7190[00m 0x7fe0480444f0 [37mDEBUG  [00m [00;01;31;41m            GST_PADS gstpad.c:1291:cleanup_hook:<rtpssrcdemux1:rtcp_src_2126589418>[00m last blocking probe removed, unblocking
0:00:00.858614398 [333m 7190[00m 0x7fe0480444f0 [37mDEBUG  [00m [00;01;31;41m            GST_PADS gstpad.c:3376:check_sticky:<rtpssrcdemux1:src_2126589418>[00m pushing all sticky events
0:00:00.858630417 [333m 7190[00m 0x7fe0480444f0 [33;01mLOG    [00m [00;01;31;41m            GST_PADS gstpad.c:4680:gst_pad_push_event_unchecked:<rtpssrcdemux1:src_2126589418>[00m sending event 0x7fe0480491e0 (stream-start) to peerpad <rtpjitterbuffer1:sink>
0:00:00.858449481 [333m 7190[00m 0x7fe03c0024f0 [37mDEBUG  [00m [00;01;31;41m            GST_PADS gstpad.c:1561:gst_pad_set_chain_function_full:<'':proxypad6>[00m chainfunc set to gst_proxy_pad_chain_default
0:00:00.858717926 [333m 7190[00m 0x7fe03c0024f0 [37mDEBUG  [00m [00;01;31;41m            GST_PADS gstpad.c:1598:gst_pad_set_chain_list_function_full:<'':proxypad6>[00m chainlistfunc set to gst_proxy_pad_chain_list_default
0:00:00.858737304 [333m 7190[00m 0x7fe03c0024f0 [37mDEBUG  [00m [00;01;31;44m     GST_REFCOUNTING gstobject.c:684:gst_object_set_parent:<'':proxypad6>[00m set parent (ref and sink)
0:00:00.858159952 [333m 7190[00m 0x7fe0480130a0 [33;01mLOG    [00m [00;01;42m          GST_BUFFER gstbuffer.c:1342:gst_buffer_resize_range:[00m trim 0x7fe03c005330 0-1400 size:1400 offs:0 max:1407
0:00:00.858789437 [333m 7190[00m 0x7fe0480130a0 [37mDEBUG  [00m [00;01;42m          GST_BUFFER gstbuffer.c:1926:gst_buffer_add_meta:[00m alloc metadata 0x7fe048027138 (GstNetAddressMeta) of size 24
0:00:00.858811150 [333m 7190[00m 0x7fe0480130a0 [33;01mLOG    [00m [00m              udpsrc gstudpsrc.c:525:gst_udpsrc_create:<udpsrc0>[00m read 1400 bytes
0:00:00.858842648 [333m 7190[00m 0x7fe0480130a0 [37mDEBUG  [00m [00;01;33m           GST_CLOCK gstclock.c:952:gst_clock_get_internal_time:<GstSystemClock>[00m internal time 16:06:48.933494479
0:00:00.858913786 [333m 7190[00m 0x7fe0480130a0 [37mDEBUG  [00m [00;01;33m           GST_CLOCK gstclock.c:997:gst_clock_get_time:<GstSystemClock>[00m adjusted time 16:06:48.933494479
0:00:00.858934306 [333m 7190[00m 0x7fe0480130a0 [33;01mLOG    [00m [00m             basesrc gstbasesrc.c:2205:gst_base_src_do_sync:<udpsrc0>[00m created DTS 0:00:00.658291324
0:00:00.858965221 [333m 7190[00m 0x7fe0480130a0 [33;01mLOG    [00m [00m             basesrc gstbasesrc.c:2215:gst_base_src_do_sync:<udpsrc0>[00m created PTS 0:00:00.658291324
0:00:00.858998013 [333m 7190[00m 0x7fe0480130a0 [37mDEBUG  [00m [00m             basesrc gstbasesrc.c:2253:gst_base_src_do_sync:<udpsrc0>[00m no sync needed
0:00:00.859012773 [333m 7190[00m 0x7fe0480130a0 [37mDEBUG  [00m [00m             basesrc gstbasesrc.c:2451:gst_base_src_get_range:<udpsrc0>[00m buffer ok
0:00:00.858675079 [333m 7190[00m 0x7fe0480444f0 [37mDEBUG  [00m [00;01;34m           GST_EVENT gstpad.c:4935:gst_pad_send_event_unchecked:<rtpjitterbuffer1:sink>[00m have event type stream-start event: 0x7fe0480491e0, time 99:99:99.999999999, seq-num 87, GstEventStreamStart, stream-id=(string)b9049c323800fa1dbf0c9c2f5d6dcf0e63b50fc2c5030d1c14e44a893d14e333, flags=(GstStreamFlags)GST_STREAM_FLAG_NONE, group-id=(uint)2;
0:00:00.858750503 [333m 7190[00m 0x7fe03c0024f0 [37mDEBUG  [00m [00;01;31;41m            GST_PADS gstpad.c:1526:gst_pad_set_activatemode_function_full:<recv_rtp_src_0_1165926506_96:proxypad6>[00m activatemodefunc set to gst_ghost_pad_internal_activate_mode_default
0:00:00.859106703 [333m 7190[00m 0x7fe03c0024f0 [37mDEBUG  [00m [00;01;31;41m            GST_PADS gstghostpad.c:834:gst_ghost_pad_set_target:<'':recv_rtp_src_0_1165926506_96>[00m set target rtpptdemux0:src_96
0:00:00.859025735 [333m 7190[00m 0x7fe0480130a0 [33;01mLOG    [00m [00;01;35m      GST_SCHEDULING gstpad.c:3709:gst_pad_chain_data_unchecked:<manager:recv_rtp_sink_0>[00m calling chainfunction &gst_proxy_pad_chain_default with buffer buffer: 0x7fe03c005330, pts 0:00:00.658291324, dts 0:00:00.658291324, dur 99:99:99.999999999, size 1400, offset 18446744073709551615, offset_end 18446744073709551615, flags 0x0
0:00:00.859171420 [333m 7190[00m 0x7fe0480130a0 [33;01mLOG    [00m [00;01;35m      GST_SCHEDULING gstpad.c:3709:gst_pad_chain_data_unchecked:<rtpsession0:recv_rtp_sink>[00m calling chainfunction &0x7fe0459c4320 with buffer buffer: 0x7fe03c005330, pts 0:00:00.658291324, dts 0:00:00.658291324, dur 99:99:99.999999999, size 1400, offset 18446744073709551615, offset_end 18446744073709551615, flags 0x0
0:00:00.859068259 [333m 7190[00m 0x7fe0480444f0 [37mDEBUG  [00m [00m  gstrtpjitterbuffer gstrtpjitterbuffer.c:1177:gst_rtp_jitter_buffer_sink_event:<rtpjitterbuffer1>[00m received stream-start
0:00:00.859233717 [333m 7190[00m 0x7fe0480444f0 [33;01mLOG    [00m [00;01;31;41m            GST_PADS gstpad.c:4522:store_sticky_event:<rtpjitterbuffer1:src>[00m stored sticky event stream-start
0:00:00.859268689 [333m 7190[00m 0x7fe0480444f0 [37mDEBUG  [00m [00;01;31;41m            GST_PADS gstpad.c:3376:check_sticky:<rtpjitterbuffer1:src>[00m pushing all sticky events
0:00:00.859285231 [333m 7190[00m 0x7fe0480444f0 [33;01mLOG    [00m [00;01;31;41m            GST_PADS gstpad.c:4680:gst_pad_push_event_unchecked:<rtpjitterbuffer1:src>[00m sending event 0x7fe0480491e0 (stream-start) to peerpad <rtpptdemux1:sink>
0:00:00.859127252 [333m 7190[00m 0x7fe03c0024f0 [37mDEBUG  [00m [00;01;31;41m            GST_PADS gstghostpad.c:854:gst_ghost_pad_set_target:<'':recv_rtp_src_0_1165926506_96>[00m connecting internal pad to target <rtpptdemux0:src_96>
0:00:00.859365136 [333m 7190[00m 0x7fe03c0024f0 [33;01mLOG    [00m [00;01;37;41m         GST_MESSAGE gstmessage.c:282:gst_message_new_custom:[00m source proxypad6: creating new message 0xf36740 structure-change
0:00:00.859406456 [333m 7190[00m 0x7fe03c0024f0 [37mDEBUG  [00m [00;43m             GST_BUS gstbus.c:312:gst_bus_post:<bus3>[00m [msg 0xf36740] posting on bus structure-change message: 0xf36740, time 99:99:99.999999999, seq-num 216, element 'proxypad6', GstMessageStructureChange, type=(GstStructureChangeType)GST_STRUCTURE_CHANGE_TYPE_PAD_LINK, owner=(GstElement)"\(GstRtpPtDemux\)\ rtpptdemux0", busy=(boolean)true;
0:00:00.859196421 [333m 7190[00m 0x7fe0480130a0 [33;01mLOG    [00m [00m          rtpsession gstrtpsession.c:1621:gst_rtp_session_chain_recv_rtp:<rtpsession0>[00m received RTP packet
0:00:00.859540077 [333m 7190[00m 0x7fe0480130a0 [37mDEBUG  [00m [00;01;33m           GST_CLOCK gstclock.c:952:gst_clock_get_internal_time:<GstSystemClock>[00m internal time 16:06:48.934191045
0:00:00.859560255 [333m 7190[00m 0x7fe0480130a0 [37mDEBUG  [00m [00;01;33m           GST_CLOCK gstclock.c:997:gst_clock_get_time:<GstSystemClock>[00m adjusted time 16:06:48.934191045
0:00:00.859591210 [333m 7190[00m 0x7fe0480130a0 [33;01mLOG    [00m [00;01;42m          GST_BUFFER gstbuffer.c:1479:gst_buffer_map_range:[00m buffer 0x7fe03c005330, idx 0, length 1, flags 0001
0:00:00.859625209 [333m 7190[00m 0x7fe0480130a0 [33;01mLOG    [00m [00;01;42m          GST_BUFFER gstbuffer.c:207:_get_merged_memory:[00m buffer 0x7fe03c005330, idx 0, length 1
0:00:00.859644098 [333m 7190[00m 0x7fe0480130a0 [33;01mLOG    [00m [00;01;42m          GST_BUFFER gstbuffer.c:1479:gst_buffer_map_range:[00m buffer 0x7fe03c005330, idx 0, length 1, flags 0001
0:00:00.859677437 [333m 7190[00m 0x7fe0480130a0 [33;01mLOG    [00m [00;01;42m          GST_BUFFER gstbuffer.c:207:_get_merged_memory:[00m buffer 0x7fe03c005330, idx 0, length 1
0:00:00.859715925 [333m 7190[00m 0x7fe0480130a0 [33;01mLOG    [00m [00;01;42m          GST_BUFFER gstbuffer.c:1479:gst_buffer_map_range:[00m buffer 0x7fe03c005330, idx 0, length 1, flags 0001
0:00:00.859734836 [333m 7190[00m 0x7fe0480130a0 [33;01mLOG    [00m [00;01;42m          GST_BUFFER gstbuffer.c:207:_get_merged_memory:[00m buffer 0x7fe03c005330, idx 0, length 1
0:00:00.859765635 [333m 7190[00m 0x7fe0480130a0 [33;01mLOG    [00m [00m           rtpsource rtpsource.c:1099:rtp_source_process_rtp:[00m seq 19399, PC: 7, OC: 9716
0:00:00.859798720 [333m 7190[00m 0x7fe0480130a0 [33;01mLOG    [00m [00;01;42m          GST_BUFFER gstbuffer.c:1479:gst_buffer_map_range:[00m buffer 0x7fe03c005330, idx 0, length 1, flags 0001
0:00:00.859815928 [333m 7190[00m 0x7fe0480130a0 [33;01mLOG    [00m [00;01;42m          GST_BUFFER gstbuffer.c:207:_get_merged_memory:[00m buffer 0x7fe03c005330, idx 0, length 1
0:00:00.859317527 [333m 7190[00m 0x7fe0480444f0 [37mDEBUG  [00m [00;01;34m           GST_EVENT gstpad.c:4935:gst_pad_send_event_unchecked:<rtpptdemux1:sink>[00m have event type stream-start event: 0x7fe0480491e0, time 99:99:99.999999999, seq-num 87, GstEventStreamStart, stream-id=(string)b9049c323800fa1dbf0c9c2f5d6dcf0e63b50fc2c5030d1c14e44a893d14e333, flags=(GstStreamFlags)GST_STREAM_FLAG_NONE, group-id=(uint)2;
0:00:00.859499216 [333m 7190[00m 0x7fe03c0024f0 [37mDEBUG  [00m [00;01m                 bin gstbin.c:3342:gst_bin_handle_message_func:<manager>[00m [msg 0xf36740] handling child proxypad6 message of type structure-change
0:00:00.859910495 [333m 7190[00m 0x7fe03c0024f0 [37mDEBUG  [00m [00;01m                 bin gstbin.c:881:find_message:<manager>[00m no message found matching types 00001000
0:00:00.859945839 [333m 7190[00m 0x7fe03c0024f0 [37mDEBUG  [00m [00;01m                 bin gstbin.c:888:find_message:<manager>[00m   structure-change
0:00:00.859962527 [333m 7190[00m 0x7fe03c0024f0 [37mDEBUG  [00m [00;01m                 bin gstbin.c:928:bin_replace_message:<manager>[00m got new message 0xf36740, structure-change from proxypad6
