0:00:00.839129618 [333m 7190[00m 0x7fe0480444f0 [33;01mLOG    [00m [00;01;37;41m         GST_MESSAGE gstmessage.c:282:gst_message_new_custom:[00m source rtpptdemux1: creating new message 0x7fe028002290 state-changed
0:00:00.839136113 [333m 7190[00m 0x7fe0480130a0 [33;01mLOG    [00m [00;01;42m          GST_BUFFER gstbuffer.c:207:_get_merged_memory:[00m buffer 0x7fe018003d10, idx 0, length 1
0:00:00.839161132 [333m 7190[00m 0x7fe0480444f0 [37mDEBUG  [00m [00;43m             GST_BUS gstbus.c:312:gst_bus_post:<bus3>[00m [msg 0x7fe028002290] posting on bus state-changed message: 0x7fe028002290, time 99:99:99.999999999, seq-num 204, element 'rtpptdemux1', GstMessageStateChanged, old-state=(GstState)GST_STATE_PAUSED, new-state=(GstState)GST_STATE_PLAYING, pending-state=(GstState)GST_STATE_VOID_PENDING;
0:00:00.839210140 [333m 7190[00m 0x7fe0480130a0 [37mDEBUG  [00m [00m  gstrtpjitterbuffer gstrtpjitterbuffer.c:1738:gst_rtp_jitter_buffer_chain:<rtpjitterbuffer0>[00m Received packet #19394 at time 0:00:00.635399047, discont 0
0:00:00.839298387 [333m 7190[00m 0x7fe0480130a0 [37mDEBUG  [00m [00m  gstrtpjitterbuffer gstrtpjitterbuffer.c:1784:gst_rtp_jitter_buffer_chain:<rtpjitterbuffer0>[00m expected #19394, got #19394, gap of 0
0:00:00.839255558 [333m 7190[00m 0x7fe0480444f0 [37mDEBUG  [00m [00;01m                 bin gstbin.c:3342:gst_bin_handle_message_func:<manager>[00m [msg 0x7fe028002290] handling child rtpptdemux1 message of type state-changed
0:00:00.839376509 [333m 7190[00m 0x7fe0480444f0 [37mDEBUG  [00m [00;01m                 bin gstbin.c:3639:gst_bin_handle_message_func:<manager>[00m posting message upward
0:00:00.839334006 [333m 7190[00m 0x7fe0480130a0 [33;01mLOG    [00m [00;01;42m          GST_BUFFER gstbuffer.c:1479:gst_buffer_map_range:[00m buffer 0x7fe018003d10, idx 0, length 1, flags 0001
0:00:00.839438272 [333m 7190[00m 0x7fe0480130a0 [33;01mLOG    [00m [00;01;42m          GST_BUFFER gstbuffer.c:207:_get_merged_memory:[00m buffer 0x7fe018003d10, idx 0, length 1
0:00:00.839459197 [333m 7190[00m 0x7fe0480130a0 [33;01mLOG    [00m [00;01;42m          GST_BUFFER gstbuffer.c:1479:gst_buffer_map_range:[00m buffer 0x7fe018003c00, idx 0, length 1, flags 0001
0:00:00.839477092 [333m 7190[00m 0x7fe0480130a0 [33;01mLOG    [00m [00;01;42m          GST_BUFFER gstbuffer.c:207:_get_merged_memory:[00m buffer 0x7fe018003c00, idx 0, length 1
0:00:00.839497164 [333m 7190[00m 0x7fe0480130a0 [37mDEBUG  [00m [00m  gstrtpjitterbuffer gstrtpjitterbuffer.c:1908:gst_rtp_jitter_buffer_chain:<rtpjitterbuffer0>[00m Pushed packet #19394, now 2 packets, tail: 0
0:00:00.839410174 [333m 7190[00m 0x7fe0480444f0 [37mDEBUG  [00m [00;43m             GST_BUS gstbus.c:312:gst_bus_post:<bus0>[00m [msg 0x7fe028002290] posting on bus state-changed message: 0x7fe028002290, time 99:99:99.999999999, seq-num 204, element 'rtpptdemux1', GstMessageStateChanged, old-state=(GstState)GST_STATE_PAUSED, new-state=(GstState)GST_STATE_PLAYING, pending-state=(GstState)GST_STATE_VOID_PENDING;
0:00:00.839610256 [333m 7190[00m 0x7fe0480444f0 [37mDEBUG  [00m [00;01m                 bin gstbin.c:3342:gst_bin_handle_message_func:<rtspsrc0>[00m [msg 0x7fe028002290] handling child rtpptdemux1 message of type state-changed
0:00:00.839645990 [333m 7190[00m 0x7fe0480444f0 [37mDEBUG  [00m [00;01m                 bin gstbin.c:3639:gst_bin_handle_message_func:<rtspsrc0>[00m posting message upward
0:00:00.839565101 [333m 7190[00m 0x7fe0480130a0 [33;01mLOG    [00m [00;01;35m      GST_SCHEDULING gstpad.c:3715:gst_pad_chain_data_unchecked:<rtpjitterbuffer0:sink>[00m called chainfunction &gst_rtp_jitter_buffer_chain with buffer 0x7fe018003d10, returned ok
0:00:00.839722355 [333m 7190[00m 0x7fe0480130a0 [33;01mLOG    [00m [00;01;35m      GST_SCHEDULING gstpad.c:3715:gst_pad_chain_data_unchecked:<rtpssrcdemux0:sink>[00m called chainfunction &0x7fe0459b24f0 with buffer 0x7fe018003d10, returned ok
0:00:00.839689012 [333m 7190[00m 0x7fe0480444f0 [37mDEBUG  [00m [00;43m             GST_BUS gstbus.c:312:gst_bus_post:<bus1>[00m [msg 0x7fe028002290] posting on bus state-changed message: 0x7fe028002290, time 99:99:99.999999999, seq-num 204, element 'rtpptdemux1', GstMessageStateChanged, old-state=(GstState)GST_STATE_PAUSED, new-state=(GstState)GST_STATE_PLAYING, pending-state=(GstState)GST_STATE_VOID_PENDING;
0:00:00.839801982 [333m 7190[00m 0x7fe0480444f0 [37mDEBUG  [00m [00;01m                 bin gstbin.c:3342:gst_bin_handle_message_func:<pipeline0>[00m [msg 0x7fe028002290] handling child rtpptdemux1 message of type state-changed
0:00:00.839837369 [333m 7190[00m 0x7fe0480444f0 [37mDEBUG  [00m [00;01m                 bin gstbin.c:3639:gst_bin_handle_message_func:<pipeline0>[00m posting message upward
0:00:00.839759244 [333m 7190[00m 0x7fe0480130a0 [33;01mLOG    [00m [00;01;35m      GST_SCHEDULING gstpad.c:3715:gst_pad_chain_data_unchecked:<rtpsession0:recv_rtp_sink>[00m called chainfunction &0x7fe0459c4320 with buffer 0x7fe018003d10, returned ok
0:00:00.839900267 [333m 7190[00m 0x7fe0480130a0 [33;01mLOG    [00m [00;01;35m      GST_SCHEDULING gstpad.c:3715:gst_pad_chain_data_unchecked:<manager:recv_rtp_sink_0>[00m called chainfunction &gst_proxy_pad_chain_default with buffer 0x7fe018003d10, returned ok
0:00:00.839869109 [333m 7190[00m 0x7fe0480444f0 [37mDEBUG  [00m [00;43m             GST_BUS gstbus.c:312:gst_bus_post:<bus2>[00m [msg 0x7fe028002290] posting on bus state-changed message: 0x7fe028002290, time 99:99:99.999999999, seq-num 204, element 'rtpptdemux1', GstMessageStateChanged, old-state=(GstState)GST_STATE_PAUSED, new-state=(GstState)GST_STATE_PLAYING, pending-state=(GstState)GST_STATE_VOID_PENDING;
0:00:00.839979473 [333m 7190[00m 0x7fe0480444f0 [37mDEBUG  [00m [00;43m             GST_BUS gstbus.c:347:gst_bus_post:<bus2>[00m [msg 0x7fe028002290] pushing on async queue
0:00:00.840013623 [333m 7190[00m 0x7fe0480444f0 [33;01mLOG    [00m [00m            GST_POLL gstpoll.c:186:raise_wakeup:[00m 0x106fed0: raise
0:00:00.839936940 [333m 7190[00m 0x7fe0480130a0 [33;01mLOG    [00m [00m             basesrc gstbasesrc.c:2663:gst_base_src_loop:<udpsrc0>[00m next_ts 99:99:99.999999999 size 4096
0:00:00.840066731 [333m 7190[00m 0x7fe0480444f0 [37mDEBUG  [00m [00;43m             GST_BUS gstbus.c:350:gst_bus_post:<bus2>[00m [msg 0x7fe028002290] pushed on async queue
0:00:00.840123838 [333m 7190[00m 0x7fe0480444f0 [37mDEBUG  [00m [00;43m             GST_BUS gstbus.c:343:gst_bus_post:<bus1>[00m [msg 0x7fe028002290] dropped
0:00:00.840059131 [333m 7190[00m       0xf29a30 [33;01mLOG    [00m [00;43m             GST_BUS gstbus.c:498:gst_bus_timed_pop_filtered:<bus2>[00m have 1 messages
0:00:00.840240146 [333m 7190[00m       0xf29a30 [33;01mLOG    [00m [00m            GST_POLL gstpoll.c:201:release_wakeup:[00m 0x106fed0: release
0:00:00.840281587 [333m 7190[00m       0xf29a30 [37mDEBUG  [00m [00;43m             GST_BUS gstbus.c:506:gst_bus_timed_pop_filtered:<bus2>[00m got message 0x7fe028002290, state-changed from rtpptdemux1, type mask is 4294967295
0:00:00.840289383 [333m 7190[00m 0x7fe0480130a0 [37mDEBUG  [00m [00m             basesrc gstbasesrc.c:2388:gst_base_src_get_range:<udpsrc0>[00m calling create offset 18446744073709551615 length 4096, time 0
0:00:00.840344383 [333m 7190[00m 0x7fe0480130a0 [33;01mLOG    [00m [00m              udpsrc gstudpsrc.c:469:gst_udpsrc_create:<udpsrc0>[00m ioctl says 1400 bytes available
0:00:00.840379603 [333m 7190[00m 0x7fe0480130a0 [37mDEBUG  [00m [00;01;34m          GST_MEMORY gstmemory.c:138:gst_memory_init:[00m new memory 0x7fe03c00e730, maxsize:1407 offset:0 size:1400
0:00:00.840395587 [333m 7190[00m 0x7fe0480444f0 [37mDEBUG  [00m [00;43m             GST_BUS gstbus.c:343:gst_bus_post:<bus0>[00m [msg 0x7fe028002290] dropped
0:00:00.840456290 [333m 7190[00m 0x7fe0480444f0 [37mDEBUG  [00m [00;43m             GST_BUS gstbus.c:343:gst_bus_post:<bus3>[00m [msg 0x7fe028002290] dropped
0:00:00.840306066 [333m 7190[00m       0xf29a30 [37mDEBUG  [00m [00;43m             GST_BUS gstbus.c:767:gst_bus_source_dispatch:<bus2>[00m source 0x106f2c0 calling dispatch with state-changed message: 0x7fe028002290, time 99:99:99.999999999, seq-num 204, element 'rtpptdemux1', GstMessageStateChanged, old-state=(GstState)GST_STATE_PAUSED, new-state=(GstState)GST_STATE_PLAYING, pending-state=(GstState)GST_STATE_VOID_PENDING;
0:00:00.840505431 [333m 7190[00m       0xf29a30 [37mDEBUG  [00m [00;43m             GST_BUS gstbus.c:973:poll_func:[00m mainloop 0x109d830 quit
0:00:00.840531578 [333m 7190[00m       0xf29a30 [37mDEBUG  [00m [00;43m             GST_BUS gstbus.c:772:gst_bus_source_dispatch:<bus2>[00m source 0x106f2c0 handler returns 1
0:00:00.840565055 [333m 7190[00m       0xf29a30 [37mDEBUG  [00m [00;43m             GST_BUS gstbus.c:1083:gst_bus_poll:[00m mainloop stopped 0x109d830
0:00:00.840597594 [333m 7190[00m       0xf29a30 [37mDEBUG  [00m [00;43m             GST_BUS gstbus.c:1328:gst_bus_remove_signal_watch:<bus2>[00m removing signal watch 88
0:00:00.840513427 [333m 7190[00m 0x7fe0480130a0 [33;01mLOG    [00m [00;01;42m          GST_BUFFER gstbuffer.c:628:gst_buffer_new:[00m new 0x7fe018003e20
0:00:00.840671296 [333m 7190[00m 0x7fe0480130a0 [33;01mLOG    [00m [00;01;42m          GST_BUFFER gstbuffer.c:297:_memory_add:[00m buffer 0x7fe018003e20, idx -1, mem 0x7fe03c00e730, lock 1
0:00:00.840707628 [333m 7190[00m 0x7fe0480130a0 [33;01mLOG    [00m [00;01;42m          GST_BUFFER gstbuffer.c:682:gst_buffer_new_allocate:[00m new buffer 0x7fe018003e20 of size 1400 from allocator (nil)
0:00:00.840730668 [333m 7190[00m 0x7fe0480130a0 [33;01mLOG    [00m [00;01;42m          GST_BUFFER gstbuffer.c:1479:gst_buffer_map_range:[00m buffer 0x7fe018003e20, idx 0, length -1, flags 0002
0:00:00.840748486 [333m 7190[00m 0x7fe0480130a0 [33;01mLOG    [00m [00;01;42m          GST_BUFFER gstbuffer.c:207:_get_merged_memory:[00m buffer 0x7fe018003e20, idx 0, length 1
0:00:00.840632663 [333m 7190[00m       0xf29a30 [37mDEBUG  [00m [00;43m             GST_BUS gstbus.c:793:gst_bus_source_finalize:<bus2>[00m finalize source 0x106f2c0
0:00:00.840805210 [333m 7190[00m 0x7fe0480130a0 [33;01mLOG    [00m [00;01;42m          GST_BUFFER gstbuffer.c:1342:gst_buffer_resize_range:[00m trim 0x7fe018003e20 0-1400 size:1400 offs:0 max:1407
0:00:00.840833790 [333m 7190[00m 0x7fe0480130a0 [37mDEBUG  [00m [00;01;42m          GST_BUFFER gstbuffer.c:1926:gst_buffer_add_meta:[00m alloc metadata 0x7fe048047d38 (GstNetAddressMeta) of size 24
0:00:00.840815180 [333m 7190[00m       0xf29a30 [37mDEBUG  [00m [00;43m             GST_BUS gstbus.c:1096:gst_bus_poll:<bus2>[00m finished poll with message 0x7fe028002290
0:00:00.840915527 [333m 7190[00m       0xf29a30 [33;01mLOG    [00m [00;01;37;41m         GST_MESSAGE gstmessage.c:184:_gst_message_free:[00m finalize message 0x7fe028002290, state-changed from rtpptdemux1
0:00:00.840949526 [333m 7190[00m       0xf29a30 [37mDEBUG  [00m [00;43m             GST_BUS gstbus.c:870:gst_bus_add_watch_full_unlocked:<bus2>[00m New source 0x106f2c0 with id 89
0:00:00.840963784 [333m 7190[00m       0xf29a30 [37mDEBUG  [00m [00;43m             GST_BUS gstbus.c:1081:gst_bus_poll:[00m running mainloop 0x10a0770
0:00:00.841010881 [333m 7190[00m 0x7fe0480444f0 [33;01mLOG    [00m [00;01;31m          GST_STATES gstelement.c:2655:gst_element_change_state:<rtpptdemux1>[00m exit state change 1
0:00:00.841048783 [333m 7190[00m 0x7fe0480444f0 [33;01mLOG    [00m [00;01;31m          GST_STATES gstelement.c:2655:gst_element_change_state:<rtpptdemux1>[00m exit state change 1
0:00:00.841081637 [333m 7190[00m 0x7fe0480444f0 [33;01mLOG    [00m [00;01;31m          GST_STATES gstelement.c:2655:gst_element_change_state:<rtpptdemux1>[00m exit state change 1
0:00:00.841114074 [333m 7190[00m 0x7fe0480444f0 [37mDEBUG  [00m [00;01;31m          GST_STATES gstelement.c:2566:gst_element_set_state_func:<rtpptdemux1>[00m returned SUCCESS
0:00:00.841147442 [333m 7190[00m 0x7fe0480444f0 [37mDEBUG  [00m [00;01;31m          GST_STATES gstelement.c:2482:gst_element_set_state_func:<rtpjitterbuffer1>[00m set_state to PLAYING
0:00:00.841180565 [333m 7190[00m 0x7fe0480444f0 [37mDEBUG  [00m [00;01;31m          GST_STATES gstelement.c:2507:gst_element_set_state_func:<rtpjitterbuffer1>[00m setting target state to PLAYING
0:00:00.841212910 [333m 7190[00m 0x7fe0480444f0 [37mDEBUG  [00m [00;01;31m          GST_STATES gstelement.c:2520:gst_element_set_state_func:<rtpjitterbuffer1>[00m current NULL, old_pending VOID_PENDING, next VOID_PENDING, old return SUCCESS
0:00:00.841246797 [333m 7190[00m 0x7fe0480444f0 [37mDEBUG  [00m [00;01;31m          GST_STATES gstelement.c:2554:gst_element_set_state_func:<rtpjitterbuffer1>[00m intermediate: setting state from NULL to READY
0:00:00.841265559 [333m 7190[00m 0x7fe0480444f0 [33;01mLOG    [00m [00;01;31m          GST_STATES gstelement.c:2800:gst_element_change_state_func:<rtpjitterbuffer1>[00m default handler tries setting state from NULL to READY (000a)
0:00:00.841280113 [333m 7190[00m 0x7fe0480444f0 [37mDEBUG  [00m [00;01;31m          GST_STATES gstelement.c:2639:gst_element_change_state:<rtpjitterbuffer1>[00m element changed state SUCCESS
0:00:00.841291531 [333m 7190[00m 0x7fe0480444f0 [36mINFO   [00m [00;01;31m          GST_STATES gstelement.c:2306:gst_element_continue_state:<rtpjitterbuffer1>[00m committing state from NULL to READY, pending PLAYING, next PAUSED
0:00:00.840850224 [333m 7190[00m 0x7fe0480130a0 [33;01mLOG    [00m [00m              udpsrc gstudpsrc.c:525:gst_udpsrc_create:<udpsrc0>[00m read 1400 bytes
0:00:00.841335410 [333m 7190[00m 0x7fe0480130a0 [37mDEBUG  [00m [00;01;33m           GST_CLOCK gstclock.c:952:gst_clock_get_internal_time:<GstSystemClock>[00m internal time 16:06:48.915986656
0:00:00.841305797 [333m 7190[00m 0x7fe0480444f0 [36mINFO   [00m [00;01;31m          GST_STATES gstelement.c:2236:_priv_gst_element_state_changed:<rtpjitterbuffer1>[00m notifying about state-changed NULL to READY (PLAYING pending)
0:00:00.841404074 [333m 7190[00m 0x7fe0480444f0 [33;01mLOG    [00m [00;01;37;41m         GST_MESSAGE gstmessage.c:282:gst_message_new_custom:[00m source rtpjitterbuffer1: creating new message 0x7fe028002310 state-changed
0:00:00.841423972 [333m 7190[00m 0x7fe0480444f0 [37mDEBUG  [00m [00;43m             GST_BUS gstbus.c:312:gst_bus_post:<bus3>[00m [msg 0x7fe028002310] posting on bus state-changed message: 0x7fe028002310, time 99:99:99.999999999, seq-num 205, element 'rtpjitterbuffer1', GstMessageStateChanged, old-state=(GstState)GST_STATE_NULL, new-state=(GstState)GST_STATE_READY, pending-state=(GstState)GST_STATE_PLAYING;
0:00:00.841525783 [333m 7190[00m 0x7fe0480444f0 [37mDEBUG  [00m [00;01m                 bin gstbin.c:3342:gst_bin_handle_message_func:<manager>[00m [msg 0x7fe028002310] handling child rtpjitterbuffer1 message of type state-changed
0:00:00.841546084 [333m 7190[00m 0x7fe0480444f0 [37mDEBUG  [00m [00;01m                 bin gstbin.c:3639:gst_bin_handle_message_func:<manager>[00m posting message upward
0:00:00.841562382 [333m 7190[00m 0x7fe0480130a0 [37mDEBUG  [00m [00;01;33m           GST_CLOCK gstclock.c:997:gst_clock_get_time:<GstSystemClock>[00m adjusted time 16:06:48.915986656
0:00:00.841608180 [333m 7190[00m 0x7fe0480130a0 [33;01mLOG    [00m [00m             basesrc gstbasesrc.c:2205:gst_base_src_do_sync:<udpsrc0>[00m created DTS 0:00:00.640783501
0:00:00.841645278 [333m 7190[00m 0x7fe0480130a0 [33;01mLOG    [00m [00m             basesrc gstbasesrc.c:2215:gst_base_src_do_sync:<udpsrc0>[00m created PTS 0:00:00.640783501
0:00:00.841691985 [333m 7190[00m 0x7fe0480130a0 [37mDEBUG  [00m [00m             basesrc gstbasesrc.c:2253:gst_base_src_do_sync:<udpsrc0>[00m no sync needed
0:00:00.841707557 [333m 7190[00m 0x7fe0480130a0 [37mDEBUG  [00m [00m             basesrc gstbasesrc.c:2451:gst_base_src_get_range:<udpsrc0>[00m buffer ok
0:00:00.841559177 [333m 7190[00m 0x7fe0480444f0 [37mDEBUG  [00m [00;43m             GST_BUS gstbus.c:312:gst_bus_post:<bus0>[00m [msg 0x7fe028002310] posting on bus state-changed message: 0x7fe028002310, time 99:99:99.999999999, seq-num 205, element 'rtpjitterbuffer1', GstMessageStateChanged, old-state=(GstState)GST_STATE_NULL, new-state=(GstState)GST_STATE_READY, pending-state=(GstState)GST_STATE_PLAYING;
0:00:00.841749771 [333m 7190[00m 0x7fe0480444f0 [37mDEBUG  [00m [00;01m                 bin gstbin.c:3342:gst_bin_handle_message_func:<rtspsrc0>[00m [msg 0x7fe028002310] handling child rtpjitterbuffer1 message of type state-changed
0:00:00.841787278 [333m 7190[00m 0x7fe0480444f0 [37mDEBUG  [00m [00;01m                 bin gstbin.c:3639:gst_bin_handle_message_func:<rtspsrc0>[00m posting message upward
0:00:00.841721246 [333m 7190[00m 0x7fe0480130a0 [33;01mLOG    [00m [00;01;35m      GST_SCHEDULING gstpad.c:3709:gst_pad_chain_data_unchecked:<manager:recv_rtp_sink_0>[00m calling chainfunction &gst_proxy_pad_chain_default with buffer buffer: 0x7fe018003e20, pts 0:00:00.640783501, dts 0:00:00.640783501, dur 99:99:99.999999999, size 1400, offset 18446744073709551615, offset_end 18446744073709551615, flags 0x0
0:00:00.841853661 [333m 7190[00m 0x7fe0480130a0 [33;01mLOG    [00m [00;01;35m      GST_SCHEDULING gstpad.c:3709:gst_pad_chain_data_unchecked:<rtpsession0:recv_rtp_sink>[00m calling chainfunction &0x7fe0459c4320 with buffer buffer: 0x7fe018003e20, pts 0:00:00.640783501, dts 0:00:00.640783501, dur 99:99:99.999999999, size 1400, offset 18446744073709551615, offset_end 18446744073709551615, flags 0x0
0:00:00.841894931 [333m 7190[00m 0x7fe0480130a0 [33;01mLOG    [00m [00m          rtpsession gstrtpsession.c:1621:gst_rtp_session_chain_recv_rtp:<rtpsession0>[00m received RTP packet
0:00:00.841820232 [333m 7190[00m 0x7fe0480444f0 [37mDEBUG  [00m [00;43m             GST_BUS gstbus.c:312:gst_bus_post:<bus1>[00m [msg 0x7fe028002310] posting on bus state-changed message: 0x7fe028002310, time 99:99:99.999999999, seq-num 205, element 'rtpjitterbuffer1', GstMessageStateChanged, old-state=(GstState)GST_STATE_NULL, new-state=(GstState)GST_STATE_READY, pending-state=(GstState)GST_STATE_PLAYING;
0:00:00.841952271 [333m 7190[00m 0x7fe0480444f0 [37mDEBUG  [00m [00;01m                 bin gstbin.c:3342:gst_bin_handle_message_func:<pipeline0>[00m [msg 0x7fe028002310] handling child rtpjitterbuffer1 message of type state-changed
0:00:00.841988754 [333m 7190[00m 0x7fe0480444f0 [37mDEBUG  [00m [00;01m                 bin gstbin.c:3639:gst_bin_handle_message_func:<pipeline0>[00m posting message upward
0:00:00.841911615 [333m 7190[00m 0x7fe0480130a0 [37mDEBUG  [00m [00;01;33m           GST_CLOCK gstclock.c:952:gst_clock_get_internal_time:<GstSystemClock>[00m internal time 16:06:48.916564144
0:00:00.842120029 [333m 7190[00m 0x7fe0480130a0 [37mDEBUG  [00m [00;01;33m           GST_CLOCK gstclock.c:997:gst_clock_get_time:<GstSystemClock>[00m adjusted time 16:06:48.916564144
0:00:00.842020897 [333m 7190[00m 0x7fe0480444f0 [37mDEBUG  [00m [00;43m             GST_BUS gstbus.c:312:gst_bus_post:<bus2>[00m [msg 0x7fe028002310] posting on bus state-changed message: 0x7fe028002310, time 99:99:99.999999999, seq-num 205, element 'rtpjitterbuffer1', GstMessageStateChanged, old-state=(GstState)GST_STATE_NULL, new-state=(GstState)GST_STATE_READY, pending-state=(GstState)GST_STATE_PLAYING;
0:00:00.842183442 [333m 7190[00m 0x7fe0480444f0 [37mDEBUG  [00m [00;43m             GST_BUS gstbus.c:347:gst_bus_post:<bus2>[00m [msg 0x7fe028002310] pushing on async queue
0:00:00.842218301 [333m 7190[00m 0x7fe0480444f0 [33;01mLOG    [00m [00m            GST_POLL gstpoll.c:186:raise_wakeup:[00m 0x106fed0: raise
0:00:00.842143222 [333m 7190[00m 0x7fe0480130a0 [33;01mLOG    [00m [00;01;42m          GST_BUFFER gstbuffer.c:1479:gst_buffer_map_range:[00m buffer 0x7fe018003e20, idx 0, length 1, flags 0001
0:00:00.842274885 [333m 7190[00m 0x7fe0480444f0 [37mDEBUG  [00m [00;43m             GST_BUS gstbus.c:350:gst_bus_post:<bus2>[00m [msg 0x7fe028002310] pushed on async queue
0:00:00.842331877 [333m 7190[00m 0x7fe0480444f0 [37mDEBUG  [00m [00;43m             GST_BUS gstbus.c:343:gst_bus_post:<bus1>[00m [msg 0x7fe028002310] dropped
0:00:00.842266372 [333m 7190[00m       0xf29a30 [33;01mLOG    [00m [00;43m             GST_BUS gstbus.c:498:gst_bus_timed_pop_filtered:<bus2>[00m have 1 messages
0:00:00.842376682 [333m 7190[00m       0xf29a30 [33;01mLOG    [00m [00m            GST_POLL gstpoll.c:201:release_wakeup:[00m 0x106fed0: release
0:00:00.842414117 [333m 7190[00m       0xf29a30 [37mDEBUG  [00m [00;43m             GST_BUS gstbus.c:506:gst_bus_timed_pop_filtered:<bus2>[00m got message 0x7fe028002310, state-changed from rtpjitterbuffer1, type mask is 4294967295
0:00:00.842419590 [333m 7190[00m 0x7fe0480130a0 [33;01mLOG    [00m [00;01;42m          GST_BUFFER gstbuffer.c:207:_get_merged_memory:[00m buffer 0x7fe018003e20, idx 0, length 1
0:00:00.842472786 [333m 7190[00m 0x7fe0480130a0 [33;01mLOG    [00m [00;01;42m          GST_BUFFER gstbuffer.c:1479:gst_buffer_map_range:[00m buffer 0x7fe018003e20, idx 0, length 1, flags 0001
0:00:00.842506576 [333m 7190[00m 0x7fe0480130a0 [33;01mLOG    [00m [00;01;42m          GST_BUFFER gstbuffer.c:207:_get_merged_memory:[00m buffer 0x7fe018003e20, idx 0, length 1
0:00:00.842438266 [333m 7190[00m       0xf29a30 [37mDEBUG  [00m [00;43m             GST_BUS gstbus.c:767:gst_bus_source_dispatch:<bus2>[00m source 0x106f2c0 calling dispatch with state-changed message: 0x7fe028002310, time 99:99:99.999999999, seq-num 205, element 'rtpjitterbuffer1', GstMessageStateChanged, old-state=(GstState)GST_STATE_NULL, new-state=(GstState)GST_STATE_READY, pending-state=(GstState)GST_STATE_PLAYING;
0:00:00.842529300 [333m 7190[00m 0x7fe0480130a0 [33;01mLOG    [00m [00;01;42m          GST_BUFFER gstbuffer.c:1479:gst_buffer_map_range:[00m buffer 0x7fe018003e20, idx 0, length 1, flags 0001
0:00:00.842570544 [333m 7190[00m       0xf29a30 [37mDEBUG  [00m [00;43m             GST_BUS gstbus.c:973:poll_func:[00m mainloop 0x10a0770 quit
0:00:00.842634342 [333m 7190[00m       0xf29a30 [37mDEBUG  [00m [00;43m             GST_BUS gstbus.c:772:gst_bus_source_dispatch:<bus2>[00m source 0x106f2c0 handler returns 1
0:00:00.842652012 [333m 7190[00m       0xf29a30 [37mDEBUG  [00m [00;43m             GST_BUS gstbus.c:1083:gst_bus_poll:[00m mainloop stopped 0x10a0770
0:00:00.842681908 [333m 7190[00m       0xf29a30 [37mDEBUG  [00m [00;43m             GST_BUS gstbus.c:1328:gst_bus_remove_signal_watch:<bus2>[00m removing signal watch 89
0:00:00.842697708 [333m 7190[00m       0xf29a30 [37mDEBUG  [00m [00;43m             GST_BUS gstbus.c:793:gst_bus_source_finalize:<bus2>[00m finalize source 0x106f2c0
0:00:00.842757070 [333m 7190[00m       0xf29a30 [37mDEBUG  [00m [00;43m             GST_BUS gstbus.c:1096:gst_bus_poll:<bus2>[00m finished poll with message 0x7fe028002310
0:00:00.842773434 [333m 7190[00m       0xf29a30 [33;01mLOG    [00m [00;01;37;41m         GST_MESSAGE gstmessage.c:184:_gst_message_free:[00m finalize message 0x7fe028002310, state-changed from rtpjitterbuffer1
0:00:00.842796962 [333m 7190[00m       0xf29a30 [37mDEBUG  [00m [00;43m             GST_BUS gstbus.c:870:gst_bus_add_watch_full_unlocked:<bus2>[00m New source 0x106f2c0 with id 90
0:00:00.842809924 [333m 7190[00m       0xf29a30 [37mDEBUG  [00m [00;43m             GST_BUS gstbus.c:1081:gst_bus_poll:[00m running mainloop 0x109d830
0:00:00.842582628 [333m 7190[00m 0x7fe0480444f0 [37mDEBUG  [00m [00;43m             GST_BUS gstbus.c:343:gst_bus_post:<bus0>[00m [msg 0x7fe028002310] dropped
0:00:00.842861964 [333m 7190[00m 0x7fe0480444f0 [37mDEBUG  [00m [00;43m             GST_BUS gstbus.c:343:gst_bus_post:<bus3>[00m [msg 0x7fe028002310] dropped
0:00:00.842616746 [333m 7190[00m 0x7fe0480130a0 [33;01mLOG    [00m [00;01;42m          GST_BUFFER gstbuffer.c:207:_get_merged_memory:[00m buffer 0x7fe018003e20, idx 0, length 1
0:00:00.842940582 [333m 7190[00m 0x7fe0480130a0 [33;01mLOG    [00m [00m           rtpsource rtpsource.c:1099:rtp_source_process_rtp:[00m seq 19395, PC: 3, OC: 4164
0:00:00.842963823 [333m 7190[00m 0x7fe0480130a0 [33;01mLOG    [00m [00;01;42m          GST_BUFFER gstbuffer.c:1479:gst_buffer_map_range:[00m buffer 0x7fe018003e20, idx 0, length 1, flags 0001
0:00:00.842982743 [333m 7190[00m 0x7fe0480130a0 [33;01mLOG    [00m [00;01;42m          GST_BUFFER gstbuffer.c:207:_get_merged_memory:[00m buffer 0x7fe018003e20, idx 0, length 1
0:00:00.842898350 [333m 7190[00m 0x7fe0480444f0 [36mINFO   [00m [00;01;31m          GST_STATES gstelement.c:2313:gst_element_continue_state:<rtpjitterbuffer1>[00m continue state change READY to PAUSED, final PLAYING
0:00:00.842996051 [333m 7190[00m 0x7fe0480130a0 [33;01mLOG    [00m [00m           rtpsource rtpsource.c:885:calculate_jitter:[00m SSRC 457ea06a got payload 96
0:00:00.843074892 [333m 7190[00m 0x7fe0480130a0 [33;01mLOG    [00m [00m           rtpsource rtpsource.c:920:calculate_jitter:[00m rtparrival 57670, rtptime 3372290918, clock-rate 90000, diff 485, jitter: 192.250000
0:00:00.843104311 [333m 7190[00m 0x7fe0480130a0 [33;01mLOG    [00m [00m           rtpsource rtpsource.c:822:push_packet:[00m pushing new packet
0:00:00.843119336 [333m 7190[00m 0x7fe0480130a0 [33;01mLOG    [00m [00m          rtpsession rtpsession.c:1123:source_push_rtp:[00m source 457ea06a pushed receiver RTP packet
0:00:00.843138106 [333m 7190[00m 0x7fe0480130a0 [33;01mLOG    [00m [00m          rtpsession gstrtpsession.c:1068:gst_rtp_session_process_rtp:<rtpsession0>[00m pushing received RTP packet
0:00:00.843034533 [333m 7190[00m 0x7fe0480444f0 [33;01mLOG    [00m [00;01;31m          GST_STATES gstelement.c:2800:gst_element_change_state_func:<rtpjitterbuffer1>[00m default handler tries setting state from READY to PAUSED (0013)
0:00:00.843185734 [333m 7190[00m 0x7fe0480444f0 [37mDEBUG  [00m [00;01;37;41m    GST_ELEMENT_PADS gstelement.c:2743:gst_element_pads_activate:<rtpjitterbuffer1>[00m activate pads
0:00:00.843226059 [333m 7190[00m 0x7fe0480444f0 [37mDEBUG  [00m [00;01;31;41m            GST_PADS gstpad.c:953:gst_pad_set_active:<rtpjitterbuffer1:src>[00m activating pad from none
0:00:00.843242874 [333m 7190[00m 0x7fe0480444f0 [37mDEBUG  [00m [00;01;31;41m            GST_PADS gstpad.c:870:pre_activate:<rtpjitterbuffer1:src>[00m setting pad into push mode, unset flushing
0:00:00.843275633 [333m 7190[00m 0x7fe0480444f0 [37mDEBUG  [00m [00m  gstrtpjitterbuffer gstrtpjitterbuffer.c:998:gst_rtp_jitter_buffer_flush_stop:<rtpjitterbuffer1>[00m Enabling pop on queue
0:00:00.843307890 [333m 7190[00m 0x7fe0480444f0 [37mDEBUG  [00m [00m  gstrtpjitterbuffer gstrtpjitterbuffer.c:1014:gst_rtp_jitter_buffer_flush_stop:<rtpjitterbuffer1>[00m flush and reset jitterbuffer
0:00:00.843374099 [333m 7190[00m 0x7fe0480444f0 [37mDEBUG  [00m [00m     rtpjitterbuffer rtpjitterbuffer.c:191:rtp_jitter_buffer_reset_skew:[00m reset skew correction
0:00:00.843408043 [333m 7190[00m 0x7fe0480444f0 [37mDEBUG  [00m [00m  gstrtpjitterbuffer gstrtpjitterbuffer.c:1560:remove_all_timers:<rtpjitterbuffer1>[00m removed all timers
0:00:00.843439063 [333m 7190[00m 0x7fe0480444f0 [37mDEBUG  [00m [00m  gstrtpjitterbuffer gstrtpjitterbuffer.c:1037:gst_rtp_jitter_buffer_src_activate_mode:<rtpjitterbuffer1>[00m Starting task on srcpad
0:00:00.843469672 [333m 7190[00m 0x7fe0480444f0 [37mDEBUG  [00m [00;01;31;41m            GST_PADS gstpad.c:5356:gst_pad_start_task:<rtpjitterbuffer1:src>[00m start task
0:00:00.843235829 [333m 7190[00m 0x7fe0480130a0 [33;01mLOG    [00m [00;01;35m      GST_SCHEDULING gstpad.c:3709:gst_pad_chain_data_unchecked:<rtpssrcdemux0:sink>[00m calling chainfunction &0x7fe0459b24f0 with buffer buffer: 0x7fe018003e20, pts 0:00:00.640783501, dts 0:00:00.640783501, dur 99:99:99.999999999, size 1400, offset 18446744073709551615, offset_end 18446744073709551615, flags 0x0
0:00:00.843517165 [333m 7190[00m 0x7fe0480444f0 [37mDEBUG  [00m [00m                task gsttask.c:407:gst_task_new:[00m Created task 0x7fe04805a7e0
0:00:00.843582436 [333m 7190[00m 0x7fe0480444f0 [36mINFO   [00m [00m                task gsttask.c:431:gst_task_set_lock:[00m setting stream lock 0x7fe0480576d0 on task 0x7fe04805a7e0
0:00:00.843618823 [333m 7190[00m 0x7fe0480444f0 [36mINFO   [00m [00;01;31;41m            GST_PADS gstpad.c:5365:gst_pad_start_task:<rtpjitterbuffer1:src>[00m created task 0x7fe04805a7e0
0:00:00.843653122 [333m 7190[00m 0x7fe0480444f0 [37mDEBUG  [00m [00;01;31;41m            GST_PADS gstpad.c:5282:do_stream_status:<rtpjitterbuffer1:src>[00m doing stream-status 0
0:00:00.843543347 [333m 7190[00m 0x7fe0480130a0 [33;01mLOG    [00m [00;01;42m          GST_BUFFER gstbuffer.c:1479:gst_buffer_map_range:[00m buffer 0x7fe018003e20, idx 0, length 1, flags 0001
0:00:00.843742950 [333m 7190[00m 0x7fe0480130a0 [33;01mLOG    [00m [00;01;42m          GST_BUFFER gstbuffer.c:207:_get_merged_memory:[00m buffer 0x7fe018003e20, idx 0, length 1
0:00:00.843704280 [333m 7190[00m 0x7fe0480444f0 [33;01mLOG    [00m [00;01;37;41m         GST_MESSAGE gstmessage.c:282:gst_message_new_custom:[00m source src: creating new message 0x7fe028002390 stream-status
0:00:00.843764908 [333m 7190[00m 0x7fe0480130a0 [37mDEBUG  [00m [00m        rtpssrcdemux gstrtpssrcdemux.c:627:gst_rtp_ssrc_demux_chain:<rtpssrcdemux0>[00m received buffer of SSRC 457ea06a
0:00:00.843846361 [333m 7190[00m 0x7fe0480130a0 [33;01mLOG    [00m [00;01;35m      GST_SCHEDULING gstpad.c:3709:gst_pad_chain_data_unchecked:<rtpjitterbuffer0:sink>[00m calling chainfunction &gst_rtp_jitter_buffer_chain with buffer buffer: 0x7fe018003e20, pts 0:00:00.640783501, dts 0:00:00.640783501, dur 99:99:99.999999999, size 1400, offset 18446744073709551615, offset_end 18446744073709551615, flags 0x0
0:00:00.843888899 [333m 7190[00m 0x7fe0480130a0 [33;01mLOG    [00m [00;01;42m          GST_BUFFER gstbuffer.c:1479:gst_buffer_map_range:[00m buffer 0x7fe018003e20, idx 0, length 1, flags 0001
0:00:00.843804684 [333m 7190[00m 0x7fe0480444f0 [37mDEBUG  [00m [00;01;31;41m            GST_PADS gstpad.c:5311:do_stream_status:<rtpjitterbuffer1:src>[00m posting stream-status 0
0:00:00.843907644 [333m 7190[00m 0x7fe0480130a0 [33;01mLOG    [00m [00;01;42m          GST_BUFFER gstbuffer.c:207:_get_merged_memory:[00m buffer 0x7fe018003e20, idx 0, length 1
0:00:00.843946652 [333m 7190[00m 0x7fe0480444f0 [37mDEBUG  [00m [00;43m             GST_BUS gstbus.c:312:gst_bus_post:<bus3>[00m [msg 0x7fe028002390] posting on bus stream-status message: 0x7fe028002390, time 99:99:99.999999999, seq-num 206, element 'src', GstMessageStreamStatus, type=(GstStreamStatusType)GST_STREAM_STATUS_TYPE_CREATE, owner=(GstElement)"\(GstRtpJitterBuffer\)\ rtpjitterbuffer1", object=(GstTask)"\(GstTask\)\ task8";
0:00:00.843975443 [333m 7190[00m 0x7fe0480130a0 [37mDEBUG  [00m [00m  gstrtpjitterbuffer gstrtpjitterbuffer.c:1738:gst_rtp_jitter_buffer_chain:<rtpjitterbuffer0>[00m Received packet #19395 at time 0:00:00.640783501, discont 0
0:00:00.844084575 [333m 7190[00m 0x7fe0480130a0 [37mDEBUG  [00m [00m  gstrtpjitterbuffer gstrtpjitterbuffer.c:1784:gst_rtp_jitter_buffer_chain:<rtpjitterbuffer0>[00m expected #19395, got #19395, gap of 0
0:00:00.844108633 [333m 7190[00m 0x7fe0480130a0 [33;01mLOG    [00m [00;01;42m          GST_BUFFER gstbuffer.c:1479:gst_buffer_map_range:[00m buffer 0x7fe018003e20, idx 0, length 1, flags 0001
0:00:00.844127554 [333m 7190[00m 0x7fe0480130a0 [33;01mLOG    [00m [00;01;42m          GST_BUFFER gstbuffer.c:207:_get_merged_memory:[00m buffer 0x7fe018003e20, idx 0, length 1
0:00:00.844042464 [333m 7190[00m 0x7fe0480444f0 [37mDEBUG  [00m [00;01m                 bin gstbin.c:3342:gst_bin_handle_message_func:<manager>[00m [msg 0x7fe028002390] handling child src message of type stream-status
0:00:00.844177895 [333m 7190[00m 0x7fe0480444f0 [37mDEBUG  [00m [00;01m                 bin gstbin.c:3639:gst_bin_handle_message_func:<manager>[00m posting message upward
0:00:00.844222467 [333m 7190[00m 0x7fe0480130a0 [33;01mLOG    [00m [00;01;42m          GST_BUFFER gstbuffer.c:1479:gst_buffer_map_range:[00m buffer 0x7fe018003d10, idx 0, length 1, flags 0001
0:00:00.844263721 [333m 7190[00m 0x7fe0480130a0 [33;01mLOG    [00m [00;01;42m          GST_BUFFER gstbuffer.c:207:_get_merged_memory:[00m buffer 0x7fe018003d10, idx 0, length 1
0:00:00.844212319 [333m 7190[00m 0x7fe0480444f0 [37mDEBUG  [00m [00;43m             GST_BUS gstbus.c:312:gst_bus_post:<bus0>[00m [msg 0x7fe028002390] posting on bus stream-status message: 0x7fe028002390, time 99:99:99.999999999, seq-num 206, element 'src', GstMessageStreamStatus, type=(GstStreamStatusType)GST_STREAM_STATUS_TYPE_CREATE, owner=(GstElement)"\(GstRtpJitterBuffer\)\ rtpjitterbuffer1", object=(GstTask)"\(GstTask\)\ task8";
0:00:00.844285409 [333m 7190[00m 0x7fe0480130a0 [37mDEBUG  [00m [00m  gstrtpjitterbuffer gstrtpjitterbuffer.c:1908:gst_rtp_jitter_buffer_chain:<rtpjitterbuffer0>[00m Pushed packet #19395, now 3 packets, tail: 0
0:00:00.844367231 [333m 7190[00m 0x7fe0480130a0 [33;01mLOG    [00m [00;01;35m      GST_SCHEDULING gstpad.c:3715:gst_pad_chain_data_unchecked:<rtpjitterbuffer0:sink>[00m called chainfunction &gst_rtp_jitter_buffer_chain with buffer 0x7fe018003e20, returned ok
0:00:00.844393669 [333m 7190[00m 0x7fe0480130a0 [33;01mLOG    [00m [00;01;35m      GST_SCHEDULING gstpad.c:3715:gst_pad_chain_data_unchecked:<rtpssrcdemux0:sink>[00m called chainfunction &0x7fe0459b24f0 with buffer 0x7fe018003e20, returned ok
0:00:00.844414642 [333m 7190[00m 0x7fe0480130a0 [33;01mLOG    [00m [00;01;35m      GST_SCHEDULING gstpad.c:3715:gst_pad_chain_data_unchecked:<rtpsession0:recv_rtp_sink>[00m called chainfunction &0x7fe0459c4320 with buffer 0x7fe018003e20, returned ok
0:00:00.844447754 [333m 7190[00m 0x7fe0480130a0 [33;01mLOG    [00m [00;01;35m      GST_SCHEDULING gstpad.c:3715:gst_pad_chain_data_unchecked:<manager:recv_rtp_sink_0>[00m called chainfunction &gst_proxy_pad_chain_default with buffer 0x7fe018003e20, returned ok
0:00:00.844325567 [333m 7190[00m 0x7fe0480444f0 [37mDEBUG  [00m [00;01m                 bin gstbin.c:3342:gst_bin_handle_message_func:<rtspsrc0>[00m [msg 0x7fe028002390] handling child src message of type stream-status
0:00:00.844502901 [333m 7190[00m 0x7fe0480444f0 [37mDEBUG  [00m [00;01m                 bin gstbin.c:3639:gst_bin_handle_message_func:<rtspsrc0>[00m posting message upward
0:00:00.844467231 [333m 7190[00m 0x7fe0480130a0 [33;01mLOG    [00m [00m             basesrc gstbasesrc.c:2663:gst_base_src_loop:<udpsrc0>[00m next_ts 99:99:99.999999999 size 4096
0:00:00.844536741 [333m 7190[00m 0x7fe0480444f0 [37mDEBUG  [00m [00;43m             GST_BUS gstbus.c:312:gst_bus_post:<bus1>[00m [msg 0x7fe028002390] posting on bus stream-status message: 0x7fe028002390, time 99:99:99.999999999, seq-num 206, element 'src', GstMessageStreamStatus, type=(GstStreamStatusType)GST_STREAM_STATUS_TYPE_CREATE, owner=(GstElement)"\(GstRtpJitterBuffer\)\ rtpjitterbuffer1", object=(GstTask)"\(GstTask\)\ task8";
0:00:00.844579388 [333m 7190[00m 0x7fe0480130a0 [37mDEBUG  [00m [00m             basesrc gstbasesrc.c:2388:gst_base_src_get_range:<udpsrc0>[00m calling create offset 18446744073709551615 length 4096, time 0
0:00:00.844699435 [333m 7190[00m 0x7fe0480130a0 [33;01mLOG    [00m [00m              udpsrc gstudpsrc.c:469:gst_udpsrc_create:<udpsrc0>[00m ioctl says 1400 bytes available
0:00:00.844719541 [333m 7190[00m 0x7fe0480130a0 [37mDEBUG  [00m [00;01;34m          GST_MEMORY gstmemory.c:138:gst_memory_init:[00m new memory 0x7fe03c00ed50, maxsize:1407 offset:0 size:1400
0:00:00.844734098 [333m 7190[00m 0x7fe0480130a0 [33;01mLOG    [00m [00;01;42m          GST_BUFFER gstbuffer.c:628:gst_buffer_new:[00m new 0x7fe03c005000
0:00:00.844749647 [333m 7190[00m 0x7fe0480130a0 [33;01mLOG    [00m [00;01;42m          GST_BUFFER gstbuffer.c:297:_memory_add:[00m buffer 0x7fe03c005000, idx -1, mem 0x7fe03c00ed50, lock 1
0:00:00.844651983 [333m 7190[00m 0x7fe0480444f0 [37mDEBUG  [00m [00;01m                 bin gstbin.c:3342:gst_bin_handle_message_func:<pipeline0>[00m [msg 0x7fe028002390] handling child src message of type stream-status
0:00:00.844764580 [333m 7190[00m 0x7fe0480130a0 [33;01mLOG    [00m [00;01;42m          GST_BUFFER gstbuffer.c:682:gst_buffer_new_allocate:[00m new buffer 0x7fe03c005000 of size 1400 from allocator (nil)
0:00:00.844858001 [333m 7190[00m 0x7fe0480130a0 [33;01mLOG    [00m [00;01;42m          GST_BUFFER gstbuffer.c:1479:gst_buffer_map_range:[00m buffer 0x7fe03c005000, idx 0, length -1, flags 0002
0:00:00.844894547 [333m 7190[00m 0x7fe0480130a0 [33;01mLOG    [00m [00;01;42m          GST_BUFFER gstbuffer.c:207:_get_merged_memory:[00m buffer 0x7fe03c005000, idx 0, length 1
0:00:00.844818088 [333m 7190[00m 0x7fe0480444f0 [37mDEBUG  [00m [00;01m                 bin gstbin.c:3639:gst_bin_handle_message_func:<pipeline0>[00m posting message upward
0:00:00.844950973 [333m 7190[00m 0x7fe0480130a0 [33;01mLOG    [00m [00;01;42m          GST_BUFFER gstbuffer.c:1342:gst_buffer_resize_range:[00m trim 0x7fe03c005000 0-1400 size:1400 offs:0 max:1407
0:00:00.844941986 [333m 7190[00m 0x7fe0480444f0 [37mDEBUG  [00m [00;43m             GST_BUS gstbus.c:312:gst_bus_post:<bus2>[00m [msg 0x7fe028002390] posting on bus stream-status message: 0x7fe028002390, time 99:99:99.999999999, seq-num 206, element 'src', GstMessageStreamStatus, type=(GstStreamStatusType)GST_STREAM_STATUS_TYPE_CREATE, owner=(GstElement)"\(GstRtpJitterBuffer\)\ rtpjitterbuffer1", object=(GstTask)"\(GstTask\)\ task8";
0:00:00.845008502 [333m 7190[00m 0x7fe0480444f0 [37mDEBUG  [00m [00;43m             GST_BUS gstbus.c:347:gst_bus_post:<bus2>[00m [msg 0x7fe028002390] pushing on async queue
0:00:00.845043462 [333m 7190[00m 0x7fe0480444f0 [33;01mLOG    [00m [00m            GST_POLL gstpoll.c:186:raise_wakeup:[00m 0x106fed0: raise
0:00:00.845089207 [333m 7190[00m 0x7fe0480130a0 [37mDEBUG  [00m [00;01;42m          GST_BUFFER gstbuffer.c:1926:gst_buffer_add_meta:[00m alloc metadata 0x109c768 (GstNetAddressMeta) of size 24
0:00:00.845119235 [333m 7190[00m 0x7fe0480130a0 [33;01mLOG    [00m [00m              udpsrc gstudpsrc.c:525:gst_udpsrc_create:<udpsrc0>[00m read 1400 bytes
0:00:00.845092687 [333m 7190[00m       0xf29a30 [33;01mLOG    [00m [00;43m             GST_BUS gstbus.c:498:gst_bus_timed_pop_filtered:<bus2>[00m have 1 messages
0:00:00.845181236 [333m 7190[00m       0xf29a30 [33;01mLOG    [00m [00m            GST_POLL gstpoll.c:201:release_wakeup:[00m 0x106fed0: release
0:00:00.845219739 [333m 7190[00m       0xf29a30 [37mDEBUG  [00m [00;43m             GST_BUS gstbus.c:506:gst_bus_timed_pop_filtered:<bus2>[00m got message 0x7fe028002390, stream-status from src, type mask is 4294967295
0:00:00.845228809 [333m 7190[00m 0x7fe0480130a0 [37mDEBUG  [00m [00;01;33m           GST_CLOCK gstclock.c:952:gst_clock_get_internal_time:<GstSystemClock>[00m internal time 16:06:48.919879781
0:00:00.845298652 [333m 7190[00m       0xf29a30 [37mDEBUG  [00m [00;43m             GST_BUS gstbus.c:767:gst_bus_source_dispatch:<bus2>[00m source 0x106f2c0 calling dispatch with stream-status message: 0x7fe028002390, time 99:99:99.999999999, seq-num 206, element 'src', GstMessageStreamStatus, type=(GstStreamStatusType)GST_STREAM_STATUS_TYPE_CREATE, owner=(GstElement)"\(GstRtpJitterBuffer\)\ rtpjitterbuffer1", object=(GstTask)"\(GstTask\)\ task8";
0:00:00.845347721 [333m 7190[00m       0xf29a30 [37mDEBUG  [00m [00;43m             GST_BUS gstbus.c:973:poll_func:[00m mainloop 0x109d830 quit
0:00:00.845325835 [333m 7190[00m 0x7fe0480130a0 [37mDEBUG  [00m [00;01;33m           GST_CLOCK gstclock.c:997:gst_clock_get_time:<GstSystemClock>[00m adjusted time 16:06:48.919879781
0:00:00.845401680 [333m 7190[00m 0x7fe0480130a0 [33;01mLOG    [00m [00m             basesrc gstbasesrc.c:2205:gst_base_src_do_sync:<udpsrc0>[00m created DTS 0:00:00.644676626
0:00:00.845439994 [333m 7190[00m 0x7fe0480130a0 [33;01mLOG    [00m [00m             basesrc gstbasesrc.c:2215:gst_base_src_do_sync:<udpsrc0>[00m created PTS 0:00:00.644676626
0:00:00.845457781 [333m 7190[00m 0x7fe0480130a0 [37mDEBUG  [00m [00m             basesrc gstbasesrc.c:2253:gst_base_src_do_sync:<udpsrc0>[00m no sync needed
0:00:00.845473663 [333m 7190[00m 0x7fe0480130a0 [37mDEBUG  [00m [00m             basesrc gstbasesrc.c:2451:gst_base_src_get_range:<udpsrc0>[00m buffer ok
0:00:00.845365620 [333m 7190[00m       0xf29a30 [37mDEBUG  [00m [00;43m             GST_BUS gstbus.c:772:gst_bus_source_dispatch:<bus2>[00m source 0x106f2c0 handler returns 1
0:00:00.845510671 [333m 7190[00m       0xf29a30 [37mDEBUG  [00m [00;43m             GST_BUS gstbus.c:1083:gst_bus_poll:[00m mainloop stopped 0x109d830
0:00:00.845526760 [333m 7190[00m       0xf29a30 [37mDEBUG  [00m [00;43m             GST_BUS gstbus.c:1328:gst_bus_remove_signal_watch:<bus2>[00m removing signal watch 90
0:00:00.845540636 [333m 7190[00m       0xf29a30 [37mDEBUG  [00m [00;43m             GST_BUS gstbus.c:793:gst_bus_source_finalize:<bus2>[00m finalize source 0x106f2c0
0:00:00.845555517 [333m 7190[00m       0xf29a30 [37mDEBUG  [00m [00;43m             GST_BUS gstbus.c:1096:gst_bus_poll:<bus2>[00m finished poll with message 0x7fe028002390
0:00:00.845567742 [333m 7190[00m       0xf29a30 [33;01mLOG    [00m [00;01;37;41m         GST_MESSAGE gstmessage.c:184:_gst_message_free:[00m finalize message 0x7fe028002390, stream-status from src
0:00:00.845593223 [333m 7190[00m       0xf29a30 [37mDEBUG  [00m [00;43m             GST_BUS gstbus.c:870:gst_bus_add_watch_full_unlocked:<bus2>[00m New source 0x106f2c0 with id 91
0:00:00.845606448 [333m 7190[00m       0xf29a30 [37mDEBUG  [00m [00;43m             GST_BUS gstbus.c:1081:gst_bus_poll:[00m running mainloop 0x10a0770
0:00:00.845101609 [333m 7190[00m 0x7fe0480444f0 [37mDEBUG  [00m [00;43m             GST_BUS gstbus.c:350:gst_bus_post:<bus2>[00m [msg 0x7fe028002390] pushed on async queue
0:00:00.845658923 [333m 7190[00m 0x7fe0480444f0 [37mDEBUG  [00m [00;43m             GST_BUS gstbus.c:343:gst_bus_post:<bus1>[00m [msg 0x7fe028002390] dropped
0:00:00.845705059 [333m 7190[00m 0x7fe0480444f0 [37mDEBUG  [00m [00;43m             GST_BUS gstbus.c:343:gst_bus_post:<bus0>[00m [msg 0x7fe028002390] dropped
0:00:00.845740120 [333m 7190[00m 0x7fe0480444f0 [37mDEBUG  [00m [00;43m             GST_BUS gstbus.c:343:gst_bus_post:<bus3>[00m [msg 0x7fe028002390] dropped
0:00:00.845774623 [333m 7190[00m 0x7fe0480444f0 [37mDEBUG  [00m [00m                task gsttask.c:662:gst_task_set_state:<task8>[00m Changing task 0x7fe04805a7e0 to state 0
0:00:00.845487515 [333m 7190[00m 0x7fe0480130a0 [33;01mLOG    [00m [00;01;35m      GST_SCHEDULING gstpad.c:3709:gst_pad_chain_data_unchecked:<manager:recv_rtp_sink_0>[00m calling chainfunction &gst_proxy_pad_chain_default with buffer buffer: 0x7fe03c005000, pts 0:00:00.644676626, dts 0:00:00.644676626, dur 99:99:99.999999999, size 1400, offset 18446744073709551615, offset_end 18446744073709551615, flags 0x0
0:00:00.845921031 [333m 7190[00m 0x7fe0480130a0 [33;01mLOG    [00m [00;01;35m      GST_SCHEDULING gstpad.c:3709:gst_pad_chain_data_unchecked:<rtpsession0:recv_rtp_sink>[00m calling chainfunction &0x7fe0459c4320 with buffer buffer: 0x7fe03c005000, pts 0:00:00.644676626, dts 0:00:00.644676626, dur 99:99:99.999999999, size 1400, offset 18446744073709551615, offset_end 18446744073709551615, flags 0x0
0:00:00.845945377 [333m 7190[00m 0x7fe0480130a0 [33;01mLOG    [00m [00m          rtpsession gstrtpsession.c:1621:gst_rtp_session_chain_recv_rtp:<rtpsession0>[00m received RTP packet
0:00:00.845957404 [333m 7190[00m 0x7fe0480130a0 [37mDEBUG  [00m [00;01;33m           GST_CLOCK gstclock.c:952:gst_clock_get_internal_time:<GstSystemClock>[00m internal time 16:06:48.920609930
0:00:00.845971328 [333m 7190[00m 0x7fe0480130a0 [37mDEBUG  [00m [00;01;33m           GST_CLOCK gstclock.c:997:gst_clock_get_time:<GstSystemClock>[00m adjusted time 16:06:48.920609930
0:00:00.845992007 [333m 7190[00m 0x7fe0480130a0 [33;01mLOG    [00m [00;01;42m          GST_BUFFER gstbuffer.c:1479:gst_buffer_map_range:[00m buffer 0x7fe03c005000, idx 0, length 1, flags 0001
0:00:00.845974315 [333m 7190[00m 0x7fe0480444f0 [37mDEBUG  [00m [00;01;31;41m            GST_PADS gstpad.c:1091:gst_pad_activate_mode:<rtpjitterbuffer1:src>[00m activated in push mode
0:00:00.846050865 [333m 7190[00m 0x7fe028002ed0 [37mDEBUG  [00m [00m                task gsttask.c:270:gst_task_func:[00m Entering task 0x7fe04805a7e0, thread 0x7fe028002ed0
0:00:00.846007425 [333m 7190[00m 0x7fe0480130a0 [33;01mLOG    [00m [00;01;42m          GST_BUFFER gstbuffer.c:207:_get_merged_memory:[00m buffer 0x7fe03c005000, idx 0, length 1
0:00:00.846145776 [333m 7190[00m 0x7fe0480130a0 [33;01mLOG    [00m [00;01;42m          GST_BUFFER gstbuffer.c:1479:gst_buffer_map_range:[00m buffer 0x7fe03c005000, idx 0, length 1, flags 0001
0:00:00.846165834 [333m 7190[00m 0x7fe0480130a0 [33;01mLOG    [00m [00;01;42m          GST_BUFFER gstbuffer.c:207:_get_merged_memory:[00m buffer 0x7fe03c005000, idx 0, length 1
0:00:00.846182475 [333m 7190[00m 0x7fe0480130a0 [33;01mLOG    [00m [00;01;42m          GST_BUFFER gstbuffer.c:1479:gst_buffer_map_range:[00m buffer 0x7fe03c005000, idx 0, length 1, flags 0001
0:00:00.846214858 [333m 7190[00m 0x7fe0480130a0 [33;01mLOG    [00m [00;01;42m          GST_BUFFER gstbuffer.c:207:_get_merged_memory:[00m buffer 0x7fe03c005000, idx 0, length 1
0:00:00.846249471 [333m 7190[00m 0x7fe0480130a0 [33;01mLOG    [00m [00m           rtpsource rtpsource.c:1099:rtp_source_process_rtp:[00m seq 19396, PC: 4, OC: 5552
0:00:00.846266697 [333m 7190[00m 0x7fe0480130a0 [33;01mLOG    [00m [00;01;42m          GST_BUFFER gstbuffer.c:1479:gst_buffer_map_range:[00m buffer 0x7fe03c005000, idx 0, length 1, flags 0001
0:00:00.846279891 [333m 7190[00m 0x7fe0480130a0 [33;01mLOG    [00m [00;01;42m          GST_BUFFER gstbuffer.c:207:_get_merged_memory:[00m buffer 0x7fe03c005000, idx 0, length 1
0:00:00.846066564 [333m 7190[00m 0x7fe0480444f0 [37mDEBUG  [00m [00;01;31;41m            GST_PADS gstpad.c:953:gst_pad_set_active:<rtpjitterbuffer1:sink>[00m activating pad from none
0:00:00.846105406 [333m 7190[00m 0x7fe028002ed0 [37mDEBUG  [00m [00;01;31;41m            GST_PADS gstpad.c:5282:do_stream_status:<rtpjitterbuffer1:src>[00m doing stream-status 1
0:00:00.846291746 [333m 7190[00m 0x7fe0480130a0 [33;01mLOG    [00m [00m           rtpsource rtpsource.c:885:calculate_jitter:[00m SSRC 457ea06a got payload 96
0:00:00.846426521 [333m 7190[00m 0x7fe0480130a0 [33;01mLOG    [00m [00m           rtpsource rtpsource.c:920:calculate_jitter:[00m rtparrival 58020, rtptime 3372290918, clock-rate 90000, diff 350, jitter: 202.125000
0:00:00.846503500 [333m 7190[00m 0x7fe0480130a0 [33;01mLOG    [00m [00m           rtpsource rtpsource.c:822:push_packet:[00m pushing new packet
0:00:00.846535982 [333m 7190[00m 0x7fe0480130a0 [33;01mLOG    [00m [00m          rtpsession rtpsession.c:1123:source_push_rtp:[00m source 457ea06a pushed receiver RTP packet
0:00:00.846555227 [333m 7190[00m 0x7fe0480130a0 [33;01mLOG    [00m [00m          rtpsession gstrtpsession.c:1068:gst_rtp_session_process_rtp:<rtpsession0>[00m pushing received RTP packet
0:00:00.846567874 [333m 7190[00m 0x7fe0480130a0 [33;01mLOG    [00m [00;01;35m      GST_SCHEDULING gstpad.c:3709:gst_pad_chain_data_unchecked:<rtpssrcdemux0:sink>[00m calling chainfunction &0x7fe0459b24f0 with buffer buffer: 0x7fe03c005000, pts 0:00:00.644676626, dts 0:00:00.644676626, dur 99:99:99.999999999, size 1400, offset 18446744073709551615, offset_end 18446744073709551615, flags 0x0
0:00:00.846396537 [333m 7190[00m 0x7fe028002ed0 [33;01mLOG    [00m [00;01;37;41m         GST_MESSAGE gstmessage.c:282:gst_message_new_custom:[00m source src: creating new message 0x7fe02c001ba0 stream-status
0:00:00.846651924 [333m 7190[00m 0x7fe028002ed0 [37mDEBUG  [00m [00;01;31;41m            GST_PADS gstpad.c:5311:do_stream_status:<rtpjitterbuffer1:src>[00m posting stream-status 1
0:00:00.846346780 [333m 7190[00m 0x7fe0480444f0 [37mDEBUG  [00m [00;01;31;41m            GST_PADS gstpad.c:870:pre_activate:<rtpjitterbuffer1:sink>[00m setting pad into push mode, unset flushing
0:00:00.846605071 [333m 7190[00m 0x7fe0480130a0 [33;01mLOG    [00m [00;01;42m          GST_BUFFER gstbuffer.c:1479:gst_buffer_map_range:[00m buffer 0x7fe03c005000, idx 0, length 1, flags 0001
0:00:00.846794303 [333m 7190[00m 0x7fe0480130a0 [33;01mLOG    [00m [00;01;42m          GST_BUFFER gstbuffer.c:207:_get_merged_memory:[00m buffer 0x7fe03c005000, idx 0, length 1
0:00:00.846832027 [333m 7190[00m 0x7fe0480130a0 [37mDEBUG  [00m [00m        rtpssrcdemux gstrtpssrcdemux.c:627:gst_rtp_ssrc_demux_chain:<rtpssrcdemux0>[00m received buffer of SSRC 457ea06a
