0:00:00.532432044 [333m 7190[00m       0xf29a30 [33;01mLOG    [00m [00;01;37;41m         GST_MESSAGE gstmessage.c:184:_gst_message_free:[00m finalize message 0x7fe048005140, state-changed from rtpssrcdemux0
0:00:00.532445888 [333m 7190[00m       0xf29a30 [37mDEBUG  [00m [00;43m             GST_BUS gstbus.c:870:gst_bus_add_watch_full_unlocked:<bus2>[00m New source 0x106f2c0 with id 41
0:00:00.532455312 [333m 7190[00m       0xf29a30 [37mDEBUG  [00m [00;43m             GST_BUS gstbus.c:1081:gst_bus_poll:[00m running mainloop 0x10828e0
0:00:00.532467195 [333m 7190[00m       0xf29a30 [33;01mLOG    [00m [00;43m             GST_BUS gstbus.c:498:gst_bus_timed_pop_filtered:<bus2>[00m have 10 messages
0:00:00.532476423 [333m 7190[00m       0xf29a30 [37mDEBUG  [00m [00;43m             GST_BUS gstbus.c:506:gst_bus_timed_pop_filtered:<bus2>[00m got message 0x7fe0480050c0, state-changed from rtpssrcdemux0, type mask is 4294967295
0:00:00.532486567 [333m 7190[00m       0xf29a30 [37mDEBUG  [00m [00;43m             GST_BUS gstbus.c:767:gst_bus_source_dispatch:<bus2>[00m source 0x106f2c0 calling dispatch with state-changed message: 0x7fe0480050c0, time 99:99:99.999999999, seq-num 48, element 'rtpssrcdemux0', GstMessageStateChanged, old-state=(GstState)GST_STATE_READY, new-state=(GstState)GST_STATE_PAUSED, pending-state=(GstState)GST_STATE_VOID_PENDING;
0:00:00.532558098 [333m 7190[00m       0xf29a30 [37mDEBUG  [00m [00;43m             GST_BUS gstbus.c:973:poll_func:[00m mainloop 0x10828e0 quit
0:00:00.532573695 [333m 7190[00m       0xf29a30 [37mDEBUG  [00m [00;43m             GST_BUS gstbus.c:772:gst_bus_source_dispatch:<bus2>[00m source 0x106f2c0 handler returns 1
0:00:00.532584480 [333m 7190[00m       0xf29a30 [37mDEBUG  [00m [00;43m             GST_BUS gstbus.c:1083:gst_bus_poll:[00m mainloop stopped 0x10828e0
0:00:00.532593138 [333m 7190[00m       0xf29a30 [37mDEBUG  [00m [00;43m             GST_BUS gstbus.c:1328:gst_bus_remove_signal_watch:<bus2>[00m removing signal watch 41
0:00:00.532602918 [333m 7190[00m       0xf29a30 [37mDEBUG  [00m [00;43m             GST_BUS gstbus.c:793:gst_bus_source_finalize:<bus2>[00m finalize source 0x106f2c0
0:00:00.532613169 [333m 7190[00m       0xf29a30 [37mDEBUG  [00m [00;43m             GST_BUS gstbus.c:1096:gst_bus_poll:<bus2>[00m finished poll with message 0x7fe0480050c0
0:00:00.532622122 [333m 7190[00m       0xf29a30 [33;01mLOG    [00m [00;01;37;41m         GST_MESSAGE gstmessage.c:184:_gst_message_free:[00m finalize message 0x7fe0480050c0, state-changed from rtpssrcdemux0
0:00:00.532637310 [333m 7190[00m       0xf29a30 [37mDEBUG  [00m [00;43m             GST_BUS gstbus.c:870:gst_bus_add_watch_full_unlocked:<bus2>[00m New source 0x106f2c0 with id 42
0:00:00.532657256 [333m 7190[00m       0xf29a30 [37mDEBUG  [00m [00;43m             GST_BUS gstbus.c:1081:gst_bus_poll:[00m running mainloop 0x1097540
0:00:00.532675669 [333m 7190[00m       0xf29a30 [33;01mLOG    [00m [00;43m             GST_BUS gstbus.c:498:gst_bus_timed_pop_filtered:<bus2>[00m have 9 messages
0:00:00.532685506 [333m 7190[00m       0xf29a30 [37mDEBUG  [00m [00;43m             GST_BUS gstbus.c:506:gst_bus_timed_pop_filtered:<bus2>[00m got message 0x7fe048005040, state-changed from rtpsession0, type mask is 4294967295
0:00:00.532695943 [333m 7190[00m       0xf29a30 [37mDEBUG  [00m [00;43m             GST_BUS gstbus.c:767:gst_bus_source_dispatch:<bus2>[00m source 0x106f2c0 calling dispatch with state-changed message: 0x7fe048005040, time 99:99:99.999999999, seq-num 49, element 'rtpsession0', GstMessageStateChanged, old-state=(GstState)GST_STATE_NULL, new-state=(GstState)GST_STATE_READY, pending-state=(GstState)GST_STATE_PAUSED;
0:00:00.532714859 [333m 7190[00m       0xf29a30 [37mDEBUG  [00m [00;43m             GST_BUS gstbus.c:973:poll_func:[00m mainloop 0x1097540 quit
0:00:00.532725469 [333m 7190[00m       0xf29a30 [37mDEBUG  [00m [00;43m             GST_BUS gstbus.c:772:gst_bus_source_dispatch:<bus2>[00m source 0x106f2c0 handler returns 1
0:00:00.532735640 [333m 7190[00m       0xf29a30 [37mDEBUG  [00m [00;43m             GST_BUS gstbus.c:1083:gst_bus_poll:[00m mainloop stopped 0x1097540
0:00:00.532744235 [333m 7190[00m       0xf29a30 [37mDEBUG  [00m [00;43m             GST_BUS gstbus.c:1328:gst_bus_remove_signal_watch:<bus2>[00m removing signal watch 42
0:00:00.532754078 [333m 7190[00m       0xf29a30 [37mDEBUG  [00m [00;43m             GST_BUS gstbus.c:793:gst_bus_source_finalize:<bus2>[00m finalize source 0x106f2c0
0:00:00.532764508 [333m 7190[00m       0xf29a30 [37mDEBUG  [00m [00;43m             GST_BUS gstbus.c:1096:gst_bus_poll:<bus2>[00m finished poll with message 0x7fe048005040
0:00:00.532773409 [333m 7190[00m       0xf29a30 [33;01mLOG    [00m [00;01;37;41m         GST_MESSAGE gstmessage.c:184:_gst_message_free:[00m finalize message 0x7fe048005040, state-changed from rtpsession0
0:00:00.532787918 [333m 7190[00m       0xf29a30 [37mDEBUG  [00m [00;43m             GST_BUS gstbus.c:870:gst_bus_add_watch_full_unlocked:<bus2>[00m New source 0x106f2c0 with id 43
0:00:00.532829679 [333m 7190[00m       0xf29a30 [37mDEBUG  [00m [00;43m             GST_BUS gstbus.c:1081:gst_bus_poll:[00m running mainloop 0x10828e0
0:00:00.532847092 [333m 7190[00m       0xf29a30 [33;01mLOG    [00m [00;43m             GST_BUS gstbus.c:498:gst_bus_timed_pop_filtered:<bus2>[00m have 8 messages
0:00:00.532857012 [333m 7190[00m       0xf29a30 [37mDEBUG  [00m [00;43m             GST_BUS gstbus.c:506:gst_bus_timed_pop_filtered:<bus2>[00m got message 0x10a0f20, state-changed from rtpsession0, type mask is 4294967295
0:00:00.532867574 [333m 7190[00m       0xf29a30 [37mDEBUG  [00m [00;43m             GST_BUS gstbus.c:767:gst_bus_source_dispatch:<bus2>[00m source 0x106f2c0 calling dispatch with state-changed message: 0x10a0f20, time 99:99:99.999999999, seq-num 50, element 'rtpsession0', GstMessageStateChanged, old-state=(GstState)GST_STATE_READY, new-state=(GstState)GST_STATE_PAUSED, pending-state=(GstState)GST_STATE_VOID_PENDING;
0:00:00.532886883 [333m 7190[00m       0xf29a30 [37mDEBUG  [00m [00;43m             GST_BUS gstbus.c:973:poll_func:[00m mainloop 0x10828e0 quit
0:00:00.532897651 [333m 7190[00m       0xf29a30 [37mDEBUG  [00m [00;43m             GST_BUS gstbus.c:772:gst_bus_source_dispatch:<bus2>[00m source 0x106f2c0 handler returns 1
0:00:00.532907857 [333m 7190[00m       0xf29a30 [37mDEBUG  [00m [00;43m             GST_BUS gstbus.c:1083:gst_bus_poll:[00m mainloop stopped 0x10828e0
0:00:00.532916498 [333m 7190[00m       0xf29a30 [37mDEBUG  [00m [00;43m             GST_BUS gstbus.c:1328:gst_bus_remove_signal_watch:<bus2>[00m removing signal watch 43
0:00:00.532926368 [333m 7190[00m       0xf29a30 [37mDEBUG  [00m [00;43m             GST_BUS gstbus.c:793:gst_bus_source_finalize:<bus2>[00m finalize source 0x106f2c0
0:00:00.532936529 [333m 7190[00m       0xf29a30 [37mDEBUG  [00m [00;43m             GST_BUS gstbus.c:1096:gst_bus_poll:<bus2>[00m finished poll with message 0x10a0f20
0:00:00.532945495 [333m 7190[00m       0xf29a30 [33;01mLOG    [00m [00;01;37;41m         GST_MESSAGE gstmessage.c:184:_gst_message_free:[00m finalize message 0x10a0f20, state-changed from rtpsession0
0:00:00.532960199 [333m 7190[00m       0xf29a30 [37mDEBUG  [00m [00;43m             GST_BUS gstbus.c:870:gst_bus_add_watch_full_unlocked:<bus2>[00m New source 0x106f2c0 with id 44
0:00:00.532969772 [333m 7190[00m       0xf29a30 [37mDEBUG  [00m [00;43m             GST_BUS gstbus.c:1081:gst_bus_poll:[00m running mainloop 0x1097540
0:00:00.532981585 [333m 7190[00m       0xf29a30 [33;01mLOG    [00m [00;43m             GST_BUS gstbus.c:498:gst_bus_timed_pop_filtered:<bus2>[00m have 7 messages
0:00:00.532990908 [333m 7190[00m       0xf29a30 [37mDEBUG  [00m [00;43m             GST_BUS gstbus.c:506:gst_bus_timed_pop_filtered:<bus2>[00m got message 0x10a0ea0, progress from rtspsrc0, type mask is 4294967295
0:00:00.533001102 [333m 7190[00m       0xf29a30 [37mDEBUG  [00m [00;43m             GST_BUS gstbus.c:767:gst_bus_source_dispatch:<bus2>[00m source 0x106f2c0 calling dispatch with progress message: 0x10a0ea0, time 99:99:99.999999999, seq-num 92, element 'rtspsrc0', GstMessageProgress, type=(GstProgressType)GST_PROGRESS_TYPE_CONTINUE, code=(string)request, text=(string)"SETUP\ stream\ 1", percent=(int)0, timeout=(int)-1;
0:00:00.533020958 [333m 7190[00m       0xf29a30 [37mDEBUG  [00m [00;43m             GST_BUS gstbus.c:973:poll_func:[00m mainloop 0x1097540 quit
0:00:00.533031489 [333m 7190[00m       0xf29a30 [37mDEBUG  [00m [00;43m             GST_BUS gstbus.c:772:gst_bus_source_dispatch:<bus2>[00m source 0x106f2c0 handler returns 1
0:00:00.533041860 [333m 7190[00m       0xf29a30 [37mDEBUG  [00m [00;43m             GST_BUS gstbus.c:1083:gst_bus_poll:[00m mainloop stopped 0x1097540
0:00:00.533050468 [333m 7190[00m       0xf29a30 [37mDEBUG  [00m [00;43m             GST_BUS gstbus.c:1328:gst_bus_remove_signal_watch:<bus2>[00m removing signal watch 44
0:00:00.533060082 [333m 7190[00m       0xf29a30 [37mDEBUG  [00m [00;43m             GST_BUS gstbus.c:793:gst_bus_source_finalize:<bus2>[00m finalize source 0x106f2c0
0:00:00.533101022 [333m 7190[00m       0xf29a30 [37mDEBUG  [00m [00;43m             GST_BUS gstbus.c:1096:gst_bus_poll:<bus2>[00m finished poll with message 0x10a0ea0
0:00:00.533113387 [333m 7190[00m       0xf29a30 [33;01mLOG    [00m [00;01;37;41m         GST_MESSAGE gstmessage.c:184:_gst_message_free:[00m finalize message 0x10a0ea0, progress from rtspsrc0
0:00:00.533129069 [333m 7190[00m       0xf29a30 [37mDEBUG  [00m [00;43m             GST_BUS gstbus.c:870:gst_bus_add_watch_full_unlocked:<bus2>[00m New source 0x106f2c0 with id 45
0:00:00.533138796 [333m 7190[00m       0xf29a30 [37mDEBUG  [00m [00;43m             GST_BUS gstbus.c:1081:gst_bus_poll:[00m running mainloop 0x10828e0
0:00:00.533151469 [333m 7190[00m       0xf29a30 [33;01mLOG    [00m [00;43m             GST_BUS gstbus.c:498:gst_bus_timed_pop_filtered:<bus2>[00m have 6 messages
0:00:00.533160935 [333m 7190[00m       0xf29a30 [37mDEBUG  [00m [00;43m             GST_BUS gstbus.c:506:gst_bus_timed_pop_filtered:<bus2>[00m got message 0x7fe04803b030, state-changed from rtpssrcdemux1, type mask is 4294967295
0:00:00.533171170 [333m 7190[00m       0xf29a30 [37mDEBUG  [00m [00;43m             GST_BUS gstbus.c:767:gst_bus_source_dispatch:<bus2>[00m source 0x106f2c0 calling dispatch with state-changed message: 0x7fe04803b030, time 99:99:99.999999999, seq-num 94, element 'rtpssrcdemux1', GstMessageStateChanged, old-state=(GstState)GST_STATE_NULL, new-state=(GstState)GST_STATE_READY, pending-state=(GstState)GST_STATE_PAUSED;
0:00:00.533189848 [333m 7190[00m       0xf29a30 [37mDEBUG  [00m [00;43m             GST_BUS gstbus.c:973:poll_func:[00m mainloop 0x10828e0 quit
0:00:00.533200497 [333m 7190[00m       0xf29a30 [37mDEBUG  [00m [00;43m             GST_BUS gstbus.c:772:gst_bus_source_dispatch:<bus2>[00m source 0x106f2c0 handler returns 1
0:00:00.533210618 [333m 7190[00m       0xf29a30 [37mDEBUG  [00m [00;43m             GST_BUS gstbus.c:1083:gst_bus_poll:[00m mainloop stopped 0x10828e0
0:00:00.533219181 [333m 7190[00m       0xf29a30 [37mDEBUG  [00m [00;43m             GST_BUS gstbus.c:1328:gst_bus_remove_signal_watch:<bus2>[00m removing signal watch 45
0:00:00.533229011 [333m 7190[00m       0xf29a30 [37mDEBUG  [00m [00;43m             GST_BUS gstbus.c:793:gst_bus_source_finalize:<bus2>[00m finalize source 0x106f2c0
0:00:00.533239037 [333m 7190[00m       0xf29a30 [37mDEBUG  [00m [00;43m             GST_BUS gstbus.c:1096:gst_bus_poll:<bus2>[00m finished poll with message 0x7fe04803b030
0:00:00.533247839 [333m 7190[00m       0xf29a30 [33;01mLOG    [00m [00;01;37;41m         GST_MESSAGE gstmessage.c:184:_gst_message_free:[00m finalize message 0x7fe04803b030, state-changed from rtpssrcdemux1
0:00:00.533261372 [333m 7190[00m       0xf29a30 [37mDEBUG  [00m [00;43m             GST_BUS gstbus.c:870:gst_bus_add_watch_full_unlocked:<bus2>[00m New source 0x106f2c0 with id 46
0:00:00.533270687 [333m 7190[00m       0xf29a30 [37mDEBUG  [00m [00;43m             GST_BUS gstbus.c:1081:gst_bus_poll:[00m running mainloop 0x1097540
0:00:00.533282407 [333m 7190[00m       0xf29a30 [33;01mLOG    [00m [00;43m             GST_BUS gstbus.c:498:gst_bus_timed_pop_filtered:<bus2>[00m have 5 messages
0:00:00.533291606 [333m 7190[00m       0xf29a30 [37mDEBUG  [00m [00;43m             GST_BUS gstbus.c:506:gst_bus_timed_pop_filtered:<bus2>[00m got message 0x7fe04803b0b0, state-changed from rtpssrcdemux1, type mask is 4294967295
0:00:00.533301695 [333m 7190[00m       0xf29a30 [37mDEBUG  [00m [00;43m             GST_BUS gstbus.c:767:gst_bus_source_dispatch:<bus2>[00m source 0x106f2c0 calling dispatch with state-changed message: 0x7fe04803b0b0, time 99:99:99.999999999, seq-num 95, element 'rtpssrcdemux1', GstMessageStateChanged, old-state=(GstState)GST_STATE_READY, new-state=(GstState)GST_STATE_PAUSED, pending-state=(GstState)GST_STATE_VOID_PENDING;
0:00:00.533318319 [333m 7190[00m       0xf29a30 [37mDEBUG  [00m [00;43m             GST_BUS gstbus.c:973:poll_func:[00m mainloop 0x1097540 quit
0:00:00.533359818 [333m 7190[00m       0xf29a30 [37mDEBUG  [00m [00;43m             GST_BUS gstbus.c:772:gst_bus_source_dispatch:<bus2>[00m source 0x106f2c0 handler returns 1
0:00:00.533373333 [333m 7190[00m       0xf29a30 [37mDEBUG  [00m [00;43m             GST_BUS gstbus.c:1083:gst_bus_poll:[00m mainloop stopped 0x1097540
0:00:00.533382043 [333m 7190[00m       0xf29a30 [37mDEBUG  [00m [00;43m             GST_BUS gstbus.c:1328:gst_bus_remove_signal_watch:<bus2>[00m removing signal watch 46
0:00:00.533391743 [333m 7190[00m       0xf29a30 [37mDEBUG  [00m [00;43m             GST_BUS gstbus.c:793:gst_bus_source_finalize:<bus2>[00m finalize source 0x106f2c0
0:00:00.533402287 [333m 7190[00m       0xf29a30 [37mDEBUG  [00m [00;43m             GST_BUS gstbus.c:1096:gst_bus_poll:<bus2>[00m finished poll with message 0x7fe04803b0b0
0:00:00.533411374 [333m 7190[00m       0xf29a30 [33;01mLOG    [00m [00;01;37;41m         GST_MESSAGE gstmessage.c:184:_gst_message_free:[00m finalize message 0x7fe04803b0b0, state-changed from rtpssrcdemux1
0:00:00.533426340 [333m 7190[00m       0xf29a30 [37mDEBUG  [00m [00;43m             GST_BUS gstbus.c:870:gst_bus_add_watch_full_unlocked:<bus2>[00m New source 0x106f2c0 with id 47
0:00:00.533435976 [333m 7190[00m       0xf29a30 [37mDEBUG  [00m [00;43m             GST_BUS gstbus.c:1081:gst_bus_poll:[00m running mainloop 0x10828e0
0:00:00.533448332 [333m 7190[00m       0xf29a30 [33;01mLOG    [00m [00;43m             GST_BUS gstbus.c:498:gst_bus_timed_pop_filtered:<bus2>[00m have 4 messages
0:00:00.533457569 [333m 7190[00m       0xf29a30 [37mDEBUG  [00m [00;43m             GST_BUS gstbus.c:506:gst_bus_timed_pop_filtered:<bus2>[00m got message 0x7fe04803b130, state-changed from rtpsession1, type mask is 4294967295
0:00:00.533467796 [333m 7190[00m       0xf29a30 [37mDEBUG  [00m [00;43m             GST_BUS gstbus.c:767:gst_bus_source_dispatch:<bus2>[00m source 0x106f2c0 calling dispatch with state-changed message: 0x7fe04803b130, time 99:99:99.999999999, seq-num 96, element 'rtpsession1', GstMessageStateChanged, old-state=(GstState)GST_STATE_NULL, new-state=(GstState)GST_STATE_READY, pending-state=(GstState)GST_STATE_PAUSED;
0:00:00.533485771 [333m 7190[00m       0xf29a30 [37mDEBUG  [00m [00;43m             GST_BUS gstbus.c:973:poll_func:[00m mainloop 0x10828e0 quit
0:00:00.533496401 [333m 7190[00m       0xf29a30 [37mDEBUG  [00m [00;43m             GST_BUS gstbus.c:772:gst_bus_source_dispatch:<bus2>[00m source 0x106f2c0 handler returns 1
0:00:00.533506655 [333m 7190[00m       0xf29a30 [37mDEBUG  [00m [00;43m             GST_BUS gstbus.c:1083:gst_bus_poll:[00m mainloop stopped 0x10828e0
0:00:00.533515216 [333m 7190[00m       0xf29a30 [37mDEBUG  [00m [00;43m             GST_BUS gstbus.c:1328:gst_bus_remove_signal_watch:<bus2>[00m removing signal watch 47
0:00:00.533524872 [333m 7190[00m       0xf29a30 [37mDEBUG  [00m [00;43m             GST_BUS gstbus.c:793:gst_bus_source_finalize:<bus2>[00m finalize source 0x106f2c0
0:00:00.533535027 [333m 7190[00m       0xf29a30 [37mDEBUG  [00m [00;43m             GST_BUS gstbus.c:1096:gst_bus_poll:<bus2>[00m finished poll with message 0x7fe04803b130
0:00:00.533543775 [333m 7190[00m       0xf29a30 [33;01mLOG    [00m [00;01;37;41m         GST_MESSAGE gstmessage.c:184:_gst_message_free:[00m finalize message 0x7fe04803b130, state-changed from rtpsession1
0:00:00.533557412 [333m 7190[00m       0xf29a30 [37mDEBUG  [00m [00;43m             GST_BUS gstbus.c:870:gst_bus_add_watch_full_unlocked:<bus2>[00m New source 0x106f2c0 with id 48
0:00:00.533566726 [333m 7190[00m       0xf29a30 [37mDEBUG  [00m [00;43m             GST_BUS gstbus.c:1081:gst_bus_poll:[00m running mainloop 0x1097540
0:00:00.533578446 [333m 7190[00m       0xf29a30 [33;01mLOG    [00m [00;43m             GST_BUS gstbus.c:498:gst_bus_timed_pop_filtered:<bus2>[00m have 3 messages
0:00:00.533671213 [333m 7190[00m       0xf29a30 [37mDEBUG  [00m [00;43m             GST_BUS gstbus.c:506:gst_bus_timed_pop_filtered:<bus2>[00m got message 0x7fe04803b230, state-changed from rtpsession1, type mask is 4294967295
0:00:00.533677163 [333m 7190[00m      0x109b800 [36mINFO   [00m [00m                task gsttask.c:302:gst_task_func:<task0>[00m Task resume from paused
0:00:00.533746499 [333m 7190[00m      0x109b800 [37mDEBUG  [00m [00m             rtspsrc gstrtspsrc.c:6969:gst_rtspsrc_thread:<rtspsrc0>[00m got command 2
0:00:00.533717361 [333m 7190[00m       0xf29a30 [37mDEBUG  [00m [00;43m             GST_BUS gstbus.c:767:gst_bus_source_dispatch:<bus2>[00m source 0x106f2c0 calling dispatch with state-changed message: 0x7fe04803b230, time 99:99:99.999999999, seq-num 97, element 'rtpsession1', GstMessageStateChanged, old-state=(GstState)GST_STATE_READY, new-state=(GstState)GST_STATE_PAUSED, pending-state=(GstState)GST_STATE_VOID_PENDING;
0:00:00.533758030 [333m 7190[00m      0x109b800 [37mDEBUG  [00m [00m             rtspsrc gstrtspsrc.c:3716:gst_rtspsrc_connection_flush:<rtspsrc0>[00m set flushing 0
0:00:00.533824505 [333m 7190[00m      0x109b800 [37mDEBUG  [00m [00m             rtspsrc gstrtspsrc.c:6544:gst_rtspsrc_play:<rtspsrc0>[00m PLAY...
0:00:00.533844477 [333m 7190[00m      0x109b800 [37mDEBUG  [00m [00m             rtspsrc gstrtspsrc.c:3409:gst_rtspsrc_send_dummy_packets:<rtspsrc0>[00m sending dummy packet to stream 0x7fe048014d00
0:00:00.533857908 [333m 7190[00m      0x109b800 [37mDEBUG  [00m [00;01;31m          GST_STATES gstelement.c:2482:gst_element_set_state_func:<udpsink0>[00m set_state to NULL
0:00:00.533870523 [333m 7190[00m      0x109b800 [37mDEBUG  [00m [00;01;31m          GST_STATES gstelement.c:2520:gst_element_set_state_func:<udpsink0>[00m current NULL, old_pending VOID_PENDING, next VOID_PENDING, old return SUCCESS
0:00:00.533792785 [333m 7190[00m       0xf29a30 [37mDEBUG  [00m [00;43m             GST_BUS gstbus.c:973:poll_func:[00m mainloop 0x1097540 quit
0:00:00.533881581 [333m 7190[00m      0x109b800 [37mDEBUG  [00m [00;01;31m          GST_STATES gstelement.c:2554:gst_element_set_state_func:<udpsink0>[00m final: setting state from NULL to NULL
0:00:00.533945092 [333m 7190[00m      0x109b800 [37mDEBUG  [00m [00;01;31m          GST_STATES gstelement.c:2841:gst_element_change_state_func:<udpsink0>[00m element is already in the NULL state
0:00:00.533970947 [333m 7190[00m      0x109b800 [37mDEBUG  [00m [00;01;31m          GST_STATES gstelement.c:2639:gst_element_change_state:<udpsink0>[00m element changed state SUCCESS
0:00:00.533914669 [333m 7190[00m       0xf29a30 [37mDEBUG  [00m [00;43m             GST_BUS gstbus.c:772:gst_bus_source_dispatch:<bus2>[00m source 0x106f2c0 handler returns 1
0:00:00.534013791 [333m 7190[00m       0xf29a30 [37mDEBUG  [00m [00;43m             GST_BUS gstbus.c:1083:gst_bus_poll:[00m mainloop stopped 0x1097540
0:00:00.534040571 [333m 7190[00m       0xf29a30 [37mDEBUG  [00m [00;43m             GST_BUS gstbus.c:1328:gst_bus_remove_signal_watch:<bus2>[00m removing signal watch 48
0:00:00.533993444 [333m 7190[00m      0x109b800 [36mINFO   [00m [00;01;31m          GST_STATES gstelement.c:2331:gst_element_continue_state:<udpsink0>[00m completed state change to NULL
0:00:00.534090796 [333m 7190[00m      0x109b800 [33;01mLOG    [00m [00;01;31m          GST_STATES gstelement.c:2655:gst_element_change_state:<udpsink0>[00m exit state change 1
0:00:00.534104330 [333m 7190[00m      0x109b800 [37mDEBUG  [00m [00;01;31m          GST_STATES gstelement.c:2566:gst_element_set_state_func:<udpsink0>[00m returned SUCCESS
0:00:00.534070020 [333m 7190[00m       0xf29a30 [37mDEBUG  [00m [00;43m             GST_BUS gstbus.c:793:gst_bus_source_finalize:<bus2>[00m finalize source 0x106f2c0
0:00:00.534114040 [333m 7190[00m      0x109b800 [37mDEBUG  [00m [00;01;31m          GST_STATES gstelement.c:2482:gst_element_set_state_func:<fakesrc0>[00m set_state to NULL
0:00:00.534175611 [333m 7190[00m      0x109b800 [37mDEBUG  [00m [00;01;31m          GST_STATES gstelement.c:2520:gst_element_set_state_func:<fakesrc0>[00m current NULL, old_pending VOID_PENDING, next VOID_PENDING, old return SUCCESS
0:00:00.534208565 [333m 7190[00m      0x109b800 [37mDEBUG  [00m [00;01;31m          GST_STATES gstelement.c:2554:gst_element_set_state_func:<fakesrc0>[00m final: setting state from NULL to NULL
0:00:00.534235037 [333m 7190[00m      0x109b800 [37mDEBUG  [00m [00;01;31m          GST_STATES gstelement.c:2841:gst_element_change_state_func:<fakesrc0>[00m element is already in the NULL state
0:00:00.534259097 [333m 7190[00m      0x109b800 [37mDEBUG  [00m [00;01;31m          GST_STATES gstelement.c:2639:gst_element_change_state:<fakesrc0>[00m element changed state SUCCESS
0:00:00.534272768 [333m 7190[00m      0x109b800 [36mINFO   [00m [00;01;31m          GST_STATES gstelement.c:2331:gst_element_continue_state:<fakesrc0>[00m completed state change to NULL
0:00:00.534284568 [333m 7190[00m      0x109b800 [33;01mLOG    [00m [00;01;31m          GST_STATES gstelement.c:2655:gst_element_change_state:<fakesrc0>[00m exit state change 1
0:00:00.534146089 [333m 7190[00m       0xf29a30 [37mDEBUG  [00m [00;43m             GST_BUS gstbus.c:1096:gst_bus_poll:<bus2>[00m finished poll with message 0x7fe04803b230
0:00:00.534323291 [333m 7190[00m       0xf29a30 [33;01mLOG    [00m [00;01;37;41m         GST_MESSAGE gstmessage.c:184:_gst_message_free:[00m finalize message 0x7fe04803b230, state-changed from rtpsession1
0:00:00.534293456 [333m 7190[00m      0x109b800 [37mDEBUG  [00m [00;01;31m          GST_STATES gstelement.c:2566:gst_element_set_state_func:<fakesrc0>[00m returned SUCCESS
0:00:00.534377213 [333m 7190[00m      0x109b800 [37mDEBUG  [00m [00;01;31m          GST_STATES gstelement.c:2482:gst_element_set_state_func:<udpsink0>[00m set_state to PLAYING
0:00:00.534363147 [333m 7190[00m       0xf29a30 [37mDEBUG  [00m [00;43m             GST_BUS gstbus.c:870:gst_bus_add_watch_full_unlocked:<bus2>[00m New source 0x106f2c0 with id 49
0:00:00.534415386 [333m 7190[00m       0xf29a30 [37mDEBUG  [00m [00;43m             GST_BUS gstbus.c:1081:gst_bus_poll:[00m running mainloop 0x10828e0
0:00:00.534388168 [333m 7190[00m      0x109b800 [37mDEBUG  [00m [00;01;31m          GST_STATES gstelement.c:2507:gst_element_set_state_func:<udpsink0>[00m setting target state to PLAYING
0:00:00.534465703 [333m 7190[00m      0x109b800 [37mDEBUG  [00m [00;01;31m          GST_STATES gstelement.c:2520:gst_element_set_state_func:<udpsink0>[00m current NULL, old_pending VOID_PENDING, next VOID_PENDING, old return SUCCESS
0:00:00.534480492 [333m 7190[00m      0x109b800 [37mDEBUG  [00m [00;01;31m          GST_STATES gstelement.c:2554:gst_element_set_state_func:<udpsink0>[00m intermediate: setting state from NULL to READY
0:00:00.534449949 [333m 7190[00m       0xf29a30 [33;01mLOG    [00m [00;43m             GST_BUS gstbus.c:498:gst_bus_timed_pop_filtered:<bus2>[00m have 2 messages
0:00:00.534517461 [333m 7190[00m       0xf29a30 [37mDEBUG  [00m [00;43m             GST_BUS gstbus.c:506:gst_bus_timed_pop_filtered:<bus2>[00m got message 0x7fe04803b4b0, progress from rtspsrc0, type mask is 4294967295
0:00:00.534557607 [333m 7190[00m      0x109b800 [37mDEBUG  [00m [00m        multiudpsink gstmultiudpsink.c:978:gst_multiudpsink_start:<udpsink0>[00m using configured socket
0:00:00.534576786 [333m 7190[00m      0x109b800 [37mDEBUG  [00m [00m        multiudpsink gstmultiudpsink.c:1118:gst_multiudpsink_start:<udpsink0>[00m have UDP buffer of 229376 bytes
0:00:00.534547330 [333m 7190[00m       0xf29a30 [37mDEBUG  [00m [00;43m             GST_BUS gstbus.c:767:gst_bus_source_dispatch:<bus2>[00m source 0x106f2c0 calling dispatch with progress message: 0x7fe04803b4b0, time 99:99:99.999999999, seq-num 125, element 'rtspsrc0', GstMessageProgress, type=(GstProgressType)GST_PROGRESS_TYPE_COMPLETE, code=(string)open, text=(string)"Opened\ Stream", percent=(int)100, timeout=(int)-1;
0:00:00.534644949 [333m 7190[00m       0xf29a30 [37mDEBUG  [00m [00;43m             GST_BUS gstbus.c:973:poll_func:[00m mainloop 0x10828e0 quit
0:00:00.534667339 [333m 7190[00m      0x109b800 [37mDEBUG  [00m [00m        multiudpsink gstmultiudpsink.c:916:gst_multiudpsink_configure_client:<udpsink0>[00m configuring client 0x7fe048006100
0:00:00.534706751 [333m 7190[00m      0x109b800 [37mDEBUG  [00m [00m        multiudpsink gstmultiudpsink.c:940:gst_multiudpsink_configure_client:<udpsink0>[00m setting unicast ttl to 64
0:00:00.534691014 [333m 7190[00m       0xf29a30 [37mDEBUG  [00m [00;43m             GST_BUS gstbus.c:772:gst_bus_source_dispatch:<bus2>[00m source 0x106f2c0 handler returns 1
0:00:00.534721403 [333m 7190[00m      0x109b800 [33;01mLOG    [00m [00;01;31m          GST_STATES gstelement.c:2800:gst_element_change_state_func:<udpsink0>[00m default handler tries setting state from NULL to READY (000a)
0:00:00.534769665 [333m 7190[00m      0x109b800 [37mDEBUG  [00m [00;01;31m          GST_STATES gstelement.c:2639:gst_element_change_state:<udpsink0>[00m element changed state SUCCESS
0:00:00.534784525 [333m 7190[00m      0x109b800 [36mINFO   [00m [00;01;31m          GST_STATES gstelement.c:2306:gst_element_continue_state:<udpsink0>[00m committing state from NULL to READY, pending PLAYING, next PAUSED
0:00:00.534798147 [333m 7190[00m      0x109b800 [36mINFO   [00m [00;01;31m          GST_STATES gstelement.c:2236:_priv_gst_element_state_changed:<udpsink0>[00m notifying about state-changed NULL to READY (PLAYING pending)
0:00:00.534812712 [333m 7190[00m      0x109b800 [33;01mLOG    [00m [00;01;37;41m         GST_MESSAGE gstmessage.c:282:gst_message_new_custom:[00m source udpsink0: creating new message 0x7fe04803b530 state-changed
0:00:00.534744646 [333m 7190[00m       0xf29a30 [37mDEBUG  [00m [00;43m             GST_BUS gstbus.c:1083:gst_bus_poll:[00m mainloop stopped 0x10828e0
0:00:00.534828055 [333m 7190[00m      0x109b800 [37mDEBUG  [00m [00;43m             GST_BUS gstbus.c:312:gst_bus_post:<bus0>[00m [msg 0x7fe04803b530] posting on bus state-changed message: 0x7fe04803b530, time 99:99:99.999999999, seq-num 127, element 'udpsink0', GstMessageStateChanged, old-state=(GstState)GST_STATE_NULL, new-state=(GstState)GST_STATE_READY, pending-state=(GstState)GST_STATE_PLAYING;
0:00:00.534880945 [333m 7190[00m      0x109b800 [37mDEBUG  [00m [00;01m                 bin gstbin.c:3342:gst_bin_handle_message_func:<rtspsrc0>[00m [msg 0x7fe04803b530] handling child udpsink0 message of type state-changed
0:00:00.534895604 [333m 7190[00m      0x109b800 [37mDEBUG  [00m [00;01m                 bin gstbin.c:3639:gst_bin_handle_message_func:<rtspsrc0>[00m posting message upward
0:00:00.534863964 [333m 7190[00m       0xf29a30 [37mDEBUG  [00m [00;43m             GST_BUS gstbus.c:1328:gst_bus_remove_signal_watch:<bus2>[00m removing signal watch 49
0:00:00.534923485 [333m 7190[00m       0xf29a30 [37mDEBUG  [00m [00;43m             GST_BUS gstbus.c:793:gst_bus_source_finalize:<bus2>[00m finalize source 0x106f2c0
0:00:00.534940078 [333m 7190[00m       0xf29a30 [37mDEBUG  [00m [00;43m             GST_BUS gstbus.c:1096:gst_bus_poll:<bus2>[00m finished poll with message 0x7fe04803b4b0
0:00:00.534953940 [333m 7190[00m       0xf29a30 [33;01mLOG    [00m [00;01;37;41m         GST_MESSAGE gstmessage.c:184:_gst_message_free:[00m finalize message 0x7fe04803b4b0, progress from rtspsrc0
0:00:00.534976628 [333m 7190[00m       0xf29a30 [37mDEBUG  [00m [00;43m             GST_BUS gstbus.c:870:gst_bus_add_watch_full_unlocked:<bus2>[00m New source 0x106f2c0 with id 50
0:00:00.534988002 [333m 7190[00m       0xf29a30 [37mDEBUG  [00m [00;43m             GST_BUS gstbus.c:1081:gst_bus_poll:[00m running mainloop 0x1097540
0:00:00.534982329 [333m 7190[00m      0x109b800 [37mDEBUG  [00m [00;43m             GST_BUS gstbus.c:312:gst_bus_post:<bus1>[00m [msg 0x7fe04803b530] posting on bus state-changed message: 0x7fe04803b530, time 99:99:99.999999999, seq-num 127, element 'udpsink0', GstMessageStateChanged, old-state=(GstState)GST_STATE_NULL, new-state=(GstState)GST_STATE_READY, pending-state=(GstState)GST_STATE_PLAYING;
0:00:00.535045056 [333m 7190[00m      0x109b800 [37mDEBUG  [00m [00;01m                 bin gstbin.c:3342:gst_bin_handle_message_func:<pipeline0>[00m [msg 0x7fe04803b530] handling child udpsink0 message of type state-changed
0:00:00.535071738 [333m 7190[00m      0x109b800 [37mDEBUG  [00m [00;01m                 bin gstbin.c:3639:gst_bin_handle_message_func:<pipeline0>[00m posting message upward
0:00:00.535017006 [333m 7190[00m       0xf29a30 [33;01mLOG    [00m [00;43m             GST_BUS gstbus.c:498:gst_bus_timed_pop_filtered:<bus2>[00m have 1 messages
0:00:00.535120969 [333m 7190[00m       0xf29a30 [33;01mLOG    [00m [00m            GST_POLL gstpoll.c:201:release_wakeup:[00m 0x106fed0: release
0:00:00.535086221 [333m 7190[00m      0x109b800 [37mDEBUG  [00m [00;43m             GST_BUS gstbus.c:312:gst_bus_post:<bus2>[00m [msg 0x7fe04803b530] posting on bus state-changed message: 0x7fe04803b530, time 99:99:99.999999999, seq-num 127, element 'udpsink0', GstMessageStateChanged, old-state=(GstState)GST_STATE_NULL, new-state=(GstState)GST_STATE_READY, pending-state=(GstState)GST_STATE_PLAYING;
0:00:00.535172863 [333m 7190[00m      0x109b800 [37mDEBUG  [00m [00;43m             GST_BUS gstbus.c:347:gst_bus_post:<bus2>[00m [msg 0x7fe04803b530] pushing on async queue
0:00:00.535186384 [333m 7190[00m      0x109b800 [33;01mLOG    [00m [00m            GST_POLL gstpoll.c:186:raise_wakeup:[00m 0x106fed0: raise
0:00:00.535154556 [333m 7190[00m       0xf29a30 [37mDEBUG  [00m [00;43m             GST_BUS gstbus.c:506:gst_bus_timed_pop_filtered:<bus2>[00m got message 0xf361c0, progress from rtspsrc0, type mask is 4294967295
0:00:00.535199723 [333m 7190[00m      0x109b800 [37mDEBUG  [00m [00;43m             GST_BUS gstbus.c:350:gst_bus_post:<bus2>[00m [msg 0x7fe04803b530] pushed on async queue
0:00:00.535241670 [333m 7190[00m      0x109b800 [37mDEBUG  [00m [00;43m             GST_BUS gstbus.c:343:gst_bus_post:<bus1>[00m [msg 0x7fe04803b530] dropped
0:00:00.535214606 [333m 7190[00m       0xf29a30 [37mDEBUG  [00m [00;43m             GST_BUS gstbus.c:767:gst_bus_source_dispatch:<bus2>[00m source 0x106f2c0 calling dispatch with progress message: 0xf361c0, time 99:99:99.999999999, seq-num 126, element 'rtspsrc0', GstMessageProgress, type=(GstProgressType)GST_PROGRESS_TYPE_START, code=(string)request, text=(string)"Sending\ PLAY\ request", percent=(int)0, timeout=(int)-1;
0:00:00.535281757 [333m 7190[00m       0xf29a30 [37mDEBUG  [00m [00;43m             GST_BUS gstbus.c:973:poll_func:[00m mainloop 0x1097540 quit
0:00:00.535252508 [333m 7190[00m      0x109b800 [37mDEBUG  [00m [00;43m             GST_BUS gstbus.c:343:gst_bus_post:<bus0>[00m [msg 0x7fe04803b530] dropped
0:00:00.535342227 [333m 7190[00m      0x109b800 [36mINFO   [00m [00;01;31m          GST_STATES gstelement.c:2313:gst_element_continue_state:<udpsink0>[00m continue state change READY to PAUSED, final PLAYING
0:00:00.535369577 [333m 7190[00m      0x109b800 [37mDEBUG  [00m [00m            basesink gstbasesink.c:4845:gst_base_sink_change_state:<udpsink0>[00m READY to PAUSED
0:00:00.535313839 [333m 7190[00m       0xf29a30 [37mDEBUG  [00m [00;43m             GST_BUS gstbus.c:772:gst_bus_source_dispatch:<bus2>[00m source 0x106f2c0 handler returns 1
0:00:00.535411262 [333m 7190[00m       0xf29a30 [37mDEBUG  [00m [00;43m             GST_BUS gstbus.c:1083:gst_bus_poll:[00m mainloop stopped 0x1097540
0:00:00.535426605 [333m 7190[00m       0xf29a30 [37mDEBUG  [00m [00;43m             GST_BUS gstbus.c:1328:gst_bus_remove_signal_watch:<bus2>[00m removing signal watch 50
0:00:00.535440736 [333m 7190[00m       0xf29a30 [37mDEBUG  [00m [00;43m             GST_BUS gstbus.c:793:gst_bus_source_finalize:<bus2>[00m finalize source 0x106f2c0
0:00:00.535392267 [333m 7190[00m      0x109b800 [33;01mLOG    [00m [00;01;31m          GST_STATES gstelement.c:2800:gst_element_change_state_func:<udpsink0>[00m default handler tries setting state from READY to PAUSED (0013)
0:00:00.535471447 [333m 7190[00m      0x109b800 [37mDEBUG  [00m [00;01;37;41m    GST_ELEMENT_PADS gstelement.c:2743:gst_element_pads_activate:<udpsink0>[00m activate pads
0:00:00.535489571 [333m 7190[00m      0x109b800 [37mDEBUG  [00m [00;01;31;41m            GST_PADS gstpad.c:953:gst_pad_set_active:<udpsink0:sink>[00m activating pad from none
0:00:00.535502307 [333m 7190[00m      0x109b800 [37mDEBUG  [00m [00m            basesink gstbasesink.c:4021:gst_base_sink_pad_activate:<udpsink0>[00m Trying pull mode first
0:00:00.535510547 [333m 7190[00m      0x109b800 [37mDEBUG  [00m [00m            basesink gstbasesink.c:4027:gst_base_sink_pad_activate:<udpsink0>[00m pull mode disabled
0:00:00.535531239 [333m 7190[00m      0x109b800 [37mDEBUG  [00m [00m            basesink gstbasesink.c:4077:gst_base_sink_pad_activate:<udpsink0>[00m Falling back to push mode
0:00:00.535545653 [333m 7190[00m      0x109b800 [37mDEBUG  [00m [00;01;31;41m            GST_PADS gstpad.c:870:pre_activate:<udpsink0:sink>[00m setting pad into push mode, unset flushing
0:00:00.535558715 [333m 7190[00m      0x109b800 [37mDEBUG  [00m [00;01;31;41m            GST_PADS gstpad.c:881:pre_activate:<udpsink0:sink>[00m reschedule events on peer fakesrc0:src
0:00:00.535572435 [333m 7190[00m      0x109b800 [37mDEBUG  [00m [00;01;31;41m            GST_PADS gstpad.c:1091:gst_pad_activate_mode:<udpsink0:sink>[00m activated in push mode
0:00:00.535452396 [333m 7190[00m       0xf29a30 [37mDEBUG  [00m [00;43m             GST_BUS gstbus.c:1096:gst_bus_poll:<bus2>[00m finished poll with message 0xf361c0
0:00:00.535610039 [333m 7190[00m       0xf29a30 [33;01mLOG    [00m [00;01;37;41m         GST_MESSAGE gstmessage.c:184:_gst_message_free:[00m finalize message 0xf361c0, progress from rtspsrc0
0:00:00.535582494 [333m 7190[00m      0x109b800 [37mDEBUG  [00m [00m            basesink gstbasesink.c:4079:gst_base_sink_pad_activate:<udpsink0>[00m Success activating push mode
0:00:00.535673276 [333m 7190[00m      0x109b800 [37mDEBUG  [00m [00;01;37;41m    GST_ELEMENT_PADS gstelement.c:2762:gst_element_pads_activate:<udpsink0>[00m pad activation successful
0:00:00.535688218 [333m 7190[00m      0x109b800 [37mDEBUG  [00m [00;01;31m          GST_STATES gstelement.c:2639:gst_element_change_state:<udpsink0>[00m element changed state SUCCESS
0:00:00.535658414 [333m 7190[00m       0xf29a30 [37mDEBUG  [00m [00;43m             GST_BUS gstbus.c:870:gst_bus_add_watch_full_unlocked:<bus2>[00m New source 0x106f2c0 with id 51
0:00:00.535725157 [333m 7190[00m       0xf29a30 [37mDEBUG  [00m [00;43m             GST_BUS gstbus.c:1081:gst_bus_poll:[00m running mainloop 0x10a0770
0:00:00.535697091 [333m 7190[00m      0x109b800 [36mINFO   [00m [00;01;31m          GST_STATES gstelement.c:2306:gst_element_continue_state:<udpsink0>[00m committing state from READY to PAUSED, pending PLAYING, next PLAYING
0:00:00.535775731 [333m 7190[00m      0x109b800 [36mINFO   [00m [00;01;31m          GST_STATES gstelement.c:2236:_priv_gst_element_state_changed:<udpsink0>[00m notifying about state-changed READY to PAUSED (PLAYING pending)
0:00:00.535758663 [333m 7190[00m       0xf29a30 [33;01mLOG    [00m [00;43m             GST_BUS gstbus.c:498:gst_bus_timed_pop_filtered:<bus2>[00m have 1 messages
0:00:00.535815043 [333m 7190[00m       0xf29a30 [33;01mLOG    [00m [00m            GST_POLL gstpoll.c:201:release_wakeup:[00m 0x106fed0: release
0:00:00.535800678 [333m 7190[00m      0x109b800 [33;01mLOG    [00m [00;01;37;41m         GST_MESSAGE gstmessage.c:282:gst_message_new_custom:[00m source udpsink0: creating new message 0x7fe04803b5b0 state-changed
0:00:00.535829353 [333m 7190[00m       0xf29a30 [37mDEBUG  [00m [00;43m             GST_BUS gstbus.c:506:gst_bus_timed_pop_filtered:<bus2>[00m got message 0x7fe04803b530, state-changed from udpsink0, type mask is 4294967295
0:00:00.535844320 [333m 7190[00m      0x109b800 [37mDEBUG  [00m [00;43m             GST_BUS gstbus.c:312:gst_bus_post:<bus0>[00m [msg 0x7fe04803b5b0] posting on bus state-changed message: 0x7fe04803b5b0, time 99:99:99.999999999, seq-num 128, element 'udpsink0', GstMessageStateChanged, old-state=(GstState)GST_STATE_READY, new-state=(GstState)GST_STATE_PAUSED, pending-state=(GstState)GST_STATE_PLAYING;
0:00:00.535935336 [333m 7190[00m      0x109b800 [37mDEBUG  [00m [00;01m                 bin gstbin.c:3342:gst_bin_handle_message_func:<rtspsrc0>[00m [msg 0x7fe04803b5b0] handling child udpsink0 message of type state-changed
0:00:00.535910188 [333m 7190[00m       0xf29a30 [37mDEBUG  [00m [00;43m             GST_BUS gstbus.c:767:gst_bus_source_dispatch:<bus2>[00m source 0x106f2c0 calling dispatch with state-changed message: 0x7fe04803b530, time 99:99:99.999999999, seq-num 127, element 'udpsink0', GstMessageStateChanged, old-state=(GstState)GST_STATE_NULL, new-state=(GstState)GST_STATE_READY, pending-state=(GstState)GST_STATE_PLAYING;
0:00:00.535976401 [333m 7190[00m       0xf29a30 [37mDEBUG  [00m [00;43m             GST_BUS gstbus.c:973:poll_func:[00m mainloop 0x10a0770 quit
0:00:00.535947128 [333m 7190[00m      0x109b800 [37mDEBUG  [00m [00;01m                 bin gstbin.c:3639:gst_bin_handle_message_func:<rtspsrc0>[00m posting message upward
0:00:00.536007981 [333m 7190[00m       0xf29a30 [37mDEBUG  [00m [00;43m             GST_BUS gstbus.c:772:gst_bus_source_dispatch:<bus2>[00m source 0x106f2c0 handler returns 1
0:00:00.536068907 [333m 7190[00m       0xf29a30 [37mDEBUG  [00m [00;43m             GST_BUS gstbus.c:1083:gst_bus_poll:[00m mainloop stopped 0x10a0770
0:00:00.536096575 [333m 7190[00m       0xf29a30 [37mDEBUG  [00m [00;43m             GST_BUS gstbus.c:1328:gst_bus_remove_signal_watch:<bus2>[00m removing signal watch 51
0:00:00.536028264 [333m 7190[00m      0x109b800 [37mDEBUG  [00m [00;43m             GST_BUS gstbus.c:312:gst_bus_post:<bus1>[00m [msg 0x7fe04803b5b0] posting on bus state-changed message: 0x7fe04803b5b0, time 99:99:99.999999999, seq-num 128, element 'udpsink0', GstMessageStateChanged, old-state=(GstState)GST_STATE_READY, new-state=(GstState)GST_STATE_PAUSED, pending-state=(GstState)GST_STATE_PLAYING;
0:00:00.536155918 [333m 7190[00m      0x109b800 [37mDEBUG  [00m [00;01m                 bin gstbin.c:3342:gst_bin_handle_message_func:<pipeline0>[00m [msg 0x7fe04803b5b0] handling child udpsink0 message of type state-changed
0:00:00.536182062 [333m 7190[00m      0x109b800 [37mDEBUG  [00m [00;01m                 bin gstbin.c:3639:gst_bin_handle_message_func:<pipeline0>[00m posting message upward
0:00:00.536125914 [333m 7190[00m       0xf29a30 [37mDEBUG  [00m [00;43m             GST_BUS gstbus.c:793:gst_bus_source_finalize:<bus2>[00m finalize source 0x106f2c0
0:00:00.536234287 [333m 7190[00m       0xf29a30 [37mDEBUG  [00m [00;43m             GST_BUS gstbus.c:1096:gst_bus_poll:<bus2>[00m finished poll with message 0x7fe04803b530
0:00:00.536262079 [333m 7190[00m       0xf29a30 [33;01mLOG    [00m [00;01;37;41m         GST_MESSAGE gstmessage.c:184:_gst_message_free:[00m finalize message 0x7fe04803b530, state-changed from udpsink0
0:00:00.536196571 [333m 7190[00m      0x109b800 [37mDEBUG  [00m [00;43m             GST_BUS gstbus.c:312:gst_bus_post:<bus2>[00m [msg 0x7fe04803b5b0] posting on bus state-changed message: 0x7fe04803b5b0, time 99:99:99.999999999, seq-num 128, element 'udpsink0', GstMessageStateChanged, old-state=(GstState)GST_STATE_READY, new-state=(GstState)GST_STATE_PAUSED, pending-state=(GstState)GST_STATE_PLAYING;
0:00:00.536298904 [333m 7190[00m       0xf29a30 [37mDEBUG  [00m [00;43m             GST_BUS gstbus.c:870:gst_bus_add_watch_full_unlocked:<bus2>[00m New source 0x106f2c0 with id 52
0:00:00.536351316 [333m 7190[00m       0xf29a30 [37mDEBUG  [00m [00;43m             GST_BUS gstbus.c:1081:gst_bus_poll:[00m running mainloop 0x109d830
0:00:00.536363274 [333m 7190[00m      0x109b800 [37mDEBUG  [00m [00;43m             GST_BUS gstbus.c:347:gst_bus_post:<bus2>[00m [msg 0x7fe04803b5b0] pushing on async queue
0:00:00.536383428 [333m 7190[00m      0x109b800 [33;01mLOG    [00m [00m            GST_POLL gstpoll.c:186:raise_wakeup:[00m 0x106fed0: raise
0:00:00.536409062 [333m 7190[00m      0x109b800 [37mDEBUG  [00m [00;43m             GST_BUS gstbus.c:350:gst_bus_post:<bus2>[00m [msg 0x7fe04803b5b0] pushed on async queue
0:00:00.536421784 [333m 7190[00m      0x109b800 [37mDEBUG  [00m [00;43m             GST_BUS gstbus.c:343:gst_bus_post:<bus1>[00m [msg 0x7fe04803b5b0] dropped
0:00:00.536434791 [333m 7190[00m      0x109b800 [37mDEBUG  [00m [00;43m             GST_BUS gstbus.c:343:gst_bus_post:<bus0>[00m [msg 0x7fe04803b5b0] dropped
0:00:00.536424567 [333m 7190[00m       0xf29a30 [33;01mLOG    [00m [00;43m             GST_BUS gstbus.c:498:gst_bus_timed_pop_filtered:<bus2>[00m have 1 messages
0:00:00.536474173 [333m 7190[00m       0xf29a30 [33;01mLOG    [00m [00m            GST_POLL gstpoll.c:201:release_wakeup:[00m 0x106fed0: release
0:00:00.536444425 [333m 7190[00m      0x109b800 [36mINFO   [00m [00;01;31m          GST_STATES gstelement.c:2313:gst_element_continue_state:<udpsink0>[00m continue state change PAUSED to PLAYING, final PLAYING
0:00:00.536533273 [333m 7190[00m      0x109b800 [37mDEBUG  [00m [00m            basesink gstbasesink.c:3208:gst_base_sink_needs_preroll:<udpsink0>[00m have_preroll: 0, EOS: 0 => needs preroll: 1
0:00:00.536559493 [333m 7190[00m      0x109b800 [37mDEBUG  [00m [00m            basesink gstbasesink.c:4898:gst_base_sink_change_state:<udpsink0>[00m PAUSED to PLAYING, we are not prerolled
0:00:00.536574033 [333m 7190[00m      0x109b800 [33;01mLOG    [00m [00;01;31m          GST_STATES gstelement.c:2800:gst_element_change_state_func:<udpsink0>[00m default handler tries setting state from PAUSED to PLAYING (001c)
0:00:00.536587525 [333m 7190[00m      0x109b800 [37mDEBUG  [00m [00;01;31m          GST_STATES gstelement.c:2639:gst_element_change_state:<udpsink0>[00m element changed state SUCCESS
0:00:00.536504885 [333m 7190[00m       0xf29a30 [37mDEBUG  [00m [00;43m             GST_BUS gstbus.c:506:gst_bus_timed_pop_filtered:<bus2>[00m got message 0x7fe04803b5b0, state-changed from udpsink0, type mask is 4294967295
0:00:00.536596247 [333m 7190[00m      0x109b800 [36mINFO   [00m [00;01;31m          GST_STATES gstelement.c:2331:gst_element_continue_state:<udpsink0>[00m completed state change to PLAYING
0:00:00.536624938 [333m 7190[00m       0xf29a30 [37mDEBUG  [00m [00;43m             GST_BUS gstbus.c:767:gst_bus_source_dispatch:<bus2>[00m source 0x106f2c0 calling dispatch with state-changed message: 0x7fe04803b5b0, time 99:99:99.999999999, seq-num 128, element 'udpsink0', GstMessageStateChanged, old-state=(GstState)GST_STATE_READY, new-state=(GstState)GST_STATE_PAUSED, pending-state=(GstState)GST_STATE_PLAYING;
0:00:00.536689907 [333m 7190[00m       0xf29a30 [37mDEBUG  [00m [00;43m             GST_BUS gstbus.c:973:poll_func:[00m mainloop 0x109d830 quit
0:00:00.536656992 [333m 7190[00m      0x109b800 [36mINFO   [00m [00;01;31m          GST_STATES gstelement.c:2236:_priv_gst_element_state_changed:<udpsink0>[00m notifying about state-changed PAUSED to PLAYING (VOID_PENDING pending)
0:00:00.536750674 [333m 7190[00m      0x109b800 [33;01mLOG    [00m [00;01;37;41m         GST_MESSAGE gstmessage.c:282:gst_message_new_custom:[00m source udpsink0: creating new message 0x7fe04803b430 state-changed
0:00:00.536721520 [333m 7190[00m       0xf29a30 [37mDEBUG  [00m [00;43m             GST_BUS gstbus.c:772:gst_bus_source_dispatch:<bus2>[00m source 0x106f2c0 handler returns 1
0:00:00.536805147 [333m 7190[00m       0xf29a30 [37mDEBUG  [00m [00;43m             GST_BUS gstbus.c:1083:gst_bus_poll:[00m mainloop stopped 0x109d830
0:00:00.536820386 [333m 7190[00m       0xf29a30 [37mDEBUG  [00m [00;43m             GST_BUS gstbus.c:1328:gst_bus_remove_signal_watch:<bus2>[00m removing signal watch 52
0:00:00.536779395 [333m 7190[00m      0x109b800 [37mDEBUG  [00m [00;43m             GST_BUS gstbus.c:312:gst_bus_post:<bus0>[00m [msg 0x7fe04803b430] posting on bus state-changed message: 0x7fe04803b430, time 99:99:99.999999999, seq-num 129, element 'udpsink0', GstMessageStateChanged, old-state=(GstState)GST_STATE_PAUSED, new-state=(GstState)GST_STATE_PLAYING, pending-state=(GstState)GST_STATE_VOID_PENDING;
0:00:00.536906558 [333m 7190[00m      0x109b800 [37mDEBUG  [00m [00;01m                 bin gstbin.c:3342:gst_bin_handle_message_func:<rtspsrc0>[00m [msg 0x7fe04803b430] handling child udpsink0 message of type state-changed
0:00:00.536933150 [333m 7190[00m      0x109b800 [37mDEBUG  [00m [00;01m                 bin gstbin.c:3639:gst_bin_handle_message_func:<rtspsrc0>[00m posting message upward
0:00:00.536876119 [333m 7190[00m       0xf29a30 [37mDEBUG  [00m [00;43m             GST_BUS gstbus.c:793:gst_bus_source_finalize:<bus2>[00m finalize source 0x106f2c0
0:00:00.536986066 [333m 7190[00m       0xf29a30 [37mDEBUG  [00m [00;43m             GST_BUS gstbus.c:1096:gst_bus_poll:<bus2>[00m finished poll with message 0x7fe04803b5b0
0:00:00.537013945 [333m 7190[00m       0xf29a30 [33;01mLOG    [00m [00;01;37;41m         GST_MESSAGE gstmessage.c:184:_gst_message_free:[00m finalize message 0x7fe04803b5b0, state-changed from udpsink0
0:00:00.536947737 [333m 7190[00m      0x109b800 [37mDEBUG  [00m [00;43m             GST_BUS gstbus.c:312:gst_bus_post:<bus1>[00m [msg 0x7fe04803b430] posting on bus state-changed message: 0x7fe04803b430, time 99:99:99.999999999, seq-num 129, element 'udpsink0', GstMessageStateChanged, old-state=(GstState)GST_STATE_PAUSED, new-state=(GstState)GST_STATE_PLAYING, pending-state=(GstState)GST_STATE_VOID_PENDING;
0:00:00.537067101 [333m 7190[00m      0x109b800 [37mDEBUG  [00m [00;01m                 bin gstbin.c:3342:gst_bin_handle_message_func:<pipeline0>[00m [msg 0x7fe04803b430] handling child udpsink0 message of type state-changed
0:00:00.537081847 [333m 7190[00m      0x109b800 [37mDEBUG  [00m [00;01m                 bin gstbin.c:3639:gst_bin_handle_message_func:<pipeline0>[00m posting message upward
0:00:00.537050870 [333m 7190[00m       0xf29a30 [37mDEBUG  [00m [00;43m             GST_BUS gstbus.c:870:gst_bus_add_watch_full_unlocked:<bus2>[00m New source 0x106f2c0 with id 53
0:00:00.537090608 [333m 7190[00m      0x109b800 [37mDEBUG  [00m [00;43m             GST_BUS gstbus.c:312:gst_bus_post:<bus2>[00m [msg 0x7fe04803b430] posting on bus state-changed message: 0x7fe04803b430, time 99:99:99.999999999, seq-num 129, element 'udpsink0', GstMessageStateChanged, old-state=(GstState)GST_STATE_PAUSED, new-state=(GstState)GST_STATE_PLAYING, pending-state=(GstState)GST_STATE_VOID_PENDING;
0:00:00.537145919 [333m 7190[00m      0x109b800 [37mDEBUG  [00m [00;43m             GST_BUS gstbus.c:347:gst_bus_post:<bus2>[00m [msg 0x7fe04803b430] pushing on async queue
0:00:00.537170192 [333m 7190[00m      0x109b800 [33;01mLOG    [00m [00m            GST_POLL gstpoll.c:186:raise_wakeup:[00m 0x106fed0: raise
0:00:00.537186985 [333m 7190[00m      0x109b800 [37mDEBUG  [00m [00;43m             GST_BUS gstbus.c:350:gst_bus_post:<bus2>[00m [msg 0x7fe04803b430] pushed on async queue
0:00:00.537200340 [333m 7190[00m      0x109b800 [37mDEBUG  [00m [00;43m             GST_BUS gstbus.c:343:gst_bus_post:<bus1>[00m [msg 0x7fe04803b430] dropped
0:00:00.537212458 [333m 7190[00m      0x109b800 [37mDEBUG  [00m [00;43m             GST_BUS gstbus.c:343:gst_bus_post:<bus0>[00m [msg 0x7fe04803b430] dropped
0:00:00.537116776 [333m 7190[00m       0xf29a30 [37mDEBUG  [00m [00;43m             GST_BUS gstbus.c:1081:gst_bus_poll:[00m running mainloop 0x10a0770
