0:00:00.793577460 [333m 7190[00m 0x7fe0480130a0 [33;01mLOG    [00m [00;01;31;41m            GST_PADS gstpad.c:4687:gst_pad_push_event_unchecked:<rtpsession0:recv_rtp_src>[00m sent event 0x7fe048018520 to peerpad <rtpssrcdemux0:sink>, ret ok
0:00:00.793652656 [333m 7190[00m 0x7fe0480130a0 [37mDEBUG  [00m [00;01;31;41m            GST_PADS gstpad.c:3329:push_sticky:<rtpsession0:recv_rtp_src>[00m event stream-start marked received
0:00:00.793738265 [333m 7190[00m 0x7fe0480130a0 [37mDEBUG  [00m [00;01;31;41m            GST_PADS gstpad.c:5001:gst_pad_send_event_unchecked:<rtpsession0:recv_rtp_sink>[00m sent event, ret ok
0:00:00.793854155 [333m 7190[00m 0x7fe0480130a0 [33;01mLOG    [00m [00;01;31;41m            GST_PADS gstpad.c:4522:store_sticky_event:<rtpsession0:recv_rtp_sink>[00m stored sticky event stream-start
0:00:00.793967030 [333m 7190[00m 0x7fe0480130a0 [33;01mLOG    [00m [00;01;31;41m            GST_PADS gstpad.c:4687:gst_pad_push_event_unchecked:<recv_rtp_sink_0:proxypad0>[00m sent event 0x7fe048018520 to peerpad <rtpsession0:recv_rtp_sink>, ret ok
0:00:00.794084316 [333m 7190[00m 0x7fe0480130a0 [37mDEBUG  [00m [00;01;31;41m            GST_PADS gstpad.c:3329:push_sticky:<recv_rtp_sink_0:proxypad0>[00m event stream-start marked received
0:00:00.794198576 [333m 7190[00m 0x7fe0480130a0 [37mDEBUG  [00m [00;01;31;41m            GST_PADS gstpad.c:5001:gst_pad_send_event_unchecked:<manager:recv_rtp_sink_0>[00m sent event, ret ok
0:00:00.794314440 [333m 7190[00m 0x7fe0480130a0 [33;01mLOG    [00m [00;01;31;41m            GST_PADS gstpad.c:4522:store_sticky_event:<manager:recv_rtp_sink_0>[00m stored sticky event stream-start
0:00:00.794429037 [333m 7190[00m 0x7fe0480130a0 [33;01mLOG    [00m [00;01;31;41m            GST_PADS gstpad.c:4687:gst_pad_push_event_unchecked:<udpsrc0:src>[00m sent event 0x7fe048018520 to peerpad <manager:recv_rtp_sink_0>, ret ok
0:00:00.794546839 [333m 7190[00m 0x7fe0480130a0 [37mDEBUG  [00m [00;01;31;41m            GST_PADS gstpad.c:3329:push_sticky:<udpsrc0:src>[00m event stream-start marked received
0:00:00.793730393 [333m 7190[00m 0x7fe0480444f0 [33;01mLOG    [00m [00;01;31;41m            GST_PADS gstpad.c:2691:gst_pad_forward:<manager:recv_rtp_sink_1>[00m calling forward function on pad recv_rtp_sink_1:proxypad3
0:00:00.794799185 [333m 7190[00m 0x7fe0480444f0 [33;01mLOG    [00m [00;01;31;41m            GST_PADS gstpad.c:2736:event_forward_func:<recv_rtp_sink_1:proxypad3>[00m Reffing and pushing event 0x7fe048049240 (segment) to recv_rtp_sink_1:proxypad3
0:00:00.794844896 [333m 7190[00m 0x7fe0480444f0 [33;01mLOG    [00m [00;01;31;41m            GST_PADS gstpad.c:4522:store_sticky_event:<recv_rtp_sink_1:proxypad3>[00m stored sticky event segment
0:00:00.794640603 [333m 7190[00m 0x7fe0480130a0 [33;01mLOG    [00m [00;01;31;41m            GST_PADS gstpad.c:4680:gst_pad_push_event_unchecked:<udpsrc0:src>[00m sending event 0x7fe048018580 (segment) to peerpad <manager:recv_rtp_sink_0>
0:00:00.794869071 [333m 7190[00m 0x7fe0480444f0 [37mDEBUG  [00m [00;01;31;41m            GST_PADS gstpad.c:3376:check_sticky:<recv_rtp_sink_1:proxypad3>[00m pushing all sticky events
0:00:00.795138933 [333m 7190[00m 0x7fe0480444f0 [37mDEBUG  [00m [00;01;31;41m            GST_PADS gstpad.c:3309:push_sticky:<recv_rtp_sink_1:proxypad3>[00m event stream-start was already received
0:00:00.795168018 [333m 7190[00m 0x7fe0480444f0 [33;01mLOG    [00m [00;01;31;41m            GST_PADS gstpad.c:4680:gst_pad_push_event_unchecked:<recv_rtp_sink_1:proxypad3>[00m sending event 0x7fe048049240 (segment) to peerpad <rtpsession1:recv_rtp_sink>
0:00:00.795108173 [333m 7190[00m 0x7fe0480130a0 [37mDEBUG  [00m [00;01;34m           GST_EVENT gstpad.c:4935:gst_pad_send_event_unchecked:<manager:recv_rtp_sink_0>[00m have event type segment event: 0x7fe048018580, time 99:99:99.999999999, seq-num 32, GstEventSegment, segment=(GstSegment)"GstSegment, flags=(GstSegmentFlags)GST_SEGMENT_FLAG_NONE, rate=(double)1, applied-rate=(double)1, format=(GstFormat)GST_FORMAT_TIME, base=(guint64)0, offset=(guint64)0, start=(guint64)0, stop=(guint64)18446744073709551615, time=(guint64)0, position=(guint64)0, duration=(guint64)18446744073709551615;";
0:00:00.795197239 [333m 7190[00m 0x7fe0480444f0 [37mDEBUG  [00m [00;01;34m           GST_EVENT gstpad.c:4935:gst_pad_send_event_unchecked:<rtpsession1:recv_rtp_sink>[00m have event type segment event: 0x7fe048049240, time 99:99:99.999999999, seq-num 81, GstEventSegment, segment=(GstSegment)"GstSegment, flags=(GstSegmentFlags)GST_SEGMENT_FLAG_NONE, rate=(double)1, applied-rate=(double)1, format=(GstFormat)GST_FORMAT_TIME, base=(guint64)0, offset=(guint64)0, start=(guint64)0, stop=(guint64)18446744073709551615, time=(guint64)0, position=(guint64)0, duration=(guint64)18446744073709551615;";
0:00:00.795293245 [333m 7190[00m 0x7fe0480130a0 [33;01mLOG    [00m [00;01;31;41m            GST_PADS gstpad.c:2771:gst_pad_event_default:<manager:recv_rtp_sink_0>[00m default event handler for event segment event: 0x7fe048018580, time 99:99:99.999999999, seq-num 32, GstEventSegment, segment=(GstSegment)"GstSegment, flags=(GstSegmentFlags)GST_SEGMENT_FLAG_NONE, rate=(double)1, applied-rate=(double)1, format=(GstFormat)GST_FORMAT_TIME, base=(guint64)0, offset=(guint64)0, start=(guint64)0, stop=(guint64)18446744073709551615, time=(guint64)0, position=(guint64)0, duration=(guint64)18446744073709551615;";
0:00:00.795422103 [333m 7190[00m 0x7fe0480444f0 [37mDEBUG  [00m [00m          rtpsession gstrtpsession.c:1399:gst_rtp_session_event_recv_rtp_sink:<rtpsession1>[00m received event segment
0:00:00.795484867 [333m 7190[00m 0x7fe0480130a0 [33;01mLOG    [00m [00;01;31;41m            GST_PADS gstpad.c:2691:gst_pad_forward:<manager:recv_rtp_sink_0>[00m calling forward function on pad recv_rtp_sink_0:proxypad0
0:00:00.795720211 [333m 7190[00m 0x7fe0480130a0 [33;01mLOG    [00m [00;01;31;41m            GST_PADS gstpad.c:2736:event_forward_func:<recv_rtp_sink_0:proxypad0>[00m Reffing and pushing event 0x7fe048018580 (segment) to recv_rtp_sink_0:proxypad0
0:00:00.795818315 [333m 7190[00m 0x7fe0480130a0 [33;01mLOG    [00m [00;01;31;41m            GST_PADS gstpad.c:4522:store_sticky_event:<recv_rtp_sink_0:proxypad0>[00m stored sticky event segment
0:00:00.795883851 [333m 7190[00m 0x7fe0480130a0 [37mDEBUG  [00m [00;01;31;41m            GST_PADS gstpad.c:3376:check_sticky:<recv_rtp_sink_0:proxypad0>[00m pushing all sticky events
0:00:00.795966229 [333m 7190[00m 0x7fe0480130a0 [37mDEBUG  [00m [00;01;31;41m            GST_PADS gstpad.c:3309:push_sticky:<recv_rtp_sink_0:proxypad0>[00m event stream-start was already received
0:00:00.796001806 [333m 7190[00m 0x7fe0480130a0 [33;01mLOG    [00m [00;01;31;41m            GST_PADS gstpad.c:4680:gst_pad_push_event_unchecked:<recv_rtp_sink_0:proxypad0>[00m sending event 0x7fe048018580 (segment) to peerpad <rtpsession0:recv_rtp_sink>
0:00:00.795575180 [333m 7190[00m 0x7fe0480444f0 [37mDEBUG  [00m [00m          rtpsession gstrtpsession.c:1427:gst_rtp_session_event_recv_rtp_sink:<rtpsession1>[00m received segment time segment start=0:00:00.000000000, stop=99:99:99.999999999, rate=1.000000, applied_rate=1.000000, flags=0x00, time=0:00:00.000000000, base=0:00:00.000000000, position 0:00:00.000000000, duration 99:99:99.999999999
0:00:00.796038479 [333m 7190[00m 0x7fe0480130a0 [37mDEBUG  [00m [00;01;34m           GST_EVENT gstpad.c:4935:gst_pad_send_event_unchecked:<rtpsession0:recv_rtp_sink>[00m have event type segment event: 0x7fe048018580, time 99:99:99.999999999, seq-num 32, GstEventSegment, segment=(GstSegment)"GstSegment, flags=(GstSegmentFlags)GST_SEGMENT_FLAG_NONE, rate=(double)1, applied-rate=(double)1, format=(GstFormat)GST_FORMAT_TIME, base=(guint64)0, offset=(guint64)0, start=(guint64)0, stop=(guint64)18446744073709551615, time=(guint64)0, position=(guint64)0, duration=(guint64)18446744073709551615;";
0:00:00.796174816 [333m 7190[00m 0x7fe0480130a0 [37mDEBUG  [00m [00m          rtpsession gstrtpsession.c:1399:gst_rtp_session_event_recv_rtp_sink:<rtpsession0>[00m received event segment
0:00:00.796241254 [333m 7190[00m 0x7fe0480130a0 [37mDEBUG  [00m [00m          rtpsession gstrtpsession.c:1427:gst_rtp_session_event_recv_rtp_sink:<rtpsession0>[00m received segment time segment start=0:00:00.000000000, stop=99:99:99.999999999, rate=1.000000, applied_rate=1.000000, flags=0x00, time=0:00:00.000000000, base=0:00:00.000000000, position 0:00:00.000000000, duration 99:99:99.999999999
0:00:00.796268263 [333m 7190[00m 0x7fe0480444f0 [33;01mLOG    [00m [00;01;31;41m            GST_PADS gstpad.c:4522:store_sticky_event:<rtpsession1:recv_rtp_src>[00m stored sticky event segment
0:00:00.796364305 [333m 7190[00m 0x7fe0480444f0 [37mDEBUG  [00m [00;01;31;41m            GST_PADS gstpad.c:3376:check_sticky:<rtpsession1:recv_rtp_src>[00m pushing all sticky events
0:00:00.796396749 [333m 7190[00m 0x7fe0480444f0 [37mDEBUG  [00m [00;01;31;41m            GST_PADS gstpad.c:3309:push_sticky:<rtpsession1:recv_rtp_src>[00m event stream-start was already received
0:00:00.796319008 [333m 7190[00m 0x7fe0480130a0 [33;01mLOG    [00m [00;01;31;41m            GST_PADS gstpad.c:4522:store_sticky_event:<rtpsession0:recv_rtp_src>[00m stored sticky event segment
0:00:00.796462647 [333m 7190[00m 0x7fe0480130a0 [37mDEBUG  [00m [00;01;31;41m            GST_PADS gstpad.c:3376:check_sticky:<rtpsession0:recv_rtp_src>[00m pushing all sticky events
0:00:00.796423438 [333m 7190[00m 0x7fe0480444f0 [33;01mLOG    [00m [00;01;31;41m            GST_PADS gstpad.c:4680:gst_pad_push_event_unchecked:<rtpsession1:recv_rtp_src>[00m sending event 0x7fe048049240 (segment) to peerpad <rtpssrcdemux1:sink>
0:00:00.796488957 [333m 7190[00m 0x7fe0480130a0 [37mDEBUG  [00m [00;01;31;41m            GST_PADS gstpad.c:3309:push_sticky:<rtpsession0:recv_rtp_src>[00m event stream-start was already received
0:00:00.796603394 [333m 7190[00m 0x7fe0480130a0 [33;01mLOG    [00m [00;01;31;41m            GST_PADS gstpad.c:4680:gst_pad_push_event_unchecked:<rtpsession0:recv_rtp_src>[00m sending event 0x7fe048018580 (segment) to peerpad <rtpssrcdemux0:sink>
0:00:00.796549675 [333m 7190[00m 0x7fe0480444f0 [37mDEBUG  [00m [00;01;34m           GST_EVENT gstpad.c:4935:gst_pad_send_event_unchecked:<rtpssrcdemux1:sink>[00m have event type segment event: 0x7fe048049240, time 99:99:99.999999999, seq-num 81, GstEventSegment, segment=(GstSegment)"GstSegment, flags=(GstSegmentFlags)GST_SEGMENT_FLAG_NONE, rate=(double)1, applied-rate=(double)1, format=(GstFormat)GST_FORMAT_TIME, base=(guint64)0, offset=(guint64)0, start=(guint64)0, stop=(guint64)18446744073709551615, time=(guint64)0, position=(guint64)0, duration=(guint64)18446744073709551615;";
0:00:00.796739131 [333m 7190[00m 0x7fe0480444f0 [37mDEBUG  [00m [00;01;31;41m            GST_PADS gstpad.c:5001:gst_pad_send_event_unchecked:<rtpssrcdemux1:sink>[00m sent event, ret ok
0:00:00.796780675 [333m 7190[00m 0x7fe0480444f0 [33;01mLOG    [00m [00;01;31;41m            GST_PADS gstpad.c:4522:store_sticky_event:<rtpssrcdemux1:sink>[00m stored sticky event segment
0:00:00.796833568 [333m 7190[00m 0x7fe0480444f0 [33;01mLOG    [00m [00;01;31;41m            GST_PADS gstpad.c:4687:gst_pad_push_event_unchecked:<rtpsession1:recv_rtp_src>[00m sent event 0x7fe048049240 to peerpad <rtpssrcdemux1:sink>, ret ok
0:00:00.796900652 [333m 7190[00m 0x7fe0480444f0 [37mDEBUG  [00m [00;01;31;41m            GST_PADS gstpad.c:3329:push_sticky:<rtpsession1:recv_rtp_src>[00m event segment marked received
0:00:00.796686628 [333m 7190[00m 0x7fe0480130a0 [37mDEBUG  [00m [00;01;34m           GST_EVENT gstpad.c:4935:gst_pad_send_event_unchecked:<rtpssrcdemux0:sink>[00m have event type segment event: 0x7fe048018580, time 99:99:99.999999999, seq-num 32, GstEventSegment, segment=(GstSegment)"GstSegment, flags=(GstSegmentFlags)GST_SEGMENT_FLAG_NONE, rate=(double)1, applied-rate=(double)1, format=(GstFormat)GST_FORMAT_TIME, base=(guint64)0, offset=(guint64)0, start=(guint64)0, stop=(guint64)18446744073709551615, time=(guint64)0, position=(guint64)0, duration=(guint64)18446744073709551615;";
0:00:00.796934670 [333m 7190[00m 0x7fe0480444f0 [37mDEBUG  [00m [00;01;31;41m            GST_PADS gstpad.c:5001:gst_pad_send_event_unchecked:<rtpsession1:recv_rtp_sink>[00m sent event, ret ok
0:00:00.797097027 [333m 7190[00m 0x7fe0480444f0 [33;01mLOG    [00m [00;01;31;41m            GST_PADS gstpad.c:4522:store_sticky_event:<rtpsession1:recv_rtp_sink>[00m stored sticky event segment
0:00:00.797162489 [333m 7190[00m 0x7fe0480444f0 [33;01mLOG    [00m [00;01;31;41m            GST_PADS gstpad.c:4687:gst_pad_push_event_unchecked:<recv_rtp_sink_1:proxypad3>[00m sent event 0x7fe048049240 to peerpad <rtpsession1:recv_rtp_sink>, ret ok
0:00:00.797027382 [333m 7190[00m 0x7fe0480130a0 [37mDEBUG  [00m [00;01;31;41m            GST_PADS gstpad.c:5001:gst_pad_send_event_unchecked:<rtpssrcdemux0:sink>[00m sent event, ret ok
0:00:00.797199229 [333m 7190[00m 0x7fe0480444f0 [37mDEBUG  [00m [00;01;31;41m            GST_PADS gstpad.c:3329:push_sticky:<recv_rtp_sink_1:proxypad3>[00m event segment marked received
0:00:00.797293193 [333m 7190[00m 0x7fe0480130a0 [33;01mLOG    [00m [00;01;31;41m            GST_PADS gstpad.c:4522:store_sticky_event:<rtpssrcdemux0:sink>[00m stored sticky event segment
0:00:00.797403514 [333m 7190[00m 0x7fe0480444f0 [37mDEBUG  [00m [00;01;31;41m            GST_PADS gstpad.c:5001:gst_pad_send_event_unchecked:<manager:recv_rtp_sink_1>[00m sent event, ret ok
0:00:00.797574782 [333m 7190[00m 0x7fe0480444f0 [33;01mLOG    [00m [00;01;31;41m            GST_PADS gstpad.c:4522:store_sticky_event:<manager:recv_rtp_sink_1>[00m stored sticky event segment
0:00:00.797492814 [333m 7190[00m 0x7fe0480130a0 [33;01mLOG    [00m [00;01;31;41m            GST_PADS gstpad.c:4687:gst_pad_push_event_unchecked:<rtpsession0:recv_rtp_src>[00m sent event 0x7fe048018580 to peerpad <rtpssrcdemux0:sink>, ret ok
0:00:00.797728071 [333m 7190[00m 0x7fe0480130a0 [37mDEBUG  [00m [00;01;31;41m            GST_PADS gstpad.c:3329:push_sticky:<rtpsession0:recv_rtp_src>[00m event segment marked received
0:00:00.797763162 [333m 7190[00m 0x7fe0480130a0 [37mDEBUG  [00m [00;01;31;41m            GST_PADS gstpad.c:5001:gst_pad_send_event_unchecked:<rtpsession0:recv_rtp_sink>[00m sent event, ret ok
0:00:00.797789379 [333m 7190[00m 0x7fe0480130a0 [33;01mLOG    [00m [00;01;31;41m            GST_PADS gstpad.c:4522:store_sticky_event:<rtpsession0:recv_rtp_sink>[00m stored sticky event segment
0:00:00.797814223 [333m 7190[00m 0x7fe0480130a0 [33;01mLOG    [00m [00;01;31;41m            GST_PADS gstpad.c:4687:gst_pad_push_event_unchecked:<recv_rtp_sink_0:proxypad0>[00m sent event 0x7fe048018580 to peerpad <rtpsession0:recv_rtp_sink>, ret ok
0:00:00.797843188 [333m 7190[00m 0x7fe0480130a0 [37mDEBUG  [00m [00;01;31;41m            GST_PADS gstpad.c:3329:push_sticky:<recv_rtp_sink_0:proxypad0>[00m event segment marked received
0:00:00.797876501 [333m 7190[00m 0x7fe0480130a0 [37mDEBUG  [00m [00;01;31;41m            GST_PADS gstpad.c:5001:gst_pad_send_event_unchecked:<manager:recv_rtp_sink_0>[00m sent event, ret ok
0:00:00.798022964 [333m 7190[00m 0x7fe0480130a0 [33;01mLOG    [00m [00;01;31;41m            GST_PADS gstpad.c:4522:store_sticky_event:<manager:recv_rtp_sink_0>[00m stored sticky event segment
0:00:00.798060004 [333m 7190[00m 0x7fe0480130a0 [33;01mLOG    [00m [00;01;31;41m            GST_PADS gstpad.c:4687:gst_pad_push_event_unchecked:<udpsrc0:src>[00m sent event 0x7fe048018580 to peerpad <manager:recv_rtp_sink_0>, ret ok
0:00:00.798089745 [333m 7190[00m 0x7fe0480130a0 [37mDEBUG  [00m [00;01;31;41m            GST_PADS gstpad.c:3329:push_sticky:<udpsrc0:src>[00m event segment marked received
0:00:00.798126278 [333m 7190[00m 0x7fe0480130a0 [36mINFO   [00m [00m             basesrc gstbasesrc.c:2772:gst_base_src_loop:<udpsrc0>[00m marking pending DISCONT
0:00:00.798156016 [333m 7190[00m 0x7fe0480130a0 [33;01mLOG    [00m [00;01;35m      GST_SCHEDULING gstpad.c:3709:gst_pad_chain_data_unchecked:<manager:recv_rtp_sink_0>[00m calling chainfunction &gst_proxy_pad_chain_default with buffer buffer: 0x7fe018003af0, pts 0:00:00.590739406, dts 0:00:00.590739406, dur 99:99:99.999999999, size 1400, offset 18446744073709551615, offset_end 18446744073709551615, flags 0x40
0:00:00.798205532 [333m 7190[00m 0x7fe0480130a0 [33;01mLOG    [00m [00;01;35m      GST_SCHEDULING gstpad.c:3709:gst_pad_chain_data_unchecked:<rtpsession0:recv_rtp_sink>[00m calling chainfunction &0x7fe0459c4320 with buffer buffer: 0x7fe018003af0, pts 0:00:00.590739406, dts 0:00:00.590739406, dur 99:99:99.999999999, size 1400, offset 18446744073709551615, offset_end 18446744073709551615, flags 0x40
0:00:00.798277170 [333m 7190[00m 0x7fe0480130a0 [33;01mLOG    [00m [00m          rtpsession gstrtpsession.c:1621:gst_rtp_session_chain_recv_rtp:<rtpsession0>[00m received RTP packet
0:00:00.798160833 [333m 7190[00m 0x7fe0480444f0 [33;01mLOG    [00m [00;01;31;41m            GST_PADS gstpad.c:4687:gst_pad_push_event_unchecked:<udpsrc2:src>[00m sent event 0x7fe048049240 to peerpad <manager:recv_rtp_sink_1>, ret ok
0:00:00.798441512 [333m 7190[00m 0x7fe0480444f0 [37mDEBUG  [00m [00;01;31;41m            GST_PADS gstpad.c:3329:push_sticky:<udpsrc2:src>[00m event segment marked received
0:00:00.798511358 [333m 7190[00m 0x7fe0480444f0 [36mINFO   [00m [00m             basesrc gstbasesrc.c:2772:gst_base_src_loop:<udpsrc2>[00m marking pending DISCONT
0:00:00.798344330 [333m 7190[00m 0x7fe0480130a0 [37mDEBUG  [00m [00;01;33m           GST_CLOCK gstclock.c:952:gst_clock_get_internal_time:<GstSystemClock>[00m internal time 16:06:48.872993396
0:00:00.798638514 [333m 7190[00m 0x7fe0480130a0 [37mDEBUG  [00m [00;01;33m           GST_CLOCK gstclock.c:997:gst_clock_get_time:<GstSystemClock>[00m adjusted time 16:06:48.872993396
0:00:00.798576963 [333m 7190[00m 0x7fe0480444f0 [33;01mLOG    [00m [00;01;35m      GST_SCHEDULING gstpad.c:3709:gst_pad_chain_data_unchecked:<manager:recv_rtp_sink_1>[00m calling chainfunction &gst_proxy_pad_chain_default with buffer buffer: 0x7fe018003490, pts 0:00:00.587586201, dts 0:00:00.587586201, dur 99:99:99.999999999, size 271, offset 18446744073709551615, offset_end 18446744073709551615, flags 0x40
0:00:00.798753341 [333m 7190[00m 0x7fe0480130a0 [33;01mLOG    [00m [00;01;42m          GST_BUFFER gstbuffer.c:1479:gst_buffer_map_range:[00m buffer 0x7fe018003af0, idx 0, length 1, flags 0001
0:00:00.798890724 [333m 7190[00m 0x7fe0480130a0 [33;01mLOG    [00m [00;01;42m          GST_BUFFER gstbuffer.c:207:_get_merged_memory:[00m buffer 0x7fe018003af0, idx 0, length 1
0:00:00.798934360 [333m 7190[00m 0x7fe0480130a0 [33;01mLOG    [00m [00;01;42m          GST_BUFFER gstbuffer.c:1479:gst_buffer_map_range:[00m buffer 0x7fe018003af0, idx 0, length 1, flags 0001
0:00:00.798970327 [333m 7190[00m 0x7fe0480130a0 [33;01mLOG    [00m [00;01;42m          GST_BUFFER gstbuffer.c:207:_get_merged_memory:[00m buffer 0x7fe018003af0, idx 0, length 1
0:00:00.798833860 [333m 7190[00m 0x7fe0480444f0 [33;01mLOG    [00m [00;01;35m      GST_SCHEDULING gstpad.c:3709:gst_pad_chain_data_unchecked:<rtpsession1:recv_rtp_sink>[00m calling chainfunction &0x7fe0459c4320 with buffer buffer: 0x7fe018003490, pts 0:00:00.587586201, dts 0:00:00.587586201, dur 99:99:99.999999999, size 271, offset 18446744073709551615, offset_end 18446744073709551615, flags 0x40
0:00:00.799080323 [333m 7190[00m 0x7fe0480444f0 [33;01mLOG    [00m [00m          rtpsession gstrtpsession.c:1621:gst_rtp_session_chain_recv_rtp:<rtpsession1>[00m received RTP packet
0:00:00.799118613 [333m 7190[00m 0x7fe0480444f0 [37mDEBUG  [00m [00;01;33m           GST_CLOCK gstclock.c:952:gst_clock_get_internal_time:<GstSystemClock>[00m internal time 16:06:48.873769524
0:00:00.799081376 [333m 7190[00m 0x7fe0480130a0 [33;01mLOG    [00m [00;01;33m           GST_DEBUG gstinfo.c:1412:gst_debug_reset_threshold:[00m category rtpsource matches pattern 0xf29910 - gets set to level 6
0:00:00.799149519 [333m 7190[00m 0x7fe0480444f0 [37mDEBUG  [00m [00;01;33m           GST_CLOCK gstclock.c:997:gst_clock_get_time:<GstSystemClock>[00m adjusted time 16:06:48.873769524
0:00:00.799282059 [333m 7190[00m 0x7fe0480444f0 [33;01mLOG    [00m [00;01;42m          GST_BUFFER gstbuffer.c:1479:gst_buffer_map_range:[00m buffer 0x7fe018003490, idx 0, length 1, flags 0001
0:00:00.799321617 [333m 7190[00m 0x7fe0480444f0 [33;01mLOG    [00m [00;01;42m          GST_BUFFER gstbuffer.c:207:_get_merged_memory:[00m buffer 0x7fe018003490, idx 0, length 1
0:00:00.799245788 [333m 7190[00m 0x7fe0480130a0 [37mDEBUG  [00m [00m          rtpsession rtpsession.c:1314:obtain_source:[00m creating new source 457ea06a 0x7fe04803f390
0:00:00.799351711 [333m 7190[00m 0x7fe0480444f0 [33;01mLOG    [00m [00;01;42m          GST_BUFFER gstbuffer.c:1479:gst_buffer_map_range:[00m buffer 0x7fe018003490, idx 0, length 1, flags 0001
0:00:00.799477988 [333m 7190[00m 0x7fe0480444f0 [33;01mLOG    [00m [00;01;42m          GST_BUFFER gstbuffer.c:207:_get_merged_memory:[00m buffer 0x7fe018003490, idx 0, length 1
0:00:00.799410854 [333m 7190[00m 0x7fe0480130a0 [33;01mLOG    [00m [00;01;42m          GST_BUFFER gstbuffer.c:1479:gst_buffer_map_range:[00m buffer 0x7fe018003af0, idx 0, length 1, flags 0001
0:00:00.799580350 [333m 7190[00m 0x7fe0480444f0 [37mDEBUG  [00m [00m          rtpsession rtpsession.c:1314:obtain_source:[00m creating new source 7ec12dea 0x7fe04803fd10
0:00:00.799637990 [333m 7190[00m 0x7fe0480444f0 [33;01mLOG    [00m [00;01;42m          GST_BUFFER gstbuffer.c:1479:gst_buffer_map_range:[00m buffer 0x7fe018003490, idx 0, length 1, flags 0001
0:00:00.799724722 [333m 7190[00m 0x7fe0480444f0 [33;01mLOG    [00m [00;01;42m          GST_BUFFER gstbuffer.c:207:_get_merged_memory:[00m buffer 0x7fe018003490, idx 0, length 1
0:00:00.799768117 [333m 7190[00m 0x7fe0480444f0 [37mDEBUG  [00m [00m           rtpsource rtpsource.c:1024:rtp_source_process_rtp:[00m received first buffer
0:00:00.799795200 [333m 7190[00m 0x7fe0480444f0 [37mDEBUG  [00m [00m           rtpsource rtpsource.c:956:init_seq:[00m base_seq 26961
0:00:00.799590290 [333m 7190[00m 0x7fe0480130a0 [33;01mLOG    [00m [00;01;42m          GST_BUFFER gstbuffer.c:207:_get_merged_memory:[00m buffer 0x7fe018003af0, idx 0, length 1
0:00:00.799893641 [333m 7190[00m 0x7fe0480130a0 [37mDEBUG  [00m [00m           rtpsource rtpsource.c:1024:rtp_source_process_rtp:[00m received first buffer
0:00:00.799957181 [333m 7190[00m 0x7fe0480130a0 [37mDEBUG  [00m [00m           rtpsource rtpsource.c:956:init_seq:[00m base_seq 19392
0:00:00.800019927 [333m 7190[00m 0x7fe0480130a0 [37mDEBUG  [00m [00m           rtpsource rtpsource.c:1040:rtp_source_process_rtp:[00m probation: seqnr 19392 == expected 19392
0:00:00.800083661 [333m 7190[00m 0x7fe0480130a0 [37mDEBUG  [00m [00m           rtpsource rtpsource.c:1049:rtp_source_process_rtp:[00m probation 1: queue buffer
0:00:00.799815987 [333m 7190[00m 0x7fe0480444f0 [37mDEBUG  [00m [00m           rtpsource rtpsource.c:1040:rtp_source_process_rtp:[00m probation: seqnr 26961 == expected 26961
0:00:00.800241930 [333m 7190[00m 0x7fe0480444f0 [37mDEBUG  [00m [00m           rtpsource rtpsource.c:1049:rtp_source_process_rtp:[00m probation 1: queue buffer
0:00:00.800165152 [333m 7190[00m 0x7fe0480130a0 [33;01mLOG    [00m [00;01;35m      GST_SCHEDULING gstpad.c:3715:gst_pad_chain_data_unchecked:<rtpsession0:recv_rtp_sink>[00m called chainfunction &0x7fe0459c4320 with buffer 0x7fe018003af0, returned ok
0:00:00.800428462 [333m 7190[00m 0x7fe0480130a0 [33;01mLOG    [00m [00;01;35m      GST_SCHEDULING gstpad.c:3715:gst_pad_chain_data_unchecked:<manager:recv_rtp_sink_0>[00m called chainfunction &gst_proxy_pad_chain_default with buffer 0x7fe018003af0, returned ok
0:00:00.800507019 [333m 7190[00m 0x7fe0480130a0 [37mDEBUG  [00m [00;01;31;41m            GST_PADS gstpad.c:1432:gst_pad_check_reconfigure:<udpsrc0:src>[00m remove RECONFIGURE flag
0:00:00.800573040 [333m 7190[00m 0x7fe0480130a0 [37mDEBUG  [00m [00m             basesrc gstbasesrc.c:3151:gst_base_src_negotiate:<udpsrc0>[00m starting negotiation
0:00:00.800635401 [333m 7190[00m 0x7fe0480130a0 [37mDEBUG  [00m [00;01;34m            GST_CAPS gstutils.c:2762:gst_pad_query_caps:<udpsrc0:src>[00m get pad caps with filter (NULL)
0:00:00.800796502 [333m 7190[00m 0x7fe0480130a0 [37mDEBUG  [00m [00m               query gstquery.c:680:gst_query_new_custom:[00m creating new query 0x7fe03c0026d0 caps
0:00:00.800872996 [333m 7190[00m 0x7fe0480130a0 [37mDEBUG  [00m [00;01;31;41m            GST_PADS gstpad.c:3445:gst_pad_query:<udpsrc0:src>[00m doing query 0x7fe03c0026d0 (caps)
0:00:00.800347194 [333m 7190[00m 0x7fe0480444f0 [33;01mLOG    [00m [00;01;35m      GST_SCHEDULING gstpad.c:3715:gst_pad_chain_data_unchecked:<rtpsession1:recv_rtp_sink>[00m called chainfunction &0x7fe0459c4320 with buffer 0x7fe018003490, returned ok
0:00:00.801032629 [333m 7190[00m 0x7fe0480444f0 [33;01mLOG    [00m [00;01;35m      GST_SCHEDULING gstpad.c:3715:gst_pad_chain_data_unchecked:<manager:recv_rtp_sink_1>[00m called chainfunction &gst_proxy_pad_chain_default with buffer 0x7fe018003490, returned ok
0:00:00.801106788 [333m 7190[00m 0x7fe0480444f0 [37mDEBUG  [00m [00;01;31;41m            GST_PADS gstpad.c:1432:gst_pad_check_reconfigure:<udpsrc2:src>[00m remove RECONFIGURE flag
0:00:00.801169175 [333m 7190[00m 0x7fe0480444f0 [37mDEBUG  [00m [00m             basesrc gstbasesrc.c:3151:gst_base_src_negotiate:<udpsrc2>[00m starting negotiation
0:00:00.801227136 [333m 7190[00m 0x7fe0480444f0 [37mDEBUG  [00m [00;01;34m            GST_CAPS gstutils.c:2762:gst_pad_query_caps:<udpsrc2:src>[00m get pad caps with filter (NULL)
0:00:00.801294346 [333m 7190[00m 0x7fe0480444f0 [37mDEBUG  [00m [00m               query gstquery.c:680:gst_query_new_custom:[00m creating new query 0x7fe048044680 caps
0:00:00.801359711 [333m 7190[00m 0x7fe0480444f0 [37mDEBUG  [00m [00;01;31;41m            GST_PADS gstpad.c:3445:gst_pad_query:<udpsrc2:src>[00m doing query 0x7fe048044680 (caps)
0:00:00.800953659 [333m 7190[00m 0x7fe0480130a0 [37mDEBUG  [00m [00m             basesrc gstbasesrc.c:1248:gst_base_src_default_query:<udpsrc0>[00m query caps returns 1
0:00:00.801484766 [333m 7190[00m 0x7fe0480130a0 [37mDEBUG  [00m [00;01;31;41m            GST_PADS gstpad.c:3467:gst_pad_query:<udpsrc0:src>[00m sent query 0x7fe03c0026d0 (caps), result 1
0:00:00.801561751 [333m 7190[00m 0x7fe0480130a0 [37mDEBUG  [00m [00;01;34m            GST_CAPS gstutils.c:2769:gst_pad_query_caps:<udpsrc0:src>[00m query returned ANY
0:00:00.801634072 [333m 7190[00m 0x7fe0480130a0 [37mDEBUG  [00m [00m             basesrc gstbasesrc.c:3081:gst_base_src_default_negotiate:<udpsrc0>[00m caps of src: ANY
0:00:00.801730860 [333m 7190[00m 0x7fe0480130a0 [37mDEBUG  [00m [00m             basesrc gstbasesrc.c:3127:gst_base_src_default_negotiate:<udpsrc0>[00m no negotiation needed
0:00:00.801774263 [333m 7190[00m 0x7fe0480130a0 [37mDEBUG  [00m [00;01;34m            GST_CAPS gstpad.c:2428:gst_pad_get_current_caps:<udpsrc0:src>[00m get current pad caps (NULL)
0:00:00.801952736 [333m 7190[00m 0x7fe0480130a0 [37mDEBUG  [00m [00m               query gstquery.c:680:gst_query_new_custom:[00m creating new query 0x7fe03c002770 allocation
0:00:00.802028095 [333m 7190[00m 0x7fe0480130a0 [37mDEBUG  [00m [00;01;31;41m            GST_PADS gstpad.c:3570:gst_pad_peer_query:<udpsrc0:src>[00m peer query 0x7fe03c002770 (allocation)
0:00:00.802099729 [333m 7190[00m 0x7fe0480130a0 [37mDEBUG  [00m [00;01;31;41m            GST_PADS gstpad.c:3445:gst_pad_query:<manager:recv_rtp_sink_0>[00m doing query 0x7fe03c002770 (allocation)
0:00:00.802170198 [333m 7190[00m 0x7fe0480130a0 [37mDEBUG  [00m [00;01;31;41m            GST_PADS gstpad.c:2983:gst_pad_query_default:<manager:recv_rtp_sink_0>[00m forwarding 0x7fe03c002770 (allocation) query
0:00:00.801401336 [333m 7190[00m 0x7fe0480444f0 [37mDEBUG  [00m [00m             basesrc gstbasesrc.c:1248:gst_base_src_default_query:<udpsrc2>[00m query caps returns 1
0:00:00.802326306 [333m 7190[00m 0x7fe0480444f0 [37mDEBUG  [00m [00;01;31;41m            GST_PADS gstpad.c:3467:gst_pad_query:<udpsrc2:src>[00m sent query 0x7fe048044680 (caps), result 1
0:00:00.802399409 [333m 7190[00m 0x7fe0480444f0 [37mDEBUG  [00m [00;01;34m            GST_CAPS gstutils.c:2769:gst_pad_query_caps:<udpsrc2:src>[00m query returned ANY
0:00:00.802467453 [333m 7190[00m 0x7fe0480444f0 [37mDEBUG  [00m [00m             basesrc gstbasesrc.c:3081:gst_base_src_default_negotiate:<udpsrc2>[00m caps of src: ANY
0:00:00.802530340 [333m 7190[00m 0x7fe0480444f0 [37mDEBUG  [00m [00m             basesrc gstbasesrc.c:3127:gst_base_src_default_negotiate:<udpsrc2>[00m no negotiation needed
0:00:00.802567609 [333m 7190[00m 0x7fe0480444f0 [37mDEBUG  [00m [00;01;34m            GST_CAPS gstpad.c:2428:gst_pad_get_current_caps:<udpsrc2:src>[00m get current pad caps (NULL)
0:00:00.802603517 [333m 7190[00m 0x7fe0480444f0 [37mDEBUG  [00m [00m               query gstquery.c:680:gst_query_new_custom:[00m creating new query 0x7fe048044720 allocation
0:00:00.802637635 [333m 7190[00m 0x7fe0480444f0 [37mDEBUG  [00m [00;01;31;41m            GST_PADS gstpad.c:3570:gst_pad_peer_query:<udpsrc2:src>[00m peer query 0x7fe048044720 (allocation)
0:00:00.802247566 [333m 7190[00m 0x7fe0480130a0 [33;01mLOG    [00m [00;01;31;41m            GST_PADS gstpad.c:2691:gst_pad_forward:<manager:recv_rtp_sink_0>[00m calling forward function on pad recv_rtp_sink_0:proxypad0
0:00:00.802737372 [333m 7190[00m 0x7fe0480130a0 [33;01mLOG    [00m [00;01;31;41m            GST_PADS gstpad.c:2926:query_forward_func:<recv_rtp_sink_0:proxypad0>[00m query peer 0x7fe03c002770 (allocation) of recv_rtp_sink_0:proxypad0
0:00:00.802779558 [333m 7190[00m 0x7fe0480130a0 [37mDEBUG  [00m [00;01;31;41m            GST_PADS gstpad.c:3570:gst_pad_peer_query:<recv_rtp_sink_0:proxypad0>[00m peer query 0x7fe03c002770 (allocation)
0:00:00.802694729 [333m 7190[00m 0x7fe0480444f0 [37mDEBUG  [00m [00;01;31;41m            GST_PADS gstpad.c:3445:gst_pad_query:<manager:recv_rtp_sink_1>[00m doing query 0x7fe048044720 (allocation)
0:00:00.802870178 [333m 7190[00m 0x7fe0480444f0 [37mDEBUG  [00m [00;01;31;41m            GST_PADS gstpad.c:2983:gst_pad_query_default:<manager:recv_rtp_sink_1>[00m forwarding 0x7fe048044720 (allocation) query
0:00:00.802945643 [333m 7190[00m 0x7fe0480444f0 [33;01mLOG    [00m [00;01;31;41m            GST_PADS gstpad.c:2691:gst_pad_forward:<manager:recv_rtp_sink_1>[00m calling forward function on pad recv_rtp_sink_1:proxypad3
0:00:00.802965557 [333m 7190[00m 0x7fe0480130a0 [37mDEBUG  [00m [00;01;31;41m            GST_PADS gstpad.c:3445:gst_pad_query:<rtpsession0:recv_rtp_sink>[00m doing query 0x7fe03c002770 (allocation)
0:00:00.803020056 [333m 7190[00m 0x7fe0480130a0 [37mDEBUG  [00m [00;01;31;41m            GST_PADS gstpad.c:2983:gst_pad_query_default:<rtpsession0:recv_rtp_sink>[00m not forwarding 0x7fe03c002770 (allocation) query
0:00:00.802979182 [333m 7190[00m 0x7fe0480444f0 [33;01mLOG    [00m [00;01;31;41m            GST_PADS gstpad.c:2926:query_forward_func:<recv_rtp_sink_1:proxypad3>[00m query peer 0x7fe048044720 (allocation) of recv_rtp_sink_1:proxypad3
0:00:00.803159737 [333m 7190[00m 0x7fe0480444f0 [37mDEBUG  [00m [00;01;31;41m            GST_PADS gstpad.c:3570:gst_pad_peer_query:<recv_rtp_sink_1:proxypad3>[00m peer query 0x7fe048044720 (allocation)
0:00:00.803229000 [333m 7190[00m 0x7fe0480444f0 [37mDEBUG  [00m [00;01;31;41m            GST_PADS gstpad.c:3445:gst_pad_query:<rtpsession1:recv_rtp_sink>[00m doing query 0x7fe048044720 (allocation)
0:00:00.803295208 [333m 7190[00m 0x7fe0480444f0 [37mDEBUG  [00m [00;01;31;41m            GST_PADS gstpad.c:2983:gst_pad_query_default:<rtpsession1:recv_rtp_sink>[00m not forwarding 0x7fe048044720 (allocation) query
0:00:00.803360570 [333m 7190[00m 0x7fe0480444f0 [37mDEBUG  [00m [00;01;31;41m            GST_PADS gstpad.c:3467:gst_pad_query:<rtpsession1:recv_rtp_sink>[00m sent query 0x7fe048044720 (allocation), result 0
0:00:00.803423886 [333m 7190[00m 0x7fe0480444f0 [37mDEBUG  [00m [00;01;31;41m            GST_PADS gstpad.c:3511:gst_pad_query:<rtpsession1:recv_rtp_sink>[00m query failed
0:00:00.803460196 [333m 7190[00m 0x7fe0480444f0 [37mDEBUG  [00m [00;01;31;41m            GST_PADS gstpad.c:3632:gst_pad_peer_query:<recv_rtp_sink_1:proxypad3>[00m query failed
0:00:00.803492903 [333m 7190[00m 0x7fe0480444f0 [37mDEBUG  [00m [00;01;31;41m            GST_PADS gstpad.c:3467:gst_pad_query:<manager:recv_rtp_sink_1>[00m sent query 0x7fe048044720 (allocation), result 0
0:00:00.803525935 [333m 7190[00m 0x7fe0480444f0 [37mDEBUG  [00m [00;01;31;41m            GST_PADS gstpad.c:3511:gst_pad_query:<manager:recv_rtp_sink_1>[00m query failed
0:00:00.803547648 [333m 7190[00m 0x7fe0480444f0 [37mDEBUG  [00m [00;01;31;41m            GST_PADS gstpad.c:3632:gst_pad_peer_query:<udpsrc2:src>[00m query failed
0:00:00.803599222 [333m 7190[00m 0x7fe0480444f0 [37mDEBUG  [00m [00m             basesrc gstbasesrc.c:3026:gst_base_src_prepare_allocation:<udpsrc2>[00m peer ALLOCATION query failed
0:00:00.803082843 [333m 7190[00m 0x7fe0480130a0 [37mDEBUG  [00m [00;01;31;41m            GST_PADS gstpad.c:3467:gst_pad_query:<rtpsession0:recv_rtp_sink>[00m sent query 0x7fe03c002770 (allocation), result 0
0:00:00.803818603 [333m 7190[00m 0x7fe0480130a0 [37mDEBUG  [00m [00;01;31;41m            GST_PADS gstpad.c:3511:gst_pad_query:<rtpsession0:recv_rtp_sink>[00m query failed
0:00:00.803668591 [333m 7190[00m 0x7fe0480444f0 [37mDEBUG  [00m [00m             basesrc gstbasesrc.c:3033:gst_base_src_prepare_allocation:<udpsrc2>[00m ALLOCATION (1) params: allocation query: 0x7fe048044720, GstQueryAllocation, caps=(GstCaps)NULL, need-pool=(boolean)true, allocator=(GArray)NULL, pool=(GArray)NULL;
0:00:00.803939453 [333m 7190[00m 0x7fe0480444f0 [33;01mLOG    [00m [00m             basesrc gstbasesrc.c:2663:gst_base_src_loop:<udpsrc2>[00m next_ts 99:99:99.999999999 size 4096
0:00:00.803979194 [333m 7190[00m 0x7fe0480444f0 [37mDEBUG  [00m [00m             basesrc gstbasesrc.c:2388:gst_base_src_get_range:<udpsrc2>[00m calling create offset 18446744073709551615 length 4096, time 0
0:00:00.804011367 [333m 7190[00m 0x7fe0480444f0 [33;01mLOG    [00m [00m              udpsrc gstudpsrc.c:421:gst_udpsrc_create:<udpsrc2>[00m doing select, timeout 18446744073709551615
0:00:00.803854503 [333m 7190[00m 0x7fe0480130a0 [37mDEBUG  [00m [00;01;31;41m            GST_PADS gstpad.c:3632:gst_pad_peer_query:<recv_rtp_sink_0:proxypad0>[00m query failed
0:00:00.804200897 [333m 7190[00m 0x7fe0480130a0 [37mDEBUG  [00m [00;01;31;41m            GST_PADS gstpad.c:3467:gst_pad_query:<manager:recv_rtp_sink_0>[00m sent query 0x7fe03c002770 (allocation), result 0
0:00:00.804234186 [333m 7190[00m 0x7fe0480130a0 [37mDEBUG  [00m [00;01;31;41m            GST_PADS gstpad.c:3511:gst_pad_query:<manager:recv_rtp_sink_0>[00m query failed
0:00:00.804256169 [333m 7190[00m 0x7fe0480130a0 [37mDEBUG  [00m [00;01;31;41m            GST_PADS gstpad.c:3632:gst_pad_peer_query:<udpsrc0:src>[00m query failed
0:00:00.804355529 [333m 7190[00m 0x7fe0480130a0 [37mDEBUG  [00m [00m             basesrc gstbasesrc.c:3026:gst_base_src_prepare_allocation:<udpsrc0>[00m peer ALLOCATION query failed
0:00:00.804393428 [333m 7190[00m 0x7fe0480130a0 [37mDEBUG  [00m [00m             basesrc gstbasesrc.c:3033:gst_base_src_prepare_allocation:<udpsrc0>[00m ALLOCATION (1) params: allocation query: 0x7fe03c002770, GstQueryAllocation, caps=(GstCaps)NULL, need-pool=(boolean)true, allocator=(GArray)NULL, pool=(GArray)NULL;
0:00:00.804455992 [333m 7190[00m 0x7fe0480130a0 [33;01mLOG    [00m [00m             basesrc gstbasesrc.c:2663:gst_base_src_loop:<udpsrc0>[00m next_ts 99:99:99.999999999 size 4096
0:00:00.804485976 [333m 7190[00m 0x7fe0480130a0 [37mDEBUG  [00m [00m             basesrc gstbasesrc.c:2388:gst_base_src_get_range:<udpsrc0>[00m calling create offset 18446744073709551615 length 4096, time 0
0:00:00.804518016 [333m 7190[00m 0x7fe0480130a0 [33;01mLOG    [00m [00m              udpsrc gstudpsrc.c:469:gst_udpsrc_create:<udpsrc0>[00m ioctl says 1400 bytes available
0:00:00.804546038 [333m 7190[00m 0x7fe0480130a0 [37mDEBUG  [00m [00;01;34m          GST_MEMORY gstmemory.c:138:gst_memory_init:[00m new memory 0x7fe03c006800, maxsize:1407 offset:0 size:1400
0:00:00.804574004 [333m 7190[00m 0x7fe0480130a0 [33;01mLOG    [00m [00;01;42m          GST_BUFFER gstbuffer.c:628:gst_buffer_new:[00m new 0x7fe018003c00
0:00:00.804594744 [333m 7190[00m 0x7fe0480130a0 [33;01mLOG    [00m [00;01;42m          GST_BUFFER gstbuffer.c:297:_memory_add:[00m buffer 0x7fe018003c00, idx -1, mem 0x7fe03c006800, lock 1
0:00:00.804619378 [333m 7190[00m 0x7fe0480130a0 [33;01mLOG    [00m [00;01;42m          GST_BUFFER gstbuffer.c:682:gst_buffer_new_allocate:[00m new buffer 0x7fe018003c00 of size 1400 from allocator (nil)
0:00:00.804644969 [333m 7190[00m 0x7fe0480130a0 [33;01mLOG    [00m [00;01;42m          GST_BUFFER gstbuffer.c:1479:gst_buffer_map_range:[00m buffer 0x7fe018003c00, idx 0, length -1, flags 0002
0:00:00.805020744 [333m 7190[00m 0x7fe0480130a0 [33;01mLOG    [00m [00;01;42m          GST_BUFFER gstbuffer.c:207:_get_merged_memory:[00m buffer 0x7fe018003c00, idx 0, length 1
0:00:00.805139898 [333m 7190[00m 0x7fe0480130a0 [33;01mLOG    [00m [00;01;42m          GST_BUFFER gstbuffer.c:1342:gst_buffer_resize_range:[00m trim 0x7fe018003c00 0-1400 size:1400 offs:0 max:1407
0:00:00.805182624 [333m 7190[00m 0x7fe0480130a0 [37mDEBUG  [00m [00;01;42m          GST_BUFFER gstbuffer.c:1926:gst_buffer_add_meta:[00m alloc metadata 0x7fe040022d38 (GstNetAddressMeta) of size 24
0:00:00.805211286 [333m 7190[00m 0x7fe0480130a0 [33;01mLOG    [00m [00m              udpsrc gstudpsrc.c:525:gst_udpsrc_create:<udpsrc0>[00m read 1400 bytes
0:00:00.805237726 [333m 7190[00m 0x7fe0480130a0 [37mDEBUG  [00m [00;01;33m           GST_CLOCK gstclock.c:952:gst_clock_get_internal_time:<GstSystemClock>[00m internal time 16:06:48.879889277
0:00:00.805265295 [333m 7190[00m 0x7fe0480130a0 [37mDEBUG  [00m [00;01;33m           GST_CLOCK gstclock.c:997:gst_clock_get_time:<GstSystemClock>[00m adjusted time 16:06:48.879889277
0:00:00.805290150 [333m 7190[00m 0x7fe0480130a0 [33;01mLOG    [00m [00m             basesrc gstbasesrc.c:2205:gst_base_src_do_sync:<udpsrc0>[00m created DTS 0:00:00.604686122
0:00:00.805314121 [333m 7190[00m 0x7fe0480130a0 [33;01mLOG    [00m [00m             basesrc gstbasesrc.c:2215:gst_base_src_do_sync:<udpsrc0>[00m created PTS 0:00:00.604686122
0:00:00.805336690 [333m 7190[00m 0x7fe0480130a0 [37mDEBUG  [00m [00m             basesrc gstbasesrc.c:2253:gst_base_src_do_sync:<udpsrc0>[00m no sync needed
0:00:00.805356571 [333m 7190[00m 0x7fe0480130a0 [37mDEBUG  [00m [00m             basesrc gstbasesrc.c:2451:gst_base_src_get_range:<udpsrc0>[00m buffer ok
0:00:00.805380832 [333m 7190[00m 0x7fe0480130a0 [33;01mLOG    [00m [00;01;35m      GST_SCHEDULING gstpad.c:3709:gst_pad_chain_data_unchecked:<manager:recv_rtp_sink_0>[00m calling chainfunction &gst_proxy_pad_chain_default with buffer buffer: 0x7fe018003c00, pts 0:00:00.604686122, dts 0:00:00.604686122, dur 99:99:99.999999999, size 1400, offset 18446744073709551615, offset_end 18446744073709551615, flags 0x0
0:00:00.805536737 [333m 7190[00m 0x7fe0480130a0 [33;01mLOG    [00m [00;01;35m      GST_SCHEDULING gstpad.c:3709:gst_pad_chain_data_unchecked:<rtpsession0:recv_rtp_sink>[00m calling chainfunction &0x7fe0459c4320 with buffer buffer: 0x7fe018003c00, pts 0:00:00.604686122, dts 0:00:00.604686122, dur 99:99:99.999999999, size 1400, offset 18446744073709551615, offset_end 18446744073709551615, flags 0x0
0:00:00.805582868 [333m 7190[00m 0x7fe0480130a0 [33;01mLOG    [00m [00m          rtpsession gstrtpsession.c:1621:gst_rtp_session_chain_recv_rtp:<rtpsession0>[00m received RTP packet
0:00:00.805605571 [333m 7190[00m 0x7fe0480130a0 [37mDEBUG  [00m [00;01;33m           GST_CLOCK gstclock.c:952:gst_clock_get_internal_time:<GstSystemClock>[00m internal time 16:06:48.880257294
0:00:00.805634325 [333m 7190[00m 0x7fe0480130a0 [37mDEBUG  [00m [00;01;33m           GST_CLOCK gstclock.c:997:gst_clock_get_time:<GstSystemClock>[00m adjusted time 16:06:48.880257294
0:00:00.806001965 [333m 7190[00m 0x7fe0480130a0 [33;01mLOG    [00m [00;01;42m          GST_BUFFER gstbuffer.c:1479:gst_buffer_map_range:[00m buffer 0x7fe018003c00, idx 0, length 1, flags 0001
0:00:00.806046551 [333m 7190[00m 0x7fe0480130a0 [33;01mLOG    [00m [00;01;42m          GST_BUFFER gstbuffer.c:207:_get_merged_memory:[00m buffer 0x7fe018003c00, idx 0, length 1
0:00:00.806073747 [333m 7190[00m 0x7fe0480130a0 [33;01mLOG    [00m [00;01;42m          GST_BUFFER gstbuffer.c:1479:gst_buffer_map_range:[00m buffer 0x7fe018003c00, idx 0, length 1, flags 0001
0:00:00.806098264 [333m 7190[00m 0x7fe0480130a0 [33;01mLOG    [00m [00;01;42m          GST_BUFFER gstbuffer.c:207:_get_merged_memory:[00m buffer 0x7fe018003c00, idx 0, length 1
0:00:00.806129631 [333m 7190[00m 0x7fe0480130a0 [33;01mLOG    [00m [00;01;42m          GST_BUFFER gstbuffer.c:1479:gst_buffer_map_range:[00m buffer 0x7fe018003c00, idx 0, length 1, flags 0001
0:00:00.806156188 [333m 7190[00m 0x7fe0480130a0 [33;01mLOG    [00m [00;01;42m          GST_BUFFER gstbuffer.c:207:_get_merged_memory:[00m buffer 0x7fe018003c00, idx 0, length 1
0:00:00.806180219 [333m 7190[00m 0x7fe0480130a0 [37mDEBUG  [00m [00m           rtpsource rtpsource.c:1040:rtp_source_process_rtp:[00m probation: seqnr 19393 == expected 19393
0:00:00.806202215 [333m 7190[00m 0x7fe0480130a0 [37mDEBUG  [00m [00m           rtpsource rtpsource.c:1044:rtp_source_process_rtp:[00m probation done!
0:00:00.806220234 [333m 7190[00m 0x7fe0480130a0 [37mDEBUG  [00m [00m           rtpsource rtpsource.c:956:init_seq:[00m base_seq 19393
0:00:00.806238829 [333m 7190[00m 0x7fe0480130a0 [33;01mLOG    [00m [00m           rtpsource rtpsource.c:987:do_bitrate_estimation:[00m Reset bitrate measurement
0:00:00.806256834 [333m 7190[00m 0x7fe0480130a0 [33;01mLOG    [00m [00m           rtpsource rtpsource.c:1099:rtp_source_process_rtp:[00m seq 19393, PC: 1, OC: 1388
0:00:00.806277967 [333m 7190[00m 0x7fe0480130a0 [33;01mLOG    [00m [00;01;42m          GST_BUFFER gstbuffer.c:1479:gst_buffer_map_range:[00m buffer 0x7fe018003c00, idx 0, length 1, flags 0001
0:00:00.806302239 [333m 7190[00m 0x7fe0480130a0 [33;01mLOG    [00m [00;01;42m          GST_BUFFER gstbuffer.c:207:_get_merged_memory:[00m buffer 0x7fe018003c00, idx 0, length 1
0:00:00.806325127 [333m 7190[00m 0x7fe0480130a0 [33;01mLOG    [00m [00m           rtpsource rtpsource.c:885:calculate_jitter:[00m SSRC 457ea06a got payload 96
0:00:00.806346820 [333m 7190[00m 0x7fe0480130a0 [37mDEBUG  [00m [00m           rtpsource rtpsource.c:838:get_clock_rate:[00m first payload 96
0:00:00.806387625 [333m 7190[00m 0x7fe0480130a0 [37mDEBUG  [00m [00m              rtpbin gstrtpbin.c:2479:pt_map_requested:<manager>[00m payload map requested for pt 96 in session 0
0:00:00.806413288 [333m 7190[00m 0x7fe0480130a0 [37mDEBUG  [00m [00m              rtpbin gstrtpbin.c:685:get_pt_map:[00m searching pt 96 in cache
0:00:00.806509104 [333m 7190[00m 0x7fe0480130a0 [37mDEBUG  [00m [00m              rtpbin gstrtpbin.c:698:get_pt_map:[00m emiting signal for pt 96 in session 0
0:00:00.806554782 [333m 7190[00m 0x7fe0480130a0 [37mDEBUG  [00m [00m             rtspsrc gstrtspsrc.c:2538:request_pt_map:<rtspsrc0>[00m getting pt map for pt 96 in session 0
0:00:00.806588640 [333m 7190[00m 0x7fe0480130a0 [37mDEBUG  [00m [00m              rtpbin gstrtpbin.c:734:get_pt_map:[00m caching pt 96 as application/x-rtp, media=(string)video, payload=(int)96, clock-rate=(int)90000, encoding-name=(string)H264, packetization-mode=(string)1, profile-level-id=(string)420029, sprop-parameter-sets=(string)"Z0IAKeKQGQJvy4C3AQEBpB4kRUA\=\,aM48gA\=\=", a-framerate=(string)30.0, a-transform=(string)"-1\,0\,0\;0\,-1\,0\;0\,0\,1", clock-base=(uint)3372289389, seqnum-base=(uint)19392, npt-start=(guint64)0, play-speed=(double)1, play-scale=(double)1
0:00:00.806870894 [333m 7190[00m 0x7fe0480130a0 [37mDEBUG  [00m [00m          rtpsession gstrtpsession.c:1271:gst_rtp_session_cache_caps:<rtpsession0>[00m parsing caps
0:00:00.806908018 [333m 7190[00m 0x7fe0480130a0 [37mDEBUG  [00m [00m          rtpsession gstrtpsession.c:1359:gst_rtp_session_clock_rate:<rtpsession0>[00m parsed clock-rate 90000
0:00:00.806931856 [333m 7190[00m 0x7fe0480130a0 [37mDEBUG  [00m [00m          rtpsession rtpsession.c:1154:source_clock_rate:[00m got clock-rate 90000 for pt 96
0:00:00.806953759 [333m 7190[00m 0x7fe0480130a0 [37mDEBUG  [00m [00m           rtpsource rtpsource.c:853:get_clock_rate:[00m got clock-rate 90000
0:00:00.806982567 [333m 7190[00m 0x7fe0480130a0 [33;01mLOG    [00m [00m           rtpsource rtpsource.c:920:calculate_jitter:[00m rtparrival 54421, rtptime 3372290918, clock-rate 90000, diff 0, jitter: 0.000000
0:00:00.807016662 [333m 7190[00m 0x7fe0480130a0 [33;01mLOG    [00m [00m           rtpsource rtpsource.c:816:push_packet:[00m pushing queued packet
0:00:00.807035990 [333m 7190[00m 0x7fe0480130a0 [33;01mLOG    [00m [00m          rtpsession rtpsession.c:1123:source_push_rtp:[00m source 457ea06a pushed receiver RTP packet
0:00:00.807060701 [333m 7190[00m 0x7fe0480130a0 [33;01mLOG    [00m [00m          rtpsession gstrtpsession.c:1068:gst_rtp_session_process_rtp:<rtpsession0>[00m pushing received RTP packet
0:00:00.807085642 [333m 7190[00m 0x7fe0480130a0 [33;01mLOG    [00m [00;01;35m      GST_SCHEDULING gstpad.c:3709:gst_pad_chain_data_unchecked:<rtpssrcdemux0:sink>[00m calling chainfunction &0x7fe0459b24f0 with buffer buffer: 0x7fe018003af0, pts 0:00:00.590739406, dts 0:00:00.590739406, dur 99:99:99.999999999, size 1400, offset 18446744073709551615, offset_end 18446744073709551615, flags 0x40
0:00:00.807120840 [333m 7190[00m 0x7fe0480130a0 [33;01mLOG    [00m [00;01;42m          GST_BUFFER gstbuffer.c:1479:gst_buffer_map_range:[00m buffer 0x7fe018003af0, idx 0, length 1, flags 0001
0:00:00.807145587 [333m 7190[00m 0x7fe0480130a0 [33;01mLOG    [00m [00;01;42m          GST_BUFFER gstbuffer.c:207:_get_merged_memory:[00m buffer 0x7fe018003af0, idx 0, length 1
0:00:00.807172137 [333m 7190[00m 0x7fe0480130a0 [37mDEBUG  [00m [00m        rtpssrcdemux gstrtpssrcdemux.c:627:gst_rtp_ssrc_demux_chain:<rtpssrcdemux0>[00m received buffer of SSRC 457ea06a
0:00:00.807195862 [333m 7190[00m 0x7fe0480130a0 [37mDEBUG  [00m [00m        rtpssrcdemux gstrtpssrcdemux.c:280:find_or_create_demux_pad_for_ssrc:<rtpssrcdemux0>[00m creating new pad for SSRC 457ea06a
0:00:00.807294839 [333m 7190[00m 0x7fe0480130a0 [37mDEBUG  [00m [00;01;31;41m            GST_PADS gstpad.c:1700:gst_pad_set_query_function_full:<'':src_1165926506>[00m queryfunc set to 0x7fe0459b21d0
0:00:00.807329880 [333m 7190[00m 0x7fe0480130a0 [37mDEBUG  [00m [00;01;31;41m            GST_PADS gstpad.c:1734:gst_pad_set_iterate_internal_links_function_full:<'':src_1165926506>[00m internal link iterator set to 0x7fe0459b20e0
0:00:00.807492727 [333m 7190[00m 0x7fe0480130a0 [37mDEBUG  [00m [00;01;31;41m            GST_PADS gstpad.c:1667:gst_pad_set_event_function_full:<'':src_1165926506>[00m eventfunc for set to 0x7fe0459b1fe0
0:00:00.807526675 [333m 7190[00m 0x7fe0480130a0 [37mDEBUG  [00m [00;01;31;41m            GST_PADS gstpad.c:953:gst_pad_set_active:<'':src_1165926506>[00m activating pad from none
0:00:00.807548541 [333m 7190[00m 0x7fe0480130a0 [37mDEBUG  [00m [00;01;31;41m            GST_PADS gstpad.c:870:pre_activate:<'':src_1165926506>[00m setting pad into push mode, unset flushing
0:00:00.807571937 [333m 7190[00m 0x7fe0480130a0 [37mDEBUG  [00m [00;01;31;41m            GST_PADS gstpad.c:1091:gst_pad_activate_mode:<'':src_1165926506>[00m activated in push mode
0:00:00.807596831 [333m 7190[00m 0x7fe0480130a0 [37mDEBUG  [00m [00;01;31;41m            GST_PADS gstpad.c:1667:gst_pad_set_event_function_full:<'':rtcp_src_1165926506>[00m eventfunc for set to 0x7fe0459b1fe0
0:00:00.807620183 [333m 7190[00m 0x7fe0480130a0 [37mDEBUG  [00m [00;01;31;41m            GST_PADS gstpad.c:1734:gst_pad_set_iterate_internal_links_function_full:<'':rtcp_src_1165926506>[00m internal link iterator set to 0x7fe0459b20e0
0:00:00.807643178 [333m 7190[00m 0x7fe0480130a0 [37mDEBUG  [00m [00;01;31;41m            GST_PADS gstpad.c:953:gst_pad_set_active:<'':rtcp_src_1165926506>[00m activating pad from none
0:00:00.807707358 [333m 7190[00m 0x7fe0480130a0 [37mDEBUG  [00m [00;01;31;41m            GST_PADS gstpad.c:870:pre_activate:<'':rtcp_src_1165926506>[00m setting pad into push mode, unset flushing
0:00:00.807736172 [333m 7190[00m 0x7fe0480130a0 [37mDEBUG  [00m [00;01;31;41m            GST_PADS gstpad.c:1091:gst_pad_activate_mode:<'':rtcp_src_1165926506>[00m activated in push mode
