0:00:00.824259619 [333m 7190[00m 0x7fe0480130a0 [37mDEBUG  [00m [00;01;34m            GST_CAPS gstpad.c:2003:gst_pad_link_check_compatible_unlocked:[00m caps are compatible
0:00:00.824277156 [333m 7190[00m 0x7fe0480130a0 [36mINFO   [00m [00;01;31;41m            GST_PADS gstpad.c:2285:gst_pad_link_full:[00m linked rtpssrcdemux0:rtcp_src_1165926506 and rtpjitterbuffer0:sink_rtcp, successful
0:00:00.824291625 [333m 7190[00m 0x7fe0480130a0 [36mINFO   [00m [00;01;34m           GST_EVENT gstevent.c:1314:gst_event_new_reconfigure:[00m creating reconfigure event
0:00:00.824301993 [333m 7190[00m 0x7fe0480130a0 [37mDEBUG  [00m [00;01;34m           GST_EVENT gstevent.c:301:gst_event_new_custom:[00m creating new event 0x7fe03c003aa0 reconfigure 61441
0:00:00.824315667 [333m 7190[00m 0x7fe0480130a0 [37mDEBUG  [00m [00;01;34m           GST_EVENT gstpad.c:4935:gst_pad_send_event_unchecked:<rtpssrcdemux0:rtcp_src_1165926506>[00m have event type reconfigure event: 0x7fe03c003aa0, time 99:99:99.999999999, seq-num 194, (NULL)
0:00:00.824330012 [333m 7190[00m 0x7fe0480130a0 [33;01mLOG    [00m [00;01;35m      GST_SCHEDULING gstpad.c:3149:do_probe_callbacks:<rtpssrcdemux0:rtcp_src_1165926506>[00m do probes cookie 4
0:00:00.824341241 [333m 7190[00m 0x7fe0480130a0 [33;01mLOG    [00m [00;01;35m      GST_SCHEDULING gstpad.c:3093:probe_hook_marshal:<rtpssrcdemux0:rtcp_src_1165926506>[00m hook 1, cookie 4 with flags 0x00003072 does not match 00001082
0:00:00.824355234 [333m 7190[00m 0x7fe0480130a0 [37mDEBUG  [00m [00;01;31;41m            GST_PADS gstpad.c:3217:do_probe_callbacks:<rtpssrcdemux0:rtcp_src_1165926506>[00m data is passed
0:00:00.824366177 [333m 7190[00m 0x7fe0480130a0 [33;01mLOG    [00m [00;01;35m      GST_SCHEDULING gstpad.c:3149:do_probe_callbacks:<rtpssrcdemux0:rtcp_src_1165926506>[00m do probes cookie 5
0:00:00.824377248 [333m 7190[00m 0x7fe0480130a0 [33;01mLOG    [00m [00;01;35m      GST_SCHEDULING gstpad.c:3093:probe_hook_marshal:<rtpssrcdemux0:rtcp_src_1165926506>[00m hook 1, cookie 5 with flags 0x00003072 does not match 00001080
0:00:00.824391729 [333m 7190[00m 0x7fe0480130a0 [33;01mLOG    [00m [00;01;31;41m            GST_PADS gstpad.c:2771:gst_pad_event_default:<rtpssrcdemux0:rtcp_src_1165926506>[00m default event handler for event reconfigure event: 0x7fe03c003aa0, time 99:99:99.999999999, seq-num 194, (NULL)
0:00:00.824410050 [333m 7190[00m 0x7fe0480130a0 [33;01mLOG    [00m [00;01;31;41m            GST_PADS gstpad.c:2691:gst_pad_forward:<rtpssrcdemux0:rtcp_src_1165926506>[00m calling forward function on pad rtpssrcdemux0:rtcp_sink
0:00:00.824423329 [333m 7190[00m 0x7fe0480130a0 [33;01mLOG    [00m [00;01;31;41m            GST_PADS gstpad.c:2736:event_forward_func:<rtpssrcdemux0:rtcp_sink>[00m Reffing and pushing event 0x7fe03c003aa0 (reconfigure) to rtpssrcdemux0:rtcp_sink
0:00:00.824438029 [333m 7190[00m 0x7fe0480130a0 [33;01mLOG    [00m [00;01;31;41m            GST_PADS gstpad.c:4680:gst_pad_push_event_unchecked:<rtpssrcdemux0:rtcp_sink>[00m sending event 0x7fe03c003aa0 (reconfigure) to peerpad <rtpsession0:sync_src>
0:00:00.824452692 [333m 7190[00m 0x7fe0480130a0 [37mDEBUG  [00m [00;01;34m           GST_EVENT gstpad.c:4935:gst_pad_send_event_unchecked:<rtpsession0:sync_src>[00m have event type reconfigure event: 0x7fe03c003aa0, time 99:99:99.999999999, seq-num 194, (NULL)
0:00:00.824466610 [333m 7190[00m 0x7fe0480130a0 [33;01mLOG    [00m [00;01;31;41m            GST_PADS gstpad.c:2771:gst_pad_event_default:<rtpsession0:sync_src>[00m default event handler for event reconfigure event: 0x7fe03c003aa0, time 99:99:99.999999999, seq-num 194, (NULL)
0:00:00.824481248 [333m 7190[00m 0x7fe0480130a0 [37mDEBUG  [00m [00;01;31;41m            GST_PADS gstpad.c:5001:gst_pad_send_event_unchecked:<rtpsession0:sync_src>[00m sent event, ret ok
0:00:00.824493025 [333m 7190[00m 0x7fe0480130a0 [33;01mLOG    [00m [00;01;31;41m            GST_PADS gstpad.c:4687:gst_pad_push_event_unchecked:<rtpssrcdemux0:rtcp_sink>[00m sent event 0x7fe03c003aa0 to peerpad <rtpsession0:sync_src>, ret ok
0:00:00.824574005 [333m 7190[00m 0x7fe0480130a0 [33;01mLOG    [00m [00;01;34m           GST_EVENT gstevent.c:223:_gst_event_free:[00m freeing event 0x7fe03c003aa0 type reconfigure
0:00:00.824593443 [333m 7190[00m 0x7fe0480130a0 [37mDEBUG  [00m [00;01;31;41m            GST_PADS gstpad.c:5001:gst_pad_send_event_unchecked:<rtpssrcdemux0:rtcp_src_1165926506>[00m sent event, ret ok
0:00:00.824609753 [333m 7190[00m 0x7fe0480130a0 [33;01mLOG    [00m [00;01;37;41m         GST_MESSAGE gstmessage.c:282:gst_message_new_custom:[00m source sink_rtcp: creating new message 0x7fe048005340 structure-change
0:00:00.824625552 [333m 7190[00m 0x7fe0480130a0 [37mDEBUG  [00m [00;43m             GST_BUS gstbus.c:312:gst_bus_post:<bus3>[00m [msg 0x7fe048005340] posting on bus structure-change message: 0x7fe048005340, time 99:99:99.999999999, seq-num 195, element 'sink_rtcp', GstMessageStructureChange, type=(GstStructureChangeType)GST_STRUCTURE_CHANGE_TYPE_PAD_LINK, owner=(GstElement)"\(GstRtpSsrcDemux\)\ rtpssrcdemux0", busy=(boolean)false;
0:00:00.824671461 [333m 7190[00m 0x7fe0480130a0 [37mDEBUG  [00m [00;01m                 bin gstbin.c:3342:gst_bin_handle_message_func:<manager>[00m [msg 0x7fe048005340] handling child sink_rtcp message of type structure-change
0:00:00.824690354 [333m 7190[00m 0x7fe0480130a0 [33;01mLOG    [00m [00;01m                 bin gstbin.c:859:message_check:[00m looking at message 0x7fe048005440: 1
0:00:00.824703523 [333m 7190[00m 0x7fe0480130a0 [37mDEBUG  [00m [00;01m                 bin gstbin.c:956:bin_remove_messages:<rtpjitterbuffer0:sink_rtcp>[00m deleting message 0x7fe048005440 of types 0x00001000
0:00:00.824715304 [333m 7190[00m 0x7fe0480130a0 [33;01mLOG    [00m [00;01;37;41m         GST_MESSAGE gstmessage.c:184:_gst_message_free:[00m finalize message 0x7fe048005440, structure-change from sink_rtcp
0:00:00.824729809 [333m 7190[00m 0x7fe0480130a0 [33;01mLOG    [00m [00;01;37;41m         GST_MESSAGE gstmessage.c:184:_gst_message_free:[00m finalize message 0x7fe048005340, structure-change from sink_rtcp
0:00:00.824744395 [333m 7190[00m 0x7fe0480130a0 [37mDEBUG  [00m [00;43m             GST_BUS gstbus.c:343:gst_bus_post:<bus3>[00m [msg 0x7fe048005340] dropped
0:00:00.824757633 [333m 7190[00m 0x7fe0480130a0 [37mDEBUG  [00m [00m              rtpbin gstrtpbin.c:2580:new_ssrc_pad_found:<manager>[00m connecting sync signal
0:00:00.824789171 [333m 7190[00m 0x7fe0480444f0 [33;01mLOG    [00m [00;01;37;41m GST_ELEMENT_FACTORY gstelementfactory.c:439:gst_element_factory_make:[00m gstelementfactory: make "rtpjitterbuffer" "(NULL)"
0:00:00.824811296 [333m 7190[00m 0x7fe0480444f0 [33;01mLOG    [00m [00;01;37;41m GST_ELEMENT_FACTORY gstelementfactory.c:445:gst_element_factory_make:<rtpjitterbuffer>[00m found factory 0x1012c80
0:00:00.824823728 [333m 7190[00m 0x7fe0480444f0 [37mDEBUG  [00m [00;01;36m  GST_PLUGIN_LOADING gstpluginfeature.c:105:gst_plugin_feature_load:[00m loading plugin for feature 0x1012c80; 'rtpjitterbuffer'
0:00:00.824836194 [333m 7190[00m 0x7fe0480444f0 [36mINFO   [00m [00;01;37;41m GST_ELEMENT_FACTORY gstelementfactory.c:365:gst_element_factory_create:[00m creating element "rtpjitterbuffer"
0:00:00.824859436 [333m 7190[00m 0x7fe0480444f0 [37mDEBUG  [00m [00m     rtpjitterbuffer rtpjitterbuffer.c:191:rtp_jitter_buffer_reset_skew:[00m reset skew correction
0:00:00.824916867 [333m 7190[00m 0x7fe0480444f0 [37mDEBUG  [00m [00m     rtpjitterbuffer rtpjitterbuffer.c:191:rtp_jitter_buffer_reset_skew:[00m reset skew correction
0:00:00.824929055 [333m 7190[00m 0x7fe0480444f0 [37mDEBUG  [00m [00m     rtpjitterbuffer rtpjitterbuffer.c:166:rtp_jitter_buffer_set_delay:[00m delay 0:00:00.200000000, min 0:00:00.030000000, max 0:00:00.180000000
0:00:00.825016978 [333m 7190[00m 0x7fe0480444f0 [37mDEBUG  [00m [00;01;31;41m            GST_PADS gstpad.c:1526:gst_pad_set_activatemode_function_full:<'':src>[00m activatemodefunc set to gst_rtp_jitter_buffer_src_activate_mode
0:00:00.825069870 [333m 7190[00m 0x7fe0480444f0 [37mDEBUG  [00m [00;01;31;41m            GST_PADS gstpad.c:1700:gst_pad_set_query_function_full:<'':src>[00m queryfunc set to gst_rtp_jitter_buffer_src_query
0:00:00.825086948 [333m 7190[00m 0x7fe0480444f0 [37mDEBUG  [00m [00;01;31;41m            GST_PADS gstpad.c:1667:gst_pad_set_event_function_full:<'':src>[00m eventfunc for set to gst_rtp_jitter_buffer_src_event
0:00:00.825125956 [333m 7190[00m 0x7fe0480444f0 [37mDEBUG  [00m [00;01;31;41m            GST_PADS gstpad.c:1561:gst_pad_set_chain_function_full:<'':sink>[00m chainfunc set to gst_rtp_jitter_buffer_chain
0:00:00.825141849 [333m 7190[00m 0x7fe0480444f0 [37mDEBUG  [00m [00;01;31;41m            GST_PADS gstpad.c:1667:gst_pad_set_event_function_full:<'':sink>[00m eventfunc for set to gst_rtp_jitter_buffer_sink_event
0:00:00.825154586 [333m 7190[00m 0x7fe0480444f0 [37mDEBUG  [00m [00;01;31;41m            GST_PADS gstpad.c:1700:gst_pad_set_query_function_full:<'':sink>[00m queryfunc set to gst_rtp_jitter_buffer_sink_query
0:00:00.825168142 [333m 7190[00m 0x7fe0480444f0 [36mINFO   [00m [00;01;37;41m    GST_ELEMENT_PADS gstelement.c:649:gst_element_add_pad:<GstRtpJitterBuffer@0x7fe03c008e20>[00m adding pad 'src'
0:00:00.825180420 [333m 7190[00m 0x7fe0480444f0 [37mDEBUG  [00m [00;01;31;44m     GST_REFCOUNTING gstobject.c:684:gst_object_set_parent:<'':src>[00m set parent (ref and sink)
0:00:00.825194073 [333m 7190[00m 0x7fe0480444f0 [36mINFO   [00m [00;01;37;41m    GST_ELEMENT_PADS gstelement.c:649:gst_element_add_pad:<GstRtpJitterBuffer@0x7fe03c008e20>[00m adding pad 'sink'
0:00:00.825206416 [333m 7190[00m 0x7fe0480444f0 [37mDEBUG  [00m [00;01;31;44m     GST_REFCOUNTING gstobject.c:684:gst_object_set_parent:<'':sink>[00m set parent (ref and sink)
0:00:00.825223674 [333m 7190[00m 0x7fe0480444f0 [37mDEBUG  [00m [00;01;37;41m GST_ELEMENT_FACTORY gstelementfactory.c:391:gst_element_factory_create:[00m created element "rtpjitterbuffer"
0:00:00.825236094 [333m 7190[00m 0x7fe0480444f0 [33;01mLOG    [00m [00;01;37;41m GST_ELEMENT_FACTORY gstelementfactory.c:439:gst_element_factory_make:[00m gstelementfactory: make "rtpptdemux" "(NULL)"
0:00:00.825251707 [333m 7190[00m 0x7fe0480444f0 [33;01mLOG    [00m [00;01;37;41m GST_ELEMENT_FACTORY gstelementfactory.c:445:gst_element_factory_make:<rtpptdemux>[00m found factory 0x1012d60
0:00:00.825263411 [333m 7190[00m 0x7fe0480444f0 [37mDEBUG  [00m [00;01;36m  GST_PLUGIN_LOADING gstpluginfeature.c:105:gst_plugin_feature_load:[00m loading plugin for feature 0x1012d60; 'rtpptdemux'
0:00:00.825275377 [333m 7190[00m 0x7fe0480444f0 [36mINFO   [00m [00;01;37;41m GST_ELEMENT_FACTORY gstelementfactory.c:365:gst_element_factory_create:[00m creating element "rtpptdemux"
0:00:00.825304435 [333m 7190[00m 0x7fe0480444f0 [37mDEBUG  [00m [00;01;31;41m            GST_PADS gstpad.c:1561:gst_pad_set_chain_function_full:<'':sink>[00m chainfunc set to 0x7fe0459afa90
0:00:00.825319829 [333m 7190[00m 0x7fe0480444f0 [37mDEBUG  [00m [00;01;31;41m            GST_PADS gstpad.c:1667:gst_pad_set_event_function_full:<'':sink>[00m eventfunc for set to 0x7fe0459af990
0:00:00.825332882 [333m 7190[00m 0x7fe0480444f0 [36mINFO   [00m [00;01;37;41m    GST_ELEMENT_PADS gstelement.c:649:gst_element_add_pad:<GstRtpPtDemux@0x7fe04805a6c0>[00m adding pad 'sink'
0:00:00.825344899 [333m 7190[00m 0x7fe0480444f0 [37mDEBUG  [00m [00;01;31;44m     GST_REFCOUNTING gstobject.c:684:gst_object_set_parent:<'':sink>[00m set parent (ref and sink)
0:00:00.825361039 [333m 7190[00m 0x7fe0480444f0 [37mDEBUG  [00m [00;01;37;41m GST_ELEMENT_FACTORY gstelementfactory.c:391:gst_element_factory_create:[00m created element "rtpptdemux"
0:00:00.825383676 [333m 7190[00m 0x7fe0480444f0 [37mDEBUG  [00m [00m     rtpjitterbuffer rtpjitterbuffer.c:166:rtp_jitter_buffer_set_delay:[00m delay 0:00:02.000000000, min 0:00:00.300000000, max 0:00:01.800000000
0:00:00.825403217 [333m 7190[00m 0x7fe0480444f0 [37mDEBUG  [00m [00m  gstrtpjitterbuffer gstrtpjitterbuffer.c:2824:gst_rtp_jitter_buffer_set_property:<rtpjitterbuffer1>[00m latency changed to: 0:00:02.000000000
0:00:00.825492028 [333m 7190[00m 0x7fe0480444f0 [33;01mLOG    [00m [00;01;37;41m         GST_MESSAGE gstmessage.c:282:gst_message_new_custom:[00m source rtpjitterbuffer1: creating new message 0x7fe04803b730 latency
0:00:00.825513971 [333m 7190[00m 0x7fe0480444f0 [37mDEBUG  [00m [00;01;37;41m         GST_MESSAGE gstelement.c:1700:gst_element_post_message_default:<rtpjitterbuffer1>[00m not posting message 0x7fe04803b730: no bus
0:00:00.825526591 [333m 7190[00m 0x7fe0480444f0 [33;01mLOG    [00m [00;01;37;41m         GST_MESSAGE gstmessage.c:184:_gst_message_free:[00m finalize message 0x7fe04803b730, latency from rtpjitterbuffer1
0:00:00.825556666 [333m 7190[00m 0x7fe0480444f0 [37mDEBUG  [00m [00;01;37;41m       GST_PARENTAGE gstbin.c:1298:gst_bin_add:[00m adding element rtpptdemux1 to bin manager
0:00:00.825592380 [333m 7190[00m 0x7fe0480444f0 [37mDEBUG  [00m [00;01m                 bin gstbin.c:1098:gst_bin_add_func:<manager>[00m element :rtpptdemux1
0:00:00.825615796 [333m 7190[00m 0x7fe0480444f0 [37mDEBUG  [00m [00;01;31;44m     GST_REFCOUNTING gstobject.c:684:gst_object_set_parent:<rtpptdemux1>[00m set parent (ref and sink)
0:00:00.825554705 [333m 7190[00m 0x7fe0480130a0 [33;01mLOG    [00m [00;01;35m      GST_SCHEDULING gstpad.c:1323:gst_pad_remove_probe:<rtpssrcdemux0:src_1165926506>[00m removing hook 1
0:00:00.825710941 [333m 7190[00m 0x7fe0480130a0 [37mDEBUG  [00m [00;01;31;41m            GST_PADS gstpad.c:1289:cleanup_hook:<rtpssrcdemux0:src_1165926506>[00m remove blocking probe, now 0 left
0:00:00.825733140 [333m 7190[00m 0x7fe0480130a0 [37mDEBUG  [00m [00;01;31;41m            GST_PADS gstpad.c:1291:cleanup_hook:<rtpssrcdemux0:src_1165926506>[00m last blocking probe removed, unblocking
0:00:00.825752014 [333m 7190[00m 0x7fe0480130a0 [33;01mLOG    [00m [00;01;35m      GST_SCHEDULING gstpad.c:1323:gst_pad_remove_probe:<rtpssrcdemux0:rtcp_src_1165926506>[00m removing hook 1
0:00:00.825646016 [333m 7190[00m 0x7fe0480444f0 [37mDEBUG  [00m [00;01;37;41m       GST_PARENTAGE gstelement.c:2969:gst_element_set_bus_func:<rtpptdemux1>[00m setting bus to 0x109fd00
0:00:00.825819575 [333m 7190[00m 0x7fe0480444f0 [37mDEBUG  [00m [00;01;33m           GST_CLOCK gstelement.c:468:gst_element_set_base_time:<rtpptdemux1>[00m set base_time=16:06:48.275203155, old 0:00:00.000000000
0:00:00.825765298 [333m 7190[00m 0x7fe0480130a0 [37mDEBUG  [00m [00;01;31;41m            GST_PADS gstpad.c:1289:cleanup_hook:<rtpssrcdemux0:rtcp_src_1165926506>[00m remove blocking probe, now 0 left
0:00:00.825922905 [333m 7190[00m 0x7fe0480130a0 [37mDEBUG  [00m [00;01;31;41m            GST_PADS gstpad.c:1291:cleanup_hook:<rtpssrcdemux0:rtcp_src_1165926506>[00m last blocking probe removed, unblocking
0:00:00.825954034 [333m 7190[00m 0x7fe0480130a0 [37mDEBUG  [00m [00;01;31;41m            GST_PADS gstpad.c:3376:check_sticky:<rtpssrcdemux0:src_1165926506>[00m pushing all sticky events
0:00:00.825986186 [333m 7190[00m 0x7fe0480130a0 [33;01mLOG    [00m [00;01;31;41m            GST_PADS gstpad.c:4680:gst_pad_push_event_unchecked:<rtpssrcdemux0:src_1165926506>[00m sending event 0x7fe048018520 (stream-start) to peerpad <rtpjitterbuffer0:sink>
0:00:00.825868731 [333m 7190[00m 0x7fe0480444f0 [37mDEBUG  [00m [00;01;33m           GST_CLOCK gstelement.c:530:gst_element_set_start_time:<rtpptdemux1>[00m set start_time=0:00:00.000000000, old 0:00:00.000000000
0:00:00.826055733 [333m 7190[00m 0x7fe0480444f0 [37mDEBUG  [00m [00;01;33m           GST_CLOCK gstelement.c:411:gst_element_set_clock:<rtpptdemux1>[00m setting clock 0x1096170
0:00:00.826014402 [333m 7190[00m 0x7fe0480130a0 [37mDEBUG  [00m [00;01;34m           GST_EVENT gstpad.c:4935:gst_pad_send_event_unchecked:<rtpjitterbuffer0:sink>[00m have event type stream-start event: 0x7fe048018520, time 99:99:99.999999999, seq-num 36, GstEventStreamStart, stream-id=(string)b9049c323800fa1dbf0c9c2f5d6dcf0e63b50fc2c5030d1c14e44a893d14e333, flags=(GstStreamFlags)GST_STREAM_FLAG_NONE, group-id=(uint)0;
0:00:00.826124069 [333m 7190[00m 0x7fe0480130a0 [37mDEBUG  [00m [00m  gstrtpjitterbuffer gstrtpjitterbuffer.c:1177:gst_rtp_jitter_buffer_sink_event:<rtpjitterbuffer0>[00m received stream-start
0:00:00.826145259 [333m 7190[00m 0x7fe0480130a0 [33;01mLOG    [00m [00;01;31;41m            GST_PADS gstpad.c:4522:store_sticky_event:<rtpjitterbuffer0:src>[00m stored sticky event stream-start
0:00:00.826158235 [333m 7190[00m 0x7fe0480130a0 [37mDEBUG  [00m [00;01;31;41m            GST_PADS gstpad.c:3376:check_sticky:<rtpjitterbuffer0:src>[00m pushing all sticky events
0:00:00.826074203 [333m 7190[00m 0x7fe0480444f0 [37mDEBUG  [00m [00;01m                 bin gstbin.c:1186:gst_bin_add_func:<manager>[00m added SUCCESS element
0:00:00.826234605 [333m 7190[00m 0x7fe0480444f0 [37mDEBUG  [00m [00;01;37;41m       GST_PARENTAGE gstbin.c:1223:gst_bin_add_func:<manager>[00m added element "rtpptdemux1"
0:00:00.826266749 [333m 7190[00m 0x7fe0480444f0 [37mDEBUG  [00m [00;01;37;41m       GST_PARENTAGE gstbin.c:1298:gst_bin_add:[00m adding element rtpjitterbuffer1 to bin manager
0:00:00.826289248 [333m 7190[00m 0x7fe0480444f0 [37mDEBUG  [00m [00;01m                 bin gstbin.c:1098:gst_bin_add_func:<manager>[00m element :rtpjitterbuffer1
0:00:00.826169817 [333m 7190[00m 0x7fe0480130a0 [33;01mLOG    [00m [00;01;31;41m            GST_PADS gstpad.c:4680:gst_pad_push_event_unchecked:<rtpjitterbuffer0:src>[00m sending event 0x7fe048018520 (stream-start) to peerpad <rtpptdemux0:sink>
0:00:00.826305177 [333m 7190[00m 0x7fe0480444f0 [37mDEBUG  [00m [00;01;31;44m     GST_REFCOUNTING gstobject.c:684:gst_object_set_parent:<rtpjitterbuffer1>[00m set parent (ref and sink)
0:00:00.826358961 [333m 7190[00m 0x7fe0480130a0 [37mDEBUG  [00m [00;01;34m           GST_EVENT gstpad.c:4935:gst_pad_send_event_unchecked:<rtpptdemux0:sink>[00m have event type stream-start event: 0x7fe048018520, time 99:99:99.999999999, seq-num 36, GstEventStreamStart, stream-id=(string)b9049c323800fa1dbf0c9c2f5d6dcf0e63b50fc2c5030d1c14e44a893d14e333, flags=(GstStreamFlags)GST_STREAM_FLAG_NONE, group-id=(uint)0;
0:00:00.826411552 [333m 7190[00m 0x7fe0480444f0 [37mDEBUG  [00m [00;01m                 bin gstbin.c:1141:gst_bin_add_func:<manager>[00m element "rtpjitterbuffer1" can provide a clock
0:00:00.826515516 [333m 7190[00m 0x7fe0480444f0 [33;01mLOG    [00m [00;01;37;41m         GST_MESSAGE gstmessage.c:282:gst_message_new_custom:[00m source rtpjitterbuffer1: creating new message 0x7fe028002010 clock-provide
0:00:00.826556245 [333m 7190[00m 0x7fe0480444f0 [37mDEBUG  [00m [00;01;37;41m       GST_PARENTAGE gstelement.c:2969:gst_element_set_bus_func:<rtpjitterbuffer1>[00m setting bus to 0x109fd00
0:00:00.826457013 [333m 7190[00m 0x7fe0480130a0 [33;01mLOG    [00m [00;01;31;41m            GST_PADS gstpad.c:2771:gst_pad_event_default:<rtpptdemux0:sink>[00m default event handler for event stream-start event: 0x7fe048018520, time 99:99:99.999999999, seq-num 36, GstEventStreamStart, stream-id=(string)b9049c323800fa1dbf0c9c2f5d6dcf0e63b50fc2c5030d1c14e44a893d14e333, flags=(GstStreamFlags)GST_STREAM_FLAG_NONE, group-id=(uint)0;
0:00:00.826627136 [333m 7190[00m 0x7fe0480130a0 [37mDEBUG  [00m [00;01;31;41m            GST_PADS gstpad.c:2581:gst_pad_iterate_internal_links_default:<rtpptdemux0:sink>[00m Making iterator
0:00:00.826655029 [333m 7190[00m 0x7fe0480130a0 [37mDEBUG  [00m [00;01;31;41m            GST_PADS gstpad.c:5001:gst_pad_send_event_unchecked:<rtpptdemux0:sink>[00m sent event, ret ok
0:00:00.826689279 [333m 7190[00m 0x7fe0480130a0 [33;01mLOG    [00m [00;01;31;41m            GST_PADS gstpad.c:4522:store_sticky_event:<rtpptdemux0:sink>[00m stored sticky event stream-start
0:00:00.826723919 [333m 7190[00m 0x7fe0480130a0 [33;01mLOG    [00m [00;01;31;41m            GST_PADS gstpad.c:4687:gst_pad_push_event_unchecked:<rtpjitterbuffer0:src>[00m sent event 0x7fe048018520 to peerpad <rtpptdemux0:sink>, ret ok
0:00:00.826771220 [333m 7190[00m 0x7fe0480130a0 [37mDEBUG  [00m [00;01;31;41m            GST_PADS gstpad.c:3329:push_sticky:<rtpjitterbuffer0:src>[00m event stream-start marked received
0:00:00.826807257 [333m 7190[00m 0x7fe0480130a0 [37mDEBUG  [00m [00;01;31;41m            GST_PADS gstpad.c:5001:gst_pad_send_event_unchecked:<rtpjitterbuffer0:sink>[00m sent event, ret ok
0:00:00.826575140 [333m 7190[00m 0x7fe0480444f0 [37mDEBUG  [00m [00;01;33m           GST_CLOCK gstelement.c:468:gst_element_set_base_time:<rtpjitterbuffer1>[00m set base_time=16:06:48.275203155, old 0:00:00.000000000
0:00:00.826865341 [333m 7190[00m 0x7fe0480444f0 [37mDEBUG  [00m [00;01;33m           GST_CLOCK gstelement.c:530:gst_element_set_start_time:<rtpjitterbuffer1>[00m set start_time=0:00:00.000000000, old 0:00:00.000000000
0:00:00.826906228 [333m 7190[00m 0x7fe0480444f0 [37mDEBUG  [00m [00;01;33m           GST_CLOCK gstelement.c:411:gst_element_set_clock:<rtpjitterbuffer1>[00m setting clock 0x1096170
0:00:00.826924051 [333m 7190[00m 0x7fe0480444f0 [37mDEBUG  [00m [00;01m                 bin gstbin.c:1186:gst_bin_add_func:<manager>[00m added SUCCESS element
0:00:00.826824612 [333m 7190[00m 0x7fe0480130a0 [33;01mLOG    [00m [00;01;31;41m            GST_PADS gstpad.c:4522:store_sticky_event:<rtpjitterbuffer0:sink>[00m stored sticky event stream-start
0:00:00.826978328 [333m 7190[00m 0x7fe0480130a0 [33;01mLOG    [00m [00;01;31;41m            GST_PADS gstpad.c:4687:gst_pad_push_event_unchecked:<rtpssrcdemux0:src_1165926506>[00m sent event 0x7fe048018520 to peerpad <rtpjitterbuffer0:sink>, ret ok
0:00:00.827015708 [333m 7190[00m 0x7fe0480130a0 [37mDEBUG  [00m [00;01;31;41m            GST_PADS gstpad.c:3329:push_sticky:<rtpssrcdemux0:src_1165926506>[00m event stream-start marked received
0:00:00.826941978 [333m 7190[00m 0x7fe0480444f0 [37mDEBUG  [00m [00;43m             GST_BUS gstbus.c:312:gst_bus_post:<bus3>[00m [msg 0x7fe028002010] posting on bus clock-provide message: 0x7fe028002010, time 99:99:99.999999999, seq-num 197, element 'rtpjitterbuffer1', GstMessageClockProvide, clock=(GstClock)"NULL", ready=(boolean)true;
0:00:00.827079655 [333m 7190[00m 0x7fe0480444f0 [37mDEBUG  [00m [00;01m                 bin gstbin.c:3342:gst_bin_handle_message_func:<manager>[00m [msg 0x7fe028002010] handling child rtpjitterbuffer1 message of type clock-provide
0:00:00.827033775 [333m 7190[00m 0x7fe0480130a0 [33;01mLOG    [00m [00;01;31;41m            GST_PADS gstpad.c:4680:gst_pad_push_event_unchecked:<rtpssrcdemux0:src_1165926506>[00m sending event 0x7fe048018580 (segment) to peerpad <rtpjitterbuffer0:sink>
0:00:00.827099515 [333m 7190[00m 0x7fe0480444f0 [37mDEBUG  [00m [00;01m                 bin gstbin.c:3639:gst_bin_handle_message_func:<manager>[00m posting message upward
0:00:00.827136568 [333m 7190[00m 0x7fe0480130a0 [37mDEBUG  [00m [00;01;34m           GST_EVENT gstpad.c:4935:gst_pad_send_event_unchecked:<rtpjitterbuffer0:sink>[00m have event type segment event: 0x7fe048018580, time 99:99:99.999999999, seq-num 32, GstEventSegment, segment=(GstSegment)"GstSegment, flags=(GstSegmentFlags)GST_SEGMENT_FLAG_NONE, rate=(double)1, applied-rate=(double)1, format=(GstFormat)GST_FORMAT_TIME, base=(guint64)0, offset=(guint64)0, start=(guint64)0, stop=(guint64)18446744073709551615, time=(guint64)0, position=(guint64)0, duration=(guint64)18446744073709551615;";
0:00:00.827214954 [333m 7190[00m 0x7fe0480130a0 [37mDEBUG  [00m [00m  gstrtpjitterbuffer gstrtpjitterbuffer.c:1177:gst_rtp_jitter_buffer_sink_event:<rtpjitterbuffer0>[00m received segment
0:00:00.827181557 [333m 7190[00m 0x7fe0480444f0 [37mDEBUG  [00m [00;43m             GST_BUS gstbus.c:312:gst_bus_post:<bus0>[00m [msg 0x7fe028002010] posting on bus clock-provide message: 0x7fe028002010, time 99:99:99.999999999, seq-num 197, element 'rtpjitterbuffer1', GstMessageClockProvide, clock=(GstClock)"NULL", ready=(boolean)true;
0:00:00.827282569 [333m 7190[00m 0x7fe0480444f0 [37mDEBUG  [00m [00;01m                 bin gstbin.c:3342:gst_bin_handle_message_func:<rtspsrc0>[00m [msg 0x7fe028002010] handling child rtpjitterbuffer1 message of type clock-provide
0:00:00.827361419 [333m 7190[00m 0x7fe0480444f0 [37mDEBUG  [00m [00;01m                 bin gstbin.c:3639:gst_bin_handle_message_func:<rtspsrc0>[00m posting message upward
0:00:00.827379843 [333m 7190[00m 0x7fe0480444f0 [37mDEBUG  [00m [00;43m             GST_BUS gstbus.c:312:gst_bus_post:<bus1>[00m [msg 0x7fe028002010] posting on bus clock-provide message: 0x7fe028002010, time 99:99:99.999999999, seq-num 197, element 'rtpjitterbuffer1', GstMessageClockProvide, clock=(GstClock)"NULL", ready=(boolean)true;
0:00:00.827234389 [333m 7190[00m 0x7fe0480130a0 [37mDEBUG  [00m [00m  gstrtpjitterbuffer gstrtpjitterbuffer.c:1206:gst_rtp_jitter_buffer_sink_event:<rtpjitterbuffer0>[00m newsegment:  time segment start=0:00:00.000000000, stop=99:99:99.999999999, rate=1.000000, applied_rate=1.000000, flags=0x00, time=0:00:00.000000000, base=0:00:00.000000000, position 0:00:00.000000000, duration 99:99:99.999999999
0:00:00.827467208 [333m 7190[00m 0x7fe0480130a0 [33;01mLOG    [00m [00;01;31;41m            GST_PADS gstpad.c:4522:store_sticky_event:<rtpjitterbuffer0:src>[00m stored sticky event segment
0:00:00.827491105 [333m 7190[00m 0x7fe0480130a0 [37mDEBUG  [00m [00;01;31;41m            GST_PADS gstpad.c:3376:check_sticky:<rtpjitterbuffer0:src>[00m pushing all sticky events
0:00:00.827503403 [333m 7190[00m 0x7fe0480130a0 [37mDEBUG  [00m [00;01;31;41m            GST_PADS gstpad.c:3309:push_sticky:<rtpjitterbuffer0:src>[00m event stream-start was already received
0:00:00.827522313 [333m 7190[00m 0x7fe0480130a0 [33;01mLOG    [00m [00;01;31;41m            GST_PADS gstpad.c:4680:gst_pad_push_event_unchecked:<rtpjitterbuffer0:src>[00m sending event 0x7fe048018580 (segment) to peerpad <rtpptdemux0:sink>
0:00:00.827407253 [333m 7190[00m 0x7fe0480444f0 [37mDEBUG  [00m [00;01m                 bin gstbin.c:3342:gst_bin_handle_message_func:<pipeline0>[00m [msg 0x7fe028002010] handling child rtpjitterbuffer1 message of type clock-provide
0:00:00.827543376 [333m 7190[00m 0x7fe0480130a0 [37mDEBUG  [00m [00;01;34m           GST_EVENT gstpad.c:4935:gst_pad_send_event_unchecked:<rtpptdemux0:sink>[00m have event type segment event: 0x7fe048018580, time 99:99:99.999999999, seq-num 32, GstEventSegment, segment=(GstSegment)"GstSegment, flags=(GstSegmentFlags)GST_SEGMENT_FLAG_NONE, rate=(double)1, applied-rate=(double)1, format=(GstFormat)GST_FORMAT_TIME, base=(guint64)0, offset=(guint64)0, start=(guint64)0, stop=(guint64)18446744073709551615, time=(guint64)0, position=(guint64)0, duration=(guint64)18446744073709551615;";
0:00:00.827587948 [333m 7190[00m 0x7fe0480444f0 [33;01mLOG    [00m [00;01;37;41m         GST_MESSAGE gstmessage.c:184:_gst_message_free:[00m finalize message 0x7fe028002010, clock-provide from rtpjitterbuffer1
0:00:00.827611408 [333m 7190[00m 0x7fe0480130a0 [33;01mLOG    [00m [00;01;31;41m            GST_PADS gstpad.c:2771:gst_pad_event_default:<rtpptdemux0:sink>[00m default event handler for event segment event: 0x7fe048018580, time 99:99:99.999999999, seq-num 32, GstEventSegment, segment=(GstSegment)"GstSegment, flags=(GstSegmentFlags)GST_SEGMENT_FLAG_NONE, rate=(double)1, applied-rate=(double)1, format=(GstFormat)GST_FORMAT_TIME, base=(guint64)0, offset=(guint64)0, start=(guint64)0, stop=(guint64)18446744073709551615, time=(guint64)0, position=(guint64)0, duration=(guint64)18446744073709551615;";
0:00:00.827651374 [333m 7190[00m 0x7fe0480444f0 [37mDEBUG  [00m [00;43m             GST_BUS gstbus.c:343:gst_bus_post:<bus1>[00m [msg 0x7fe028002010] dropped
0:00:00.827709606 [333m 7190[00m 0x7fe0480444f0 [37mDEBUG  [00m [00;43m             GST_BUS gstbus.c:343:gst_bus_post:<bus0>[00m [msg 0x7fe028002010] dropped
0:00:00.827730095 [333m 7190[00m 0x7fe0480444f0 [37mDEBUG  [00m [00;43m             GST_BUS gstbus.c:343:gst_bus_post:<bus3>[00m [msg 0x7fe028002010] dropped
0:00:00.827667045 [333m 7190[00m 0x7fe0480130a0 [37mDEBUG  [00m [00;01;31;41m            GST_PADS gstpad.c:2581:gst_pad_iterate_internal_links_default:<rtpptdemux0:sink>[00m Making iterator
0:00:00.827791722 [333m 7190[00m 0x7fe0480130a0 [37mDEBUG  [00m [00;01;31;41m            GST_PADS gstpad.c:5001:gst_pad_send_event_unchecked:<rtpptdemux0:sink>[00m sent event, ret ok
0:00:00.827748345 [333m 7190[00m 0x7fe0480444f0 [37mDEBUG  [00m [00;01;37;41m       GST_PARENTAGE gstbin.c:1223:gst_bin_add_func:<manager>[00m added element "rtpjitterbuffer1"
0:00:00.827811704 [333m 7190[00m 0x7fe0480130a0 [33;01mLOG    [00m [00;01;31;41m            GST_PADS gstpad.c:4522:store_sticky_event:<rtpptdemux0:sink>[00m stored sticky event segment
0:00:00.827907942 [333m 7190[00m 0x7fe0480130a0 [33;01mLOG    [00m [00;01;31;41m            GST_PADS gstpad.c:4687:gst_pad_push_event_unchecked:<rtpjitterbuffer0:src>[00m sent event 0x7fe048018580 to peerpad <rtpptdemux0:sink>, ret ok
0:00:00.827962172 [333m 7190[00m 0x7fe0480130a0 [37mDEBUG  [00m [00;01;31;41m            GST_PADS gstpad.c:3329:push_sticky:<rtpjitterbuffer0:src>[00m event segment marked received
0:00:00.827982750 [333m 7190[00m 0x7fe0480130a0 [37mDEBUG  [00m [00;01;31;41m            GST_PADS gstpad.c:5001:gst_pad_send_event_unchecked:<rtpjitterbuffer0:sink>[00m sent event, ret ok
0:00:00.827995832 [333m 7190[00m 0x7fe0480130a0 [33;01mLOG    [00m [00;01;31;41m            GST_PADS gstpad.c:4522:store_sticky_event:<rtpjitterbuffer0:sink>[00m stored sticky event segment
0:00:00.828008263 [333m 7190[00m 0x7fe0480130a0 [33;01mLOG    [00m [00;01;31;41m            GST_PADS gstpad.c:4687:gst_pad_push_event_unchecked:<rtpssrcdemux0:src_1165926506>[00m sent event 0x7fe048018580 to peerpad <rtpjitterbuffer0:sink>, ret ok
0:00:00.828027963 [333m 7190[00m 0x7fe0480130a0 [37mDEBUG  [00m [00;01;31;41m            GST_PADS gstpad.c:3329:push_sticky:<rtpssrcdemux0:src_1165926506>[00m event segment marked received
0:00:00.827857303 [333m 7190[00m 0x7fe0480444f0 [36mINFO   [00m [00;01;37;41m    GST_ELEMENT_PADS gstutils.c:1543:gst_element_link_pads_full:[00m trying to link element rtpjitterbuffer1:(any) to element rtpptdemux1:(any)
0:00:00.828097067 [333m 7190[00m 0x7fe0480444f0 [37mDEBUG  [00m [00;01;37;41m    GST_ELEMENT_PADS gstutils.c:1632:gst_element_link_pads_full:[00m looping through allowed src and dest pads
0:00:00.828124054 [333m 7190[00m 0x7fe0480444f0 [37mDEBUG  [00m [00;01;37;41m    GST_ELEMENT_PADS gstutils.c:1635:gst_element_link_pads_full:[00m trying src pad rtpjitterbuffer1:src
0:00:00.828141068 [333m 7190[00m 0x7fe0480444f0 [37mDEBUG  [00m [00;01;37;41m    GST_ELEMENT_PADS gstutils.c:1006:gst_element_get_compatible_pad:[00m finding pad in rtpptdemux1 compatible with rtpjitterbuffer1:src
0:00:00.828042998 [333m 7190[00m 0x7fe0480130a0 [33;01mLOG    [00m [00;01;35m      GST_SCHEDULING gstpad.c:3709:gst_pad_chain_data_unchecked:<rtpjitterbuffer0:sink>[00m calling chainfunction &gst_rtp_jitter_buffer_chain with buffer buffer: 0x7fe018003af0, pts 0:00:00.590739406, dts 0:00:00.590739406, dur 99:99:99.999999999, size 1400, offset 18446744073709551615, offset_end 18446744073709551615, flags 0x40
0:00:00.828173338 [333m 7190[00m 0x7fe0480444f0 [33;01mLOG    [00m [00;01;37;41m    GST_ELEMENT_PADS gstutils.c:1033:gst_element_get_compatible_pad:[00m examining pad rtpptdemux1:sink
0:00:00.828228705 [333m 7190[00m 0x7fe0480444f0 [36mINFO   [00m [00;01;31;41m            GST_PADS gstutils.c:936:gst_pad_check_link:[00m trying to link rtpjitterbuffer1:src and rtpptdemux1:sink
0:00:00.828252376 [333m 7190[00m 0x7fe0480444f0 [37mDEBUG  [00m [00;01;34m            GST_CAPS gstutils.c:2762:gst_pad_query_caps:<rtpjitterbuffer1:src>[00m get pad caps with filter (NULL)
0:00:00.828197604 [333m 7190[00m 0x7fe0480130a0 [33;01mLOG    [00m [00;01;42m          GST_BUFFER gstbuffer.c:1479:gst_buffer_map_range:[00m buffer 0x7fe018003af0, idx 0, length 1, flags 0001
0:00:00.828319056 [333m 7190[00m 0x7fe0480130a0 [33;01mLOG    [00m [00;01;42m          GST_BUFFER gstbuffer.c:207:_get_merged_memory:[00m buffer 0x7fe018003af0, idx 0, length 1
0:00:00.828371871 [333m 7190[00m 0x7fe0480130a0 [37mDEBUG  [00m [00m  gstrtpjitterbuffer gstrtpjitterbuffer.c:1738:gst_rtp_jitter_buffer_chain:<rtpjitterbuffer0>[00m Received packet #19392 at time 0:00:00.590739406, discont 1
0:00:00.828399390 [333m 7190[00m 0x7fe0480130a0 [37mDEBUG  [00m [00m  gstrtpjitterbuffer gstrtpjitterbuffer.c:1746:gst_rtp_jitter_buffer_chain:<rtpjitterbuffer0>[00m pt changed from 4294967295 to 96
0:00:00.828417456 [333m 7190[00m 0x7fe0480130a0 [37mDEBUG  [00m [00;01;34m            GST_CAPS gstpad.c:2428:gst_pad_get_current_caps:<rtpjitterbuffer0:sink>[00m get current pad caps (NULL)
0:00:00.828446677 [333m 7190[00m 0x7fe0480130a0 [37mDEBUG  [00m [00m              rtpbin gstrtpbin.c:2479:pt_map_requested:<manager>[00m payload map requested for pt 96 in session 0
0:00:00.828465819 [333m 7190[00m 0x7fe0480130a0 [37mDEBUG  [00m [00m              rtpbin gstrtpbin.c:685:get_pt_map:[00m searching pt 96 in cache
0:00:00.828453024 [333m 7190[00m 0x7fe0480444f0 [37mDEBUG  [00m [00m               query gstquery.c:680:gst_query_new_custom:[00m creating new query 0x7fe028002c50 caps
0:00:00.828506727 [333m 7190[00m 0x7fe0480444f0 [37mDEBUG  [00m [00;01;31;41m            GST_PADS gstpad.c:3445:gst_pad_query:<rtpjitterbuffer1:src>[00m doing query 0x7fe028002c50 (caps)
0:00:00.828530965 [333m 7190[00m 0x7fe0480444f0 [37mDEBUG  [00m [00;01;34m            GST_CAPS gstutils.c:2808:gst_pad_peer_query_caps:<rtpjitterbuffer1:sink>[00m get pad peer caps with filter (NULL)
0:00:00.828550525 [333m 7190[00m 0x7fe0480444f0 [37mDEBUG  [00m [00m               query gstquery.c:680:gst_query_new_custom:[00m creating new query 0x7fe028002ca0 caps
0:00:00.828483561 [333m 7190[00m 0x7fe0480130a0 [37mDEBUG  [00m [00m  gstrtpjitterbuffer gstrtpjitterbuffer.c:905:gst_jitter_buffer_sink_parse_caps:<rtpjitterbuffer0>[00m got caps
0:00:00.828619852 [333m 7190[00m 0x7fe0480130a0 [37mDEBUG  [00m [00m  gstrtpjitterbuffer gstrtpjitterbuffer.c:915:gst_jitter_buffer_sink_parse_caps:<rtpjitterbuffer0>[00m got clock-rate 90000
0:00:00.828656787 [333m 7190[00m 0x7fe0480130a0 [37mDEBUG  [00m [00m  gstrtpjitterbuffer gstrtpjitterbuffer.c:927:gst_jitter_buffer_sink_parse_caps:<rtpjitterbuffer0>[00m got clock-base 3372289389
0:00:00.828581429 [333m 7190[00m 0x7fe0480444f0 [37mDEBUG  [00m [00;01;31;41m            GST_PADS gstpad.c:3570:gst_pad_peer_query:<rtpjitterbuffer1:sink>[00m peer query 0x7fe028002ca0 (caps)
0:00:00.828725396 [333m 7190[00m 0x7fe0480444f0 [36mINFO   [00m [00;01;31;41m            GST_PADS gstpad.c:3626:gst_pad_peer_query:<rtpjitterbuffer1:sink>[00m pad has no peer
0:00:00.828751515 [333m 7190[00m 0x7fe0480444f0 [37mDEBUG  [00m [00m  gstrtpjitterbuffer gstrtpjitterbuffer.c:874:gst_rtp_jitter_buffer_getcaps:<rtpjitterbuffer1>[00m intersect with template
0:00:00.828771493 [333m 7190[00m 0x7fe0480444f0 [37mDEBUG  [00m [00;01;31;41m            GST_PADS gstpad.c:3467:gst_pad_query:<rtpjitterbuffer1:src>[00m sent query 0x7fe028002c50 (caps), result 1
0:00:00.828791961 [333m 7190[00m 0x7fe0480444f0 [37mDEBUG  [00m [00;01;34m            GST_CAPS gstutils.c:2769:gst_pad_query_caps:<rtpjitterbuffer1:src>[00m query returned application/x-rtp
0:00:00.828812498 [333m 7190[00m 0x7fe0480444f0 [37mDEBUG  [00m [00;01;34m            GST_CAPS gstutils.c:2762:gst_pad_query_caps:<rtpptdemux1:sink>[00m get pad caps with filter (NULL)
0:00:00.828688502 [333m 7190[00m 0x7fe0480130a0 [37mDEBUG  [00m [00m  gstrtpjitterbuffer gstrtpjitterbuffer.c:937:gst_jitter_buffer_sink_parse_caps:<rtpjitterbuffer0>[00m got seqnum-base 19392
0:00:00.828881515 [333m 7190[00m 0x7fe0480130a0 [37mDEBUG  [00m [00m  gstrtpjitterbuffer gstrtpjitterbuffer.c:954:gst_jitter_buffer_sink_parse_caps:<rtpjitterbuffer0>[00m npt start/stop: 0:00:00.000000000-99:99:99.999999999
0:00:00.828921075 [333m 7190[00m 0x7fe0480130a0 [37mDEBUG  [00m [00m  gstrtpjitterbuffer gstrtpjitterbuffer.c:1784:gst_rtp_jitter_buffer_chain:<rtpjitterbuffer0>[00m expected #19392, got #19392, gap of 0
0:00:00.828950851 [333m 7190[00m 0x7fe0480130a0 [33;01mLOG    [00m [00;01;42m          GST_BUFFER gstbuffer.c:1479:gst_buffer_map_range:[00m buffer 0x7fe018003af0, idx 0, length 1, flags 0001
0:00:00.828984439 [333m 7190[00m 0x7fe0480130a0 [33;01mLOG    [00m [00;01;42m          GST_BUFFER gstbuffer.c:207:_get_merged_memory:[00m buffer 0x7fe018003af0, idx 0, length 1
0:00:00.828843618 [333m 7190[00m 0x7fe0480444f0 [37mDEBUG  [00m [00m               query gstquery.c:680:gst_query_new_custom:[00m creating new query 0x7fe028002d40 caps
0:00:00.829046883 [333m 7190[00m 0x7fe0480444f0 [37mDEBUG  [00m [00;01;31;41m            GST_PADS gstpad.c:3445:gst_pad_query:<rtpptdemux1:sink>[00m doing query 0x7fe028002d40 (caps)
0:00:00.829004468 [333m 7190[00m 0x7fe0480130a0 [37mDEBUG  [00m [00m     rtpjitterbuffer rtpjitterbuffer.c:387:calculate_skew:[00m Clock rate changed from 4294967295 to 90000
0:00:00.829094348 [333m 7190[00m 0x7fe0480130a0 [37mDEBUG  [00m [00m     rtpjitterbuffer rtpjitterbuffer.c:403:calculate_skew:[00m Taking new base time 0:00:00.590739406
0:00:00.829114507 [333m 7190[00m 0x7fe0480130a0 [37mDEBUG  [00m [00m     rtpjitterbuffer rtpjitterbuffer.c:410:calculate_skew:[00m Taking new base rtptime 10:24:29.899088888
0:00:00.829131277 [333m 7190[00m 0x7fe0480130a0 [37mDEBUG  [00m [00m     rtpjitterbuffer rtpjitterbuffer.c:431:calculate_skew:[00m extrtp 3372290918, gstrtp 10:24:29.899088888, base 10:24:29.899088888, send_diff 0:00:00.000000000
0:00:00.829165181 [333m 7190[00m 0x7fe0480130a0 [37mDEBUG  [00m [00m     rtpjitterbuffer rtpjitterbuffer.c:454:calculate_skew:[00m time 0:00:00.590739406, base 0:00:00.590739406, recv_diff 0:00:00.000000000, slope 8
0:00:00.829202438 [333m 7190[00m 0x7fe0480130a0 [37mDEBUG  [00m [00m     rtpjitterbuffer rtpjitterbuffer.c:471:calculate_skew:[00m filling 0, delta 0
0:00:00.829067906 [333m 7190[00m 0x7fe0480444f0 [37mDEBUG  [00m [00;01;34m            GST_CAPS gstpad.c:2852:gst_pad_query_caps_default:<rtpptdemux1:sink>[00m query caps caps query: 0x7fe028002d40, GstQueryCaps, filter=(GstCaps)NULL, caps=(GstCaps)NULL;
0:00:00.829218995 [333m 7190[00m 0x7fe0480130a0 [37mDEBUG  [00m [00m     rtpjitterbuffer rtpjitterbuffer.c:586:calculate_skew:[00m skew 0, out 0:00:00.590739406
0:00:00.829333330 [333m 7190[00m 0x7fe0480444f0 [37mDEBUG  [00m [00;01;34m            GST_CAPS gstpad.c:2875:gst_pad_query_caps_default:<rtpptdemux1:sink>[00m trying pad template caps
0:00:00.829354870 [333m 7190[00m 0x7fe0480444f0 [37mDEBUG  [00m [00;01;34m            GST_CAPS gstpad.c:2905:gst_pad_query_caps_default:<rtpptdemux1:sink>[00m using caps 0x7fe03c002770 application/x-rtp
0:00:00.829451089 [333m 7190[00m 0x7fe0480444f0 [37mDEBUG  [00m [00;01;31;41m            GST_PADS gstpad.c:2983:gst_pad_query_default:<rtpptdemux1:sink>[00m not forwarding 0x7fe028002d40 (caps) query
0:00:00.829482570 [333m 7190[00m 0x7fe0480444f0 [37mDEBUG  [00m [00;01;31;41m            GST_PADS gstpad.c:3467:gst_pad_query:<rtpptdemux1:sink>[00m sent query 0x7fe028002d40 (caps), result 1
0:00:00.829502061 [333m 7190[00m 0x7fe0480444f0 [37mDEBUG  [00m [00;01;34m            GST_CAPS gstutils.c:2769:gst_pad_query_caps:<rtpptdemux1:sink>[00m query returned application/x-rtp
0:00:00.829355728 [333m 7190[00m 0x7fe0480130a0 [37mDEBUG  [00m [00m  gstrtpjitterbuffer gstrtpjitterbuffer.c:1908:gst_rtp_jitter_buffer_chain:<rtpjitterbuffer0>[00m Pushed packet #19392, now 1 packets, tail: 1
0:00:00.829598927 [333m 7190[00m 0x7fe0480130a0 [33;01mLOG    [00m [00;01;35m      GST_SCHEDULING gstpad.c:3715:gst_pad_chain_data_unchecked:<rtpjitterbuffer0:sink>[00m called chainfunction &gst_rtp_jitter_buffer_chain with buffer 0x7fe018003af0, returned ok
0:00:00.829627495 [333m 7190[00m 0x7fe0480130a0 [33;01mLOG    [00m [00;01;35m      GST_SCHEDULING gstpad.c:3715:gst_pad_chain_data_unchecked:<rtpssrcdemux0:sink>[00m called chainfunction &0x7fe0459b24f0 with buffer 0x7fe018003af0, returned ok
0:00:00.829674888 [333m 7190[00m 0x7fe0480130a0 [33;01mLOG    [00m [00m           rtpsource rtpsource.c:822:push_packet:[00m pushing new packet
0:00:00.829707455 [333m 7190[00m 0x7fe0480130a0 [33;01mLOG    [00m [00m          rtpsession rtpsession.c:1123:source_push_rtp:[00m source 457ea06a pushed receiver RTP packet
0:00:00.829727522 [333m 7190[00m 0x7fe0480130a0 [33;01mLOG    [00m [00m          rtpsession gstrtpsession.c:1068:gst_rtp_session_process_rtp:<rtpsession0>[00m pushing received RTP packet
0:00:00.829741037 [333m 7190[00m 0x7fe0480130a0 [33;01mLOG    [00m [00;01;35m      GST_SCHEDULING gstpad.c:3709:gst_pad_chain_data_unchecked:<rtpssrcdemux0:sink>[00m calling chainfunction &0x7fe0459b24f0 with buffer buffer: 0x7fe018003c00, pts 0:00:00.604686122, dts 0:00:00.604686122, dur 99:99:99.999999999, size 1400, offset 18446744073709551615, offset_end 18446744073709551615, flags 0x0
0:00:00.829639818 [333m 7190[00m 0x7fe0480444f0 [37mDEBUG  [00m [00;01;37;41m    GST_ELEMENT_PADS gstutils.c:1065:gst_element_get_compatible_pad:[00m found existing unlinked compatible pad rtpptdemux1:sink
0:00:00.829819789 [333m 7190[00m 0x7fe0480444f0 [36mINFO   [00m [00;01;31;41m            GST_PADS gstutils.c:1443:prepare_link_maybe_ghosting:[00m rtpjitterbuffer1 and rtpptdemux1 in same bin, no need for ghost pads
0:00:00.829870672 [333m 7190[00m 0x7fe0480444f0 [33;01mLOG    [00m [00;01;37;41m         GST_MESSAGE gstmessage.c:282:gst_message_new_custom:[00m source sink: creating new message 0x7fe028002090 structure-change
0:00:00.829912871 [333m 7190[00m 0x7fe0480444f0 [37mDEBUG  [00m [00;43m             GST_BUS gstbus.c:312:gst_bus_post:<bus3>[00m [msg 0x7fe028002090] posting on bus structure-change message: 0x7fe028002090, time 99:99:99.999999999, seq-num 198, element 'sink', GstMessageStructureChange, type=(GstStructureChangeType)GST_STRUCTURE_CHANGE_TYPE_PAD_LINK, owner=(GstElement)"\(GstRtpJitterBuffer\)\ rtpjitterbuffer1", busy=(boolean)true;
0:00:00.829972781 [333m 7190[00m 0x7fe0480444f0 [37mDEBUG  [00m [00;01m                 bin gstbin.c:3342:gst_bin_handle_message_func:<manager>[00m [msg 0x7fe028002090] handling child sink message of type structure-change
0:00:00.829993171 [333m 7190[00m 0x7fe0480444f0 [37mDEBUG  [00m [00;01m                 bin gstbin.c:881:find_message:<manager>[00m no message found matching types 00001000
0:00:00.830005822 [333m 7190[00m 0x7fe0480444f0 [37mDEBUG  [00m [00;01m                 bin gstbin.c:888:find_message:<manager>[00m   structure-change
0:00:00.829762567 [333m 7190[00m 0x7fe0480130a0 [33;01mLOG    [00m [00;01;42m          GST_BUFFER gstbuffer.c:1479:gst_buffer_map_range:[00m buffer 0x7fe018003c00, idx 0, length 1, flags 0001
0:00:00.830067767 [333m 7190[00m 0x7fe0480130a0 [33;01mLOG    [00m [00;01;42m          GST_BUFFER gstbuffer.c:207:_get_merged_memory:[00m buffer 0x7fe018003c00, idx 0, length 1
0:00:00.829634150 [333m 7190[00m 0x7fe03c0024f0 [37mDEBUG  [00m [00m  gstrtpjitterbuffer gstrtpjitterbuffer.c:2447:wait_next_timeout:<rtpjitterbuffer0>[00m waiting done
0:00:00.830143160 [333m 7190[00m 0x7fe03c0024f0 [33;01mLOG    [00m [00;01;42m          GST_BUFFER gstbuffer.c:1479:gst_buffer_map_range:[00m buffer 0x7fe018003af0, idx 0, length 1, flags 0001
0:00:00.830169158 [333m 7190[00m 0x7fe03c0024f0 [33;01mLOG    [00m [00;01;42m          GST_BUFFER gstbuffer.c:207:_get_merged_memory:[00m buffer 0x7fe018003af0, idx 0, length 1
0:00:00.830017383 [333m 7190[00m 0x7fe0480444f0 [37mDEBUG  [00m [00;01m                 bin gstbin.c:928:bin_replace_message:<manager>[00m got new message 0x7fe028002090, structure-change from sink
0:00:00.830244990 [333m 7190[00m 0x7fe0480444f0 [37mDEBUG  [00m [00;43m             GST_BUS gstbus.c:343:gst_bus_post:<bus3>[00m [msg 0x7fe028002090] dropped
0:00:00.830097396 [333m 7190[00m 0x7fe0480130a0 [37mDEBUG  [00m [00m        rtpssrcdemux gstrtpssrcdemux.c:627:gst_rtp_ssrc_demux_chain:<rtpssrcdemux0>[00m received buffer of SSRC 457ea06a
0:00:00.830338778 [333m 7190[00m 0x7fe0480130a0 [33;01mLOG    [00m [00;01;35m      GST_SCHEDULING gstpad.c:3709:gst_pad_chain_data_unchecked:<rtpjitterbuffer0:sink>[00m calling chainfunction &gst_rtp_jitter_buffer_chain with buffer buffer: 0x7fe018003c00, pts 0:00:00.604686122, dts 0:00:00.604686122, dur 99:99:99.999999999, size 1400, offset 18446744073709551615, offset_end 18446744073709551615, flags 0x0
0:00:00.830390142 [333m 7190[00m 0x7fe0480130a0 [33;01mLOG    [00m [00;01;42m          GST_BUFFER gstbuffer.c:1479:gst_buffer_map_range:[00m buffer 0x7fe018003c00, idx 0, length 1, flags 0001
0:00:00.830411613 [333m 7190[00m 0x7fe0480130a0 [33;01mLOG    [00m [00;01;42m          GST_BUFFER gstbuffer.c:207:_get_merged_memory:[00m buffer 0x7fe018003c00, idx 0, length 1
0:00:00.830428186 [333m 7190[00m 0x7fe0480130a0 [37mDEBUG  [00m [00m  gstrtpjitterbuffer gstrtpjitterbuffer.c:1738:gst_rtp_jitter_buffer_chain:<rtpjitterbuffer0>[00m Received packet #19393 at time 0:00:00.604686122, discont 0
0:00:00.830462861 [333m 7190[00m 0x7fe0480130a0 [37mDEBUG  [00m [00m  gstrtpjitterbuffer gstrtpjitterbuffer.c:1784:gst_rtp_jitter_buffer_chain:<rtpjitterbuffer0>[00m expected #19393, got #19393, gap of 0
0:00:00.830480934 [333m 7190[00m 0x7fe0480130a0 [33;01mLOG    [00m [00;01;42m          GST_BUFFER gstbuffer.c:1479:gst_buffer_map_range:[00m buffer 0x7fe018003c00, idx 0, length 1, flags 0001
0:00:00.830511135 [333m 7190[00m 0x7fe0480130a0 [33;01mLOG    [00m [00;01;42m          GST_BUFFER gstbuffer.c:207:_get_merged_memory:[00m buffer 0x7fe018003c00, idx 0, length 1
0:00:00.830531551 [333m 7190[00m 0x7fe0480130a0 [37mDEBUG  [00m [00m  gstrtpjitterbuffer gstrtpjitterbuffer.c:1908:gst_rtp_jitter_buffer_chain:<rtpjitterbuffer0>[00m Pushed packet #19393, now 1 packets, tail: 1
0:00:00.830545690 [333m 7190[00m 0x7fe0480130a0 [33;01mLOG    [00m [00;01;35m      GST_SCHEDULING gstpad.c:3715:gst_pad_chain_data_unchecked:<rtpjitterbuffer0:sink>[00m called chainfunction &gst_rtp_jitter_buffer_chain with buffer 0x7fe018003c00, returned ok
0:00:00.830269645 [333m 7190[00m 0x7fe0480444f0 [36mINFO   [00m [00;01;31;41m            GST_PADS gstpad.c:2083:gst_pad_link_prepare:[00m trying to link rtpjitterbuffer1:src and rtpptdemux1:sink
0:00:00.830615853 [333m 7190[00m 0x7fe0480444f0 [37mDEBUG  [00m [00;01;34m            GST_CAPS gstutils.c:2762:gst_pad_query_caps:<rtpjitterbuffer1:src>[00m get pad caps with filter (NULL)
0:00:00.830670795 [333m 7190[00m 0x7fe0480444f0 [37mDEBUG  [00m [00m               query gstquery.c:680:gst_query_new_custom:[00m creating new query 0x7fe028002d90 caps
0:00:00.830692781 [333m 7190[00m 0x7fe0480444f0 [37mDEBUG  [00m [00;01;31;41m            GST_PADS gstpad.c:3445:gst_pad_query:<rtpjitterbuffer1:src>[00m doing query 0x7fe028002d90 (caps)
0:00:00.830561305 [333m 7190[00m 0x7fe0480130a0 [33;01mLOG    [00m [00;01;35m      GST_SCHEDULING gstpad.c:3715:gst_pad_chain_data_unchecked:<rtpssrcdemux0:sink>[00m called chainfunction &0x7fe0459b24f0 with buffer 0x7fe018003c00, returned ok
0:00:00.830763064 [333m 7190[00m 0x7fe0480130a0 [37mDEBUG  [00m [00m          rtpsession rtpsession.c:1613:source_update_active:[00m source: 457ea06a became active, 1 active sources
0:00:00.830822251 [333m 7190[00m 0x7fe0480130a0 [37mDEBUG  [00m [00m          rtpsession rtpsession.c:1637:source_update_sender:[00m source: 457ea06a became sender, 1 sender sources
0:00:00.830848412 [333m 7190[00m 0x7fe0480130a0 [33;01mLOG    [00m [00;01;35m      GST_SCHEDULING gstpad.c:3715:gst_pad_chain_data_unchecked:<rtpsession0:recv_rtp_sink>[00m called chainfunction &0x7fe0459c4320 with buffer 0x7fe018003c00, returned ok
0:00:00.830188386 [333m 7190[00m 0x7fe03c0024f0 [37mDEBUG  [00m [00m  gstrtpjitterbuffer gstrtpjitterbuffer.c:2095:pop_and_push_next:<rtpjitterbuffer0>[00m Pushing buffer 19392, dts 0:00:00.590739406, pts 0:00:00.590739406
0:00:00.830938612 [333m 7190[00m 0x7fe03c0024f0 [33;01mLOG    [00m [00;01;35m      GST_SCHEDULING gstpad.c:3709:gst_pad_chain_data_unchecked:<rtpptdemux0:sink>[00m calling chainfunction &0x7fe0459afa90 with buffer buffer: 0x7fe018003af0, pts 0:00:00.590739406, dts 0:00:00.590739406, dur 99:99:99.999999999, size 1400, offset 18446744073709551615, offset_end 18446744073709551615, flags 0x40
0:00:00.831026508 [333m 7190[00m 0x7fe03c0024f0 [33;01mLOG    [00m [00;01;42m          GST_BUFFER gstbuffer.c:1479:gst_buffer_map_range:[00m buffer 0x7fe018003af0, idx 0, length 1, flags 0001
0:00:00.831048159 [333m 7190[00m 0x7fe03c0024f0 [33;01mLOG    [00m [00;01;42m          GST_BUFFER gstbuffer.c:207:_get_merged_memory:[00m buffer 0x7fe018003af0, idx 0, length 1
