0:00:00.859869113 [333m 7190[00m 0x7fe0480444f0 [33;01mLOG    [00m [00;01;31;41m            GST_PADS gstpad.c:2771:gst_pad_event_default:<rtpptdemux1:sink>[00m default event handler for event stream-start event: 0x7fe0480491e0, time 99:99:99.999999999, seq-num 87, GstEventStreamStart, stream-id=(string)b9049c323800fa1dbf0c9c2f5d6dcf0e63b50fc2c5030d1c14e44a893d14e333, flags=(GstStreamFlags)GST_STREAM_FLAG_NONE, group-id=(uint)2;
0:00:00.859828126 [333m 7190[00m 0x7fe0480130a0 [33;01mLOG    [00m [00m           rtpsource rtpsource.c:885:calculate_jitter:[00m SSRC 457ea06a got payload 96
0:00:00.860090758 [333m 7190[00m 0x7fe0480130a0 [33;01mLOG    [00m [00m           rtpsource rtpsource.c:920:calculate_jitter:[00m rtparrival 59246, rtptime 3372290918, clock-rate 90000, diff 347, jitter: 238.687500
0:00:00.860115090 [333m 7190[00m 0x7fe0480130a0 [33;01mLOG    [00m [00m           rtpsource rtpsource.c:822:push_packet:[00m pushing new packet
0:00:00.860119807 [333m 7190[00m 0x7fe03c0024f0 [37mDEBUG  [00m [00;43m             GST_BUS gstbus.c:343:gst_bus_post:<bus3>[00m [msg 0xf36740] dropped
0:00:00.860159371 [333m 7190[00m 0x7fe03c0024f0 [36mINFO   [00m [00;01;31;41m            GST_PADS gstpad.c:2083:gst_pad_link_prepare:[00m trying to link rtpptdemux0:src_96 and recv_rtp_src_0_1165926506_96:proxypad6
0:00:00.860198635 [333m 7190[00m 0x7fe03c0024f0 [36mINFO   [00m [00;01;31;41m            GST_PADS gstpad.c:2285:gst_pad_link_full:[00m linked rtpptdemux0:src_96 and recv_rtp_src_0_1165926506_96:proxypad6, successful
0:00:00.860234543 [333m 7190[00m 0x7fe03c0024f0 [36mINFO   [00m [00;01;34m           GST_EVENT gstevent.c:1314:gst_event_new_reconfigure:[00m creating reconfigure event
0:00:00.860266531 [333m 7190[00m 0x7fe03c0024f0 [37mDEBUG  [00m [00;01;34m           GST_EVENT gstevent.c:301:gst_event_new_custom:[00m creating new event 0x7fe018002f00 reconfigure 61441
0:00:00.860125372 [333m 7190[00m 0x7fe0480130a0 [33;01mLOG    [00m [00m          rtpsession rtpsession.c:1123:source_push_rtp:[00m source 457ea06a pushed receiver RTP packet
0:00:00.860345792 [333m 7190[00m 0x7fe0480130a0 [33;01mLOG    [00m [00m          rtpsession gstrtpsession.c:1068:gst_rtp_session_process_rtp:<rtpsession0>[00m pushing received RTP packet
0:00:00.860302531 [333m 7190[00m 0x7fe03c0024f0 [37mDEBUG  [00m [00;01;34m           GST_EVENT gstpad.c:4935:gst_pad_send_event_unchecked:<rtpptdemux0:src_96>[00m have event type reconfigure event: 0x7fe018002f00, time 99:99:99.999999999, seq-num 217, (NULL)
0:00:00.860052496 [333m 7190[00m 0x7fe0480444f0 [37mDEBUG  [00m [00;01;31;41m            GST_PADS gstpad.c:2581:gst_pad_iterate_internal_links_default:<rtpptdemux1:sink>[00m Making iterator
0:00:00.860380393 [333m 7190[00m 0x7fe0480130a0 [33;01mLOG    [00m [00;01;35m      GST_SCHEDULING gstpad.c:3709:gst_pad_chain_data_unchecked:<rtpssrcdemux0:sink>[00m calling chainfunction &0x7fe0459b24f0 with buffer buffer: 0x7fe03c005330, pts 0:00:00.658291324, dts 0:00:00.658291324, dur 99:99:99.999999999, size 1400, offset 18446744073709551615, offset_end 18446744073709551615, flags 0x0
0:00:00.860511365 [333m 7190[00m 0x7fe0480130a0 [33;01mLOG    [00m [00;01;42m          GST_BUFFER gstbuffer.c:1479:gst_buffer_map_range:[00m buffer 0x7fe03c005330, idx 0, length 1, flags 0001
0:00:00.860547699 [333m 7190[00m 0x7fe0480130a0 [33;01mLOG    [00m [00;01;42m          GST_BUFFER gstbuffer.c:207:_get_merged_memory:[00m buffer 0x7fe03c005330, idx 0, length 1
0:00:00.860583476 [333m 7190[00m 0x7fe0480130a0 [37mDEBUG  [00m [00m        rtpssrcdemux gstrtpssrcdemux.c:627:gst_rtp_ssrc_demux_chain:<rtpssrcdemux0>[00m received buffer of SSRC 457ea06a
0:00:00.860470986 [333m 7190[00m 0x7fe0480444f0 [37mDEBUG  [00m [00;01;31;41m            GST_PADS gstpad.c:5001:gst_pad_send_event_unchecked:<rtpptdemux1:sink>[00m sent event, ret ok
0:00:00.860672820 [333m 7190[00m 0x7fe0480444f0 [33;01mLOG    [00m [00;01;31;41m            GST_PADS gstpad.c:4522:store_sticky_event:<rtpptdemux1:sink>[00m stored sticky event stream-start
0:00:00.860709789 [333m 7190[00m 0x7fe0480444f0 [33;01mLOG    [00m [00;01;31;41m            GST_PADS gstpad.c:4687:gst_pad_push_event_unchecked:<rtpjitterbuffer1:src>[00m sent event 0x7fe0480491e0 to peerpad <rtpptdemux1:sink>, ret ok
0:00:00.860746479 [333m 7190[00m 0x7fe0480444f0 [37mDEBUG  [00m [00;01;31;41m            GST_PADS gstpad.c:3329:push_sticky:<rtpjitterbuffer1:src>[00m event stream-start marked received
0:00:00.860619391 [333m 7190[00m 0x7fe0480130a0 [33;01mLOG    [00m [00;01;35m      GST_SCHEDULING gstpad.c:3709:gst_pad_chain_data_unchecked:<rtpjitterbuffer0:sink>[00m calling chainfunction &gst_rtp_jitter_buffer_chain with buffer buffer: 0x7fe03c005330, pts 0:00:00.658291324, dts 0:00:00.658291324, dur 99:99:99.999999999, size 1400, offset 18446744073709551615, offset_end 18446744073709551615, flags 0x0
0:00:00.860424970 [333m 7190[00m 0x7fe03c0024f0 [33;01mLOG    [00m [00;01;31;41m            GST_PADS gstpad.c:2771:gst_pad_event_default:<rtpptdemux0:src_96>[00m default event handler for event reconfigure event: 0x7fe018002f00, time 99:99:99.999999999, seq-num 217, (NULL)
0:00:00.860900142 [333m 7190[00m 0x7fe03c0024f0 [37mDEBUG  [00m [00;01;31;41m            GST_PADS gstpad.c:2581:gst_pad_iterate_internal_links_default:<rtpptdemux0:src_96>[00m Making iterator
0:00:00.860857552 [333m 7190[00m 0x7fe0480130a0 [33;01mLOG    [00m [00;01;42m          GST_BUFFER gstbuffer.c:1479:gst_buffer_map_range:[00m buffer 0x7fe03c005330, idx 0, length 1, flags 0001
0:00:00.860970601 [333m 7190[00m 0x7fe03c0024f0 [33;01mLOG    [00m [00;01;31;41m            GST_PADS gstpad.c:2691:gst_pad_forward:<rtpptdemux0:src_96>[00m calling forward function on pad rtpptdemux0:sink
0:00:00.861013448 [333m 7190[00m 0x7fe03c0024f0 [33;01mLOG    [00m [00;01;31;41m            GST_PADS gstpad.c:2736:event_forward_func:<rtpptdemux0:sink>[00m Reffing and pushing event 0x7fe018002f00 (reconfigure) to rtpptdemux0:sink
0:00:00.861051668 [333m 7190[00m 0x7fe03c0024f0 [33;01mLOG    [00m [00;01;31;41m            GST_PADS gstpad.c:4680:gst_pad_push_event_unchecked:<rtpptdemux0:sink>[00m sending event 0x7fe018002f00 (reconfigure) to peerpad <rtpjitterbuffer0:src>
0:00:00.860977403 [333m 7190[00m 0x7fe0480130a0 [33;01mLOG    [00m [00;01;42m          GST_BUFFER gstbuffer.c:207:_get_merged_memory:[00m buffer 0x7fe03c005330, idx 0, length 1
0:00:00.860815794 [333m 7190[00m 0x7fe0480444f0 [37mDEBUG  [00m [00;01;31;41m            GST_PADS gstpad.c:5001:gst_pad_send_event_unchecked:<rtpjitterbuffer1:sink>[00m sent event, ret ok
0:00:00.861175304 [333m 7190[00m 0x7fe0480444f0 [33;01mLOG    [00m [00;01;31;41m            GST_PADS gstpad.c:4522:store_sticky_event:<rtpjitterbuffer1:sink>[00m stored sticky event stream-start
0:00:00.861210207 [333m 7190[00m 0x7fe0480444f0 [33;01mLOG    [00m [00;01;31;41m            GST_PADS gstpad.c:4687:gst_pad_push_event_unchecked:<rtpssrcdemux1:src_2126589418>[00m sent event 0x7fe0480491e0 to peerpad <rtpjitterbuffer1:sink>, ret ok
0:00:00.861246319 [333m 7190[00m 0x7fe0480444f0 [37mDEBUG  [00m [00;01;31;41m            GST_PADS gstpad.c:3329:push_sticky:<rtpssrcdemux1:src_2126589418>[00m event stream-start marked received
0:00:00.861132951 [333m 7190[00m 0x7fe0480130a0 [37mDEBUG  [00m [00m  gstrtpjitterbuffer gstrtpjitterbuffer.c:1738:gst_rtp_jitter_buffer_chain:<rtpjitterbuffer0>[00m Received packet #19399 at time 0:00:00.658291324, discont 0
0:00:00.861089132 [333m 7190[00m 0x7fe03c0024f0 [37mDEBUG  [00m [00;01;34m           GST_EVENT gstpad.c:4935:gst_pad_send_event_unchecked:<rtpjitterbuffer0:src>[00m have event type reconfigure event: 0x7fe018002f00, time 99:99:99.999999999, seq-num 217, (NULL)
0:00:00.861279979 [333m 7190[00m 0x7fe0480444f0 [33;01mLOG    [00m [00;01;31;41m            GST_PADS gstpad.c:4680:gst_pad_push_event_unchecked:<rtpssrcdemux1:src_2126589418>[00m sending event 0x7fe048049240 (segment) to peerpad <rtpjitterbuffer1:sink>
0:00:00.861322385 [333m 7190[00m 0x7fe0480130a0 [37mDEBUG  [00m [00m  gstrtpjitterbuffer gstrtpjitterbuffer.c:1784:gst_rtp_jitter_buffer_chain:<rtpjitterbuffer0>[00m expected #19399, got #19399, gap of 0
0:00:00.861465776 [333m 7190[00m 0x7fe0480130a0 [33;01mLOG    [00m [00;01;42m          GST_BUFFER gstbuffer.c:1479:gst_buffer_map_range:[00m buffer 0x7fe03c005330, idx 0, length 1, flags 0001
0:00:00.861411063 [333m 7190[00m 0x7fe0480444f0 [37mDEBUG  [00m [00;01;34m           GST_EVENT gstpad.c:4935:gst_pad_send_event_unchecked:<rtpjitterbuffer1:sink>[00m have event type segment event: 0x7fe048049240, time 99:99:99.999999999, seq-num 81, GstEventSegment, segment=(GstSegment)"GstSegment, flags=(GstSegmentFlags)GST_SEGMENT_FLAG_NONE, rate=(double)1, applied-rate=(double)1, format=(GstFormat)GST_FORMAT_TIME, base=(guint64)0, offset=(guint64)0, start=(guint64)0, stop=(guint64)18446744073709551615, time=(guint64)0, position=(guint64)0, duration=(guint64)18446744073709551615;";
0:00:00.861563832 [333m 7190[00m 0x7fe0480444f0 [37mDEBUG  [00m [00m  gstrtpjitterbuffer gstrtpjitterbuffer.c:1177:gst_rtp_jitter_buffer_sink_event:<rtpjitterbuffer1>[00m received segment
0:00:00.861603323 [333m 7190[00m 0x7fe0480444f0 [37mDEBUG  [00m [00m  gstrtpjitterbuffer gstrtpjitterbuffer.c:1206:gst_rtp_jitter_buffer_sink_event:<rtpjitterbuffer1>[00m newsegment:  time segment start=0:00:00.000000000, stop=99:99:99.999999999, rate=1.000000, applied_rate=1.000000, flags=0x00, time=0:00:00.000000000, base=0:00:00.000000000, position 0:00:00.000000000, duration 99:99:99.999999999
0:00:00.861378062 [333m 7190[00m 0x7fe03c0024f0 [37mDEBUG  [00m [00m  gstrtpjitterbuffer gstrtpjitterbuffer.c:1133:gst_rtp_jitter_buffer_src_event:<rtpjitterbuffer0>[00m received reconfigure
0:00:00.861680678 [333m 7190[00m 0x7fe03c0024f0 [33;01mLOG    [00m [00;01;31;41m            GST_PADS gstpad.c:4680:gst_pad_push_event_unchecked:<rtpjitterbuffer0:sink>[00m sending event 0x7fe018002f00 (reconfigure) to peerpad <rtpssrcdemux0:src_1165926506>
0:00:00.861629436 [333m 7190[00m 0x7fe0480444f0 [33;01mLOG    [00m [00;01;31;41m            GST_PADS gstpad.c:4522:store_sticky_event:<rtpjitterbuffer1:src>[00m stored sticky event segment
0:00:00.861745148 [333m 7190[00m 0x7fe0480444f0 [37mDEBUG  [00m [00;01;31;41m            GST_PADS gstpad.c:3376:check_sticky:<rtpjitterbuffer1:src>[00m pushing all sticky events
0:00:00.861762259 [333m 7190[00m 0x7fe0480444f0 [37mDEBUG  [00m [00;01;31;41m            GST_PADS gstpad.c:3309:push_sticky:<rtpjitterbuffer1:src>[00m event stream-start was already received
0:00:00.861775820 [333m 7190[00m 0x7fe0480444f0 [33;01mLOG    [00m [00;01;31;41m            GST_PADS gstpad.c:4680:gst_pad_push_event_unchecked:<rtpjitterbuffer1:src>[00m sending event 0x7fe048049240 (segment) to peerpad <rtpptdemux1:sink>
0:00:00.861790641 [333m 7190[00m 0x7fe0480444f0 [37mDEBUG  [00m [00;01;34m           GST_EVENT gstpad.c:4935:gst_pad_send_event_unchecked:<rtpptdemux1:sink>[00m have event type segment event: 0x7fe048049240, time 99:99:99.999999999, seq-num 81, GstEventSegment, segment=(GstSegment)"GstSegment, flags=(GstSegmentFlags)GST_SEGMENT_FLAG_NONE, rate=(double)1, applied-rate=(double)1, format=(GstFormat)GST_FORMAT_TIME, base=(guint64)0, offset=(guint64)0, start=(guint64)0, stop=(guint64)18446744073709551615, time=(guint64)0, position=(guint64)0, duration=(guint64)18446744073709551615;";
0:00:00.861830615 [333m 7190[00m 0x7fe03c0024f0 [37mDEBUG  [00m [00;01;34m           GST_EVENT gstpad.c:4935:gst_pad_send_event_unchecked:<rtpssrcdemux0:src_1165926506>[00m have event type reconfigure event: 0x7fe018002f00, time 99:99:99.999999999, seq-num 217, (NULL)
0:00:00.861858417 [333m 7190[00m 0x7fe03c0024f0 [33;01mLOG    [00m [00;01;31;41m            GST_PADS gstpad.c:2771:gst_pad_event_default:<rtpssrcdemux0:src_1165926506>[00m default event handler for event reconfigure event: 0x7fe018002f00, time 99:99:99.999999999, seq-num 217, (NULL)
0:00:00.861862099 [333m 7190[00m 0x7fe0480444f0 [33;01mLOG    [00m [00;01;31;41m            GST_PADS gstpad.c:2771:gst_pad_event_default:<rtpptdemux1:sink>[00m default event handler for event segment event: 0x7fe048049240, time 99:99:99.999999999, seq-num 81, GstEventSegment, segment=(GstSegment)"GstSegment, flags=(GstSegmentFlags)GST_SEGMENT_FLAG_NONE, rate=(double)1, applied-rate=(double)1, format=(GstFormat)GST_FORMAT_TIME, base=(guint64)0, offset=(guint64)0, start=(guint64)0, stop=(guint64)18446744073709551615, time=(guint64)0, position=(guint64)0, duration=(guint64)18446744073709551615;";
0:00:00.861967264 [333m 7190[00m 0x7fe0480444f0 [37mDEBUG  [00m [00;01;31;41m            GST_PADS gstpad.c:2581:gst_pad_iterate_internal_links_default:<rtpptdemux1:sink>[00m Making iterator
0:00:00.861896916 [333m 7190[00m 0x7fe03c0024f0 [33;01mLOG    [00m [00;01;31;41m            GST_PADS gstpad.c:2691:gst_pad_forward:<rtpssrcdemux0:src_1165926506>[00m calling forward function on pad rtpssrcdemux0:sink
0:00:00.862068219 [333m 7190[00m 0x7fe03c0024f0 [33;01mLOG    [00m [00;01;31;41m            GST_PADS gstpad.c:2736:event_forward_func:<rtpssrcdemux0:sink>[00m Reffing and pushing event 0x7fe018002f00 (reconfigure) to rtpssrcdemux0:sink
0:00:00.861694298 [333m 7190[00m 0x7fe0480130a0 [33;01mLOG    [00m [00;01;42m          GST_BUFFER gstbuffer.c:207:_get_merged_memory:[00m buffer 0x7fe03c005330, idx 0, length 1
0:00:00.862107604 [333m 7190[00m 0x7fe03c0024f0 [33;01mLOG    [00m [00;01;31;41m            GST_PADS gstpad.c:4680:gst_pad_push_event_unchecked:<rtpssrcdemux0:sink>[00m sending event 0x7fe018002f00 (reconfigure) to peerpad <rtpsession0:recv_rtp_src>
0:00:00.862025895 [333m 7190[00m 0x7fe0480444f0 [37mDEBUG  [00m [00;01;31;41m            GST_PADS gstpad.c:5001:gst_pad_send_event_unchecked:<rtpptdemux1:sink>[00m sent event, ret ok
0:00:00.862270554 [333m 7190[00m 0x7fe0480444f0 [33;01mLOG    [00m [00;01;31;41m            GST_PADS gstpad.c:4522:store_sticky_event:<rtpptdemux1:sink>[00m stored sticky event segment
0:00:00.862305807 [333m 7190[00m 0x7fe0480444f0 [33;01mLOG    [00m [00;01;31;41m            GST_PADS gstpad.c:4687:gst_pad_push_event_unchecked:<rtpjitterbuffer1:src>[00m sent event 0x7fe048049240 to peerpad <rtpptdemux1:sink>, ret ok
0:00:00.862341701 [333m 7190[00m 0x7fe0480444f0 [37mDEBUG  [00m [00;01;31;41m            GST_PADS gstpad.c:3329:push_sticky:<rtpjitterbuffer1:src>[00m event segment marked received
0:00:00.862375825 [333m 7190[00m 0x7fe0480444f0 [37mDEBUG  [00m [00;01;31;41m            GST_PADS gstpad.c:5001:gst_pad_send_event_unchecked:<rtpjitterbuffer1:sink>[00m sent event, ret ok
0:00:00.862409176 [333m 7190[00m 0x7fe0480444f0 [33;01mLOG    [00m [00;01;31;41m            GST_PADS gstpad.c:4522:store_sticky_event:<rtpjitterbuffer1:sink>[00m stored sticky event segment
0:00:00.862441680 [333m 7190[00m 0x7fe0480444f0 [33;01mLOG    [00m [00;01;31;41m            GST_PADS gstpad.c:4687:gst_pad_push_event_unchecked:<rtpssrcdemux1:src_2126589418>[00m sent event 0x7fe048049240 to peerpad <rtpjitterbuffer1:sink>, ret ok
0:00:00.862476923 [333m 7190[00m 0x7fe0480444f0 [37mDEBUG  [00m [00;01;31;41m            GST_PADS gstpad.c:3329:push_sticky:<rtpssrcdemux1:src_2126589418>[00m event segment marked received
0:00:00.862226552 [333m 7190[00m 0x7fe03c0024f0 [37mDEBUG  [00m [00;01;34m           GST_EVENT gstpad.c:4935:gst_pad_send_event_unchecked:<rtpsession0:recv_rtp_src>[00m have event type reconfigure event: 0x7fe018002f00, time 99:99:99.999999999, seq-num 217, (NULL)
0:00:00.862152864 [333m 7190[00m 0x7fe0480130a0 [33;01mLOG    [00m [00;01;42m          GST_BUFFER gstbuffer.c:1479:gst_buffer_map_range:[00m buffer 0x7fe03c005220, idx 0, length 1, flags 0001
0:00:00.862593909 [333m 7190[00m 0x7fe0480130a0 [33;01mLOG    [00m [00;01;42m          GST_BUFFER gstbuffer.c:207:_get_merged_memory:[00m buffer 0x7fe03c005220, idx 0, length 1
0:00:00.862633823 [333m 7190[00m 0x7fe0480130a0 [37mDEBUG  [00m [00m  gstrtpjitterbuffer gstrtpjitterbuffer.c:1908:gst_rtp_jitter_buffer_chain:<rtpjitterbuffer0>[00m Pushed packet #19399, now 7 packets, tail: 0
0:00:00.862672176 [333m 7190[00m 0x7fe0480130a0 [33;01mLOG    [00m [00;01;35m      GST_SCHEDULING gstpad.c:3715:gst_pad_chain_data_unchecked:<rtpjitterbuffer0:sink>[00m called chainfunction &gst_rtp_jitter_buffer_chain with buffer 0x7fe03c005330, returned ok
0:00:00.862692624 [333m 7190[00m 0x7fe0480130a0 [33;01mLOG    [00m [00;01;35m      GST_SCHEDULING gstpad.c:3715:gst_pad_chain_data_unchecked:<rtpssrcdemux0:sink>[00m called chainfunction &0x7fe0459b24f0 with buffer 0x7fe03c005330, returned ok
0:00:00.862763519 [333m 7190[00m 0x7fe0480130a0 [33;01mLOG    [00m [00;01;35m      GST_SCHEDULING gstpad.c:3715:gst_pad_chain_data_unchecked:<rtpsession0:recv_rtp_sink>[00m called chainfunction &0x7fe0459c4320 with buffer 0x7fe03c005330, returned ok
0:00:00.862802661 [333m 7190[00m 0x7fe0480130a0 [33;01mLOG    [00m [00;01;35m      GST_SCHEDULING gstpad.c:3715:gst_pad_chain_data_unchecked:<manager:recv_rtp_sink_0>[00m called chainfunction &gst_proxy_pad_chain_default with buffer 0x7fe03c005330, returned ok
0:00:00.862555912 [333m 7190[00m 0x7fe03c0024f0 [33;01mLOG    [00m [00;01;31;41m            GST_PADS gstpad.c:4680:gst_pad_push_event_unchecked:<rtpsession0:recv_rtp_sink>[00m sending event 0x7fe018002f00 (reconfigure) to peerpad <recv_rtp_sink_0:proxypad0>
0:00:00.862511256 [333m 7190[00m 0x7fe0480444f0 [33;01mLOG    [00m [00;01;35m      GST_SCHEDULING gstpad.c:3709:gst_pad_chain_data_unchecked:<rtpjitterbuffer1:sink>[00m calling chainfunction &gst_rtp_jitter_buffer_chain with buffer buffer: 0x7fe018003490, pts 0:00:00.587586201, dts 0:00:00.587586201, dur 99:99:99.999999999, size 271, offset 18446744073709551615, offset_end 18446744073709551615, flags 0x40
0:00:00.862839508 [333m 7190[00m 0x7fe0480130a0 [33;01mLOG    [00m [00m             basesrc gstbasesrc.c:2663:gst_base_src_loop:<udpsrc0>[00m next_ts 99:99:99.999999999 size 4096
0:00:00.862974144 [333m 7190[00m 0x7fe0480130a0 [37mDEBUG  [00m [00m             basesrc gstbasesrc.c:2388:gst_base_src_get_range:<udpsrc0>[00m calling create offset 18446744073709551615 length 4096, time 0
0:00:00.863013586 [333m 7190[00m 0x7fe0480130a0 [33;01mLOG    [00m [00m              udpsrc gstudpsrc.c:469:gst_udpsrc_create:<udpsrc0>[00m ioctl says 1400 bytes available
0:00:00.862885241 [333m 7190[00m 0x7fe03c0024f0 [37mDEBUG  [00m [00;01;34m           GST_EVENT gstpad.c:4935:gst_pad_send_event_unchecked:<recv_rtp_sink_0:proxypad0>[00m have event type reconfigure event: 0x7fe018002f00, time 99:99:99.999999999, seq-num 217, (NULL)
0:00:00.862929199 [333m 7190[00m 0x7fe0480444f0 [33;01mLOG    [00m [00;01;42m          GST_BUFFER gstbuffer.c:1479:gst_buffer_map_range:[00m buffer 0x7fe018003490, idx 0, length 1, flags 0001
0:00:00.863131714 [333m 7190[00m 0x7fe0480444f0 [33;01mLOG    [00m [00;01;42m          GST_BUFFER gstbuffer.c:207:_get_merged_memory:[00m buffer 0x7fe018003490, idx 0, length 1
0:00:00.863090476 [333m 7190[00m 0x7fe03c0024f0 [33;01mLOG    [00m [00;01;31;41m            GST_PADS gstpad.c:2771:gst_pad_event_default:<recv_rtp_sink_0:proxypad0>[00m default event handler for event reconfigure event: 0x7fe018002f00, time 99:99:99.999999999, seq-num 217, (NULL)
0:00:00.863048505 [333m 7190[00m 0x7fe0480130a0 [37mDEBUG  [00m [00;01;34m          GST_MEMORY gstmemory.c:138:gst_memory_init:[00m new memory 0x7fe03c011040, maxsize:1407 offset:0 size:1400
0:00:00.863255092 [333m 7190[00m 0x7fe0480130a0 [33;01mLOG    [00m [00;01;42m          GST_BUFFER gstbuffer.c:628:gst_buffer_new:[00m new 0x7fe03c005440
0:00:00.863288273 [333m 7190[00m 0x7fe0480130a0 [33;01mLOG    [00m [00;01;42m          GST_BUFFER gstbuffer.c:297:_memory_add:[00m buffer 0x7fe03c005440, idx -1, mem 0x7fe03c011040, lock 1
0:00:00.863322838 [333m 7190[00m 0x7fe0480130a0 [33;01mLOG    [00m [00;01;42m          GST_BUFFER gstbuffer.c:682:gst_buffer_new_allocate:[00m new buffer 0x7fe03c005440 of size 1400 from allocator (nil)
0:00:00.863356945 [333m 7190[00m 0x7fe0480130a0 [33;01mLOG    [00m [00;01;42m          GST_BUFFER gstbuffer.c:1479:gst_buffer_map_range:[00m buffer 0x7fe03c005440, idx 0, length -1, flags 0002
0:00:00.863391306 [333m 7190[00m 0x7fe0480130a0 [33;01mLOG    [00m [00;01;42m          GST_BUFFER gstbuffer.c:207:_get_merged_memory:[00m buffer 0x7fe03c005440, idx 0, length 1
0:00:00.863218999 [333m 7190[00m 0x7fe03c0024f0 [33;01mLOG    [00m [00;01;31;41m            GST_PADS gstpad.c:2691:gst_pad_forward:<recv_rtp_sink_0:proxypad0>[00m calling forward function on pad manager:recv_rtp_sink_0
0:00:00.863171436 [333m 7190[00m 0x7fe0480444f0 [37mDEBUG  [00m [00m  gstrtpjitterbuffer gstrtpjitterbuffer.c:1738:gst_rtp_jitter_buffer_chain:<rtpjitterbuffer1>[00m Received packet #26961 at time 0:00:00.587586201, discont 1
0:00:00.863578421 [333m 7190[00m 0x7fe0480444f0 [37mDEBUG  [00m [00m  gstrtpjitterbuffer gstrtpjitterbuffer.c:1746:gst_rtp_jitter_buffer_chain:<rtpjitterbuffer1>[00m pt changed from 4294967295 to 97
0:00:00.863614058 [333m 7190[00m 0x7fe0480444f0 [37mDEBUG  [00m [00;01;34m            GST_CAPS gstpad.c:2428:gst_pad_get_current_caps:<rtpjitterbuffer1:sink>[00m get current pad caps (NULL)
0:00:00.863463108 [333m 7190[00m 0x7fe0480130a0 [33;01mLOG    [00m [00;01;42m          GST_BUFFER gstbuffer.c:1342:gst_buffer_resize_range:[00m trim 0x7fe03c005440 0-1400 size:1400 offs:0 max:1407
0:00:00.863535753 [333m 7190[00m 0x7fe03c0024f0 [33;01mLOG    [00m [00;01;31;41m            GST_PADS gstpad.c:2736:event_forward_func:<manager:recv_rtp_sink_0>[00m Reffing and pushing event 0x7fe018002f00 (reconfigure) to manager:recv_rtp_sink_0
0:00:00.863656175 [333m 7190[00m 0x7fe0480444f0 [37mDEBUG  [00m [00m              rtpbin gstrtpbin.c:2479:pt_map_requested:<manager>[00m payload map requested for pt 97 in session 1
0:00:00.863805931 [333m 7190[00m 0x7fe0480444f0 [37mDEBUG  [00m [00m              rtpbin gstrtpbin.c:685:get_pt_map:[00m searching pt 97 in cache
0:00:00.863846794 [333m 7190[00m 0x7fe0480444f0 [37mDEBUG  [00m [00m  gstrtpjitterbuffer gstrtpjitterbuffer.c:905:gst_jitter_buffer_sink_parse_caps:<rtpjitterbuffer1>[00m got caps
0:00:00.863716573 [333m 7190[00m 0x7fe0480130a0 [37mDEBUG  [00m [00;01;42m          GST_BUFFER gstbuffer.c:1926:gst_buffer_add_meta:[00m alloc metadata 0x7fe0480590d8 (GstNetAddressMeta) of size 24
0:00:00.863923717 [333m 7190[00m 0x7fe0480130a0 [33;01mLOG    [00m [00m              udpsrc gstudpsrc.c:525:gst_udpsrc_create:<udpsrc0>[00m read 1400 bytes
0:00:00.863958575 [333m 7190[00m 0x7fe0480130a0 [37mDEBUG  [00m [00;01;33m           GST_CLOCK gstclock.c:952:gst_clock_get_internal_time:<GstSystemClock>[00m internal time 16:06:48.938610374
0:00:00.863977837 [333m 7190[00m 0x7fe0480130a0 [37mDEBUG  [00m [00;01;33m           GST_CLOCK gstclock.c:997:gst_clock_get_time:<GstSystemClock>[00m adjusted time 16:06:48.938610374
0:00:00.863991478 [333m 7190[00m 0x7fe0480130a0 [33;01mLOG    [00m [00m             basesrc gstbasesrc.c:2205:gst_base_src_do_sync:<udpsrc0>[00m created DTS 0:00:00.663407219
0:00:00.863881682 [333m 7190[00m 0x7fe0480444f0 [37mDEBUG  [00m [00m  gstrtpjitterbuffer gstrtpjitterbuffer.c:915:gst_jitter_buffer_sink_parse_caps:<rtpjitterbuffer1>[00m got clock-rate 16000
0:00:00.863763091 [333m 7190[00m 0x7fe03c0024f0 [33;01mLOG    [00m [00;01;31;41m            GST_PADS gstpad.c:4680:gst_pad_push_event_unchecked:<manager:recv_rtp_sink_0>[00m sending event 0x7fe018002f00 (reconfigure) to peerpad <udpsrc0:src>
0:00:00.864004352 [333m 7190[00m 0x7fe0480130a0 [33;01mLOG    [00m [00m             basesrc gstbasesrc.c:2215:gst_base_src_do_sync:<udpsrc0>[00m created PTS 0:00:00.663407219
0:00:00.864155929 [333m 7190[00m 0x7fe0480130a0 [37mDEBUG  [00m [00m             basesrc gstbasesrc.c:2253:gst_base_src_do_sync:<udpsrc0>[00m no sync needed
0:00:00.864189280 [333m 7190[00m 0x7fe0480130a0 [37mDEBUG  [00m [00m             basesrc gstbasesrc.c:2451:gst_base_src_get_range:<udpsrc0>[00m buffer ok
0:00:00.864112977 [333m 7190[00m 0x7fe03c0024f0 [37mDEBUG  [00m [00;01;34m           GST_EVENT gstpad.c:4935:gst_pad_send_event_unchecked:<udpsrc0:src>[00m have event type reconfigure event: 0x7fe018002f00, time 99:99:99.999999999, seq-num 217, (NULL)
0:00:00.864252359 [333m 7190[00m 0x7fe0480444f0 [37mDEBUG  [00m [00m  gstrtpjitterbuffer gstrtpjitterbuffer.c:927:gst_jitter_buffer_sink_parse_caps:<rtpjitterbuffer1>[00m got clock-base 4187365601
0:00:00.864307384 [333m 7190[00m 0x7fe03c0024f0 [37mDEBUG  [00m [00m             basesrc gstbasesrc.c:1928:gst_base_src_default_event:<udpsrc0>[00m handle event reconfigure event: 0x7fe018002f00, time 99:99:99.999999999, seq-num 217, (NULL)
0:00:00.864449738 [333m 7190[00m 0x7fe03c0024f0 [37mDEBUG  [00m [00;01;31;41m            GST_PADS gstpad.c:5001:gst_pad_send_event_unchecked:<udpsrc0:src>[00m sent event, ret ok
0:00:00.864485734 [333m 7190[00m 0x7fe03c0024f0 [33;01mLOG    [00m [00;01;31;41m            GST_PADS gstpad.c:4687:gst_pad_push_event_unchecked:<manager:recv_rtp_sink_0>[00m sent event 0x7fe018002f00 to peerpad <udpsrc0:src>, ret ok
0:00:00.864322687 [333m 7190[00m 0x7fe0480130a0 [33;01mLOG    [00m [00;01;35m      GST_SCHEDULING gstpad.c:3709:gst_pad_chain_data_unchecked:<manager:recv_rtp_sink_0>[00m calling chainfunction &gst_proxy_pad_chain_default with buffer buffer: 0x7fe03c005440, pts 0:00:00.663407219, dts 0:00:00.663407219, dur 99:99:99.999999999, size 1400, offset 18446744073709551615, offset_end 18446744073709551615, flags 0x0
0:00:00.864407024 [333m 7190[00m 0x7fe0480444f0 [37mDEBUG  [00m [00m  gstrtpjitterbuffer gstrtpjitterbuffer.c:937:gst_jitter_buffer_sink_parse_caps:<rtpjitterbuffer1>[00m got seqnum-base 26961
0:00:00.864526331 [333m 7190[00m 0x7fe03c0024f0 [37mDEBUG  [00m [00;01;31;41m            GST_PADS gstpad.c:5001:gst_pad_send_event_unchecked:<recv_rtp_sink_0:proxypad0>[00m sent event, ret ok
0:00:00.864568352 [333m 7190[00m 0x7fe0480130a0 [33;01mLOG    [00m [00;01;35m      GST_SCHEDULING gstpad.c:3709:gst_pad_chain_data_unchecked:<rtpsession0:recv_rtp_sink>[00m calling chainfunction &0x7fe0459c4320 with buffer buffer: 0x7fe03c005440, pts 0:00:00.663407219, dts 0:00:00.663407219, dur 99:99:99.999999999, size 1400, offset 18446744073709551615, offset_end 18446744073709551615, flags 0x0
0:00:00.864710769 [333m 7190[00m 0x7fe0480130a0 [33;01mLOG    [00m [00m          rtpsession gstrtpsession.c:1621:gst_rtp_session_chain_recv_rtp:<rtpsession0>[00m received RTP packet
0:00:00.864612746 [333m 7190[00m 0x7fe0480444f0 [37mDEBUG  [00m [00m  gstrtpjitterbuffer gstrtpjitterbuffer.c:954:gst_jitter_buffer_sink_parse_caps:<rtpjitterbuffer1>[00m npt start/stop: 0:00:00.000000000-99:99:99.999999999
0:00:00.864764345 [333m 7190[00m 0x7fe0480444f0 [37mDEBUG  [00m [00m  gstrtpjitterbuffer gstrtpjitterbuffer.c:1784:gst_rtp_jitter_buffer_chain:<rtpjitterbuffer1>[00m expected #26961, got #26961, gap of 0
0:00:00.864801847 [333m 7190[00m 0x7fe0480444f0 [33;01mLOG    [00m [00;01;42m          GST_BUFFER gstbuffer.c:1479:gst_buffer_map_range:[00m buffer 0x7fe018003490, idx 0, length 1, flags 0001
0:00:00.864837634 [333m 7190[00m 0x7fe0480444f0 [33;01mLOG    [00m [00;01;42m          GST_BUFFER gstbuffer.c:207:_get_merged_memory:[00m buffer 0x7fe018003490, idx 0, length 1
0:00:00.864873402 [333m 7190[00m 0x7fe0480444f0 [37mDEBUG  [00m [00m     rtpjitterbuffer rtpjitterbuffer.c:387:calculate_skew:[00m Clock rate changed from 4294967295 to 16000
0:00:00.864906948 [333m 7190[00m 0x7fe0480444f0 [37mDEBUG  [00m [00m     rtpjitterbuffer rtpjitterbuffer.c:403:calculate_skew:[00m Taking new base time 0:00:00.587586201
0:00:00.864940346 [333m 7190[00m 0x7fe0480444f0 [37mDEBUG  [00m [00m     rtpjitterbuffer rtpjitterbuffer.c:410:calculate_skew:[00m Taking new base rtptime 72:41:50.350062500
0:00:00.864654879 [333m 7190[00m 0x7fe03c0024f0 [33;01mLOG    [00m [00;01;31;41m            GST_PADS gstpad.c:4687:gst_pad_push_event_unchecked:<rtpsession0:recv_rtp_sink>[00m sent event 0x7fe018002f00 to peerpad <recv_rtp_sink_0:proxypad0>, ret ok
0:00:00.865019464 [333m 7190[00m 0x7fe03c0024f0 [37mDEBUG  [00m [00;01;31;41m            GST_PADS gstpad.c:5001:gst_pad_send_event_unchecked:<rtpsession0:recv_rtp_src>[00m sent event, ret ok
0:00:00.865055547 [333m 7190[00m 0x7fe03c0024f0 [33;01mLOG    [00m [00;01;31;41m            GST_PADS gstpad.c:4687:gst_pad_push_event_unchecked:<rtpssrcdemux0:sink>[00m sent event 0x7fe018002f00 to peerpad <rtpsession0:recv_rtp_src>, ret ok
0:00:00.864727840 [333m 7190[00m 0x7fe0480130a0 [37mDEBUG  [00m [00;01;33m           GST_CLOCK gstclock.c:952:gst_clock_get_internal_time:<GstSystemClock>[00m internal time 16:06:48.939380369
0:00:00.864973299 [333m 7190[00m 0x7fe0480444f0 [37mDEBUG  [00m [00m     rtpjitterbuffer rtpjitterbuffer.c:431:calculate_skew:[00m extrtp 4187365601, gstrtp 72:41:50.350062500, base 72:41:50.350062500, send_diff 0:00:00.000000000
0:00:00.865136817 [333m 7190[00m 0x7fe03c0024f0 [37mDEBUG  [00m [00;01;31;41m            GST_PADS gstpad.c:5001:gst_pad_send_event_unchecked:<rtpssrcdemux0:src_1165926506>[00m sent event, ret ok
0:00:00.865266826 [333m 7190[00m 0x7fe03c0024f0 [33;01mLOG    [00m [00;01;31;41m            GST_PADS gstpad.c:4687:gst_pad_push_event_unchecked:<rtpjitterbuffer0:sink>[00m sent event 0x7fe018002f00 to peerpad <rtpssrcdemux0:src_1165926506>, ret ok
0:00:00.865306055 [333m 7190[00m 0x7fe03c0024f0 [37mDEBUG  [00m [00;01;31;41m            GST_PADS gstpad.c:5001:gst_pad_send_event_unchecked:<rtpjitterbuffer0:src>[00m sent event, ret ok
0:00:00.865339423 [333m 7190[00m 0x7fe03c0024f0 [33;01mLOG    [00m [00;01;31;41m            GST_PADS gstpad.c:4687:gst_pad_push_event_unchecked:<rtpptdemux0:sink>[00m sent event 0x7fe018002f00 to peerpad <rtpjitterbuffer0:src>, ret ok
0:00:00.865220876 [333m 7190[00m 0x7fe0480444f0 [37mDEBUG  [00m [00m     rtpjitterbuffer rtpjitterbuffer.c:454:calculate_skew:[00m time 0:00:00.587586201, base 0:00:00.587586201, recv_diff 0:00:00.000000000, slope 8
0:00:00.865420897 [333m 7190[00m 0x7fe0480444f0 [37mDEBUG  [00m [00m     rtpjitterbuffer rtpjitterbuffer.c:471:calculate_skew:[00m filling 0, delta 0
0:00:00.865455375 [333m 7190[00m 0x7fe0480444f0 [37mDEBUG  [00m [00m     rtpjitterbuffer rtpjitterbuffer.c:586:calculate_skew:[00m skew 0, out 0:00:00.587586201
0:00:00.865178755 [333m 7190[00m 0x7fe0480130a0 [37mDEBUG  [00m [00;01;33m           GST_CLOCK gstclock.c:997:gst_clock_get_time:<GstSystemClock>[00m adjusted time 16:06:48.939380369
0:00:00.865538262 [333m 7190[00m 0x7fe0480130a0 [33;01mLOG    [00m [00;01;42m          GST_BUFFER gstbuffer.c:1479:gst_buffer_map_range:[00m buffer 0x7fe03c005440, idx 0, length 1, flags 0001
0:00:00.865558465 [333m 7190[00m 0x7fe0480130a0 [33;01mLOG    [00m [00;01;42m          GST_BUFFER gstbuffer.c:207:_get_merged_memory:[00m buffer 0x7fe03c005440, idx 0, length 1
0:00:00.865572836 [333m 7190[00m 0x7fe0480130a0 [33;01mLOG    [00m [00;01;42m          GST_BUFFER gstbuffer.c:1479:gst_buffer_map_range:[00m buffer 0x7fe03c005440, idx 0, length 1, flags 0001
0:00:00.865604252 [333m 7190[00m 0x7fe0480130a0 [33;01mLOG    [00m [00;01;42m          GST_BUFFER gstbuffer.c:207:_get_merged_memory:[00m buffer 0x7fe03c005440, idx 0, length 1
0:00:00.865642061 [333m 7190[00m 0x7fe0480130a0 [33;01mLOG    [00m [00;01;42m          GST_BUFFER gstbuffer.c:1479:gst_buffer_map_range:[00m buffer 0x7fe03c005440, idx 0, length 1, flags 0001
0:00:00.865674796 [333m 7190[00m 0x7fe0480130a0 [33;01mLOG    [00m [00;01;42m          GST_BUFFER gstbuffer.c:207:_get_merged_memory:[00m buffer 0x7fe03c005440, idx 0, length 1
0:00:00.865708379 [333m 7190[00m 0x7fe0480130a0 [33;01mLOG    [00m [00m           rtpsource rtpsource.c:1099:rtp_source_process_rtp:[00m seq 19400, PC: 8, OC: 11104
0:00:00.865741598 [333m 7190[00m 0x7fe0480130a0 [33;01mLOG    [00m [00;01;42m          GST_BUFFER gstbuffer.c:1479:gst_buffer_map_range:[00m buffer 0x7fe03c005440, idx 0, length 1, flags 0001
0:00:00.865759322 [333m 7190[00m 0x7fe0480130a0 [33;01mLOG    [00m [00;01;42m          GST_BUFFER gstbuffer.c:207:_get_merged_memory:[00m buffer 0x7fe03c005440, idx 0, length 1
0:00:00.865771728 [333m 7190[00m 0x7fe0480130a0 [33;01mLOG    [00m [00m           rtpsource rtpsource.c:885:calculate_jitter:[00m SSRC 457ea06a got payload 96
0:00:00.865390602 [333m 7190[00m 0x7fe03c0024f0 [33;01mLOG    [00m [00;01;34m           GST_EVENT gstevent.c:223:_gst_event_free:[00m freeing event 0x7fe018002f00 type reconfigure
0:00:00.865508446 [333m 7190[00m 0x7fe0480444f0 [37mDEBUG  [00m [00m  gstrtpjitterbuffer gstrtpjitterbuffer.c:1908:gst_rtp_jitter_buffer_chain:<rtpjitterbuffer1>[00m Pushed packet #26961, now 1 packets, tail: 1
0:00:00.865783305 [333m 7190[00m 0x7fe0480130a0 [33;01mLOG    [00m [00m           rtpsource rtpsource.c:920:calculate_jitter:[00m rtparrival 59706, rtptime 3372290918, clock-rate 90000, diff 460, jitter: 252.500000
0:00:00.865967842 [333m 7190[00m 0x7fe0480130a0 [33;01mLOG    [00m [00m           rtpsource rtpsource.c:822:push_packet:[00m pushing new packet
0:00:00.865983412 [333m 7190[00m 0x7fe0480130a0 [33;01mLOG    [00m [00m          rtpsession rtpsession.c:1123:source_push_rtp:[00m source 457ea06a pushed receiver RTP packet
0:00:00.865999308 [333m 7190[00m 0x7fe0480130a0 [33;01mLOG    [00m [00m          rtpsession gstrtpsession.c:1068:gst_rtp_session_process_rtp:<rtpsession0>[00m pushing received RTP packet
0:00:00.865882346 [333m 7190[00m 0x7fe03c0024f0 [37mDEBUG  [00m [00;01;31;41m            GST_PADS gstpad.c:5001:gst_pad_send_event_unchecked:<rtpptdemux0:src_96>[00m sent event, ret ok
0:00:00.866043598 [333m 7190[00m 0x7fe028002ed0 [37mDEBUG  [00m [00m  gstrtpjitterbuffer gstrtpjitterbuffer.c:2447:wait_next_timeout:<rtpjitterbuffer1>[00m waiting done
0:00:00.865939325 [333m 7190[00m 0x7fe0480444f0 [33;01mLOG    [00m [00;01;35m      GST_SCHEDULING gstpad.c:3715:gst_pad_chain_data_unchecked:<rtpjitterbuffer1:sink>[00m called chainfunction &gst_rtp_jitter_buffer_chain with buffer 0x7fe018003490, returned ok
0:00:00.866012055 [333m 7190[00m 0x7fe0480130a0 [33;01mLOG    [00m [00;01;35m      GST_SCHEDULING gstpad.c:3709:gst_pad_chain_data_unchecked:<rtpssrcdemux0:sink>[00m calling chainfunction &0x7fe0459b24f0 with buffer buffer: 0x7fe03c005440, pts 0:00:00.663407219, dts 0:00:00.663407219, dur 99:99:99.999999999, size 1400, offset 18446744073709551615, offset_end 18446744073709551615, flags 0x0
0:00:00.866130948 [333m 7190[00m 0x7fe0480130a0 [33;01mLOG    [00m [00;01;42m          GST_BUFFER gstbuffer.c:1479:gst_buffer_map_range:[00m buffer 0x7fe03c005440, idx 0, length 1, flags 0001
0:00:00.866167180 [333m 7190[00m 0x7fe0480130a0 [33;01mLOG    [00m [00;01;42m          GST_BUFFER gstbuffer.c:207:_get_merged_memory:[00m buffer 0x7fe03c005440, idx 0, length 1
0:00:00.866191353 [333m 7190[00m 0x7fe0480130a0 [37mDEBUG  [00m [00m        rtpssrcdemux gstrtpssrcdemux.c:627:gst_rtp_ssrc_demux_chain:<rtpssrcdemux0>[00m received buffer of SSRC 457ea06a
0:00:00.866194796 [333m 7190[00m 0x7fe03c0024f0 [33;01mLOG    [00m [00;01;37;41m         GST_MESSAGE gstmessage.c:282:gst_message_new_custom:[00m source proxypad6: creating new message 0x10a0ca0 structure-change
0:00:00.866197453 [333m 7190[00m 0x7fe028002ed0 [33;01mLOG    [00m [00;01;42m          GST_BUFFER gstbuffer.c:1479:gst_buffer_map_range:[00m buffer 0x7fe018003490, idx 0, length 1, flags 0001
0:00:00.866254375 [333m 7190[00m 0x7fe03c0024f0 [37mDEBUG  [00m [00;43m             GST_BUS gstbus.c:312:gst_bus_post:<bus3>[00m [msg 0x10a0ca0] posting on bus structure-change message: 0x10a0ca0, time 99:99:99.999999999, seq-num 218, element 'proxypad6', GstMessageStructureChange, type=(GstStructureChangeType)GST_STRUCTURE_CHANGE_TYPE_PAD_LINK, owner=(GstElement)"\(GstRtpPtDemux\)\ rtpptdemux0", busy=(boolean)false;
0:00:00.866207954 [333m 7190[00m 0x7fe0480130a0 [33;01mLOG    [00m [00;01;35m      GST_SCHEDULING gstpad.c:3709:gst_pad_chain_data_unchecked:<rtpjitterbuffer0:sink>[00m calling chainfunction &gst_rtp_jitter_buffer_chain with buffer buffer: 0x7fe03c005440, pts 0:00:00.663407219, dts 0:00:00.663407219, dur 99:99:99.999999999, size 1400, offset 18446744073709551615, offset_end 18446744073709551615, flags 0x0
0:00:00.866213204 [333m 7190[00m 0x7fe0480444f0 [33;01mLOG    [00m [00;01;35m      GST_SCHEDULING gstpad.c:3715:gst_pad_chain_data_unchecked:<rtpssrcdemux1:sink>[00m called chainfunction &0x7fe0459b24f0 with buffer 0x7fe018003490, returned ok
0:00:00.866401280 [333m 7190[00m 0x7fe0480444f0 [33;01mLOG    [00m [00m           rtpsource rtpsource.c:822:push_packet:[00m pushing new packet
0:00:00.866418472 [333m 7190[00m 0x7fe0480444f0 [33;01mLOG    [00m [00m          rtpsession rtpsession.c:1123:source_push_rtp:[00m source 7ec12dea pushed receiver RTP packet
0:00:00.866433220 [333m 7190[00m 0x7fe0480444f0 [33;01mLOG    [00m [00m          rtpsession gstrtpsession.c:1068:gst_rtp_session_process_rtp:<rtpsession1>[00m pushing received RTP packet
0:00:00.866446036 [333m 7190[00m 0x7fe0480444f0 [33;01mLOG    [00m [00;01;35m      GST_SCHEDULING gstpad.c:3709:gst_pad_chain_data_unchecked:<rtpssrcdemux1:sink>[00m calling chainfunction &0x7fe0459b24f0 with buffer buffer: 0x7fe0180035a0, pts 0:00:00.608654744, dts 0:00:00.608654744, dur 99:99:99.999999999, size 264, offset 18446744073709551615, offset_end 18446744073709551615, flags 0x0
0:00:00.866466287 [333m 7190[00m 0x7fe0480444f0 [33;01mLOG    [00m [00;01;42m          GST_BUFFER gstbuffer.c:1479:gst_buffer_map_range:[00m buffer 0x7fe0180035a0, idx 0, length 1, flags 0001
0:00:00.866476313 [333m 7190[00m 0x7fe03c0024f0 [37mDEBUG  [00m [00;01m                 bin gstbin.c:3342:gst_bin_handle_message_func:<manager>[00m [msg 0x10a0ca0] handling child proxypad6 message of type structure-change
0:00:00.866530380 [333m 7190[00m 0x7fe03c0024f0 [33;01mLOG    [00m [00;01m                 bin gstbin.c:859:message_check:[00m looking at message 0xf36740: 1
0:00:00.866551460 [333m 7190[00m 0x7fe03c0024f0 [37mDEBUG  [00m [00;01m                 bin gstbin.c:956:bin_remove_messages:<recv_rtp_src_0_1165926506_96:proxypad6>[00m deleting message 0xf36740 of types 0x00001000
0:00:00.866582604 [333m 7190[00m 0x7fe03c0024f0 [33;01mLOG    [00m [00;01;37;41m         GST_MESSAGE gstmessage.c:184:_gst_message_free:[00m finalize message 0xf36740, structure-change from proxypad6
0:00:00.866595323 [333m 7190[00m 0x7fe0480444f0 [33;01mLOG    [00m [00;01;42m          GST_BUFFER gstbuffer.c:207:_get_merged_memory:[00m buffer 0x7fe0180035a0, idx 0, length 1
0:00:00.866627999 [333m 7190[00m 0x7fe0480444f0 [37mDEBUG  [00m [00m        rtpssrcdemux gstrtpssrcdemux.c:627:gst_rtp_ssrc_demux_chain:<rtpssrcdemux1>[00m received buffer of SSRC 7ec12dea
0:00:00.866632306 [333m 7190[00m 0x7fe028002ed0 [33;01mLOG    [00m [00;01;42m          GST_BUFFER gstbuffer.c:207:_get_merged_memory:[00m buffer 0x7fe018003490, idx 0, length 1
0:00:00.866554150 [333m 7190[00m 0x7fe0480130a0 [33;01mLOG    [00m [00;01;42m          GST_BUFFER gstbuffer.c:1479:gst_buffer_map_range:[00m buffer 0x7fe03c005440, idx 0, length 1, flags 0001
0:00:00.866713374 [333m 7190[00m 0x7fe0480130a0 [33;01mLOG    [00m [00;01;42m          GST_BUFFER gstbuffer.c:207:_get_merged_memory:[00m buffer 0x7fe03c005440, idx 0, length 1
0:00:00.866751434 [333m 7190[00m 0x7fe0480130a0 [37mDEBUG  [00m [00m  gstrtpjitterbuffer gstrtpjitterbuffer.c:1738:gst_rtp_jitter_buffer_chain:<rtpjitterbuffer0>[00m Received packet #19400 at time 0:00:00.663407219, discont 0
0:00:00.866788887 [333m 7190[00m 0x7fe0480130a0 [37mDEBUG  [00m [00m  gstrtpjitterbuffer gstrtpjitterbuffer.c:1784:gst_rtp_jitter_buffer_chain:<rtpjitterbuffer0>[00m expected #19400, got #19400, gap of 0
0:00:00.866822362 [333m 7190[00m 0x7fe0480130a0 [33;01mLOG    [00m [00;01;42m          GST_BUFFER gstbuffer.c:1479:gst_buffer_map_range:[00m buffer 0x7fe03c005440, idx 0, length 1, flags 0001
0:00:00.866857043 [333m 7190[00m 0x7fe0480130a0 [33;01mLOG    [00m [00;01;42m          GST_BUFFER gstbuffer.c:207:_get_merged_memory:[00m buffer 0x7fe03c005440, idx 0, length 1
0:00:00.866891496 [333m 7190[00m 0x7fe0480130a0 [33;01mLOG    [00m [00;01;42m          GST_BUFFER gstbuffer.c:1479:gst_buffer_map_range:[00m buffer 0x7fe03c005330, idx 0, length 1, flags 0001
0:00:00.866926197 [333m 7190[00m 0x7fe0480130a0 [33;01mLOG    [00m [00;01;42m          GST_BUFFER gstbuffer.c:207:_get_merged_memory:[00m buffer 0x7fe03c005330, idx 0, length 1
0:00:00.866999689 [333m 7190[00m 0x7fe0480130a0 [37mDEBUG  [00m [00m  gstrtpjitterbuffer gstrtpjitterbuffer.c:1908:gst_rtp_jitter_buffer_chain:<rtpjitterbuffer0>[00m Pushed packet #19400, now 8 packets, tail: 0
0:00:00.867036744 [333m 7190[00m 0x7fe0480130a0 [33;01mLOG    [00m [00;01;35m      GST_SCHEDULING gstpad.c:3715:gst_pad_chain_data_unchecked:<rtpjitterbuffer0:sink>[00m called chainfunction &gst_rtp_jitter_buffer_chain with buffer 0x7fe03c005440, returned ok
0:00:00.867074027 [333m 7190[00m 0x7fe0480130a0 [33;01mLOG    [00m [00;01;35m      GST_SCHEDULING gstpad.c:3715:gst_pad_chain_data_unchecked:<rtpssrcdemux0:sink>[00m called chainfunction &0x7fe0459b24f0 with buffer 0x7fe03c005440, returned ok
0:00:00.866674730 [333m 7190[00m 0x7fe0480444f0 [33;01mLOG    [00m [00;01;35m      GST_SCHEDULING gstpad.c:3709:gst_pad_chain_data_unchecked:<rtpjitterbuffer1:sink>[00m calling chainfunction &gst_rtp_jitter_buffer_chain with buffer buffer: 0x7fe0180035a0, pts 0:00:00.608654744, dts 0:00:00.608654744, dur 99:99:99.999999999, size 264, offset 18446744073709551615, offset_end 18446744073709551615, flags 0x0
0:00:00.867146025 [333m 7190[00m 0x7fe0480444f0 [33;01mLOG    [00m [00;01;42m          GST_BUFFER gstbuffer.c:1479:gst_buffer_map_range:[00m buffer 0x7fe0180035a0, idx 0, length 1, flags 0001
0:00:00.866686475 [333m 7190[00m 0x7fe03c0024f0 [33;01mLOG    [00m [00;01;37;41m         GST_MESSAGE gstmessage.c:184:_gst_message_free:[00m finalize message 0x10a0ca0, structure-change from proxypad6
0:00:00.867224154 [333m 7190[00m 0x7fe03c0024f0 [37mDEBUG  [00m [00;43m             GST_BUS gstbus.c:343:gst_bus_post:<bus3>[00m [msg 0x10a0ca0] dropped
0:00:00.867102638 [333m 7190[00m 0x7fe028002ed0 [37mDEBUG  [00m [00m  gstrtpjitterbuffer gstrtpjitterbuffer.c:2095:pop_and_push_next:<rtpjitterbuffer1>[00m Pushing buffer 26961, dts 0:00:00.587586201, pts 0:00:00.587586201
0:00:00.867174698 [333m 7190[00m 0x7fe0480130a0 [33;01mLOG    [00m [00;01;35m      GST_SCHEDULING gstpad.c:3715:gst_pad_chain_data_unchecked:<rtpsession0:recv_rtp_sink>[00m called chainfunction &0x7fe0459c4320 with buffer 0x7fe03c005440, returned ok
0:00:00.867332985 [333m 7190[00m 0x7fe0480130a0 [33;01mLOG    [00m [00;01;35m      GST_SCHEDULING gstpad.c:3715:gst_pad_chain_data_unchecked:<manager:recv_rtp_sink_0>[00m called chainfunction &gst_proxy_pad_chain_default with buffer 0x7fe03c005440, returned ok
0:00:00.867370417 [333m 7190[00m 0x7fe0480130a0 [37mDEBUG  [00m [00;01;31;41m            GST_PADS gstpad.c:1432:gst_pad_check_reconfigure:<udpsrc0:src>[00m remove RECONFIGURE flag
0:00:00.867403163 [333m 7190[00m 0x7fe0480130a0 [37mDEBUG  [00m [00m             basesrc gstbasesrc.c:3151:gst_base_src_negotiate:<udpsrc0>[00m starting negotiation
0:00:00.867433823 [333m 7190[00m 0x7fe0480130a0 [37mDEBUG  [00m [00;01;34m            GST_CAPS gstutils.c:2762:gst_pad_query_caps:<udpsrc0:src>[00m get pad caps with filter (NULL)
0:00:00.867468815 [333m 7190[00m 0x7fe0480130a0 [37mDEBUG  [00m [00m               query gstquery.c:680:gst_query_new_custom:[00m creating new query 0x7fe03c0026d0 caps
0:00:00.867503549 [333m 7190[00m 0x7fe0480130a0 [37mDEBUG  [00m [00;01;31;41m            GST_PADS gstpad.c:3445:gst_pad_query:<udpsrc0:src>[00m doing query 0x7fe03c0026d0 (caps)
0:00:00.867543286 [333m 7190[00m 0x7fe0480130a0 [37mDEBUG  [00m [00m             basesrc gstbasesrc.c:1248:gst_base_src_default_query:<udpsrc0>[00m query caps returns 1
0:00:00.867577730 [333m 7190[00m 0x7fe0480130a0 [37mDEBUG  [00m [00;01;31;41m            GST_PADS gstpad.c:3467:gst_pad_query:<udpsrc0:src>[00m sent query 0x7fe03c0026d0 (caps), result 1
0:00:00.867612980 [333m 7190[00m 0x7fe0480130a0 [37mDEBUG  [00m [00;01;34m            GST_CAPS gstutils.c:2769:gst_pad_query_caps:<udpsrc0:src>[00m query returned ANY
0:00:00.867648023 [333m 7190[00m 0x7fe0480130a0 [37mDEBUG  [00m [00m             basesrc gstbasesrc.c:3081:gst_base_src_default_negotiate:<udpsrc0>[00m caps of src: ANY
0:00:00.867727040 [333m 7190[00m 0x7fe0480130a0 [37mDEBUG  [00m [00m             basesrc gstbasesrc.c:3127:gst_base_src_default_negotiate:<udpsrc0>[00m no negotiation needed
0:00:00.867761637 [333m 7190[00m 0x7fe0480130a0 [37mDEBUG  [00m [00;01;34m            GST_CAPS gstpad.c:2428:gst_pad_get_current_caps:<udpsrc0:src>[00m get current pad caps (NULL)
0:00:00.867797050 [333m 7190[00m 0x7fe0480130a0 [37mDEBUG  [00m [00m               query gstquery.c:680:gst_query_new_custom:[00m creating new query 0x7fe03c002800 allocation
0:00:00.867831565 [333m 7190[00m 0x7fe0480130a0 [37mDEBUG  [00m [00;01;31;41m            GST_PADS gstpad.c:3570:gst_pad_peer_query:<udpsrc0:src>[00m peer query 0x7fe03c002800 (allocation)
0:00:00.867867167 [333m 7190[00m 0x7fe0480130a0 [37mDEBUG  [00m [00;01;31;41m            GST_PADS gstpad.c:3445:gst_pad_query:<manager:recv_rtp_sink_0>[00m doing query 0x7fe03c002800 (allocation)
0:00:00.867902504 [333m 7190[00m 0x7fe0480130a0 [37mDEBUG  [00m [00;01;31;41m            GST_PADS gstpad.c:2983:gst_pad_query_default:<manager:recv_rtp_sink_0>[00m forwarding 0x7fe03c002800 (allocation) query
0:00:00.867252328 [333m 7190[00m 0x7fe03c0024f0 [37mDEBUG  [00m [00;01;31;41m            GST_PADS gstpad.c:953:gst_pad_set_active:<'':recv_rtp_src_0_1165926506_96>[00m activating pad from none
0:00:00.867292007 [333m 7190[00m 0x7fe028002ed0 [33;01mLOG    [00m [00;01;35m      GST_SCHEDULING gstpad.c:3709:gst_pad_chain_data_unchecked:<rtpptdemux1:sink>[00m calling chainfunction &0x7fe0459afa90 with buffer buffer: 0x7fe018003490, pts 0:00:00.587586201, dts 0:00:00.587586201, dur 99:99:99.999999999, size 271, offset 18446744073709551615, offset_end 18446744073709551615, flags 0x40
0:00:00.868024806 [333m 7190[00m 0x7fe028002ed0 [33;01mLOG    [00m [00;01;42m          GST_BUFFER gstbuffer.c:1479:gst_buffer_map_range:[00m buffer 0x7fe018003490, idx 0, length 1, flags 0001
0:00:00.868062407 [333m 7190[00m 0x7fe028002ed0 [33;01mLOG    [00m [00;01;42m          GST_BUFFER gstbuffer.c:207:_get_merged_memory:[00m buffer 0x7fe018003490, idx 0, length 1
0:00:00.868099846 [333m 7190[00m 0x7fe028002ed0 [37mDEBUG  [00m [00m          rtpptdemux gstrtpptdemux.c:363:gst_rtp_pt_demux_chain:<rtpptdemux1>[00m received buffer for pt 97
0:00:00.867244659 [333m 7190[00m 0x7fe0480444f0 [33;01mLOG    [00m [00;01;42m          GST_BUFFER gstbuffer.c:207:_get_merged_memory:[00m buffer 0x7fe0180035a0, idx 0, length 1
0:00:00.867941621 [333m 7190[00m 0x7fe0480130a0 [33;01mLOG    [00m [00;01;31;41m            GST_PADS gstpad.c:2691:gst_pad_forward:<manager:recv_rtp_sink_0>[00m calling forward function on pad recv_rtp_sink_0:proxypad0
0:00:00.868221986 [333m 7190[00m 0x7fe0480130a0 [33;01mLOG    [00m [00;01;31;41m            GST_PADS gstpad.c:2926:query_forward_func:<recv_rtp_sink_0:proxypad0>[00m query peer 0x7fe03c002800 (allocation) of recv_rtp_sink_0:proxypad0
0:00:00.868260362 [333m 7190[00m 0x7fe0480130a0 [37mDEBUG  [00m [00;01;31;41m            GST_PADS gstpad.c:3570:gst_pad_peer_query:<recv_rtp_sink_0:proxypad0>[00m peer query 0x7fe03c002800 (allocation)
0:00:00.868296008 [333m 7190[00m 0x7fe0480130a0 [37mDEBUG  [00m [00;01;31;41m            GST_PADS gstpad.c:3445:gst_pad_query:<rtpsession0:recv_rtp_sink>[00m doing query 0x7fe03c002800 (allocation)
0:00:00.868330874 [333m 7190[00m 0x7fe0480130a0 [37mDEBUG  [00m [00;01;31;41m            GST_PADS gstpad.c:2983:gst_pad_query_default:<rtpsession0:recv_rtp_sink>[00m not forwarding 0x7fe03c002800 (allocation) query
0:00:00.868366521 [333m 7190[00m 0x7fe0480130a0 [37mDEBUG  [00m [00;01;31;41m            GST_PADS gstpad.c:3467:gst_pad_query:<rtpsession0:recv_rtp_sink>[00m sent query 0x7fe03c002800 (allocation), result 0
0:00:00.868401008 [333m 7190[00m 0x7fe0480130a0 [37mDEBUG  [00m [00;01;31;41m            GST_PADS gstpad.c:3511:gst_pad_query:<rtpsession0:recv_rtp_sink>[00m query failed
0:00:00.868432662 [333m 7190[00m 0x7fe0480130a0 [37mDEBUG  [00m [00;01;31;41m            GST_PADS gstpad.c:3632:gst_pad_peer_query:<recv_rtp_sink_0:proxypad0>[00m query failed
0:00:00.868142937 [333m 7190[00m 0x7fe028002ed0 [37mDEBUG  [00m [00m              rtpbin gstrtpbin.c:2479:pt_map_requested:<manager>[00m payload map requested for pt 97 in session 1
0:00:00.868545008 [333m 7190[00m 0x7fe028002ed0 [37mDEBUG  [00m [00m              rtpbin gstrtpbin.c:685:get_pt_map:[00m searching pt 97 in cache
