0:00:00.846851371 [333m 7190[00m 0x7fe0480130a0 [33;01mLOG    [00m [00;01;35m      GST_SCHEDULING gstpad.c:3709:gst_pad_chain_data_unchecked:<rtpjitterbuffer0:sink>[00m calling chainfunction &gst_rtp_jitter_buffer_chain with buffer buffer: 0x7fe03c005000, pts 0:00:00.644676626, dts 0:00:00.644676626, dur 99:99:99.999999999, size 1400, offset 18446744073709551615, offset_end 18446744073709551615, flags 0x0
0:00:00.846752967 [333m 7190[00m 0x7fe0480444f0 [37mDEBUG  [00m [00;01;31;41m            GST_PADS gstpad.c:1091:gst_pad_activate_mode:<rtpjitterbuffer1:sink>[00m activated in push mode
0:00:00.846672205 [333m 7190[00m 0x7fe028002ed0 [37mDEBUG  [00m [00;43m             GST_BUS gstbus.c:312:gst_bus_post:<bus3>[00m [msg 0x7fe02c001ba0] posting on bus stream-status message: 0x7fe02c001ba0, time 99:99:99.999999999, seq-num 207, element 'src', GstMessageStreamStatus, type=(GstStreamStatusType)GST_STREAM_STATUS_TYPE_ENTER, owner=(GstElement)"\(GstRtpJitterBuffer\)\ rtpjitterbuffer1", object=(GstTask)"\(GstTask\)\ rtpjitterbuffer1:src";
0:00:00.846869966 [333m 7190[00m 0x7fe0480130a0 [33;01mLOG    [00m [00;01;42m          GST_BUFFER gstbuffer.c:1479:gst_buffer_map_range:[00m buffer 0x7fe03c005000, idx 0, length 1, flags 0001
0:00:00.847008020 [333m 7190[00m 0x7fe0480130a0 [33;01mLOG    [00m [00;01;42m          GST_BUFFER gstbuffer.c:207:_get_merged_memory:[00m buffer 0x7fe03c005000, idx 0, length 1
0:00:00.847029688 [333m 7190[00m 0x7fe0480130a0 [37mDEBUG  [00m [00m  gstrtpjitterbuffer gstrtpjitterbuffer.c:1738:gst_rtp_jitter_buffer_chain:<rtpjitterbuffer0>[00m Received packet #19396 at time 0:00:00.644676626, discont 0
0:00:00.847045411 [333m 7190[00m 0x7fe0480130a0 [37mDEBUG  [00m [00m  gstrtpjitterbuffer gstrtpjitterbuffer.c:1784:gst_rtp_jitter_buffer_chain:<rtpjitterbuffer0>[00m expected #19396, got #19396, gap of 0
0:00:00.847075877 [333m 7190[00m 0x7fe0480130a0 [33;01mLOG    [00m [00;01;42m          GST_BUFFER gstbuffer.c:1479:gst_buffer_map_range:[00m buffer 0x7fe03c005000, idx 0, length 1, flags 0001
0:00:00.847144530 [333m 7190[00m 0x7fe0480130a0 [33;01mLOG    [00m [00;01;42m          GST_BUFFER gstbuffer.c:207:_get_merged_memory:[00m buffer 0x7fe03c005000, idx 0, length 1
0:00:00.847164949 [333m 7190[00m 0x7fe0480130a0 [33;01mLOG    [00m [00;01;42m          GST_BUFFER gstbuffer.c:1479:gst_buffer_map_range:[00m buffer 0x7fe018003e20, idx 0, length 1, flags 0001
0:00:00.847177919 [333m 7190[00m 0x7fe0480130a0 [33;01mLOG    [00m [00;01;42m          GST_BUFFER gstbuffer.c:207:_get_merged_memory:[00m buffer 0x7fe018003e20, idx 0, length 1
0:00:00.846929834 [333m 7190[00m 0x7fe0480444f0 [37mDEBUG  [00m [00;01;37;41m    GST_ELEMENT_PADS gstelement.c:2762:gst_element_pads_activate:<rtpjitterbuffer1>[00m pad activation successful
0:00:00.846968243 [333m 7190[00m 0x7fe028002ed0 [37mDEBUG  [00m [00;01m                 bin gstbin.c:3342:gst_bin_handle_message_func:<manager>[00m [msg 0x7fe02c001ba0] handling child src message of type stream-status
0:00:00.847281820 [333m 7190[00m 0x7fe028002ed0 [37mDEBUG  [00m [00;01m                 bin gstbin.c:3639:gst_bin_handle_message_func:<manager>[00m posting message upward
0:00:00.847316118 [333m 7190[00m 0x7fe028002ed0 [37mDEBUG  [00m [00;43m             GST_BUS gstbus.c:312:gst_bus_post:<bus0>[00m [msg 0x7fe02c001ba0] posting on bus stream-status message: 0x7fe02c001ba0, time 99:99:99.999999999, seq-num 207, element 'src', GstMessageStreamStatus, type=(GstStreamStatusType)GST_STREAM_STATUS_TYPE_ENTER, owner=(GstElement)"\(GstRtpJitterBuffer\)\ rtpjitterbuffer1", object=(GstTask)"\(GstTask\)\ rtpjitterbuffer1:src";
0:00:00.847244797 [333m 7190[00m 0x7fe0480444f0 [37mDEBUG  [00m [00;01;31m          GST_STATES gstelement.c:2646:gst_element_change_state:<rtpjitterbuffer1>[00m element changed state NO_PREROLL
0:00:00.847192770 [333m 7190[00m 0x7fe0480130a0 [37mDEBUG  [00m [00m  gstrtpjitterbuffer gstrtpjitterbuffer.c:1908:gst_rtp_jitter_buffer_chain:<rtpjitterbuffer0>[00m Pushed packet #19396, now 4 packets, tail: 0
0:00:00.847450176 [333m 7190[00m 0x7fe0480130a0 [33;01mLOG    [00m [00;01;35m      GST_SCHEDULING gstpad.c:3715:gst_pad_chain_data_unchecked:<rtpjitterbuffer0:sink>[00m called chainfunction &gst_rtp_jitter_buffer_chain with buffer 0x7fe03c005000, returned ok
0:00:00.847488403 [333m 7190[00m 0x7fe0480130a0 [33;01mLOG    [00m [00;01;35m      GST_SCHEDULING gstpad.c:3715:gst_pad_chain_data_unchecked:<rtpssrcdemux0:sink>[00m called chainfunction &0x7fe0459b24f0 with buffer 0x7fe03c005000, returned ok
0:00:00.847508275 [333m 7190[00m 0x7fe0480130a0 [33;01mLOG    [00m [00;01;35m      GST_SCHEDULING gstpad.c:3715:gst_pad_chain_data_unchecked:<rtpsession0:recv_rtp_sink>[00m called chainfunction &0x7fe0459c4320 with buffer 0x7fe03c005000, returned ok
0:00:00.847355796 [333m 7190[00m 0x7fe028002ed0 [37mDEBUG  [00m [00;01m                 bin gstbin.c:3342:gst_bin_handle_message_func:<rtspsrc0>[00m [msg 0x7fe02c001ba0] handling child src message of type stream-status
0:00:00.847580667 [333m 7190[00m 0x7fe028002ed0 [37mDEBUG  [00m [00;01m                 bin gstbin.c:3639:gst_bin_handle_message_func:<rtspsrc0>[00m posting message upward
0:00:00.847411806 [333m 7190[00m 0x7fe0480444f0 [36mINFO   [00m [00;01;31m          GST_STATES gstelement.c:2306:gst_element_continue_state:<rtpjitterbuffer1>[00m committing state from READY to PAUSED, pending PLAYING, next PLAYING
0:00:00.847540516 [333m 7190[00m 0x7fe0480130a0 [33;01mLOG    [00m [00;01;35m      GST_SCHEDULING gstpad.c:3715:gst_pad_chain_data_unchecked:<manager:recv_rtp_sink_0>[00m called chainfunction &gst_proxy_pad_chain_default with buffer 0x7fe03c005000, returned ok
0:00:00.847598144 [333m 7190[00m 0x7fe028002ed0 [37mDEBUG  [00m [00;43m             GST_BUS gstbus.c:312:gst_bus_post:<bus1>[00m [msg 0x7fe02c001ba0] posting on bus stream-status message: 0x7fe02c001ba0, time 99:99:99.999999999, seq-num 207, element 'src', GstMessageStreamStatus, type=(GstStreamStatusType)GST_STREAM_STATUS_TYPE_ENTER, owner=(GstElement)"\(GstRtpJitterBuffer\)\ rtpjitterbuffer1", object=(GstTask)"\(GstTask\)\ rtpjitterbuffer1:src";
0:00:00.847644842 [333m 7190[00m 0x7fe0480444f0 [36mINFO   [00m [00;01;31m          GST_STATES gstelement.c:2236:_priv_gst_element_state_changed:<rtpjitterbuffer1>[00m notifying about state-changed READY to PAUSED (PLAYING pending)
0:00:00.847701910 [333m 7190[00m 0x7fe0480130a0 [33;01mLOG    [00m [00m             basesrc gstbasesrc.c:2663:gst_base_src_loop:<udpsrc0>[00m next_ts 99:99:99.999999999 size 4096
0:00:00.847831231 [333m 7190[00m 0x7fe0480130a0 [37mDEBUG  [00m [00m             basesrc gstbasesrc.c:2388:gst_base_src_get_range:<udpsrc0>[00m calling create offset 18446744073709551615 length 4096, time 0
0:00:00.847871065 [333m 7190[00m 0x7fe0480130a0 [33;01mLOG    [00m [00m              udpsrc gstudpsrc.c:469:gst_udpsrc_create:<udpsrc0>[00m ioctl says 1400 bytes available
0:00:00.847743479 [333m 7190[00m 0x7fe028002ed0 [37mDEBUG  [00m [00;01m                 bin gstbin.c:3342:gst_bin_handle_message_func:<pipeline0>[00m [msg 0x7fe02c001ba0] handling child src message of type stream-status
0:00:00.847946621 [333m 7190[00m 0x7fe028002ed0 [37mDEBUG  [00m [00;01m                 bin gstbin.c:3639:gst_bin_handle_message_func:<pipeline0>[00m posting message upward
0:00:00.847906408 [333m 7190[00m 0x7fe0480130a0 [37mDEBUG  [00m [00;01;34m          GST_MEMORY gstmemory.c:138:gst_memory_init:[00m new memory 0x7fe03c00f370, maxsize:1407 offset:0 size:1400
0:00:00.848024189 [333m 7190[00m 0x7fe0480130a0 [33;01mLOG    [00m [00;01;42m          GST_BUFFER gstbuffer.c:628:gst_buffer_new:[00m new 0x7fe03c005110
0:00:00.848057228 [333m 7190[00m 0x7fe0480130a0 [33;01mLOG    [00m [00;01;42m          GST_BUFFER gstbuffer.c:297:_memory_add:[00m buffer 0x7fe03c005110, idx -1, mem 0x7fe03c00f370, lock 1
0:00:00.848091835 [333m 7190[00m 0x7fe0480130a0 [33;01mLOG    [00m [00;01;42m          GST_BUFFER gstbuffer.c:682:gst_buffer_new_allocate:[00m new buffer 0x7fe03c005110 of size 1400 from allocator (nil)
0:00:00.848127511 [333m 7190[00m 0x7fe0480130a0 [33;01mLOG    [00m [00;01;42m          GST_BUFFER gstbuffer.c:1479:gst_buffer_map_range:[00m buffer 0x7fe03c005110, idx 0, length -1, flags 0002
0:00:00.848162111 [333m 7190[00m 0x7fe0480130a0 [33;01mLOG    [00m [00;01;42m          GST_BUFFER gstbuffer.c:207:_get_merged_memory:[00m buffer 0x7fe03c005110, idx 0, length 1
0:00:00.847980617 [333m 7190[00m 0x7fe028002ed0 [37mDEBUG  [00m [00;43m             GST_BUS gstbus.c:312:gst_bus_post:<bus2>[00m [msg 0x7fe02c001ba0] posting on bus stream-status message: 0x7fe02c001ba0, time 99:99:99.999999999, seq-num 207, element 'src', GstMessageStreamStatus, type=(GstStreamStatusType)GST_STREAM_STATUS_TYPE_ENTER, owner=(GstElement)"\(GstRtpJitterBuffer\)\ rtpjitterbuffer1", object=(GstTask)"\(GstTask\)\ rtpjitterbuffer1:src";
0:00:00.847788804 [333m 7190[00m 0x7fe0480444f0 [33;01mLOG    [00m [00;01;37;41m         GST_MESSAGE gstmessage.c:282:gst_message_new_custom:[00m source rtpjitterbuffer1: creating new message 0x7fe028002410 state-changed
0:00:00.848241513 [333m 7190[00m 0x7fe028002ed0 [37mDEBUG  [00m [00;43m             GST_BUS gstbus.c:347:gst_bus_post:<bus2>[00m [msg 0x7fe02c001ba0] pushing on async queue
0:00:00.848305632 [333m 7190[00m 0x7fe0480130a0 [33;01mLOG    [00m [00;01;42m          GST_BUFFER gstbuffer.c:1342:gst_buffer_resize_range:[00m trim 0x7fe03c005110 0-1400 size:1400 offs:0 max:1407
0:00:00.848285071 [333m 7190[00m 0x7fe0480444f0 [37mDEBUG  [00m [00;43m             GST_BUS gstbus.c:312:gst_bus_post:<bus3>[00m [msg 0x7fe028002410] posting on bus state-changed message: 0x7fe028002410, time 99:99:99.999999999, seq-num 208, element 'rtpjitterbuffer1', GstMessageStateChanged, old-state=(GstState)GST_STATE_READY, new-state=(GstState)GST_STATE_PAUSED, pending-state=(GstState)GST_STATE_PLAYING;
0:00:00.848354646 [333m 7190[00m 0x7fe0480130a0 [37mDEBUG  [00m [00;01;42m          GST_BUFFER gstbuffer.c:1926:gst_buffer_add_meta:[00m alloc metadata 0x7fe048058e68 (GstNetAddressMeta) of size 24
0:00:00.848433153 [333m 7190[00m 0x7fe0480130a0 [33;01mLOG    [00m [00m              udpsrc gstudpsrc.c:525:gst_udpsrc_create:<udpsrc0>[00m read 1400 bytes
0:00:00.848364170 [333m 7190[00m 0x7fe028002ed0 [33;01mLOG    [00m [00m            GST_POLL gstpoll.c:186:raise_wakeup:[00m 0x106fed0: raise
0:00:00.848355780 [333m 7190[00m 0x7fe0480444f0 [37mDEBUG  [00m [00;01m                 bin gstbin.c:3342:gst_bin_handle_message_func:<manager>[00m [msg 0x7fe028002410] handling child rtpjitterbuffer1 message of type state-changed
0:00:00.848536246 [333m 7190[00m 0x7fe028002ed0 [37mDEBUG  [00m [00;43m             GST_BUS gstbus.c:350:gst_bus_post:<bus2>[00m [msg 0x7fe02c001ba0] pushed on async queue
0:00:00.848526841 [333m 7190[00m       0xf29a30 [33;01mLOG    [00m [00;43m             GST_BUS gstbus.c:498:gst_bus_timed_pop_filtered:<bus2>[00m have 1 messages
0:00:00.848470964 [333m 7190[00m 0x7fe0480130a0 [37mDEBUG  [00m [00;01;33m           GST_CLOCK gstclock.c:952:gst_clock_get_internal_time:<GstSystemClock>[00m internal time 16:06:48.923122669
0:00:00.848616137 [333m 7190[00m 0x7fe0480130a0 [37mDEBUG  [00m [00;01;33m           GST_CLOCK gstclock.c:997:gst_clock_get_time:<GstSystemClock>[00m adjusted time 16:06:48.923122669
0:00:00.848656203 [333m 7190[00m 0x7fe0480130a0 [33;01mLOG    [00m [00m             basesrc gstbasesrc.c:2205:gst_base_src_do_sync:<udpsrc0>[00m created DTS 0:00:00.647919514
0:00:00.848628369 [333m 7190[00m       0xf29a30 [33;01mLOG    [00m [00m            GST_POLL gstpoll.c:201:release_wakeup:[00m 0x106fed0: release
0:00:00.848725787 [333m 7190[00m       0xf29a30 [37mDEBUG  [00m [00;43m             GST_BUS gstbus.c:506:gst_bus_timed_pop_filtered:<bus2>[00m got message 0x7fe02c001ba0, stream-status from src, type mask is 4294967295
0:00:00.848745236 [333m 7190[00m       0xf29a30 [37mDEBUG  [00m [00;43m             GST_BUS gstbus.c:767:gst_bus_source_dispatch:<bus2>[00m source 0x106f2c0 calling dispatch with stream-status message: 0x7fe02c001ba0, time 99:99:99.999999999, seq-num 207, element 'src', GstMessageStreamStatus, type=(GstStreamStatusType)GST_STREAM_STATUS_TYPE_ENTER, owner=(GstElement)"\(GstRtpJitterBuffer\)\ rtpjitterbuffer1", object=(GstTask)"\(GstTask\)\ rtpjitterbuffer1:src";
0:00:00.848780629 [333m 7190[00m       0xf29a30 [37mDEBUG  [00m [00;43m             GST_BUS gstbus.c:973:poll_func:[00m mainloop 0x10a0770 quit
0:00:00.848795738 [333m 7190[00m       0xf29a30 [37mDEBUG  [00m [00;43m             GST_BUS gstbus.c:772:gst_bus_source_dispatch:<bus2>[00m source 0x106f2c0 handler returns 1
0:00:00.848809686 [333m 7190[00m       0xf29a30 [37mDEBUG  [00m [00;43m             GST_BUS gstbus.c:1083:gst_bus_poll:[00m mainloop stopped 0x10a0770
0:00:00.848821339 [333m 7190[00m       0xf29a30 [37mDEBUG  [00m [00;43m             GST_BUS gstbus.c:1328:gst_bus_remove_signal_watch:<bus2>[00m removing signal watch 91
0:00:00.848834380 [333m 7190[00m       0xf29a30 [37mDEBUG  [00m [00;43m             GST_BUS gstbus.c:793:gst_bus_source_finalize:<bus2>[00m finalize source 0x106f2c0
0:00:00.848848237 [333m 7190[00m       0xf29a30 [37mDEBUG  [00m [00;43m             GST_BUS gstbus.c:1096:gst_bus_poll:<bus2>[00m finished poll with message 0x7fe02c001ba0
0:00:00.848860062 [333m 7190[00m       0xf29a30 [33;01mLOG    [00m [00;01;37;41m         GST_MESSAGE gstmessage.c:184:_gst_message_free:[00m finalize message 0x7fe02c001ba0, stream-status from src
0:00:00.848883727 [333m 7190[00m       0xf29a30 [37mDEBUG  [00m [00;43m             GST_BUS gstbus.c:870:gst_bus_add_watch_full_unlocked:<bus2>[00m New source 0x106f2c0 with id 92
0:00:00.848896668 [333m 7190[00m       0xf29a30 [37mDEBUG  [00m [00;43m             GST_BUS gstbus.c:1081:gst_bus_poll:[00m running mainloop 0x109d830
0:00:00.848940073 [333m 7190[00m 0x7fe028002ed0 [37mDEBUG  [00m [00;43m             GST_BUS gstbus.c:343:gst_bus_post:<bus1>[00m [msg 0x7fe02c001ba0] dropped
0:00:00.848967200 [333m 7190[00m 0x7fe028002ed0 [37mDEBUG  [00m [00;43m             GST_BUS gstbus.c:343:gst_bus_post:<bus0>[00m [msg 0x7fe02c001ba0] dropped
0:00:00.848980387 [333m 7190[00m 0x7fe028002ed0 [37mDEBUG  [00m [00;43m             GST_BUS gstbus.c:343:gst_bus_post:<bus3>[00m [msg 0x7fe02c001ba0] dropped
0:00:00.849013139 [333m 7190[00m 0x7fe028002ed0 [37mDEBUG  [00m [00m                task gsttask.c:243:gst_task_configure_name:<rtpjitterbuffer1:src>[00m Setting thread name to 'rtpjitterbuffer1'
0:00:00.849051256 [333m 7190[00m 0x7fe028002ed0 [37mDEBUG  [00m [00m  gstrtpjitterbuffer gstrtpjitterbuffer.c:2443:wait_next_timeout:<rtpjitterbuffer1>[00m waiting
0:00:00.848700660 [333m 7190[00m 0x7fe0480130a0 [33;01mLOG    [00m [00m             basesrc gstbasesrc.c:2215:gst_base_src_do_sync:<udpsrc0>[00m created PTS 0:00:00.647919514
0:00:00.849154535 [333m 7190[00m 0x7fe0480130a0 [37mDEBUG  [00m [00m             basesrc gstbasesrc.c:2253:gst_base_src_do_sync:<udpsrc0>[00m no sync needed
0:00:00.849188338 [333m 7190[00m 0x7fe0480130a0 [37mDEBUG  [00m [00m             basesrc gstbasesrc.c:2451:gst_base_src_get_range:<udpsrc0>[00m buffer ok
0:00:00.849116769 [333m 7190[00m 0x7fe0480444f0 [37mDEBUG  [00m [00;01m                 bin gstbin.c:3639:gst_bin_handle_message_func:<manager>[00m posting message upward
0:00:00.849205504 [333m 7190[00m 0x7fe0480130a0 [33;01mLOG    [00m [00;01;35m      GST_SCHEDULING gstpad.c:3709:gst_pad_chain_data_unchecked:<manager:recv_rtp_sink_0>[00m calling chainfunction &gst_proxy_pad_chain_default with buffer buffer: 0x7fe03c005110, pts 0:00:00.647919514, dts 0:00:00.647919514, dur 99:99:99.999999999, size 1400, offset 18446744073709551615, offset_end 18446744073709551615, flags 0x0
0:00:00.849253752 [333m 7190[00m 0x7fe0480444f0 [37mDEBUG  [00m [00;43m             GST_BUS gstbus.c:312:gst_bus_post:<bus0>[00m [msg 0x7fe028002410] posting on bus state-changed message: 0x7fe028002410, time 99:99:99.999999999, seq-num 208, element 'rtpjitterbuffer1', GstMessageStateChanged, old-state=(GstState)GST_STATE_READY, new-state=(GstState)GST_STATE_PAUSED, pending-state=(GstState)GST_STATE_PLAYING;
0:00:00.849283264 [333m 7190[00m 0x7fe0480130a0 [33;01mLOG    [00m [00;01;35m      GST_SCHEDULING gstpad.c:3709:gst_pad_chain_data_unchecked:<rtpsession0:recv_rtp_sink>[00m calling chainfunction &0x7fe0459c4320 with buffer buffer: 0x7fe03c005110, pts 0:00:00.647919514, dts 0:00:00.647919514, dur 99:99:99.999999999, size 1400, offset 18446744073709551615, offset_end 18446744073709551615, flags 0x0
0:00:00.849312370 [333m 7190[00m 0x7fe0480130a0 [33;01mLOG    [00m [00m          rtpsession gstrtpsession.c:1621:gst_rtp_session_chain_recv_rtp:<rtpsession0>[00m received RTP packet
0:00:00.849296620 [333m 7190[00m 0x7fe0480444f0 [37mDEBUG  [00m [00;01m                 bin gstbin.c:3342:gst_bin_handle_message_func:<rtspsrc0>[00m [msg 0x7fe028002410] handling child rtpjitterbuffer1 message of type state-changed
0:00:00.849377839 [333m 7190[00m 0x7fe0480444f0 [37mDEBUG  [00m [00;01m                 bin gstbin.c:3639:gst_bin_handle_message_func:<rtspsrc0>[00m posting message upward
0:00:00.849325358 [333m 7190[00m 0x7fe0480130a0 [37mDEBUG  [00m [00;01;33m           GST_CLOCK gstclock.c:952:gst_clock_get_internal_time:<GstSystemClock>[00m internal time 16:06:48.923977856
0:00:00.849398360 [333m 7190[00m 0x7fe0480444f0 [37mDEBUG  [00m [00;43m             GST_BUS gstbus.c:312:gst_bus_post:<bus1>[00m [msg 0x7fe028002410] posting on bus state-changed message: 0x7fe028002410, time 99:99:99.999999999, seq-num 208, element 'rtpjitterbuffer1', GstMessageStateChanged, old-state=(GstState)GST_STATE_READY, new-state=(GstState)GST_STATE_PAUSED, pending-state=(GstState)GST_STATE_PLAYING;
0:00:00.849445073 [333m 7190[00m 0x7fe0480444f0 [37mDEBUG  [00m [00;01m                 bin gstbin.c:3342:gst_bin_handle_message_func:<pipeline0>[00m [msg 0x7fe028002410] handling child rtpjitterbuffer1 message of type state-changed
0:00:00.849521467 [333m 7190[00m 0x7fe0480444f0 [37mDEBUG  [00m [00;01m                 bin gstbin.c:3639:gst_bin_handle_message_func:<pipeline0>[00m posting message upward
0:00:00.849556355 [333m 7190[00m 0x7fe0480444f0 [37mDEBUG  [00m [00;43m             GST_BUS gstbus.c:312:gst_bus_post:<bus2>[00m [msg 0x7fe028002410] posting on bus state-changed message: 0x7fe028002410, time 99:99:99.999999999, seq-num 208, element 'rtpjitterbuffer1', GstMessageStateChanged, old-state=(GstState)GST_STATE_READY, new-state=(GstState)GST_STATE_PAUSED, pending-state=(GstState)GST_STATE_PLAYING;
0:00:00.849603141 [333m 7190[00m 0x7fe0480444f0 [37mDEBUG  [00m [00;43m             GST_BUS gstbus.c:347:gst_bus_post:<bus2>[00m [msg 0x7fe028002410] pushing on async queue
0:00:00.849635560 [333m 7190[00m 0x7fe0480444f0 [33;01mLOG    [00m [00m            GST_POLL gstpoll.c:186:raise_wakeup:[00m 0x106fed0: raise
0:00:00.849567376 [333m 7190[00m 0x7fe0480130a0 [37mDEBUG  [00m [00;01;33m           GST_CLOCK gstclock.c:997:gst_clock_get_time:<GstSystemClock>[00m adjusted time 16:06:48.923977856
0:00:00.849691036 [333m 7190[00m 0x7fe0480444f0 [37mDEBUG  [00m [00;43m             GST_BUS gstbus.c:350:gst_bus_post:<bus2>[00m [msg 0x7fe028002410] pushed on async queue
0:00:00.849715943 [333m 7190[00m 0x7fe0480444f0 [37mDEBUG  [00m [00;43m             GST_BUS gstbus.c:343:gst_bus_post:<bus1>[00m [msg 0x7fe028002410] dropped
0:00:00.849697995 [333m 7190[00m 0x7fe0480130a0 [33;01mLOG    [00m [00;01;42m          GST_BUFFER gstbuffer.c:1479:gst_buffer_map_range:[00m buffer 0x7fe03c005110, idx 0, length 1, flags 0001
0:00:00.849715334 [333m 7190[00m       0xf29a30 [33;01mLOG    [00m [00;43m             GST_BUS gstbus.c:498:gst_bus_timed_pop_filtered:<bus2>[00m have 1 messages
0:00:00.849769992 [333m 7190[00m       0xf29a30 [33;01mLOG    [00m [00m            GST_POLL gstpoll.c:201:release_wakeup:[00m 0x106fed0: release
0:00:00.849792748 [333m 7190[00m       0xf29a30 [37mDEBUG  [00m [00;43m             GST_BUS gstbus.c:506:gst_bus_timed_pop_filtered:<bus2>[00m got message 0x7fe028002410, state-changed from rtpjitterbuffer1, type mask is 4294967295
0:00:00.849827295 [333m 7190[00m       0xf29a30 [37mDEBUG  [00m [00;43m             GST_BUS gstbus.c:767:gst_bus_source_dispatch:<bus2>[00m source 0x106f2c0 calling dispatch with state-changed message: 0x7fe028002410, time 99:99:99.999999999, seq-num 208, element 'rtpjitterbuffer1', GstMessageStateChanged, old-state=(GstState)GST_STATE_READY, new-state=(GstState)GST_STATE_PAUSED, pending-state=(GstState)GST_STATE_PLAYING;
0:00:00.849849874 [333m 7190[00m 0x7fe0480130a0 [33;01mLOG    [00m [00;01;42m          GST_BUFFER gstbuffer.c:207:_get_merged_memory:[00m buffer 0x7fe03c005110, idx 0, length 1
0:00:00.849879656 [333m 7190[00m 0x7fe0480130a0 [33;01mLOG    [00m [00;01;42m          GST_BUFFER gstbuffer.c:1479:gst_buffer_map_range:[00m buffer 0x7fe03c005110, idx 0, length 1, flags 0001
0:00:00.849794948 [333m 7190[00m 0x7fe0480444f0 [37mDEBUG  [00m [00;43m             GST_BUS gstbus.c:343:gst_bus_post:<bus0>[00m [msg 0x7fe028002410] dropped
0:00:00.849898838 [333m 7190[00m 0x7fe0480130a0 [33;01mLOG    [00m [00;01;42m          GST_BUFFER gstbuffer.c:207:_get_merged_memory:[00m buffer 0x7fe03c005110, idx 0, length 1
0:00:00.849860269 [333m 7190[00m       0xf29a30 [37mDEBUG  [00m [00;43m             GST_BUS gstbus.c:973:poll_func:[00m mainloop 0x109d830 quit
0:00:00.850035883 [333m 7190[00m       0xf29a30 [37mDEBUG  [00m [00;43m             GST_BUS gstbus.c:772:gst_bus_source_dispatch:<bus2>[00m source 0x106f2c0 handler returns 1
0:00:00.850055100 [333m 7190[00m       0xf29a30 [37mDEBUG  [00m [00;43m             GST_BUS gstbus.c:1083:gst_bus_poll:[00m mainloop stopped 0x109d830
0:00:00.850066907 [333m 7190[00m       0xf29a30 [37mDEBUG  [00m [00;43m             GST_BUS gstbus.c:1328:gst_bus_remove_signal_watch:<bus2>[00m removing signal watch 92
0:00:00.850107547 [333m 7190[00m       0xf29a30 [37mDEBUG  [00m [00;43m             GST_BUS gstbus.c:793:gst_bus_source_finalize:<bus2>[00m finalize source 0x106f2c0
0:00:00.850142846 [333m 7190[00m       0xf29a30 [37mDEBUG  [00m [00;43m             GST_BUS gstbus.c:1096:gst_bus_poll:<bus2>[00m finished poll with message 0x7fe028002410
0:00:00.850159605 [333m 7190[00m       0xf29a30 [33;01mLOG    [00m [00;01;37;41m         GST_MESSAGE gstmessage.c:184:_gst_message_free:[00m finalize message 0x7fe028002410, state-changed from rtpjitterbuffer1
0:00:00.849950407 [333m 7190[00m 0x7fe0480444f0 [37mDEBUG  [00m [00;43m             GST_BUS gstbus.c:343:gst_bus_post:<bus3>[00m [msg 0x7fe028002410] dropped
0:00:00.849994082 [333m 7190[00m 0x7fe0480130a0 [33;01mLOG    [00m [00;01;42m          GST_BUFFER gstbuffer.c:1479:gst_buffer_map_range:[00m buffer 0x7fe03c005110, idx 0, length 1, flags 0001
0:00:00.850272121 [333m 7190[00m 0x7fe0480130a0 [33;01mLOG    [00m [00;01;42m          GST_BUFFER gstbuffer.c:207:_get_merged_memory:[00m buffer 0x7fe03c005110, idx 0, length 1
0:00:00.850307651 [333m 7190[00m 0x7fe0480130a0 [33;01mLOG    [00m [00m           rtpsource rtpsource.c:1099:rtp_source_process_rtp:[00m seq 19397, PC: 5, OC: 6940
0:00:00.850324959 [333m 7190[00m 0x7fe0480130a0 [33;01mLOG    [00m [00;01;42m          GST_BUFFER gstbuffer.c:1479:gst_buffer_map_range:[00m buffer 0x7fe03c005110, idx 0, length 1, flags 0001
0:00:00.850338130 [333m 7190[00m 0x7fe0480130a0 [33;01mLOG    [00m [00;01;42m          GST_BUFFER gstbuffer.c:207:_get_merged_memory:[00m buffer 0x7fe03c005110, idx 0, length 1
0:00:00.850350079 [333m 7190[00m 0x7fe0480130a0 [33;01mLOG    [00m [00m           rtpsource rtpsource.c:885:calculate_jitter:[00m SSRC 457ea06a got payload 96
0:00:00.850182741 [333m 7190[00m       0xf29a30 [37mDEBUG  [00m [00;43m             GST_BUS gstbus.c:870:gst_bus_add_watch_full_unlocked:<bus2>[00m New source 0x106f2c0 with id 93
0:00:00.850420539 [333m 7190[00m       0xf29a30 [37mDEBUG  [00m [00;43m             GST_BUS gstbus.c:1081:gst_bus_poll:[00m running mainloop 0x10a0770
0:00:00.850236863 [333m 7190[00m 0x7fe0480444f0 [36mINFO   [00m [00;01;31m          GST_STATES gstelement.c:2313:gst_element_continue_state:<rtpjitterbuffer1>[00m continue state change PAUSED to PLAYING, final PLAYING
0:00:00.850379236 [333m 7190[00m 0x7fe0480130a0 [33;01mLOG    [00m [00m           rtpsource rtpsource.c:920:calculate_jitter:[00m rtparrival 58312, rtptime 3372290918, clock-rate 90000, diff 292, jitter: 207.750000
0:00:00.850531830 [333m 7190[00m 0x7fe0480444f0 [33;01mLOG    [00m [00;01;31m          GST_STATES gstelement.c:2800:gst_element_change_state_func:<rtpjitterbuffer1>[00m default handler tries setting state from PAUSED to PLAYING (001c)
0:00:00.850575968 [333m 7190[00m 0x7fe0480444f0 [37mDEBUG  [00m [00;01;31m          GST_STATES gstelement.c:2639:gst_element_change_state:<rtpjitterbuffer1>[00m element changed state SUCCESS
0:00:00.850609332 [333m 7190[00m 0x7fe0480444f0 [36mINFO   [00m [00;01;31m          GST_STATES gstelement.c:2331:gst_element_continue_state:<rtpjitterbuffer1>[00m completed state change to PLAYING
0:00:00.850643066 [333m 7190[00m 0x7fe0480444f0 [36mINFO   [00m [00;01;31m          GST_STATES gstelement.c:2236:_priv_gst_element_state_changed:<rtpjitterbuffer1>[00m notifying about state-changed PAUSED to PLAYING (VOID_PENDING pending)
0:00:00.850692979 [333m 7190[00m 0x7fe0480444f0 [33;01mLOG    [00m [00;01;37;41m         GST_MESSAGE gstmessage.c:282:gst_message_new_custom:[00m source rtpjitterbuffer1: creating new message 0x7fe028002110 state-changed
0:00:00.850540737 [333m 7190[00m 0x7fe0480130a0 [33;01mLOG    [00m [00m           rtpsource rtpsource.c:822:push_packet:[00m pushing new packet
0:00:00.850770923 [333m 7190[00m 0x7fe0480130a0 [33;01mLOG    [00m [00m          rtpsession rtpsession.c:1123:source_push_rtp:[00m source 457ea06a pushed receiver RTP packet
0:00:00.850807133 [333m 7190[00m 0x7fe0480130a0 [33;01mLOG    [00m [00m          rtpsession gstrtpsession.c:1068:gst_rtp_session_process_rtp:<rtpsession0>[00m pushing received RTP packet
0:00:00.850544727 [333m 7190[00m 0x7fe028002ed0 [37mDEBUG  [00m [00m  gstrtpjitterbuffer gstrtpjitterbuffer.c:2447:wait_next_timeout:<rtpjitterbuffer1>[00m waiting done
0:00:00.850915581 [333m 7190[00m 0x7fe028002ed0 [37mDEBUG  [00m [00m  gstrtpjitterbuffer gstrtpjitterbuffer.c:2184:handle_next_buffer:<rtpjitterbuffer1>[00m no buffer, going to wait
0:00:00.850931818 [333m 7190[00m 0x7fe028002ed0 [37mDEBUG  [00m [00m  gstrtpjitterbuffer gstrtpjitterbuffer.c:2443:wait_next_timeout:<rtpjitterbuffer1>[00m waiting
0:00:00.850731924 [333m 7190[00m 0x7fe0480444f0 [37mDEBUG  [00m [00;43m             GST_BUS gstbus.c:312:gst_bus_post:<bus3>[00m [msg 0x7fe028002110] posting on bus state-changed message: 0x7fe028002110, time 99:99:99.999999999, seq-num 209, element 'rtpjitterbuffer1', GstMessageStateChanged, old-state=(GstState)GST_STATE_PAUSED, new-state=(GstState)GST_STATE_PLAYING, pending-state=(GstState)GST_STATE_VOID_PENDING;
0:00:00.850876421 [333m 7190[00m 0x7fe0480130a0 [33;01mLOG    [00m [00;01;35m      GST_SCHEDULING gstpad.c:3709:gst_pad_chain_data_unchecked:<rtpssrcdemux0:sink>[00m calling chainfunction &0x7fe0459b24f0 with buffer buffer: 0x7fe03c005110, pts 0:00:00.647919514, dts 0:00:00.647919514, dur 99:99:99.999999999, size 1400, offset 18446744073709551615, offset_end 18446744073709551615, flags 0x0
0:00:00.851041301 [333m 7190[00m 0x7fe0480130a0 [33;01mLOG    [00m [00;01;42m          GST_BUFFER gstbuffer.c:1479:gst_buffer_map_range:[00m buffer 0x7fe03c005110, idx 0, length 1, flags 0001
0:00:00.851074651 [333m 7190[00m 0x7fe0480130a0 [33;01mLOG    [00m [00;01;42m          GST_BUFFER gstbuffer.c:207:_get_merged_memory:[00m buffer 0x7fe03c005110, idx 0, length 1
0:00:00.851111277 [333m 7190[00m 0x7fe0480130a0 [37mDEBUG  [00m [00m        rtpssrcdemux gstrtpssrcdemux.c:627:gst_rtp_ssrc_demux_chain:<rtpssrcdemux0>[00m received buffer of SSRC 457ea06a
0:00:00.851135326 [333m 7190[00m 0x7fe0480130a0 [33;01mLOG    [00m [00;01;35m      GST_SCHEDULING gstpad.c:3709:gst_pad_chain_data_unchecked:<rtpjitterbuffer0:sink>[00m calling chainfunction &gst_rtp_jitter_buffer_chain with buffer buffer: 0x7fe03c005110, pts 0:00:00.647919514, dts 0:00:00.647919514, dur 99:99:99.999999999, size 1400, offset 18446744073709551615, offset_end 18446744073709551615, flags 0x0
0:00:00.851172741 [333m 7190[00m 0x7fe0480130a0 [33;01mLOG    [00m [00;01;42m          GST_BUFFER gstbuffer.c:1479:gst_buffer_map_range:[00m buffer 0x7fe03c005110, idx 0, length 1, flags 0001
0:00:00.851196177 [333m 7190[00m 0x7fe0480130a0 [33;01mLOG    [00m [00;01;42m          GST_BUFFER gstbuffer.c:207:_get_merged_memory:[00m buffer 0x7fe03c005110, idx 0, length 1
0:00:00.851013134 [333m 7190[00m 0x7fe0480444f0 [37mDEBUG  [00m [00;01m                 bin gstbin.c:3342:gst_bin_handle_message_func:<manager>[00m [msg 0x7fe028002110] handling child rtpjitterbuffer1 message of type state-changed
0:00:00.851248885 [333m 7190[00m 0x7fe0480444f0 [37mDEBUG  [00m [00;01m                 bin gstbin.c:3639:gst_bin_handle_message_func:<manager>[00m posting message upward
0:00:00.851212117 [333m 7190[00m 0x7fe0480130a0 [37mDEBUG  [00m [00m  gstrtpjitterbuffer gstrtpjitterbuffer.c:1738:gst_rtp_jitter_buffer_chain:<rtpjitterbuffer0>[00m Received packet #19397 at time 0:00:00.647919514, discont 0
0:00:00.851315979 [333m 7190[00m 0x7fe0480130a0 [37mDEBUG  [00m [00m  gstrtpjitterbuffer gstrtpjitterbuffer.c:1784:gst_rtp_jitter_buffer_chain:<rtpjitterbuffer0>[00m expected #19397, got #19397, gap of 0
0:00:00.851335716 [333m 7190[00m 0x7fe0480130a0 [33;01mLOG    [00m [00;01;42m          GST_BUFFER gstbuffer.c:1479:gst_buffer_map_range:[00m buffer 0x7fe03c005110, idx 0, length 1, flags 0001
0:00:00.851354493 [333m 7190[00m 0x7fe0480130a0 [33;01mLOG    [00m [00;01;42m          GST_BUFFER gstbuffer.c:207:_get_merged_memory:[00m buffer 0x7fe03c005110, idx 0, length 1
0:00:00.851492469 [333m 7190[00m 0x7fe0480130a0 [33;01mLOG    [00m [00;01;42m          GST_BUFFER gstbuffer.c:1479:gst_buffer_map_range:[00m buffer 0x7fe03c005000, idx 0, length 1, flags 0001
0:00:00.851284032 [333m 7190[00m 0x7fe0480444f0 [37mDEBUG  [00m [00;43m             GST_BUS gstbus.c:312:gst_bus_post:<bus0>[00m [msg 0x7fe028002110] posting on bus state-changed message: 0x7fe028002110, time 99:99:99.999999999, seq-num 209, element 'rtpjitterbuffer1', GstMessageStateChanged, old-state=(GstState)GST_STATE_PAUSED, new-state=(GstState)GST_STATE_PLAYING, pending-state=(GstState)GST_STATE_VOID_PENDING;
0:00:00.851556944 [333m 7190[00m 0x7fe0480444f0 [37mDEBUG  [00m [00;01m                 bin gstbin.c:3342:gst_bin_handle_message_func:<rtspsrc0>[00m [msg 0x7fe028002110] handling child rtpjitterbuffer1 message of type state-changed
0:00:00.851593936 [333m 7190[00m 0x7fe0480444f0 [37mDEBUG  [00m [00;01m                 bin gstbin.c:3639:gst_bin_handle_message_func:<rtspsrc0>[00m posting message upward
0:00:00.851613242 [333m 7190[00m 0x7fe0480444f0 [37mDEBUG  [00m [00;43m             GST_BUS gstbus.c:312:gst_bus_post:<bus1>[00m [msg 0x7fe028002110] posting on bus state-changed message: 0x7fe028002110, time 99:99:99.999999999, seq-num 209, element 'rtpjitterbuffer1', GstMessageStateChanged, old-state=(GstState)GST_STATE_PAUSED, new-state=(GstState)GST_STATE_PLAYING, pending-state=(GstState)GST_STATE_VOID_PENDING;
0:00:00.851640030 [333m 7190[00m 0x7fe0480444f0 [37mDEBUG  [00m [00;01m                 bin gstbin.c:3342:gst_bin_handle_message_func:<pipeline0>[00m [msg 0x7fe028002110] handling child rtpjitterbuffer1 message of type state-changed
0:00:00.851653567 [333m 7190[00m 0x7fe0480444f0 [37mDEBUG  [00m [00;01m                 bin gstbin.c:3639:gst_bin_handle_message_func:<pipeline0>[00m posting message upward
0:00:00.851684620 [333m 7190[00m 0x7fe0480444f0 [37mDEBUG  [00m [00;43m             GST_BUS gstbus.c:312:gst_bus_post:<bus2>[00m [msg 0x7fe028002110] posting on bus state-changed message: 0x7fe028002110, time 99:99:99.999999999, seq-num 209, element 'rtpjitterbuffer1', GstMessageStateChanged, old-state=(GstState)GST_STATE_PAUSED, new-state=(GstState)GST_STATE_PLAYING, pending-state=(GstState)GST_STATE_VOID_PENDING;
0:00:00.851708574 [333m 7190[00m 0x7fe0480444f0 [37mDEBUG  [00m [00;43m             GST_BUS gstbus.c:347:gst_bus_post:<bus2>[00m [msg 0x7fe028002110] pushing on async queue
0:00:00.851720603 [333m 7190[00m 0x7fe0480444f0 [33;01mLOG    [00m [00m            GST_POLL gstpoll.c:186:raise_wakeup:[00m 0x106fed0: raise
0:00:00.851754857 [333m 7190[00m 0x7fe0480444f0 [37mDEBUG  [00m [00;43m             GST_BUS gstbus.c:350:gst_bus_post:<bus2>[00m [msg 0x7fe028002110] pushed on async queue
0:00:00.851793791 [333m 7190[00m 0x7fe0480444f0 [37mDEBUG  [00m [00;43m             GST_BUS gstbus.c:343:gst_bus_post:<bus1>[00m [msg 0x7fe028002110] dropped
0:00:00.851814344 [333m 7190[00m 0x7fe0480444f0 [37mDEBUG  [00m [00;43m             GST_BUS gstbus.c:343:gst_bus_post:<bus0>[00m [msg 0x7fe028002110] dropped
0:00:00.851831378 [333m 7190[00m 0x7fe0480444f0 [37mDEBUG  [00m [00;43m             GST_BUS gstbus.c:343:gst_bus_post:<bus3>[00m [msg 0x7fe028002110] dropped
0:00:00.851848164 [333m 7190[00m 0x7fe0480444f0 [33;01mLOG    [00m [00;01;31m          GST_STATES gstelement.c:2655:gst_element_change_state:<rtpjitterbuffer1>[00m exit state change 1
0:00:00.851775914 [333m 7190[00m       0xf29a30 [33;01mLOG    [00m [00;43m             GST_BUS gstbus.c:498:gst_bus_timed_pop_filtered:<bus2>[00m have 1 messages
0:00:00.851908262 [333m 7190[00m       0xf29a30 [33;01mLOG    [00m [00m            GST_POLL gstpoll.c:201:release_wakeup:[00m 0x106fed0: release
0:00:00.851929425 [333m 7190[00m       0xf29a30 [37mDEBUG  [00m [00;43m             GST_BUS gstbus.c:506:gst_bus_timed_pop_filtered:<bus2>[00m got message 0x7fe028002110, state-changed from rtpjitterbuffer1, type mask is 4294967295
0:00:00.851971416 [333m 7190[00m       0xf29a30 [37mDEBUG  [00m [00;43m             GST_BUS gstbus.c:767:gst_bus_source_dispatch:<bus2>[00m source 0x106f2c0 calling dispatch with state-changed message: 0x7fe028002110, time 99:99:99.999999999, seq-num 209, element 'rtpjitterbuffer1', GstMessageStateChanged, old-state=(GstState)GST_STATE_PAUSED, new-state=(GstState)GST_STATE_PLAYING, pending-state=(GstState)GST_STATE_VOID_PENDING;
0:00:00.852022419 [333m 7190[00m       0xf29a30 [37mDEBUG  [00m [00;43m             GST_BUS gstbus.c:973:poll_func:[00m mainloop 0x10a0770 quit
0:00:00.852047755 [333m 7190[00m       0xf29a30 [37mDEBUG  [00m [00;43m             GST_BUS gstbus.c:772:gst_bus_source_dispatch:<bus2>[00m source 0x106f2c0 handler returns 1
0:00:00.852067189 [333m 7190[00m       0xf29a30 [37mDEBUG  [00m [00;43m             GST_BUS gstbus.c:1083:gst_bus_poll:[00m mainloop stopped 0x10a0770
0:00:00.852083757 [333m 7190[00m       0xf29a30 [37mDEBUG  [00m [00;43m             GST_BUS gstbus.c:1328:gst_bus_remove_signal_watch:<bus2>[00m removing signal watch 93
0:00:00.852101456 [333m 7190[00m       0xf29a30 [37mDEBUG  [00m [00;43m             GST_BUS gstbus.c:793:gst_bus_source_finalize:<bus2>[00m finalize source 0x106f2c0
0:00:00.852119529 [333m 7190[00m       0xf29a30 [37mDEBUG  [00m [00;43m             GST_BUS gstbus.c:1096:gst_bus_poll:<bus2>[00m finished poll with message 0x7fe028002110
0:00:00.852135993 [333m 7190[00m       0xf29a30 [33;01mLOG    [00m [00;01;37;41m         GST_MESSAGE gstmessage.c:184:_gst_message_free:[00m finalize message 0x7fe028002110, state-changed from rtpjitterbuffer1
0:00:00.851935948 [333m 7190[00m 0x7fe0480444f0 [33;01mLOG    [00m [00;01;31m          GST_STATES gstelement.c:2655:gst_element_change_state:<rtpjitterbuffer1>[00m exit state change 1
0:00:00.852189058 [333m 7190[00m 0x7fe0480444f0 [33;01mLOG    [00m [00;01;31m          GST_STATES gstelement.c:2655:gst_element_change_state:<rtpjitterbuffer1>[00m exit state change 1
0:00:00.852204509 [333m 7190[00m 0x7fe0480444f0 [37mDEBUG  [00m [00;01;31m          GST_STATES gstelement.c:2566:gst_element_set_state_func:<rtpjitterbuffer1>[00m returned SUCCESS
0:00:00.852216672 [333m 7190[00m 0x7fe0480444f0 [37mDEBUG  [00m [00m              rtpbin gstrtpbin.c:2561:new_ssrc_pad_found:<manager>[00m linking jitterbuffer RTP
0:00:00.852229562 [333m 7190[00m 0x7fe0480444f0 [36mINFO   [00m [00;01;37;41m    GST_ELEMENT_PADS gstelement.c:900:gst_element_get_static_pad:[00m found pad rtpssrcdemux1:src_2126589418
0:00:00.852244331 [333m 7190[00m 0x7fe0480444f0 [36mINFO   [00m [00;01;37;41m    GST_ELEMENT_PADS gstelement.c:900:gst_element_get_static_pad:[00m found pad rtpjitterbuffer1:sink
0:00:00.852263834 [333m 7190[00m 0x7fe0480444f0 [33;01mLOG    [00m [00;01;37;41m         GST_MESSAGE gstmessage.c:282:gst_message_new_custom:[00m source sink: creating new message 0x7fe028002090 structure-change
0:00:00.852279890 [333m 7190[00m 0x7fe0480444f0 [37mDEBUG  [00m [00;43m             GST_BUS gstbus.c:312:gst_bus_post:<bus3>[00m [msg 0x7fe028002090] posting on bus structure-change message: 0x7fe028002090, time 99:99:99.999999999, seq-num 210, element 'sink', GstMessageStructureChange, type=(GstStructureChangeType)GST_STRUCTURE_CHANGE_TYPE_PAD_LINK, owner=(GstElement)"\(GstRtpSsrcDemux\)\ rtpssrcdemux1", busy=(boolean)true;
0:00:00.852311106 [333m 7190[00m 0x7fe0480444f0 [37mDEBUG  [00m [00;01m                 bin gstbin.c:3342:gst_bin_handle_message_func:<manager>[00m [msg 0x7fe028002090] handling child sink message of type structure-change
0:00:00.852325025 [333m 7190[00m 0x7fe0480444f0 [37mDEBUG  [00m [00;01m                 bin gstbin.c:881:find_message:<manager>[00m no message found matching types 00001000
0:00:00.852336871 [333m 7190[00m 0x7fe0480444f0 [37mDEBUG  [00m [00;01m                 bin gstbin.c:888:find_message:<manager>[00m   structure-change
0:00:00.852348076 [333m 7190[00m 0x7fe0480444f0 [37mDEBUG  [00m [00;01m                 bin gstbin.c:928:bin_replace_message:<manager>[00m got new message 0x7fe028002090, structure-change from sink
0:00:00.852406464 [333m 7190[00m 0x7fe0480444f0 [37mDEBUG  [00m [00;43m             GST_BUS gstbus.c:343:gst_bus_post:<bus3>[00m [msg 0x7fe028002090] dropped
0:00:00.852423438 [333m 7190[00m 0x7fe0480444f0 [36mINFO   [00m [00;01;31;41m            GST_PADS gstpad.c:2083:gst_pad_link_prepare:[00m trying to link rtpssrcdemux1:src_2126589418 and rtpjitterbuffer1:sink
0:00:00.852440298 [333m 7190[00m 0x7fe0480444f0 [37mDEBUG  [00m [00;01;34m            GST_CAPS gstutils.c:2762:gst_pad_query_caps:<rtpssrcdemux1:src_2126589418>[00m get pad caps with filter (NULL)
0:00:00.852454827 [333m 7190[00m 0x7fe0480444f0 [37mDEBUG  [00m [00m               query gstquery.c:680:gst_query_new_custom:[00m creating new query 0x7fe028002f20 caps
0:00:00.852468132 [333m 7190[00m 0x7fe0480444f0 [37mDEBUG  [00m [00;01;31;41m            GST_PADS gstpad.c:3445:gst_pad_query:<rtpssrcdemux1:src_2126589418>[00m doing query 0x7fe028002f20 (caps)
0:00:00.852481756 [333m 7190[00m 0x7fe0480444f0 [33;01mLOG    [00m [00;01;35m      GST_SCHEDULING gstpad.c:3149:do_probe_callbacks:<rtpssrcdemux1:src_2126589418>[00m do probes cookie 1
0:00:00.852493910 [333m 7190[00m 0x7fe0480444f0 [33;01mLOG    [00m [00;01;35m      GST_SCHEDULING gstpad.c:3093:probe_hook_marshal:<rtpssrcdemux1:src_2126589418>[00m hook 1, cookie 1 with flags 0x00003072 does not match 00001402
0:00:00.852508577 [333m 7190[00m 0x7fe0480444f0 [37mDEBUG  [00m [00;01;31;41m            GST_PADS gstpad.c:3217:do_probe_callbacks:<rtpssrcdemux1:src_2126589418>[00m data is passed
0:00:00.852519757 [333m 7190[00m 0x7fe0480444f0 [33;01mLOG    [00m [00;01;35m      GST_SCHEDULING gstpad.c:3149:do_probe_callbacks:<rtpssrcdemux1:src_2126589418>[00m do probes cookie 2
0:00:00.852531034 [333m 7190[00m 0x7fe0480444f0 [33;01mLOG    [00m [00;01;35m      GST_SCHEDULING gstpad.c:3093:probe_hook_marshal:<rtpssrcdemux1:src_2126589418>[00m hook 1, cookie 2 with flags 0x00003072 does not match 00001400
0:00:00.852546058 [333m 7190[00m 0x7fe0480444f0 [37mDEBUG  [00m [00;01;34m            GST_CAPS gstpad.c:2852:gst_pad_query_caps_default:<rtpssrcdemux1:src_2126589418>[00m query caps caps query: 0x7fe028002f20, GstQueryCaps, filter=(GstCaps)NULL, caps=(GstCaps)NULL;
0:00:00.852565548 [333m 7190[00m 0x7fe0480444f0 [37mDEBUG  [00m [00;01;34m            GST_CAPS gstpad.c:2869:gst_pad_query_caps_default:<rtpssrcdemux1:src_2126589418>[00m fixed pad caps: trying pad caps
0:00:00.852576739 [333m 7190[00m 0x7fe0480444f0 [37mDEBUG  [00m [00;01;34m            GST_CAPS gstpad.c:2875:gst_pad_query_caps_default:<rtpssrcdemux1:src_2126589418>[00m trying pad template caps
0:00:00.852587466 [333m 7190[00m 0x7fe0480444f0 [37mDEBUG  [00m [00;01;34m            GST_CAPS gstpad.c:2905:gst_pad_query_caps_default:<rtpssrcdemux1:src_2126589418>[00m using caps 0x7fe04802da80 application/x-rtp
0:00:00.852602964 [333m 7190[00m 0x7fe0480444f0 [37mDEBUG  [00m [00;01;31;41m            GST_PADS gstpad.c:2983:gst_pad_query_default:<rtpssrcdemux1:src_2126589418>[00m not forwarding 0x7fe028002f20 (caps) query
0:00:00.852617070 [333m 7190[00m 0x7fe0480444f0 [37mDEBUG  [00m [00;01;31;41m            GST_PADS gstpad.c:3467:gst_pad_query:<rtpssrcdemux1:src_2126589418>[00m sent query 0x7fe028002f20 (caps), result 1
0:00:00.852630735 [333m 7190[00m 0x7fe0480444f0 [33;01mLOG    [00m [00;01;35m      GST_SCHEDULING gstpad.c:3149:do_probe_callbacks:<rtpssrcdemux1:src_2126589418>[00m do probes cookie 3
0:00:00.852642812 [333m 7190[00m 0x7fe0480444f0 [33;01mLOG    [00m [00;01;35m      GST_SCHEDULING gstpad.c:3093:probe_hook_marshal:<rtpssrcdemux1:src_2126589418>[00m hook 1, cookie 3 with flags 0x00003072 does not match 00002400
0:00:00.852672195 [333m 7190[00m 0x7fe0480444f0 [37mDEBUG  [00m [00;01;34m            GST_CAPS gstutils.c:2769:gst_pad_query_caps:<rtpssrcdemux1:src_2126589418>[00m query returned application/x-rtp
0:00:00.852693629 [333m 7190[00m 0x7fe0480444f0 [37mDEBUG  [00m [00;01;34m            GST_CAPS gstutils.c:2762:gst_pad_query_caps:<rtpjitterbuffer1:sink>[00m get pad caps with filter (NULL)
0:00:00.852744648 [333m 7190[00m 0x7fe0480444f0 [37mDEBUG  [00m [00m               query gstquery.c:680:gst_query_new_custom:[00m creating new query 0x7fe028002f70 caps
0:00:00.852762432 [333m 7190[00m 0x7fe0480444f0 [37mDEBUG  [00m [00;01;31;41m            GST_PADS gstpad.c:3445:gst_pad_query:<rtpjitterbuffer1:sink>[00m doing query 0x7fe028002f70 (caps)
0:00:00.852778497 [333m 7190[00m 0x7fe0480444f0 [37mDEBUG  [00m [00;01;34m            GST_CAPS gstutils.c:2808:gst_pad_peer_query_caps:<rtpjitterbuffer1:src>[00m get pad peer caps with filter (NULL)
0:00:00.852792227 [333m 7190[00m 0x7fe0480444f0 [37mDEBUG  [00m [00m               query gstquery.c:680:gst_query_new_custom:[00m creating new query 0x7fe028002f20 caps
0:00:00.852804733 [333m 7190[00m 0x7fe0480444f0 [37mDEBUG  [00m [00;01;31;41m            GST_PADS gstpad.c:3570:gst_pad_peer_query:<rtpjitterbuffer1:src>[00m peer query 0x7fe028002f20 (caps)
0:00:00.852818447 [333m 7190[00m 0x7fe0480444f0 [37mDEBUG  [00m [00;01;31;41m            GST_PADS gstpad.c:3445:gst_pad_query:<rtpptdemux1:sink>[00m doing query 0x7fe028002f20 (caps)
0:00:00.852831717 [333m 7190[00m 0x7fe0480444f0 [37mDEBUG  [00m [00;01;34m            GST_CAPS gstpad.c:2852:gst_pad_query_caps_default:<rtpptdemux1:sink>[00m query caps caps query: 0x7fe028002f20, GstQueryCaps, filter=(GstCaps)NULL, caps=(GstCaps)NULL;
0:00:00.852849229 [333m 7190[00m 0x7fe0480444f0 [37mDEBUG  [00m [00;01;34m            GST_CAPS gstpad.c:2875:gst_pad_query_caps_default:<rtpptdemux1:sink>[00m trying pad template caps
0:00:00.852859882 [333m 7190[00m 0x7fe0480444f0 [37mDEBUG  [00m [00;01;34m            GST_CAPS gstpad.c:2905:gst_pad_query_caps_default:<rtpptdemux1:sink>[00m using caps 0x7fe03c002770 application/x-rtp
0:00:00.852874668 [333m 7190[00m 0x7fe0480444f0 [37mDEBUG  [00m [00;01;31;41m            GST_PADS gstpad.c:2983:gst_pad_query_default:<rtpptdemux1:sink>[00m not forwarding 0x7fe028002f20 (caps) query
0:00:00.852888375 [333m 7190[00m 0x7fe0480444f0 [37mDEBUG  [00m [00;01;31;41m            GST_PADS gstpad.c:3467:gst_pad_query:<rtpptdemux1:sink>[00m sent query 0x7fe028002f20 (caps), result 1
0:00:00.852902388 [333m 7190[00m 0x7fe0480444f0 [37mDEBUG  [00m [00;01;34m            GST_CAPS gstutils.c:2815:gst_pad_peer_query_caps:<rtpjitterbuffer1:src>[00m peer query returned application/x-rtp
0:00:00.852917095 [333m 7190[00m 0x7fe0480444f0 [37mDEBUG  [00m [00m  gstrtpjitterbuffer gstrtpjitterbuffer.c:874:gst_rtp_jitter_buffer_getcaps:<rtpjitterbuffer1>[00m intersect with template
0:00:00.852933417 [333m 7190[00m 0x7fe0480444f0 [37mDEBUG  [00m [00;01;31;41m            GST_PADS gstpad.c:3467:gst_pad_query:<rtpjitterbuffer1:sink>[00m sent query 0x7fe028002f70 (caps), result 1
0:00:00.852948455 [333m 7190[00m 0x7fe0480444f0 [37mDEBUG  [00m [00;01;34m            GST_CAPS gstutils.c:2769:gst_pad_query_caps:<rtpjitterbuffer1:sink>[00m query returned application/x-rtp, clock-rate=(int)[ 1, 2147483647 ]
0:00:00.852964539 [333m 7190[00m 0x7fe0480444f0 [37mDEBUG  [00m [00;01;34m            GST_CAPS gstpad.c:1983:gst_pad_link_check_compatible_unlocked:<rtpssrcdemux1:src_2126589418>[00m src caps application/x-rtp
0:00:00.852977969 [333m 7190[00m 0x7fe0480444f0 [37mDEBUG  [00m [00;01;34m            GST_CAPS gstpad.c:1985:gst_pad_link_check_compatible_unlocked:<rtpjitterbuffer1:sink>[00m sink caps application/x-rtp, clock-rate=(int)[ 1, 2147483647 ]
0:00:00.852992461 [333m 7190[00m 0x7fe0480444f0 [37mDEBUG  [00m [00;01;34m            GST_CAPS gstpad.c:2003:gst_pad_link_check_compatible_unlocked:[00m caps are compatible
0:00:00.853005602 [333m 7190[00m 0x7fe0480444f0 [36mINFO   [00m [00;01;31;41m            GST_PADS gstpad.c:2285:gst_pad_link_full:[00m linked rtpssrcdemux1:src_2126589418 and rtpjitterbuffer1:sink, successful
0:00:00.853019561 [333m 7190[00m 0x7fe0480444f0 [36mINFO   [00m [00;01;34m           GST_EVENT gstevent.c:1314:gst_event_new_reconfigure:[00m creating reconfigure event
0:00:00.853066850 [333m 7190[00m 0x7fe0480444f0 [37mDEBUG  [00m [00;01;34m           GST_EVENT gstevent.c:301:gst_event_new_custom:[00m creating new event 0x7fe048049300 reconfigure 61441
0:00:00.853085710 [333m 7190[00m 0x7fe0480444f0 [37mDEBUG  [00m [00;01;34m           GST_EVENT gstpad.c:4935:gst_pad_send_event_unchecked:<rtpssrcdemux1:src_2126589418>[00m have event type reconfigure event: 0x7fe048049300, time 99:99:99.999999999, seq-num 211, (NULL)
0:00:00.853100826 [333m 7190[00m 0x7fe0480444f0 [33;01mLOG    [00m [00;01;35m      GST_SCHEDULING gstpad.c:3149:do_probe_callbacks:<rtpssrcdemux1:src_2126589418>[00m do probes cookie 4
0:00:00.853113152 [333m 7190[00m 0x7fe0480444f0 [33;01mLOG    [00m [00;01;35m      GST_SCHEDULING gstpad.c:3093:probe_hook_marshal:<rtpssrcdemux1:src_2126589418>[00m hook 1, cookie 4 with flags 0x00003072 does not match 00001082
0:00:00.853126796 [333m 7190[00m 0x7fe0480444f0 [37mDEBUG  [00m [00;01;31;41m            GST_PADS gstpad.c:3217:do_probe_callbacks:<rtpssrcdemux1:src_2126589418>[00m data is passed
0:00:00.853137602 [333m 7190[00m 0x7fe0480444f0 [33;01mLOG    [00m [00;01;35m      GST_SCHEDULING gstpad.c:3149:do_probe_callbacks:<rtpssrcdemux1:src_2126589418>[00m do probes cookie 5
0:00:00.853148813 [333m 7190[00m 0x7fe0480444f0 [33;01mLOG    [00m [00;01;35m      GST_SCHEDULING gstpad.c:3093:probe_hook_marshal:<rtpssrcdemux1:src_2126589418>[00m hook 1, cookie 5 with flags 0x00003072 does not match 00001080
0:00:00.853163510 [333m 7190[00m 0x7fe0480444f0 [33;01mLOG    [00m [00;01;31;41m            GST_PADS gstpad.c:2771:gst_pad_event_default:<rtpssrcdemux1:src_2126589418>[00m default event handler for event reconfigure event: 0x7fe048049300, time 99:99:99.999999999, seq-num 211, (NULL)
0:00:00.853182175 [333m 7190[00m 0x7fe0480444f0 [33;01mLOG    [00m [00;01;31;41m            GST_PADS gstpad.c:2691:gst_pad_forward:<rtpssrcdemux1:src_2126589418>[00m calling forward function on pad rtpssrcdemux1:sink
0:00:00.853196506 [333m 7190[00m 0x7fe0480444f0 [33;01mLOG    [00m [00;01;31;41m            GST_PADS gstpad.c:2736:event_forward_func:<rtpssrcdemux1:sink>[00m Reffing and pushing event 0x7fe048049300 (reconfigure) to rtpssrcdemux1:sink
0:00:00.853211441 [333m 7190[00m 0x7fe0480444f0 [33;01mLOG    [00m [00;01;31;41m            GST_PADS gstpad.c:4680:gst_pad_push_event_unchecked:<rtpssrcdemux1:sink>[00m sending event 0x7fe048049300 (reconfigure) to peerpad <rtpsession1:recv_rtp_src>
0:00:00.853226425 [333m 7190[00m 0x7fe0480444f0 [37mDEBUG  [00m [00;01;34m           GST_EVENT gstpad.c:4935:gst_pad_send_event_unchecked:<rtpsession1:recv_rtp_src>[00m have event type reconfigure event: 0x7fe048049300, time 99:99:99.999999999, seq-num 211, (NULL)
