0:00:01.577232460  6740 0000000002F77A80 DEBUG                    bin gstbin.c:3563:gst_bin_handle_message_func:<rtspsrc0> posting message upward
0:00:01.577282669  6740 0000000002F77A80 DEBUG                GST_BUS gstbus.c:316:gst_bus_post:<bus1> [msg 000000000053F210] posting on bus 000000000053F210
0:00:01.577329360  6740 0000000002F77A80 DEBUG                    bin gstbin.c:3270:gst_bin_handle_message_func:<pipeline0> [msg 000000000053F210] handling child rtpptdemux0 message of type state-changed
0:00:01.577377330  6740 0000000002F77A80 DEBUG                    bin gstbin.c:3563:gst_bin_handle_message_func:<pipeline0> posting message upward
0:00:01.577422742  6740 0000000002F77A80 DEBUG                GST_BUS gstbus.c:316:gst_bus_post:<bus2> [msg 000000000053F210] posting on bus 000000000053F210
0:00:01.577475829  6740 0000000002F77A80 DEBUG                GST_BUS gstbus.c:351:gst_bus_post:<bus2> [msg 000000000053F210] pushing on async queue
0:00:01.577522520  6740 0000000002F77A80 LOG                 GST_POLL gstpoll.c:186:raise_wakeup: 0000000003E06240: raise
0:00:01.577569850  6740 0000000002F77A80 DEBUG                GST_BUS gstbus.c:354:gst_bus_post:<bus2> [msg 000000000053F210] pushed on async queue
0:00:01.577577845  6740 000000000053B030 LOG                  GST_BUS gstbus.c:502:gst_bus_timed_pop_filtered:<bus2> have 1 messages
0:00:01.577673786  6740 000000000053B030 LOG                 GST_POLL gstpoll.c:201:release_wakeup: 0000000003E06240: release
0:00:01.577615262  6740 0000000002F77A80 DEBUG                GST_BUS gstbus.c:347:gst_bus_post:<bus1> [msg 000000000053F210] dropped
0:00:01.577721116  6740 000000000053B030 DEBUG                GST_BUS gstbus.c:510:gst_bus_timed_pop_filtered:<bus2> got message 000000000053F210, state-changed from rtpptdemux0, type mask is 4294967295
0:00:01.577820574  6740 000000000053B030 DEBUG                GST_BUS gstbus.c:771:gst_bus_source_dispatch:<bus2> source 0000000002FA2D30 calling dispatch with 000000000053F210
0:00:01.577771325  6740 0000000002F77A80 DEBUG                GST_BUS gstbus.c:347:gst_bus_post:<bus0> [msg 000000000053F210] dropped
0:00:01.577866626  6740 000000000053B030 DEBUG                GST_BUS gstbus.c:977:poll_func: mainloop 0000000002FF8940 quit
0:00:01.577913637  6740 0000000002F77A80 DEBUG                GST_BUS gstbus.c:347:gst_bus_post:<bus3> [msg 000000000053F210] dropped
0:00:01.577965764  6740 000000000053B030 DEBUG                GST_BUS gstbus.c:776:gst_bus_source_dispatch:<bus2> source 0000000002FA2D30 handler returns 1
0:00:01.578013415  6740 0000000002F77A80 INFO              GST_STATES gstelement.c:2303:gst_element_continue_state:<rtpptdemux0> continue state change READY to PAUSED, final PLAYING
0:00:01.578062024  6740 000000000053B030 DEBUG                GST_BUS gstbus.c:1087:gst_bus_poll: mainloop stopped 0000000002FF8940
0:00:01.578113512  6740 0000000002F77A80 LOG               GST_STATES gstelement.c:2789:gst_element_change_state_func:<rtpptdemux0> default handler tries setting state from READY to PAUSED (0013)
0:00:01.578159244  6740 000000000053B030 DEBUG                GST_BUS gstbus.c:1332:gst_bus_remove_signal_watch:<bus2> removing signal watch 63
0:00:01.578210092  6740 0000000002F77A80 DEBUG       GST_ELEMENT_PADS gstelement.c:2732:gst_element_pads_activate:<rtpptdemux0> activate pads
0:00:01.578259342  6740 000000000053B030 DEBUG                GST_BUS gstbus.c:797:gst_bus_source_finalize:<bus2> finalize source 0000000002FA2D30
0:00:01.578312748  6740 0000000002F77A80 DEBUG               GST_PADS gstpad.c:935:gst_pad_set_active:<rtpptdemux0:sink> activating pad from none
0:00:01.578356881  6740 000000000053B030 DEBUG                GST_BUS gstbus.c:1100:gst_bus_poll:<bus2> finished poll with message 000000000053F210
0:00:01.578462096  6740 000000000053B030 LOG              GST_MESSAGE gstmessage.c:184:_gst_message_free: finalize message 000000000053F210, state-changed from rtpptdemux0
0:00:01.578410608  6740 0000000002F77A80 DEBUG               GST_PADS gstpad.c:852:pre_activate:<rtpptdemux0:sink> setting pad into push mode, unset flushing
0:00:01.578515183  6740 000000000053B030 DEBUG                GST_BUS gstbus.c:874:gst_bus_add_watch_full_unlocked:<bus2> New source 0000000002FA2D30 with id 64
0:00:01.578615920  6740 000000000053B030 DEBUG                GST_BUS gstbus.c:1085:gst_bus_poll: running mainloop 0000000002FF88E0
0:00:01.578564752  6740 0000000002F77A80 DEBUG               GST_PADS gstpad.c:863:pre_activate:<rtpptdemux0:sink> reschedule events on peer rtpjitterbuffer0:src
0:00:01.578719855  6740 0000000002F77A80 DEBUG               GST_PADS gstpad.c:1070:gst_pad_activate_mode:<rtpptdemux0:sink> activated in push mode
0:00:01.578772942  6740 0000000002F77A80 DEBUG       GST_ELEMENT_PADS gstelement.c:2751:gst_element_pads_activate:<rtpptdemux0> pad activation successful
0:00:01.578818674  6740 0000000002F77A80 DEBUG             GST_STATES gstelement.c:2628:gst_element_change_state:<rtpptdemux0> element changed state SUCCESS
0:00:01.578863446  6740 0000000002F77A80 INFO              GST_STATES gstelement.c:2296:gst_element_continue_state:<rtpptdemux0> committing state from READY to PAUSED, pending PLAYING, next PLAYING
0:00:01.578916853  6740 0000000002F77A80 INFO              GST_STATES gstelement.c:2226:_priv_gst_element_state_changed:<rtpptdemux0> notifying about state-changed READY to PAUSED (PLAYING pending)
0:00:01.578968661  6740 0000000002F77A80 LOG              GST_MESSAGE gstmessage.c:282:gst_message_new_custom: source rtpptdemux0: creating new message 000000000053F290 state-changed
0:00:01.579014072  6740 0000000002F77A80 DEBUG                GST_BUS gstbus.c:316:gst_bus_post:<bus3> [msg 000000000053F290] posting on bus 000000000053F290
0:00:01.579069078  6740 0000000002F77A80 DEBUG                    bin gstbin.c:3270:gst_bin_handle_message_func:<rtpbin0> [msg 000000000053F290] handling child rtpptdemux0 message of type state-changed
0:00:01.579123125  6740 0000000002F77A80 DEBUG                    bin gstbin.c:3563:gst_bin_handle_message_func:<rtpbin0> posting message upward
0:00:01.579170455  6740 0000000002F77A80 DEBUG                GST_BUS gstbus.c:316:gst_bus_post:<bus0> [msg 000000000053F290] posting on bus 000000000053F290
0:00:01.579215547  6740 0000000002F77A80 DEBUG                    bin gstbin.c:3270:gst_bin_handle_message_func:<rtspsrc0> [msg 000000000053F290] handling child rtpptdemux0 message of type state-changed
0:00:01.579259360  6740 0000000002F77A80 DEBUG                    bin gstbin.c:3563:gst_bin_handle_message_func:<rtspsrc0> posting message upward
0:00:01.579304772  6740 0000000002F77A80 DEBUG                GST_BUS gstbus.c:316:gst_bus_post:<bus1> [msg 000000000053F290] posting on bus 000000000053F290
0:00:01.579361376  6740 0000000002F77A80 DEBUG                    bin gstbin.c:3270:gst_bin_handle_message_func:<pipeline0> [msg 000000000053F290] handling child rtpptdemux0 message of type state-changed
0:00:01.579410626  6740 0000000002F77A80 DEBUG                    bin gstbin.c:3563:gst_bin_handle_message_func:<pipeline0> posting message upward
0:00:01.579452520  6740 0000000002F77A80 DEBUG                GST_BUS gstbus.c:316:gst_bus_post:<bus2> [msg 000000000053F290] posting on bus 000000000053F290
0:00:01.579503368  6740 0000000002F77A80 DEBUG                GST_BUS gstbus.c:351:gst_bus_post:<bus2> [msg 000000000053F290] pushing on async queue
0:00:01.579559973  6740 0000000002F77A80 LOG                 GST_POLL gstpoll.c:186:raise_wakeup: 0000000003E06240: raise
0:00:01.579605385  6740 0000000002F77A80 DEBUG                GST_BUS gstbus.c:354:gst_bus_post:<bus2> [msg 000000000053F290] pushed on async queue
0:00:01.579652715  6740 0000000002F77A80 DEBUG                GST_BUS gstbus.c:347:gst_bus_post:<bus1> [msg 000000000053F290] dropped
0:00:01.579695888  6740 0000000002F77A80 DEBUG                GST_BUS gstbus.c:347:gst_bus_post:<bus0> [msg 000000000053F290] dropped
0:00:01.579749615  6740 0000000002F77A80 DEBUG                GST_BUS gstbus.c:347:gst_bus_post:<bus3> [msg 000000000053F290] dropped
0:00:01.579806540  6740 0000000002F77A80 INFO              GST_STATES gstelement.c:2303:gst_element_continue_state:<rtpptdemux0> continue state change PAUSED to PLAYING, final PLAYING
0:00:01.579863784  6740 0000000002F77A80 LOG               GST_STATES gstelement.c:2789:gst_element_change_state_func:<rtpptdemux0> default handler tries setting state from PAUSED to PLAYING (001c)
0:00:01.579908876  6740 0000000002F77A80 DEBUG             GST_STATES gstelement.c:2628:gst_element_change_state:<rtpptdemux0> element changed state SUCCESS
0:00:01.579954927  6740 0000000002F77A80 INFO              GST_STATES gstelement.c:2321:gst_element_continue_state:<rtpptdemux0> completed state change to PLAYING
0:00:01.580003537  6740 0000000002F77A80 INFO              GST_STATES gstelement.c:2226:_priv_gst_element_state_changed:<rtpptdemux0> notifying about state-changed PAUSED to PLAYING (VOID_PENDING pending)
0:00:01.580049589  6740 0000000002F77A80 LOG              GST_MESSAGE gstmessage.c:282:gst_message_new_custom: source rtpptdemux0: creating new message 000000000053F310 state-changed
0:00:01.580097239  6740 0000000002F77A80 DEBUG                GST_BUS gstbus.c:316:gst_bus_post:<bus3> [msg 000000000053F310] posting on bus 000000000053F310
0:00:01.580141052  6740 0000000002F77A80 DEBUG                    bin gstbin.c:3270:gst_bin_handle_message_func:<rtpbin0> [msg 000000000053F310] handling child rtpptdemux0 message of type state-changed
0:00:01.580187743  6740 0000000002F77A80 DEBUG                    bin gstbin.c:3563:gst_bin_handle_message_func:<rtpbin0> posting message upward
0:00:01.580233474  6740 0000000002F77A80 DEBUG                GST_BUS gstbus.c:316:gst_bus_post:<bus0> [msg 000000000053F310] posting on bus 000000000053F310
0:00:01.580280485  6740 0000000002F77A80 DEBUG                    bin gstbin.c:3270:gst_bin_handle_message_func:<rtspsrc0> [msg 000000000053F310] handling child rtpptdemux0 message of type state-changed
0:00:01.580326536  6740 0000000002F77A80 DEBUG                    bin gstbin.c:3563:gst_bin_handle_message_func:<rtspsrc0> posting message upward
0:00:01.579612101  6740 000000000053B030 LOG                  GST_BUS gstbus.c:502:gst_bus_timed_pop_filtered:<bus2> have 1 messages
0:00:01.580422477  6740 000000000053B030 LOG                 GST_POLL gstpoll.c:201:release_wakeup: 0000000003E06240: release
0:00:01.580368750  6740 0000000002F77A80 DEBUG                GST_BUS gstbus.c:316:gst_bus_post:<bus1> [msg 000000000053F310] posting on bus 000000000053F310
0:00:01.580468208  6740 000000000053B030 DEBUG                GST_BUS gstbus.c:510:gst_bus_timed_pop_filtered:<bus2> got message 000000000053F290, state-changed from rtpptdemux0, type mask is 4294967295
0:00:01.580520016  6740 0000000002F77A80 DEBUG                    bin gstbin.c:3270:gst_bin_handle_message_func:<pipeline0> [msg 000000000053F310] handling child rtpptdemux0 message of type state-changed
0:00:01.580622033  6740 0000000002F77A80 DEBUG                    bin gstbin.c:3563:gst_bin_handle_message_func:<pipeline0> posting message upward
0:00:01.580670642  6740 0000000002F77A80 DEBUG                GST_BUS gstbus.c:316:gst_bus_post:<bus2> [msg 000000000053F310] posting on bus 000000000053F310
0:00:01.580717333  6740 0000000002F77A80 DEBUG                GST_BUS gstbus.c:351:gst_bus_post:<bus2> [msg 000000000053F310] pushing on async queue
0:00:01.580762425  6740 0000000002F77A80 LOG                 GST_POLL gstpoll.c:186:raise_wakeup: 0000000003E06240: raise
0:00:01.580805918  6740 0000000002F77A80 DEBUG                GST_BUS gstbus.c:354:gst_bus_post:<bus2> [msg 000000000053F310] pushed on async queue
0:00:01.580850371  6740 0000000002F77A80 DEBUG                GST_BUS gstbus.c:347:gst_bus_post:<bus1> [msg 000000000053F310] dropped
0:00:01.580900899  6740 0000000002F77A80 DEBUG                GST_BUS gstbus.c:347:gst_bus_post:<bus0> [msg 000000000053F310] dropped
0:00:01.580953666  6740 0000000002F77A80 DEBUG                GST_BUS gstbus.c:347:gst_bus_post:<bus3> [msg 000000000053F310] dropped
0:00:01.581010271  6740 0000000002F77A80 LOG               GST_STATES gstelement.c:2644:gst_element_change_state:<rtpptdemux0> exit state change 1
0:00:01.581057282  6740 0000000002F77A80 LOG               GST_STATES gstelement.c:2644:gst_element_change_state:<rtpptdemux0> exit state change 1
0:00:01.581106531  6740 0000000002F77A80 LOG               GST_STATES gstelement.c:2644:gst_element_change_state:<rtpptdemux0> exit state change 1
0:00:01.581162177  6740 0000000002F77A80 DEBUG             GST_STATES gstelement.c:2555:gst_element_set_state_func:<rtpptdemux0> returned SUCCESS
0:00:01.581209188  6740 0000000002F77A80 DEBUG             GST_STATES gstelement.c:2471:gst_element_set_state_func:<rtpjitterbuffer0> set_state to PLAYING
0:00:01.581252041  6740 0000000002F77A80 DEBUG             GST_STATES gstelement.c:2496:gst_element_set_state_func:<rtpjitterbuffer0> setting target state to PLAYING
0:00:01.581302570  6740 0000000002F77A80 DEBUG             GST_STATES gstelement.c:2509:gst_element_set_state_func:<rtpjitterbuffer0> current NULL, old_pending VOID_PENDING, next VOID_PENDING, old return SUCCESS
0:00:01.581348941  6740 0000000002F77A80 DEBUG             GST_STATES gstelement.c:2543:gst_element_set_state_func:<rtpjitterbuffer0> intermediate: setting state from NULL to READY
0:00:01.581394033  6740 0000000002F77A80 LOG               GST_STATES gstelement.c:2789:gst_element_change_state_func:<rtpjitterbuffer0> default handler tries setting state from NULL to READY (000a)
0:00:01.581440724  6740 0000000002F77A80 DEBUG             GST_STATES gstelement.c:2628:gst_element_change_state:<rtpjitterbuffer0> element changed state SUCCESS
0:00:01.581482618  6740 0000000002F77A80 INFO              GST_STATES gstelement.c:2296:gst_element_continue_state:<rtpjitterbuffer0> committing state from NULL to READY, pending PLAYING, next PAUSED
0:00:01.581535705  6740 0000000002F77A80 INFO              GST_STATES gstelement.c:2226:_priv_gst_element_state_changed:<rtpjitterbuffer0> notifying about state-changed NULL to READY (PLAYING pending)
0:00:01.581590071  6740 0000000002F77A80 LOG              GST_MESSAGE gstmessage.c:282:gst_message_new_custom: source rtpjitterbuffer0: creating new message 000000000053F110 state-changed
0:00:01.581647635  6740 0000000002F77A80 DEBUG                GST_BUS gstbus.c:316:gst_bus_post:<bus3> [msg 000000000053F110] posting on bus 000000000053F110
0:00:01.581692727  6740 0000000002F77A80 DEBUG                    bin gstbin.c:3270:gst_bin_handle_message_func:<rtpbin0> [msg 000000000053F110] handling child rtpjitterbuffer0 message of type state-changed
0:00:01.581737819  6740 0000000002F77A80 DEBUG                    bin gstbin.c:3563:gst_bin_handle_message_func:<rtpbin0> posting message upward
0:00:01.581786429  6740 0000000002F77A80 DEBUG                GST_BUS gstbus.c:316:gst_bus_post:<bus0> [msg 000000000053F110] posting on bus 000000000053F110
0:00:01.581832800  6740 0000000002F77A80 DEBUG                    bin gstbin.c:3270:gst_bin_handle_message_func:<rtspsrc0> [msg 000000000053F110] handling child rtpjitterbuffer0 message of type state-changed
0:00:01.581882369  6740 0000000002F77A80 DEBUG                    bin gstbin.c:3563:gst_bin_handle_message_func:<rtspsrc0> posting message upward
0:00:01.581924263  6740 0000000002F77A80 DEBUG                GST_BUS gstbus.c:316:gst_bus_post:<bus1> [msg 000000000053F110] posting on bus 000000000053F110
0:00:01.581970954  6740 0000000002F77A80 DEBUG                    bin gstbin.c:3270:gst_bin_handle_message_func:<pipeline0> [msg 000000000053F110] handling child rtpjitterbuffer0 message of type state-changed
0:00:01.582015726  6740 0000000002F77A80 DEBUG                    bin gstbin.c:3563:gst_bin_handle_message_func:<pipeline0> posting message upward
0:00:01.582060818  6740 0000000002F77A80 DEBUG                GST_BUS gstbus.c:316:gst_bus_post:<bus2> [msg 000000000053F110] posting on bus 000000000053F110
0:00:01.582111666  6740 0000000002F77A80 DEBUG                GST_BUS gstbus.c:351:gst_bus_post:<bus2> [msg 000000000053F110] pushing on async queue
0:00:01.582155159  6740 0000000002F77A80 DEBUG                GST_BUS gstbus.c:354:gst_bus_post:<bus2> [msg 000000000053F110] pushed on async queue
0:00:01.582199292  6740 0000000002F77A80 DEBUG                GST_BUS gstbus.c:347:gst_bus_post:<bus1> [msg 000000000053F110] dropped
0:00:01.582251100  6740 0000000002F77A80 DEBUG                GST_BUS gstbus.c:347:gst_bus_post:<bus0> [msg 000000000053F110] dropped
0:00:01.582294913  6740 0000000002F77A80 DEBUG                GST_BUS gstbus.c:347:gst_bus_post:<bus3> [msg 000000000053F110] dropped
0:00:01.582343202  6740 0000000002F77A80 INFO              GST_STATES gstelement.c:2303:gst_element_continue_state:<rtpjitterbuffer0> continue state change READY to PAUSED, final PLAYING
0:00:01.582389254  6740 0000000002F77A80 LOG               GST_STATES gstelement.c:2789:gst_element_change_state_func:<rtpjitterbuffer0> default handler tries setting state from READY to PAUSED (0013)
0:00:01.582448097  6740 0000000002F77A80 DEBUG       GST_ELEMENT_PADS gstelement.c:2732:gst_element_pads_activate:<rtpjitterbuffer0> activate pads
0:00:01.582500864  6740 0000000002F77A80 DEBUG               GST_PADS gstpad.c:935:gst_pad_set_active:<rtpjitterbuffer0:src> activating pad from none
0:00:01.582556830  6740 0000000002F77A80 DEBUG               GST_PADS gstpad.c:852:pre_activate:<rtpjitterbuffer0:src> setting pad into push mode, unset flushing
0:00:01.582601282  6740 0000000002F77A80 DEBUG     gstrtpjitterbuffer gstrtpjitterbuffer.c:869:gst_rtp_jitter_buffer_flush_stop:<rtpjitterbuffer0> Enabling pop on queue
0:00:01.582649892  6740 0000000002F77A80 DEBUG     gstrtpjitterbuffer gstrtpjitterbuffer.c:883:gst_rtp_jitter_buffer_flush_stop:<rtpjitterbuffer0> flush and reset jitterbuffer
0:00:01.582694024  6740 0000000002F77A80 DEBUG        rtpjitterbuffer rtpjitterbuffer.c:191:rtp_jitter_buffer_reset_skew: reset skew correction
0:00:01.582740396  6740 0000000002F77A80 DEBUG     gstrtpjitterbuffer gstrtpjitterbuffer.c:905:gst_rtp_jitter_buffer_src_activate_mode:<rtpjitterbuffer0> Starting task on srcpad
0:00:01.582790285  6740 0000000002F77A80 DEBUG               GST_PADS gstpad.c:5195:gst_pad_start_task:<rtpjitterbuffer0:src> start task
0:00:01.580571824  6740 000000000053B030 DEBUG                GST_BUS gstbus.c:771:gst_bus_source_dispatch:<bus2> source 0000000002FA2D30 calling dispatch with 000000000053F290
0:00:01.582841772  6740 0000000002F77A80 DEBUG                   task gsttask.c:407:gst_task_new: Created task 0000000003E11A20
0:00:01.582941870  6740 0000000002F77A80 INFO                    task gsttask.c:431:gst_task_set_lock: setting stream lock 0000000002EA5C00 on task 0000000003E11A20
0:00:01.582892941  6740 000000000053B030 DEBUG                GST_BUS gstbus.c:977:poll_func: mainloop 0000000002FF88E0 quit
0:00:01.583112964  6740 0000000002F77A80 INFO                GST_PADS gstpad.c:5204:gst_pad_start_task:<rtpjitterbuffer0:src> created task 0000000003E11A20
0:00:01.583169569  6740 000000000053B030 DEBUG                GST_BUS gstbus.c:776:gst_bus_source_dispatch:<bus2> source 0000000002FA2D30 handler returns 1
0:00:01.583268067  6740 000000000053B030 DEBUG                GST_BUS gstbus.c:1087:gst_bus_poll: mainloop stopped 0000000002FF88E0
0:00:01.583312200  6740 000000000053B030 DEBUG                GST_BUS gstbus.c:1332:gst_bus_remove_signal_watch:<bus2> removing signal watch 64
0:00:01.583364967  6740 000000000053B030 DEBUG                GST_BUS gstbus.c:797:gst_bus_source_finalize:<bus2> finalize source 0000000002FA2D30
0:00:01.583411338  6740 000000000053B030 DEBUG                GST_BUS gstbus.c:1100:gst_bus_poll:<bus2> finished poll with message 000000000053F290
0:00:01.583456430  6740 000000000053B030 LOG              GST_MESSAGE gstmessage.c:184:_gst_message_free: finalize message 000000000053F290, state-changed from rtpptdemux0
0:00:01.583506000  6740 000000000053B030 DEBUG                GST_BUS gstbus.c:874:gst_bus_add_watch_full_unlocked:<bus2> New source 0000000002FA2D30 with id 65
0:00:01.583559406  6740 000000000053B030 DEBUG                GST_BUS gstbus.c:1085:gst_bus_poll: running mainloop 0000000002FF8940
0:00:01.583674855  6740 000000000053B030 LOG                  GST_BUS gstbus.c:502:gst_bus_timed_pop_filtered:<bus2> have 2 messages
0:00:01.583718667  6740 000000000053B030 DEBUG                GST_BUS gstbus.c:510:gst_bus_timed_pop_filtered:<bus2> got message 000000000053F310, state-changed from rtpptdemux0, type mask is 4294967295
0:00:01.583781668  6740 000000000053B030 DEBUG                GST_BUS gstbus.c:771:gst_bus_source_dispatch:<bus2> source 0000000002FA2D30 calling dispatch with 000000000053F310
0:00:01.583839872  6740 000000000053B030 DEBUG                GST_BUS gstbus.c:977:poll_func: mainloop 0000000002FF8940 quit
0:00:01.583959478  6740 000000000053B030 DEBUG                GST_BUS gstbus.c:776:gst_bus_source_dispatch:<bus2> source 0000000002FA2D30 handler returns 1
0:00:01.584007768  6740 000000000053B030 DEBUG                GST_BUS gstbus.c:1087:gst_bus_poll: mainloop stopped 0000000002FF8940
0:00:01.584066291  6740 000000000053B030 DEBUG                GST_BUS gstbus.c:1332:gst_bus_remove_signal_watch:<bus2> removing signal watch 65
0:00:01.584114581  6740 000000000053B030 DEBUG                GST_BUS gstbus.c:797:gst_bus_source_finalize:<bus2> finalize source 0000000002FA2D30
0:00:01.584160313  6740 000000000053B030 DEBUG                GST_BUS gstbus.c:1100:gst_bus_poll:<bus2> finished poll with message 000000000053F310
0:00:01.584203166  6740 000000000053B030 LOG              GST_MESSAGE gstmessage.c:184:_gst_message_free: finalize message 000000000053F310, state-changed from rtpptdemux0
0:00:01.584255613  6740 000000000053B030 DEBUG                GST_BUS gstbus.c:874:gst_bus_add_watch_full_unlocked:<bus2> New source 0000000002FA2D30 with id 66
0:00:01.584301025  6740 000000000053B030 DEBUG                GST_BUS gstbus.c:1085:gst_bus_poll: running mainloop 0000000002FF88E0
0:00:01.584346437  6740 000000000053B030 LOG                  GST_BUS gstbus.c:502:gst_bus_timed_pop_filtered:<bus2> have 1 messages
0:00:01.584388971  6740 000000000053B030 LOG                 GST_POLL gstpoll.c:201:release_wakeup: 0000000003E06240: release
0:00:01.584434062  6740 000000000053B030 DEBUG                GST_BUS gstbus.c:510:gst_bus_timed_pop_filtered:<bus2> got message 000000000053F110, state-changed from rtpjitterbuffer0, type mask is 4294967295
0:00:01.584482033  6740 000000000053B030 DEBUG                GST_BUS gstbus.c:771:gst_bus_source_dispatch:<bus2> source 0000000002FA2D30 calling dispatch with 000000000053F110
0:00:01.584537038  6740 000000000053B030 DEBUG                GST_BUS gstbus.c:977:poll_func: mainloop 0000000002FF88E0 quit
0:00:01.584599080  6740 000000000053B030 DEBUG                GST_BUS gstbus.c:776:gst_bus_source_dispatch:<bus2> source 0000000002FA2D30 handler returns 1
0:00:01.584655365  6740 000000000053B030 DEBUG                GST_BUS gstbus.c:1087:gst_bus_poll: mainloop stopped 0000000002FF88E0
0:00:01.584713569  6740 000000000053B030 DEBUG                GST_BUS gstbus.c:1332:gst_bus_remove_signal_watch:<bus2> removing signal watch 66
0:00:01.584761219  6740 000000000053B030 DEBUG                GST_BUS gstbus.c:797:gst_bus_source_finalize:<bus2> finalize source 0000000002FA2D30
0:00:01.584805671  6740 000000000053B030 DEBUG                GST_BUS gstbus.c:1100:gst_bus_poll:<bus2> finished poll with message 000000000053F110
0:00:01.584849484  6740 000000000053B030 LOG              GST_MESSAGE gstmessage.c:184:_gst_message_free: finalize message 000000000053F110, state-changed from rtpjitterbuffer0
0:00:01.584901612  6740 000000000053B030 DEBUG                GST_BUS gstbus.c:874:gst_bus_add_watch_full_unlocked:<bus2> New source 0000000002FA2D30 with id 67
0:00:01.584952460  6740 000000000053B030 DEBUG                GST_BUS gstbus.c:1085:gst_bus_poll: running mainloop 0000000002FF8940
0:00:01.583222016  6740 0000000002F77A80 DEBUG               GST_PADS gstpad.c:5121:do_stream_status:<rtpjitterbuffer0:src> doing stream-status 0
0:00:01.585122275  6740 0000000002F77A80 LOG              GST_MESSAGE gstmessage.c:282:gst_message_new_custom: source src: creating new message 000000000053F190 stream-status
0:00:01.585174082  6740 0000000002F77A80 DEBUG               GST_PADS gstpad.c:5150:do_stream_status:<rtpjitterbuffer0:src> posting stream-status 0
0:00:01.585221733  6740 0000000002F77A80 DEBUG                GST_BUS gstbus.c:316:gst_bus_post:<bus3> [msg 000000000053F190] posting on bus 000000000053F190
0:00:01.585272901  6740 0000000002F77A80 DEBUG                    bin gstbin.c:3270:gst_bin_handle_message_func:<rtpbin0> [msg 000000000053F190] handling child src message of type stream-status
0:00:01.585321191  6740 0000000002F77A80 DEBUG                    bin gstbin.c:3563:gst_bin_handle_message_func:<rtpbin0> posting message upward
0:00:01.585365643  6740 0000000002F77A80 DEBUG                GST_BUS gstbus.c:316:gst_bus_post:<bus0> [msg 000000000053F190] posting on bus 000000000053F190
0:00:01.585413613  6740 0000000002F77A80 DEBUG                    bin gstbin.c:3270:gst_bin_handle_message_func:<rtspsrc0> [msg 000000000053F190] handling child src message of type stream-status
0:00:01.585468939  6740 0000000002F77A80 DEBUG                    bin gstbin.c:3563:gst_bin_handle_message_func:<rtspsrc0> posting message upward
0:00:01.585510833  6740 0000000002F77A80 DEBUG                GST_BUS gstbus.c:316:gst_bus_post:<bus1> [msg 000000000053F190] posting on bus 000000000053F190
0:00:01.585558803  6740 0000000002F77A80 DEBUG                    bin gstbin.c:3270:gst_bin_handle_message_func:<pipeline0> [msg 000000000053F190] handling child src message of type stream-status
0:00:01.585605814  6740 0000000002F77A80 DEBUG                    bin gstbin.c:3563:gst_bin_handle_message_func:<pipeline0> posting message upward
0:00:01.585651865  6740 0000000002F77A80 DEBUG                GST_BUS gstbus.c:316:gst_bus_post:<bus2> [msg 000000000053F190] posting on bus 000000000053F190
0:00:01.585698876  6740 0000000002F77A80 DEBUG                GST_BUS gstbus.c:351:gst_bus_post:<bus2> [msg 000000000053F190] pushing on async queue
0:00:01.585750044  6740 0000000002F77A80 LOG                 GST_POLL gstpoll.c:186:raise_wakeup: 0000000003E06240: raise
0:00:01.585794497  6740 0000000002F77A80 DEBUG                GST_BUS gstbus.c:354:gst_bus_post:<bus2> [msg 000000000053F190] pushed on async queue
0:00:01.585800893  6740 000000000053B030 LOG                  GST_BUS gstbus.c:502:gst_bus_timed_pop_filtered:<bus2> have 1 messages
0:00:01.585898752  6740 000000000053B030 LOG                 GST_POLL gstpoll.c:201:release_wakeup: 0000000003E06240: release
0:00:01.585846624  6740 0000000002F77A80 DEBUG                GST_BUS gstbus.c:347:gst_bus_post:<bus1> [msg 000000000053F190] dropped
0:00:01.585946402  6740 000000000053B030 DEBUG                GST_BUS gstbus.c:510:gst_bus_timed_pop_filtered:<bus2> got message 000000000053F190, stream-status from src, type mask is 4294967295
0:00:01.585993413  6740 0000000002F77A80 DEBUG                GST_BUS gstbus.c:347:gst_bus_post:<bus0> [msg 000000000053F190] dropped
0:00:01.586104064  6740 0000000002F77A80 DEBUG                GST_BUS gstbus.c:347:gst_bus_post:<bus3> [msg 000000000053F190] dropped
0:00:01.586152994  6740 0000000002F77A80 DEBUG                   task gsttask.c:662:gst_task_set_state:<task5> Changing task 0000000003E11A20 to state 0
0:00:01.586044901  6740 000000000053B030 DEBUG                GST_BUS gstbus.c:771:gst_bus_source_dispatch:<bus2> source 0000000002FA2D30 calling dispatch with 000000000053F190
0:00:01.586252452  6740 000000000053B030 DEBUG                GST_BUS gstbus.c:977:poll_func: mainloop 0000000002FF8940 quit
0:00:01.586254371  6740 0000000002F77A80 DEBUG               GST_PADS gstpad.c:1070:gst_pad_activate_mode:<rtpjitterbuffer0:src> activated in push mode
0:00:01.586362144  6740 0000000002F77A80 DEBUG               GST_PADS gstpad.c:935:gst_pad_set_active:<rtpjitterbuffer0:sink> activating pad from none
0:00:01.586338478  6740 0000000003E61280 DEBUG                   task gsttask.c:270:gst_task_func: Entering task 0000000003E11A20, thread 0000000003E61280
0:00:01.586306498  6740 000000000053B030 DEBUG                GST_BUS gstbus.c:776:gst_bus_source_dispatch:<bus2> source 0000000002FA2D30 handler returns 1
0:00:01.586519486  6740 000000000053B030 DEBUG                GST_BUS gstbus.c:1087:gst_bus_poll: mainloop stopped 0000000002FF8940
0:00:01.586469917  6740 0000000003E61280 DEBUG               GST_PADS gstpad.c:5121:do_stream_status:<rtpjitterbuffer0:src> doing stream-status 1
0:00:01.586416510  6740 0000000002F77A80 DEBUG               GST_PADS gstpad.c:852:pre_activate:<rtpjitterbuffer0:sink> setting pad into push mode, unset flushing
0:00:01.586574492  6740 000000000053B030 DEBUG                GST_BUS gstbus.c:1332:gst_bus_remove_signal_watch:<bus2> removing signal watch 67
0:00:01.586639731  6740 0000000003E61280 LOG              GST_MESSAGE gstmessage.c:282:gst_message_new_custom: source src: creating new message 0000000003E18690 stream-status
0:00:01.586688341  6740 0000000002F77A80 DEBUG               GST_PADS gstpad.c:1070:gst_pad_activate_mode:<rtpjitterbuffer0:sink> activated in push mode
0:00:01.586741428  6740 000000000053B030 DEBUG                GST_BUS gstbus.c:797:gst_bus_source_finalize:<bus2> finalize source 0000000002FA2D30
0:00:01.586794195  6740 0000000003E61280 DEBUG               GST_PADS gstpad.c:5150:do_stream_status:<rtpjitterbuffer0:src> posting stream-status 1
0:00:01.586848241  6740 0000000002F77A80 DEBUG       GST_ELEMENT_PADS gstelement.c:2751:gst_element_pads_activate:<rtpjitterbuffer0> pad activation successful
0:00:01.586901968  6740 000000000053B030 DEBUG                GST_BUS gstbus.c:1100:gst_bus_poll:<bus2> finished poll with message 000000000053F190
0:00:01.587056432  6740 000000000053B030 LOG              GST_MESSAGE gstmessage.c:184:_gst_message_free: finalize message 000000000053F190, stream-status from src
0:00:01.587002705  6740 0000000002F77A80 DEBUG             GST_STATES gstelement.c:2635:gst_element_change_state:<rtpjitterbuffer0> element changed state NO_PREROLL
0:00:01.586948979  6740 0000000003E61280 DEBUG                GST_BUS gstbus.c:316:gst_bus_post:<bus3> [msg 0000000003E18690] posting on bus 0000000003E18690
0:00:01.587110478  6740 000000000053B030 DEBUG                GST_BUS gstbus.c:874:gst_bus_add_watch_full_unlocked:<bus2> New source 0000000002FA2D30 with id 68
0:00:01.587259506  6740 000000000053B030 DEBUG                GST_BUS gstbus.c:1085:gst_bus_poll: running mainloop 0000000002FF88E0
0:00:01.587208338  6740 0000000003E61280 DEBUG                    bin gstbin.c:3270:gst_bin_handle_message_func:<rtpbin0> [msg 0000000003E18690] handling child src message of type stream-status
0:00:01.587358964  6740 0000000003E61280 DEBUG                    bin gstbin.c:3563:gst_bin_handle_message_func:<rtpbin0> posting message upward
0:00:01.587405015  6740 0000000003E61280 DEBUG                GST_BUS gstbus.c:316:gst_bus_post:<bus0> [msg 0000000003E18690] posting on bus 0000000003E18690
0:00:01.587451386  6740 0000000003E61280 DEBUG                    bin gstbin.c:3270:gst_bin_handle_message_func:<rtspsrc0> [msg 0000000003E18690] handling child src message of type stream-status
0:00:01.587499037  6740 0000000003E61280 DEBUG                    bin gstbin.c:3563:gst_bin_handle_message_func:<rtspsrc0> posting message upward
0:00:01.587547327  6740 0000000003E61280 DEBUG                GST_BUS gstbus.c:316:gst_bus_post:<bus1> [msg 0000000003E18690] posting on bus 0000000003E18690
0:00:01.587599774  6740 0000000003E61280 DEBUG                    bin gstbin.c:3270:gst_bin_handle_message_func:<pipeline0> [msg 0000000003E18690] handling child src message of type stream-status
0:00:01.587643907  6740 0000000003E61280 DEBUG                    bin gstbin.c:3563:gst_bin_handle_message_func:<pipeline0> posting message upward
0:00:01.587687080  6740 0000000003E61280 DEBUG                GST_BUS gstbus.c:316:gst_bus_post:<bus2> [msg 0000000003E18690] posting on bus 0000000003E18690
0:00:01.587737608  6740 0000000003E61280 DEBUG                GST_BUS gstbus.c:351:gst_bus_post:<bus2> [msg 0000000003E18690] pushing on async queue
0:00:01.587786858  6740 0000000003E61280 LOG                 GST_POLL gstpoll.c:186:raise_wakeup: 0000000003E06240: raise
0:00:01.587837386  6740 0000000003E61280 DEBUG                GST_BUS gstbus.c:354:gst_bus_post:<bus2> [msg 0000000003E18690] pushed on async queue
0:00:01.587882798  6740 0000000003E61280 DEBUG                GST_BUS gstbus.c:347:gst_bus_post:<bus1> [msg 0000000003E18690] dropped
0:00:01.587842823  6740 000000000053B030 LOG                  GST_BUS gstbus.c:502:gst_bus_timed_pop_filtered:<bus2> have 1 messages
0:00:01.587979378  6740 000000000053B030 LOG                 GST_POLL gstpoll.c:201:release_wakeup: 0000000003E06240: release
0:00:01.588032785  6740 000000000053B030 DEBUG                GST_BUS gstbus.c:510:gst_bus_timed_pop_filtered:<bus2> got message 0000000003E18690, stream-status from src, type mask is 4294967295
0:00:01.588084913  6740 000000000053B030 DEBUG                GST_BUS gstbus.c:771:gst_bus_source_dispatch:<bus2> source 0000000002FA2D30 calling dispatch with 0000000003E18690
0:00:01.588138319  6740 000000000053B030 DEBUG                GST_BUS gstbus.c:977:poll_func: mainloop 0000000002FF88E0 quit
0:00:01.588188208  6740 000000000053B030 DEBUG                GST_BUS gstbus.c:776:gst_bus_source_dispatch:<bus2> source 0000000002FA2D30 handler returns 1
0:00:01.588234260  6740 000000000053B030 DEBUG                GST_BUS gstbus.c:1087:gst_bus_poll: mainloop stopped 0000000002FF88E0
0:00:01.588287666  6740 000000000053B030 DEBUG                GST_BUS gstbus.c:1332:gst_bus_remove_signal_watch:<bus2> removing signal watch 68
0:00:01.588333398  6740 000000000053B030 DEBUG                GST_BUS gstbus.c:797:gst_bus_source_finalize:<bus2> finalize source 0000000002FA2D30
0:00:01.587151733  6740 0000000002F77A80 INFO              GST_STATES gstelement.c:2296:gst_element_continue_state:<rtpjitterbuffer0> committing state from READY to PAUSED, pending PLAYING, next PLAYING
0:00:01.588434775  6740 0000000002F77A80 INFO              GST_STATES gstelement.c:2226:_priv_gst_element_state_changed:<rtpjitterbuffer0> notifying about state-changed READY to PAUSED (PLAYING pending)
0:00:01.588486903  6740 0000000002F77A80 LOG              GST_MESSAGE gstmessage.c:282:gst_message_new_custom: source rtpjitterbuffer0: creating new message 000000000053F990 state-changed
0:00:01.588536472  6740 0000000002F77A80 DEBUG                GST_BUS gstbus.c:316:gst_bus_post:<bus3> [msg 000000000053F990] posting on bus 000000000053F990
0:00:01.588581244  6740 0000000002F77A80 DEBUG                    bin gstbin.c:3270:gst_bin_handle_message_func:<rtpbin0> [msg 000000000053F990] handling child rtpjitterbuffer0 message of type state-changed
0:00:01.588637849  6740 0000000002F77A80 DEBUG                    bin gstbin.c:3563:gst_bin_handle_message_func:<rtpbin0> posting message upward
0:00:01.588691575  6740 0000000002F77A80 DEBUG                GST_BUS gstbus.c:316:gst_bus_post:<bus0> [msg 000000000053F990] posting on bus 000000000053F990
0:00:01.588737946  6740 0000000002F77A80 DEBUG                    bin gstbin.c:3270:gst_bin_handle_message_func:<rtspsrc0> [msg 000000000053F990] handling child rtpjitterbuffer0 message of type state-changed
0:00:01.588791353  6740 0000000002F77A80 DEBUG                    bin gstbin.c:3563:gst_bin_handle_message_func:<rtspsrc0> posting message upward
0:00:01.588839004  6740 0000000002F77A80 DEBUG                GST_BUS gstbus.c:316:gst_bus_post:<bus1> [msg 000000000053F990] posting on bus 000000000053F990
0:00:01.588894969  6740 0000000002F77A80 DEBUG                    bin gstbin.c:3270:gst_bin_handle_message_func:<pipeline0> [msg 000000000053F990] handling child rtpjitterbuffer0 message of type state-changed
0:00:01.588942939  6740 0000000002F77A80 DEBUG                    bin gstbin.c:3563:gst_bin_handle_message_func:<pipeline0> posting message upward
0:00:01.588386485  6740 000000000053B030 DEBUG                GST_BUS gstbus.c:1100:gst_bus_poll:<bus2> finished poll with message 0000000003E18690
0:00:01.589033763  6740 000000000053B030 LOG              GST_MESSAGE gstmessage.c:184:_gst_message_free: finalize message 0000000003E18690, stream-status from src
0:00:01.588986432  6740 0000000002F77A80 DEBUG                GST_BUS gstbus.c:316:gst_bus_post:<bus2> [msg 000000000053F990] posting on bus 000000000053F990
0:00:01.589093246  6740 000000000053B030 DEBUG                GST_BUS gstbus.c:874:gst_bus_add_watch_full_unlocked:<bus2> New source 0000000002FA2D30 with id 69
0:00:01.589202298  6740 000000000053B030 DEBUG                GST_BUS gstbus.c:1085:gst_bus_poll: running mainloop 0000000002FF8940
0:00:01.589206135  6740 0000000002F77A80 DEBUG                GST_BUS gstbus.c:351:gst_bus_post:<bus2> [msg 000000000053F990] pushing on async queue
0:00:01.589307832  6740 0000000002F77A80 LOG                 GST_POLL gstpoll.c:186:raise_wakeup: 0000000003E06240: raise
0:00:01.589360599  6740 0000000002F77A80 DEBUG                GST_BUS gstbus.c:354:gst_bus_post:<bus2> [msg 000000000053F990] pushed on async queue
0:00:01.589405372  6740 0000000002F77A80 DEBUG                GST_BUS gstbus.c:347:gst_bus_post:<bus1> [msg 000000000053F990] dropped
0:00:01.589445347  6740 0000000002F77A80 DEBUG                GST_BUS gstbus.c:347:gst_bus_post:<bus0> [msg 000000000053F990] dropped
0:00:01.589489159  6740 0000000002F77A80 DEBUG                GST_BUS gstbus.c:347:gst_bus_post:<bus3> [msg 000000000053F990] dropped
0:00:01.589543845  6740 0000000002F77A80 INFO              GST_STATES gstelement.c:2303:gst_element_continue_state:<rtpjitterbuffer0> continue state change PAUSED to PLAYING, final PLAYING
0:00:01.589590536  6740 0000000002F77A80 LOG               GST_STATES gstelement.c:2789:gst_element_change_state_func:<rtpjitterbuffer0> default handler tries setting state from PAUSED to PLAYING (001c)
0:00:01.589647781  6740 0000000002F77A80 DEBUG             GST_STATES gstelement.c:2628:gst_element_change_state:<rtpjitterbuffer0> element changed state SUCCESS
0:00:01.589697350  6740 0000000002F77A80 INFO              GST_STATES gstelement.c:2321:gst_element_continue_state:<rtpjitterbuffer0> completed state change to PLAYING
0:00:01.589748838  6740 0000000002F77A80 INFO              GST_STATES gstelement.c:2226:_priv_gst_element_state_changed:<rtpjitterbuffer0> notifying about state-changed PAUSED to PLAYING (VOID_PENDING pending)
0:00:01.589807681  6740 0000000002F77A80 LOG              GST_MESSAGE gstmessage.c:282:gst_message_new_custom: source rtpjitterbuffer0: creating new message 000000000053FB90 state-changed
0:00:01.589856931  6740 0000000002F77A80 DEBUG                GST_BUS gstbus.c:316:gst_bus_post:<bus3> [msg 000000000053FB90] posting on bus 000000000053FB90
0:00:01.589912256  6740 0000000002F77A80 DEBUG                    bin gstbin.c:3270:gst_bin_handle_message_func:<rtpbin0> [msg 000000000053FB90] handling child rtpjitterbuffer0 message of type state-changed
0:00:01.589962785  6740 0000000002F77A80 DEBUG                    bin gstbin.c:3563:gst_bin_handle_message_func:<rtpbin0> posting message upward
0:00:01.590006278  6740 0000000002F77A80 DEBUG                GST_BUS gstbus.c:316:gst_bus_post:<bus0> [msg 000000000053FB90] posting on bus 000000000053FB90
0:00:01.590055847  6740 0000000002F77A80 DEBUG                    bin gstbin.c:3270:gst_bin_handle_message_func:<rtspsrc0> [msg 000000000053FB90] handling child rtpjitterbuffer0 message of type state-changed
0:00:01.590102218  6740 0000000002F77A80 DEBUG                    bin gstbin.c:3563:gst_bin_handle_message_func:<rtspsrc0> posting message upward
0:00:01.590146990  6740 0000000002F77A80 DEBUG                GST_BUS gstbus.c:316:gst_bus_post:<bus1> [msg 000000000053FB90] posting on bus 000000000053FB90
0:00:01.590199438  6740 0000000002F77A80 DEBUG                    bin gstbin.c:3270:gst_bin_handle_message_func:<pipeline0> [msg 000000000053FB90] handling child rtpjitterbuffer0 message of type state-changed
0:00:01.590258601  6740 0000000002F77A80 DEBUG                    bin gstbin.c:3563:gst_bin_handle_message_func:<pipeline0> posting message upward
0:00:01.590306251  6740 0000000002F77A80 DEBUG                GST_BUS gstbus.c:316:gst_bus_post:<bus2> [msg 000000000053FB90] posting on bus 000000000053FB90
0:00:01.590352623  6740 0000000002F77A80 DEBUG                GST_BUS gstbus.c:351:gst_bus_post:<bus2> [msg 000000000053FB90] pushing on async queue
0:00:01.590404111  6740 0000000002F77A80 DEBUG                GST_BUS gstbus.c:354:gst_bus_post:<bus2> [msg 000000000053FB90] pushed on async queue
0:00:01.590453360  6740 0000000002F77A80 DEBUG                GST_BUS gstbus.c:347:gst_bus_post:<bus1> [msg 000000000053FB90] dropped
0:00:01.590504208  6740 0000000002F77A80 DEBUG                GST_BUS gstbus.c:347:gst_bus_post:<bus0> [msg 000000000053FB90] dropped
0:00:01.590549300  6740 0000000002F77A80 DEBUG                GST_BUS gstbus.c:347:gst_bus_post:<bus3> [msg 000000000053FB90] dropped
0:00:01.590603027  6740 0000000002F77A80 LOG               GST_STATES gstelement.c:2644:gst_element_change_state:<rtpjitterbuffer0> exit state change 1
0:00:01.590653875  6740 0000000002F77A80 LOG               GST_STATES gstelement.c:2644:gst_element_change_state:<rtpjitterbuffer0> exit state change 1
0:00:01.590703444  6740 0000000002F77A80 LOG               GST_STATES gstelement.c:2644:gst_element_change_state:<rtpjitterbuffer0> exit state change 1
0:00:01.590757171  6740 0000000002F77A80 DEBUG             GST_STATES gstelement.c:2555:gst_element_set_state_func:<rtpjitterbuffer0> returned SUCCESS
0:00:01.590811537  6740 0000000002F77A80 DEBUG                 rtpbin gstrtpbin.c:2513:new_ssrc_pad_found:<rtpbin0> linking jitterbuffer RTP
0:00:01.590861426  6740 0000000002F77A80 INFO        GST_ELEMENT_PADS gstelement.c:894:gst_element_get_static_pad: found pad rtpssrcdemux0:src_2962550724
0:00:01.590905239  6740 0000000002F77A80 INFO        GST_ELEMENT_PADS gstelement.c:894:gst_element_get_static_pad: found pad rtpjitterbuffer0:sink
0:00:01.590961204  6740 0000000002F77A80 LOG              GST_MESSAGE gstmessage.c:282:gst_message_new_custom: source sink: creating new message 000000000053FB10 structure-change
0:00:01.591008855  6740 0000000002F77A80 DEBUG                GST_BUS gstbus.c:316:gst_bus_post:<bus3> [msg 000000000053FB10] posting on bus 000000000053FB10
0:00:01.591062581  6740 0000000002F77A80 DEBUG                    bin gstbin.c:3270:gst_bin_handle_message_func:<rtpbin0> [msg 000000000053FB10] handling child sink message of type structure-change
0:00:01.591108632  6740 0000000002F77A80 DEBUG                    bin gstbin.c:879:find_message:<rtpbin0> no message found matching types 00001000
0:00:01.591154044  6740 0000000002F77A80 DEBUG                    bin gstbin.c:886:find_message:<rtpbin0>   structure-change
0:00:01.591200415  6740 0000000002F77A80 DEBUG                    bin gstbin.c:926:bin_replace_message:<rtpbin0> got new message 000000000053FB10, structure-change from sink
0:00:01.591245827  6740 0000000002F77A80 DEBUG                GST_BUS gstbus.c:347:gst_bus_post:<bus3> [msg 000000000053FB10] dropped
0:00:01.591290919  6740 0000000002F77A80 INFO                GST_PADS gstpad.c:2062:gst_pad_link_prepare: trying to link rtpssrcdemux0:src_2962550724 and rtpjitterbuffer0:sink
0:00:01.591339529  6740 0000000002F77A80 DEBUG               GST_CAPS gstutils.c:2762:gst_pad_query_caps:<rtpssrcdemux0:src_2962550724> get pad caps with filter 0000000000000000
0:00:01.591384301  6740 0000000002F77A80 DEBUG                  query gstquery.c:679:gst_query_new_custom: creating new query 0000000003E16050 caps
0:00:01.591431951  6740 0000000002F77A80 DEBUG               GST_PADS gstpad.c:3402:gst_pad_query:<rtpssrcdemux0:src_2962550724> doing query 0000000003E16050 (caps)
0:00:01.591479282  6740 0000000002F77A80 LOG           GST_SCHEDULING gstpad.c:3128:do_probe_callbacks:<rtpssrcdemux0:src_2962550724> do probes cookie 1
0:00:01.591536526  6740 0000000002F77A80 LOG           GST_SCHEDULING gstpad.c:3072:probe_hook_marshal:<rtpssrcdemux0:src_2962550724> hook 1, cookie 1 with flags 0x00003072 does not match 00001402
0:00:01.591582258  6740 0000000002F77A80 DEBUG               GST_PADS gstpad.c:3196:do_probe_callbacks:<rtpssrcdemux0:src_2962550724> data is passed
0:00:01.591626071  6740 0000000002F77A80 LOG           GST_SCHEDULING gstpad.c:3128:do_probe_callbacks:<rtpssrcdemux0:src_2962550724> do probes cookie 2
0:00:01.591671163  6740 0000000002F77A80 LOG           GST_SCHEDULING gstpad.c:3072:probe_hook_marshal:<rtpssrcdemux0:src_2962550724> hook 1, cookie 2 with flags 0x00003072 does not match 00001400
0:00:01.591716894  6740 0000000002F77A80 DEBUG               GST_CAPS gstpad.c:2834:gst_pad_query_caps_default:<rtpssrcdemux0:src_2962550724> query caps 0000000003E16050
0:00:01.591761347  6740 0000000002F77A80 DEBUG               GST_CAPS gstpad.c:2851:gst_pad_query_caps_default:<rtpssrcdemux0:src_2962550724> fixed pad caps: trying pad caps
0:00:01.591814753  6740 0000000002F77A80 DEBUG               GST_CAPS gstpad.c:2857:gst_pad_query_caps_default:<rtpssrcdemux0:src_2962550724> trying pad template caps
0:00:01.591863363  6740 0000000002F77A80 DEBUG               GST_CAPS gstpad.c:2887:gst_pad_query_caps_default:<rtpssrcdemux0:src_2962550724> using caps 0000000003E1C050 0000000003E1C050
0:00:01.591919009  6740 0000000002F77A80 DEBUG               GST_PADS gstpad.c:2965:gst_pad_query_default:<rtpssrcdemux0:src_2962550724> not forwarding 0000000003E16050 (caps) query
0:00:01.591974654  6740 0000000002F77A80 DEBUG               GST_PADS gstpad.c:3424:gst_pad_query:<rtpssrcdemux0:src_2962550724> sent query 0000000003E16050 (caps), result 1
0:00:01.592022304  6740 0000000002F77A80 LOG           GST_SCHEDULING gstpad.c:3128:do_probe_callbacks:<rtpssrcdemux0:src_2962550724> do probes cookie 3
0:00:01.592071554  6740 0000000002F77A80 LOG           GST_SCHEDULING gstpad.c:3072:probe_hook_marshal:<rtpssrcdemux0:src_2962550724> hook 1, cookie 3 with flags 0x00003072 does not match 00002400
0:00:01.592125600  6740 0000000002F77A80 DEBUG               GST_CAPS gstutils.c:2769:gst_pad_query_caps:<rtpssrcdemux0:src_2962550724> query returned 0000000003E1C050
0:00:01.592186043  6740 0000000002F77A80 DEBUG               GST_CAPS gstutils.c:2762:gst_pad_query_caps:<rtpjitterbuffer0:sink> get pad caps with filter 0000000000000000
0:00:01.592238810  6740 0000000002F77A80 DEBUG                  query gstquery.c:679:gst_query_new_custom: creating new query 0000000003E16000 caps
0:00:01.592278785  6740 0000000002F77A80 DEBUG               GST_PADS gstpad.c:3402:gst_pad_query:<rtpjitterbuffer0:sink> doing query 0000000003E16000 (caps)
0:00:01.592324836  6740 0000000002F77A80 DEBUG               GST_CAPS gstutils.c:2808:gst_pad_peer_query_caps:<rtpjitterbuffer0:src> get pad peer caps with filter 0000000000000000
0:00:01.592374725  6740 0000000002F77A80 DEBUG                  query gstquery.c:679:gst_query_new_custom: creating new query 0000000003E16050 caps
0:00:01.592423335  6740 0000000002F77A80 DEBUG               GST_PADS gstpad.c:3527:gst_pad_peer_query:<rtpjitterbuffer0:src> peer query 0000000003E16050 (caps)
0:00:01.592477701  6740 0000000002F77A80 DEBUG               GST_PADS gstpad.c:3402:gst_pad_query:<rtpptdemux0:sink> doing query 0000000003E16050 (caps)
0:00:01.592524712  6740 0000000002F77A80 DEBUG               GST_CAPS gstpad.c:2834:gst_pad_query_caps_default:<rtpptdemux0:sink> query caps 0000000003E16050
0:00:01.592570444  6740 0000000002F77A80 DEBUG               GST_CAPS gstpad.c:2857:gst_pad_query_caps_default:<rtpptdemux0:sink> trying pad template caps
0:00:01.592616815  6740 0000000002F77A80 DEBUG               GST_CAPS gstpad.c:2887:gst_pad_query_caps_default:<rtpptdemux0:sink> using caps 0000000003E160F0 0000000003E160F0
0:00:01.592663826  6740 0000000002F77A80 DEBUG               GST_PADS gstpad.c:2965:gst_pad_query_default:<rtpptdemux0:sink> not forwarding 0000000003E16050 (caps) query
0:00:01.592713075  6740 0000000002F77A80 DEBUG               GST_PADS gstpad.c:3424:gst_pad_query:<rtpptdemux0:sink> sent query 0000000003E16050 (caps), result 1
0:00:01.592758487  6740 0000000002F77A80 DEBUG               GST_CAPS gstutils.c:2815:gst_pad_peer_query_caps:<rtpjitterbuffer0:src> peer query returned 0000000003E160F0
0:00:01.592805178  6740 0000000002F77A80 DEBUG     gstrtpjitterbuffer gstrtpjitterbuffer.c:742:gst_rtp_jitter_buffer_getcaps:<rtpjitterbuffer0> intersect with template
0:00:01.592855386  6740 0000000002F77A80 DEBUG               GST_PADS gstpad.c:3424:gst_pad_query:<rtpjitterbuffer0:sink> sent query 0000000003E16000 (caps), result 1
0:00:01.592903037  6740 0000000002F77A80 DEBUG               GST_CAPS gstutils.c:2769:gst_pad_query_caps:<rtpjitterbuffer0:sink> query returned 0000000003E162D0
0:00:01.592961560  6740 0000000002F77A80 DEBUG               GST_CAPS gstpad.c:1962:gst_pad_link_check_compatible_unlocked:<rtpssrcdemux0:src_2962550724> src caps 0000000003E1C050
0:00:01.593006652  6740 0000000002F77A80 DEBUG               GST_CAPS gstpad.c:1964:gst_pad_link_check_compatible_unlocked:<rtpjitterbuffer0:sink> sink caps 0000000003E162D0
0:00:01.593053343  6740 0000000002F77A80 DEBUG               GST_CAPS gstpad.c:1982:gst_pad_link_check_compatible_unlocked: caps are compatible
