0:00:01.402615910  6740 0000000002F77800 LOG               GST_STATES gstelement.c:2644:gst_element_change_state:<udpsink0> exit state change 1
0:00:01.402682748  6740 0000000002F77800 LOG               GST_STATES gstelement.c:2644:gst_element_change_state:<udpsink0> exit state change 1
0:00:01.402750226  6740 0000000002F77800 LOG               GST_STATES gstelement.c:2644:gst_element_change_state:<udpsink0> exit state change 1
0:00:01.402815785  6740 0000000002F77800 DEBUG             GST_STATES gstelement.c:2555:gst_element_set_state_func:<udpsink0> returned SUCCESS
0:00:01.402882624  6740 0000000002F77800 DEBUG             GST_STATES gstelement.c:2471:gst_element_set_state_func:<fakesrc0> set_state to PLAYING
0:00:01.402950422  6740 0000000002F77800 DEBUG             GST_STATES gstelement.c:2496:gst_element_set_state_func:<fakesrc0> setting target state to PLAYING
0:00:01.403016621  6740 0000000002F77800 DEBUG             GST_STATES gstelement.c:2509:gst_element_set_state_func:<fakesrc0> current NULL, old_pending VOID_PENDING, next VOID_PENDING, old return SUCCESS
0:00:01.403087297  6740 0000000002F77800 DEBUG             GST_STATES gstelement.c:2543:gst_element_set_state_func:<fakesrc0> intermediate: setting state from NULL to READY
0:00:01.403155414  6740 0000000002F77800 LOG               GST_STATES gstelement.c:2789:gst_element_change_state_func:<fakesrc0> default handler tries setting state from NULL to READY (000a)
0:00:01.403224811  6740 0000000002F77800 DEBUG             GST_STATES gstelement.c:2628:gst_element_change_state:<fakesrc0> element changed state SUCCESS
0:00:01.403290370  6740 0000000002F77800 INFO              GST_STATES gstelement.c:2296:gst_element_continue_state:<fakesrc0> committing state from NULL to READY, pending PLAYING, next PAUSED
0:00:01.403360087  6740 0000000002F77800 INFO              GST_STATES gstelement.c:2226:_priv_gst_element_state_changed:<fakesrc0> notifying about state-changed NULL to READY (PLAYING pending)
0:00:01.403428844  6740 0000000002F77800 LOG              GST_MESSAGE gstmessage.c:282:gst_message_new_custom: source fakesrc0: creating new message 0000000003E18590 state-changed
0:00:01.403499520  6740 0000000002F77800 DEBUG                GST_BUS gstbus.c:316:gst_bus_post:<bus0> [msg 0000000003E18590] posting on bus 0000000003E18590
0:00:01.403569877  6740 0000000002F77800 DEBUG                    bin gstbin.c:3270:gst_bin_handle_message_func:<rtspsrc0> [msg 0000000003E18590] handling child fakesrc0 message of type state-changed
0:00:01.403639273  6740 0000000002F77800 DEBUG                    bin gstbin.c:3563:gst_bin_handle_message_func:<rtspsrc0> posting message upward
0:00:01.403704513  6740 0000000002F77800 DEBUG                GST_BUS gstbus.c:316:gst_bus_post:<bus1> [msg 0000000003E18590] posting on bus 0000000003E18590
0:00:01.403772950  6740 0000000002F77800 DEBUG                    bin gstbin.c:3270:gst_bin_handle_message_func:<pipeline0> [msg 0000000003E18590] handling child fakesrc0 message of type state-changed
0:00:01.403844906  6740 0000000002F77800 DEBUG                    bin gstbin.c:3563:gst_bin_handle_message_func:<pipeline0> posting message upward
0:00:01.403912703  6740 0000000002F77800 DEBUG                GST_BUS gstbus.c:316:gst_bus_post:<bus2> [msg 0000000003E18590] posting on bus 0000000003E18590
0:00:01.403980501  6740 0000000002F77800 DEBUG                GST_BUS gstbus.c:351:gst_bus_post:<bus2> [msg 0000000003E18590] pushing on async queue
0:00:01.404047660  6740 0000000002F77800 DEBUG                GST_BUS gstbus.c:354:gst_bus_post:<bus2> [msg 0000000003E18590] pushed on async queue
0:00:01.404114498  6740 0000000002F77800 DEBUG                GST_BUS gstbus.c:347:gst_bus_post:<bus1> [msg 0000000003E18590] dropped
0:00:01.404180697  6740 0000000002F77800 DEBUG                GST_BUS gstbus.c:347:gst_bus_post:<bus0> [msg 0000000003E18590] dropped
0:00:01.404248495  6740 0000000002F77800 INFO              GST_STATES gstelement.c:2303:gst_element_continue_state:<fakesrc0> continue state change READY to PAUSED, final PLAYING
0:00:01.404317252  6740 0000000002F77800 LOG               GST_STATES gstelement.c:2789:gst_element_change_state_func:<fakesrc0> default handler tries setting state from READY to PAUSED (0013)
0:00:01.404386329  6740 0000000002F77800 DEBUG       GST_ELEMENT_PADS gstelement.c:2732:gst_element_pads_activate:<fakesrc0> activate pads
0:00:01.404455406  6740 0000000002F77800 DEBUG               GST_PADS gstpad.c:935:gst_pad_set_active:<fakesrc0:src> activating pad from none
0:00:01.404525762  6740 0000000002F77800 DEBUG               GST_PADS gstpad.c:852:pre_activate:<fakesrc0:src> setting pad into push mode, unset flushing
0:00:01.404592921  6740 0000000002F77800 DEBUG                basesrc gstbasesrc.c:3507:gst_base_src_activate_push:<fakesrc0> Activating in push mode
0:00:01.404661358  6740 0000000002F77800 DEBUG                basesrc gstbasesrc.c:3207:gst_base_src_start_complete:<fakesrc0> starting source
0:00:01.404727557  6740 0000000002F77800 DEBUG                basesrc gstbasesrc.c:3220:gst_base_src_start_complete:<fakesrc0> setting size 18446744073709551615
0:00:01.404796954  6740 0000000002F77800 DEBUG                basesrc gstbasesrc.c:3231:gst_base_src_start_complete:<fakesrc0> format: bytes, have size: 0, size: 18446744073709551615, duration: -1
0:00:01.404866990  6740 0000000002F77800 DEBUG                basesrc gstbasesrc.c:3234:gst_base_src_start_complete:<fakesrc0> is seekable: 1
0:00:01.404933829  6740 0000000002F77800 DEBUG                basesrc gstbasesrc.c:3239:gst_base_src_start_complete:<fakesrc0> is random_access: 1
0:00:01.405000027  6740 0000000002F77800 DEBUG                basesrc gstbasesrc.c:3388:gst_base_src_set_flushing:<fakesrc0> flushing 0, live_play 0
0:00:01.405068145  6740 0000000002F77800 DEBUG                basesrc gstbasesrc.c:1526:gst_base_src_perform_seek:<fakesrc0> doing seek: 0000000000000000
0:00:01.405135943  6740 0000000002F77800 DEBUG               GST_PADS gstpad.c:5251:gst_pad_pause_task:<fakesrc0:src> pause task
0:00:01.405201182  6740 0000000002F77800 DEBUG               GST_PADS gstpad.c:5269:gst_pad_pause_task:<fakesrc0:src> pad has no task
0:00:01.405266102  6740 0000000002F77800 DEBUG                basesrc gstbasesrc.c:1582:gst_base_src_perform_seek:<fakesrc0> seek with seqnum 96
0:00:01.405333260  6740 0000000002F77800 DEBUG                basesrc gstbasesrc.c:1619:gst_base_src_perform_seek:<fakesrc0> segment configured from 0 to -1, position 0
0:00:01.405401058  6740 0000000002F77800 DEBUG               GST_PADS gstpad.c:5195:gst_pad_start_task:<fakesrc0:src> start task
0:00:01.405481968  6740 0000000002F77800 DEBUG                   task gsttask.c:407:gst_task_new: Created task 0000000003E117E0
0:00:01.405551684  6740 0000000002F77800 INFO                    task gsttask.c:431:gst_task_set_lock: setting stream lock 0000000002EA5110 on task 0000000003E117E0
0:00:01.405622680  6740 0000000002F77800 INFO                GST_PADS gstpad.c:5204:gst_pad_start_task:<fakesrc0:src> created task 0000000003E117E0
0:00:01.405693996  6740 0000000002F77800 DEBUG               GST_PADS gstpad.c:5121:do_stream_status:<fakesrc0:src> doing stream-status 0
0:00:01.405764352  6740 0000000002F77800 LOG              GST_MESSAGE gstmessage.c:282:gst_message_new_custom: source src: creating new message 0000000003E18610 stream-status
0:00:01.405836947  6740 0000000002F77800 DEBUG               GST_PADS gstpad.c:5150:do_stream_status:<fakesrc0:src> posting stream-status 0
0:00:01.405905065  6740 0000000002F77800 DEBUG                GST_BUS gstbus.c:316:gst_bus_post:<bus0> [msg 0000000003E18610] posting on bus 0000000003E18610
0:00:01.405973182  6740 0000000002F77800 DEBUG                    bin gstbin.c:3270:gst_bin_handle_message_func:<rtspsrc0> [msg 0000000003E18610] handling child src message of type stream-status
0:00:01.406041940  6740 0000000002F77800 DEBUG                    bin gstbin.c:3563:gst_bin_handle_message_func:<rtspsrc0> posting message upward
0:00:01.406107499  6740 0000000002F77800 DEBUG                GST_BUS gstbus.c:316:gst_bus_post:<bus1> [msg 0000000003E18610] posting on bus 0000000003E18610
0:00:01.406174977  6740 0000000002F77800 DEBUG                    bin gstbin.c:3270:gst_bin_handle_message_func:<pipeline0> [msg 0000000003E18610] handling child src message of type stream-status
0:00:01.406244054  6740 0000000002F77800 DEBUG                    bin gstbin.c:3563:gst_bin_handle_message_func:<pipeline0> posting message upward
0:00:01.406309613  6740 0000000002F77800 DEBUG                GST_BUS gstbus.c:316:gst_bus_post:<bus2> [msg 0000000003E18610] posting on bus 0000000003E18610
0:00:01.406377731  6740 0000000002F77800 DEBUG                GST_BUS gstbus.c:351:gst_bus_post:<bus2> [msg 0000000003E18610] pushing on async queue
0:00:01.406444249  6740 0000000002F77800 DEBUG                GST_BUS gstbus.c:354:gst_bus_post:<bus2> [msg 0000000003E18610] pushed on async queue
0:00:01.406514286  6740 0000000002F77800 DEBUG                GST_BUS gstbus.c:347:gst_bus_post:<bus1> [msg 0000000003E18610] dropped
0:00:01.406596155  6740 0000000002F77800 DEBUG                GST_BUS gstbus.c:347:gst_bus_post:<bus0> [msg 0000000003E18610] dropped
0:00:01.406664912  6740 0000000002F77800 DEBUG                   task gsttask.c:662:gst_task_set_state:<task4> Changing task 0000000003E117E0 to state 0
0:00:01.399653272  6740 000000000053B030 DEBUG                GST_BUS gstbus.c:1087:gst_bus_poll: mainloop stopped 0000000002FF8940
0:00:01.406800828  6740 0000000002F77800 DEBUG                basesrc gstbasesrc.c:3334:gst_base_src_start_wait:<fakesrc0> got ok
0:00:01.406819696  6740 000000000053B030 DEBUG                GST_BUS gstbus.c:1332:gst_bus_remove_signal_watch:<bus2> removing signal watch 38
0:00:01.406888133  6740 0000000003E610C0 DEBUG                   task gsttask.c:270:gst_task_func: Entering task 0000000003E117E0, thread 0000000003E610C0
0:00:01.406894210  6740 0000000002F77800 DEBUG               GST_PADS gstpad.c:1070:gst_pad_activate_mode:<fakesrc0:src> activated in push mode
0:00:01.406967764  6740 000000000053B030 DEBUG                GST_BUS gstbus.c:797:gst_bus_source_finalize:<bus2> finalize source 0000000002FA2D30
0:00:01.407041638  6740 0000000003E610C0 DEBUG               GST_PADS gstpad.c:5121:do_stream_status:<fakesrc0:src> doing stream-status 1
0:00:01.407127984  6740 0000000002F77800 DEBUG       GST_ELEMENT_PADS gstelement.c:2751:gst_element_pads_activate:<fakesrc0> pad activation successful
0:00:01.407198980  6740 000000000053B030 DEBUG                GST_BUS gstbus.c:1100:gst_bus_poll:<bus2> finished poll with message 000000000053F890
0:00:01.407413247  6740 000000000053B030 LOG              GST_MESSAGE gstmessage.c:184:_gst_message_free: finalize message 000000000053F890, state-changed from rtpbin0
0:00:01.407342251  6740 0000000002F77800 DEBUG             GST_STATES gstelement.c:2628:gst_element_change_state:<fakesrc0> element changed state SUCCESS
0:00:01.407562274  6740 0000000002F77800 INFO              GST_STATES gstelement.c:2296:gst_element_continue_state:<fakesrc0> committing state from READY to PAUSED, pending PLAYING, next PLAYING
0:00:01.407638387  6740 0000000002F77800 INFO              GST_STATES gstelement.c:2226:_priv_gst_element_state_changed:<fakesrc0> notifying about state-changed READY to PAUSED (PLAYING pending)
0:00:01.407710342  6740 0000000002F77800 LOG              GST_MESSAGE gstmessage.c:282:gst_message_new_custom: source fakesrc0: creating new message 0000000003E18690 state-changed
0:00:01.407494796  6740 000000000053B030 DEBUG                GST_BUS gstbus.c:874:gst_bus_add_watch_full_unlocked:<bus2> New source 0000000002FA2D30 with id 39
0:00:01.407858730  6740 000000000053B030 DEBUG                GST_BUS gstbus.c:1085:gst_bus_poll: running mainloop 0000000002FF8860
0:00:01.407783577  6740 0000000002F77800 DEBUG                GST_BUS gstbus.c:316:gst_bus_post:<bus0> [msg 0000000003E18690] posting on bus 0000000003E18690
0:00:01.408000402  6740 0000000002F77800 DEBUG                    bin gstbin.c:3270:gst_bin_handle_message_func:<rtspsrc0> [msg 0000000003E18690] handling child fakesrc0 message of type state-changed
0:00:01.408070758  6740 0000000002F77800 DEBUG                    bin gstbin.c:3563:gst_bin_handle_message_func:<rtspsrc0> posting message upward
0:00:01.408138556  6740 0000000002F77800 DEBUG                GST_BUS gstbus.c:316:gst_bus_post:<bus1> [msg 0000000003E18690] posting on bus 0000000003E18690
0:00:01.408207633  6740 0000000002F77800 DEBUG                    bin gstbin.c:3270:gst_bin_handle_message_func:<pipeline0> [msg 0000000003E18690] handling child fakesrc0 message of type state-changed
0:00:01.408277030  6740 0000000002F77800 DEBUG                    bin gstbin.c:3563:gst_bin_handle_message_func:<pipeline0> posting message upward
0:00:01.408343549  6740 0000000002F77800 DEBUG                GST_BUS gstbus.c:316:gst_bus_post:<bus2> [msg 0000000003E18690] posting on bus 0000000003E18690
0:00:01.408412626  6740 0000000002F77800 DEBUG                GST_BUS gstbus.c:351:gst_bus_post:<bus2> [msg 0000000003E18690] pushing on async queue
0:00:01.408479784  6740 0000000002F77800 DEBUG                GST_BUS gstbus.c:354:gst_bus_post:<bus2> [msg 0000000003E18690] pushed on async queue
0:00:01.408561973  6740 0000000002F77800 DEBUG                GST_BUS gstbus.c:347:gst_bus_post:<bus1> [msg 0000000003E18690] dropped
0:00:01.408630090  6740 0000000002F77800 DEBUG                GST_BUS gstbus.c:347:gst_bus_post:<bus0> [msg 0000000003E18690] dropped
0:00:01.408697568  6740 0000000002F77800 INFO              GST_STATES gstelement.c:2303:gst_element_continue_state:<fakesrc0> continue state change PAUSED to PLAYING, final PLAYING
0:00:01.408766645  6740 0000000002F77800 DEBUG                basesrc gstbasesrc.c:3614:gst_base_src_change_state:<fakesrc0> PAUSED->PLAYING
0:00:01.408833804  6740 0000000002F77800 LOG               GST_STATES gstelement.c:2789:gst_element_change_state_func:<fakesrc0> default handler tries setting state from PAUSED to PLAYING (001c)
0:00:01.408902881  6740 0000000002F77800 DEBUG             GST_STATES gstelement.c:2628:gst_element_change_state:<fakesrc0> element changed state SUCCESS
0:00:01.408968440  6740 0000000002F77800 INFO              GST_STATES gstelement.c:2321:gst_element_continue_state:<fakesrc0> completed state change to PLAYING
0:00:01.409036238  6740 0000000002F77800 INFO              GST_STATES gstelement.c:2226:_priv_gst_element_state_changed:<fakesrc0> notifying about state-changed PAUSED to PLAYING (VOID_PENDING pending)
0:00:01.409107234  6740 0000000002F77800 LOG              GST_MESSAGE gstmessage.c:282:gst_message_new_custom: source fakesrc0: creating new message 0000000003E18710 state-changed
0:00:01.407275093  6740 0000000003E610C0 LOG              GST_MESSAGE gstmessage.c:282:gst_message_new_custom: source src: creating new message 0000000003E18890 stream-status
0:00:01.409176950  6740 0000000002F77800 DEBUG                GST_BUS gstbus.c:316:gst_bus_post:<bus0> [msg 0000000003E18710] posting on bus 0000000003E18710
0:00:01.409333333  6740 0000000002F77800 DEBUG                    bin gstbin.c:3270:gst_bin_handle_message_func:<rtspsrc0> [msg 0000000003E18710] handling child fakesrc0 message of type state-changed
0:00:01.409405288  6740 0000000002F77800 DEBUG                    bin gstbin.c:3563:gst_bin_handle_message_func:<rtspsrc0> posting message upward
0:00:01.407932924  6740 000000000053B030 LOG                  GST_BUS gstbus.c:502:gst_bus_timed_pop_filtered:<bus2> have 16 messages
0:00:01.409554316  6740 000000000053B030 DEBUG                GST_BUS gstbus.c:510:gst_bus_timed_pop_filtered:<bus2> got message 000000000053FF10, state-changed from rtpbin0, type mask is 4294967295
0:00:01.409626591  6740 000000000053B030 DEBUG                GST_BUS gstbus.c:771:gst_bus_source_dispatch:<bus2> source 0000000002FA2D30 calling dispatch with 000000000053FF10
0:00:01.409715495  6740 000000000053B030 DEBUG                GST_BUS gstbus.c:977:poll_func: mainloop 0000000002FF8860 quit
0:00:01.409473086  6740 0000000002F77800 DEBUG                GST_BUS gstbus.c:316:gst_bus_post:<bus1> [msg 0000000003E18710] posting on bus 0000000003E18710
0:00:01.409875716  6740 0000000002F77800 DEBUG                    bin gstbin.c:3270:gst_bin_handle_message_func:<pipeline0> [msg 0000000003E18710] handling child fakesrc0 message of type state-changed
0:00:01.409947351  6740 0000000002F77800 DEBUG                    bin gstbin.c:3563:gst_bin_handle_message_func:<pipeline0> posting message upward
0:00:01.410015789  6740 0000000002F77800 DEBUG                GST_BUS gstbus.c:316:gst_bus_post:<bus2> [msg 0000000003E18710] posting on bus 0000000003E18710
0:00:01.410085825  6740 0000000002F77800 DEBUG                GST_BUS gstbus.c:351:gst_bus_post:<bus2> [msg 0000000003E18710] pushing on async queue
0:00:01.410154582  6740 0000000002F77800 DEBUG                GST_BUS gstbus.c:354:gst_bus_post:<bus2> [msg 0000000003E18710] pushed on async queue
0:00:01.410223660  6740 0000000002F77800 DEBUG                GST_BUS gstbus.c:347:gst_bus_post:<bus1> [msg 0000000003E18710] dropped
0:00:01.410292097  6740 0000000002F77800 DEBUG                GST_BUS gstbus.c:347:gst_bus_post:<bus0> [msg 0000000003E18710] dropped
0:00:01.410360215  6740 0000000002F77800 LOG               GST_STATES gstelement.c:2644:gst_element_change_state:<fakesrc0> exit state change 1
0:00:01.410428012  6740 0000000002F77800 LOG               GST_STATES gstelement.c:2644:gst_element_change_state:<fakesrc0> exit state change 1
0:00:01.410495810  6740 0000000002F77800 LOG               GST_STATES gstelement.c:2644:gst_element_change_state:<fakesrc0> exit state change 1
0:00:01.410592390  6740 0000000002F77800 DEBUG             GST_STATES gstelement.c:2555:gst_element_set_state_func:<fakesrc0> returned SUCCESS
0:00:01.410662427  6740 0000000002F77800 DEBUG             GST_STATES gstelement.c:2471:gst_element_set_state_func:<rtspsrc0> set_state to PLAYING
0:00:01.410731504  6740 0000000002F77800 DEBUG             GST_STATES gstelement.c:2509:gst_element_set_state_func:<rtspsrc0> current PAUSED, old_pending VOID_PENDING, next VOID_PENDING, old return SUCCESS
0:00:01.410805058  6740 0000000002F77800 DEBUG             GST_STATES gstelement.c:2543:gst_element_set_state_func:<rtspsrc0> final: setting state from PAUSED to PLAYING
0:00:01.410877333  6740 0000000002F77800 DEBUG                rtspsrc gstrtspsrc.c:4145:gst_rtspsrc_loop_send_cmd:<rtspsrc0> sending cmd 16
0:00:01.410945771  6740 0000000002F77800 DEBUG                rtspsrc gstrtspsrc.c:4157:gst_rtspsrc_loop_send_cmd:<rtspsrc0> cancel previous request 64
0:00:01.411013568  6740 0000000002F77800 DEBUG                rtspsrc gstrtspsrc.c:4167:gst_rtspsrc_loop_send_cmd:<rtspsrc0> not interrupting busy cmd 2
0:00:01.411082965  6740 0000000002F77800 DEBUG                   task gsttask.c:662:gst_task_set_state:<task0> Changing task 0000000003E11000 to state 0
0:00:01.411152042  6740 0000000002F77800 DEBUG             GST_STATES gstbin.c:2513:gst_bin_change_state_func:<rtspsrc0> changing state of children from PAUSED to PLAYING
0:00:01.411226236  6740 0000000002F77800 DEBUG                    bin gstbin.c:2074:gst_bin_sort_iterator_resync:<rtspsrc0> resync
0:00:01.411299151  6740 0000000002F77800 DEBUG                    bin gstbin.c:879:find_message:<rtspsrc0> no message found matching types 00001000
0:00:01.411371426  6740 0000000002F77800 DEBUG                    bin gstbin.c:886:find_message:<rtspsrc0>   structure-change
0:00:01.411440183  6740 0000000002F77800 DEBUG                    bin gstbin.c:1977:update_degree:<rtspsrc0> change element rtpbin0, degree 0->1, linked to udpsink1
0:00:01.411512458  6740 0000000002F77800 DEBUG                    bin gstbin.c:2000:update_degree:<rtspsrc0> element fakesrc0 not linked on any sinkpads
0:00:01.411600084  6740 0000000002F77800 DEBUG                    bin gstbin.c:879:find_message:<rtspsrc0> no message found matching types 00001000
0:00:01.411667882  6740 0000000002F77800 DEBUG                    bin gstbin.c:886:find_message:<rtspsrc0>   structure-change
0:00:01.411735679  6740 0000000002F77800 DEBUG                    bin gstbin.c:1977:update_degree:<rtspsrc0> change element fakesrc0, degree 0->1, linked to udpsink0
0:00:01.411806355  6740 0000000002F77800 DEBUG                    bin gstbin.c:2000:update_degree:<rtspsrc0> element udpsrc2 not linked on any sinkpads
0:00:01.411874153  6740 0000000002F77800 DEBUG                    bin gstbin.c:2000:update_degree:<rtspsrc0> element udpsrc1 not linked on any sinkpads
0:00:01.411942271  6740 0000000002F77800 DEBUG                    bin gstbin.c:879:find_message:<rtspsrc0> no message found matching types 00001000
0:00:01.412010069  6740 0000000002F77800 DEBUG                    bin gstbin.c:886:find_message:<rtspsrc0>   structure-change
0:00:01.409263616  6740 0000000003E610C0 DEBUG               GST_PADS gstpad.c:5150:do_stream_status:<fakesrc0:src> posting stream-status 1
0:00:01.412076907  6740 0000000002F77800 DEBUG                    bin gstbin.c:1977:update_degree:<rtspsrc0> change element udpsrc1, degree 0->1, linked to rtpbin0
0:00:01.412227214  6740 0000000002F77800 DEBUG                    bin gstbin.c:879:find_message:<rtspsrc0> no message found matching types 00001000
0:00:01.412294372  6740 0000000002F77800 DEBUG                    bin gstbin.c:886:find_message:<rtspsrc0>   structure-change
0:00:01.412362170  6740 0000000002F77800 DEBUG                    bin gstbin.c:1977:update_degree:<rtspsrc0> change element udpsrc2, degree 0->1, linked to rtpbin0
0:00:01.412156218  6740 0000000003E610C0 DEBUG                GST_BUS gstbus.c:316:gst_bus_post:<bus0> [msg 0000000003E18890] posting on bus 0000000003E18890
0:00:01.412511837  6740 0000000003E610C0 DEBUG                    bin gstbin.c:3270:gst_bin_handle_message_func:<rtspsrc0> [msg 0000000003E18890] handling child src message of type stream-status
0:00:01.412572919  6740 0000000003E610C0 DEBUG                    bin gstbin.c:3563:gst_bin_handle_message_func:<rtspsrc0> posting message upward
0:00:01.412434445  6740 0000000002F77800 DEBUG                    bin gstbin.c:2046:gst_bin_sort_iterator_next:<rtspsrc0> queue empty, next best: udpsink1
0:00:01.412720667  6740 0000000002F77800 DEBUG                    bin gstbin.c:2061:gst_bin_sort_iterator_next:<rtspsrc0> queue head gives udpsink1
0:00:01.412787505  6740 0000000002F77800 DEBUG                    bin gstbin.c:879:find_message:<rtspsrc0> no message found matching types 00001000
0:00:01.412855303  6740 0000000002F77800 DEBUG                    bin gstbin.c:886:find_message:<rtspsrc0>   structure-change
0:00:01.412923421  6740 0000000002F77800 DEBUG                    bin gstbin.c:1977:update_degree:<rtspsrc0> change element rtpbin0, degree 1->0, linked to udpsink1
0:00:01.412991539  6740 0000000002F77800 DEBUG                    bin gstbin.c:1860:add_to_queue:<rtspsrc0> adding 'rtpbin0' to queue
0:00:01.413060616  6740 0000000002F77800 DEBUG                    bin gstbin.c:2302:gst_bin_element_set_state:<udpsink1> element is locked, return previous return SUCCESS
0:00:01.413066052  6740 0000000003E610C0 DEBUG                GST_BUS gstbus.c:316:gst_bus_post:<bus1> [msg 0000000003E18890] posting on bus 0000000003E18890
0:00:01.413243542  6740 0000000003E610C0 DEBUG                    bin gstbin.c:3270:gst_bin_handle_message_func:<pipeline0> [msg 0000000003E18890] handling child src message of type stream-status
0:00:01.413312939  6740 0000000003E610C0 DEBUG                    bin gstbin.c:3563:gst_bin_handle_message_func:<pipeline0> posting message upward
0:00:01.413380097  6740 0000000003E610C0 DEBUG                GST_BUS gstbus.c:316:gst_bus_post:<bus2> [msg 0000000003E18890] posting on bus 0000000003E18890
0:00:01.413449814  6740 0000000003E610C0 DEBUG                GST_BUS gstbus.c:351:gst_bus_post:<bus2> [msg 0000000003E18890] pushing on async queue
0:00:01.413519210  6740 0000000003E610C0 DEBUG                GST_BUS gstbus.c:354:gst_bus_post:<bus2> [msg 0000000003E18890] pushed on async queue
0:00:01.413587008  6740 0000000003E610C0 DEBUG                GST_BUS gstbus.c:347:gst_bus_post:<bus1> [msg 0000000003E18890] dropped
0:00:01.413655126  6740 0000000003E610C0 DEBUG                GST_BUS gstbus.c:347:gst_bus_post:<bus0> [msg 0000000003E18890] dropped
0:00:01.413723563  6740 0000000003E610C0 INFO        GST_ELEMENT_PADS gstelement.c:891:gst_element_get_static_pad: no such pad 'sink' in element "fakesrc0"
0:00:01.413793920  6740 0000000003E610C0 DEBUG                  query gstquery.c:679:gst_query_new_custom: creating new query 0000000003E1C960 uri
0:00:01.413862357  6740 0000000003E610C0 DEBUG       GST_ELEMENT_PADS gstelement.c:1663:gst_element_query: send query on element fakesrc0
0:00:01.413928556  6740 0000000003E610C0 DEBUG       GST_ELEMENT_PADS gstelement.c:1450:gst_element_get_random_pad: getting a random pad
0:00:01.413993476  6740 0000000003E610C0 DEBUG       GST_ELEMENT_PADS gstelement.c:1469:gst_element_get_random_pad: checking pad fakesrc0:src
0:00:01.414059355  6740 0000000003E610C0 DEBUG       GST_ELEMENT_PADS gstelement.c:1481:gst_element_get_random_pad: found pad fakesrc0:src
0:00:01.414127792  6740 0000000003E610C0 DEBUG               GST_PADS gstpad.c:3402:gst_pad_query:<fakesrc0:src> doing query 0000000003E1C960 (uri)
0:00:01.414197509  6740 0000000003E610C0 DEBUG                basesrc gstbasesrc.c:1243:gst_base_src_default_query:<fakesrc0> query uri returns 0
0:00:01.414266906  6740 0000000003E610C0 DEBUG               GST_PADS gstpad.c:3424:gst_pad_query:<fakesrc0:src> sent query 0000000003E1C960 (uri), result 0
0:00:01.414335343  6740 0000000003E610C0 DEBUG               GST_PADS gstpad.c:3468:gst_pad_query:<fakesrc0:src> query failed
0:00:01.414402501  6740 0000000003E610C0 FIXME                default gstutils.c:3636:gst_pad_create_stream_id_printf_valist:<fakesrc0:src> Creating random stream-id, consider implementing a deterministic way of creating a stream-id
0:00:01.414477655  6740 0000000003E610C0 DEBUG                basesrc gstbasesrc.c:847:gst_base_src_send_stream_start:<fakesrc0> Pushing STREAM_START
0:00:01.414570717  6740 0000000003E610C0 DEBUG              GST_EVENT gstevent.c:300:gst_event_new_custom: creating new event 0000000003E62600 stream-start 10254
0:00:01.414660901  6740 0000000003E610C0 LOG                 GST_PADS gstpad.c:4423:gst_pad_store_sticky_event:<fakesrc0:src> stored sticky event stream-start
0:00:01.414737333  6740 0000000003E610C0 DEBUG               GST_PADS gstpad.c:4628:gst_pad_push_event:<fakesrc0:src> event stream-start updated
0:00:01.414819842  6740 0000000003E610C0 DEBUG               GST_PADS gstpad.c:3333:check_sticky:<fakesrc0:src> pushing all sticky events
0:00:01.414890838  6740 0000000003E610C0 LOG                 GST_PADS gstpad.c:4513:gst_pad_push_event_unchecked:<fakesrc0:src> sending event 0000000003E62600 (stream-start) to peerpad 0000000002EA4E70
0:00:01.414967270  6740 0000000003E610C0 DEBUG              GST_EVENT gstpad.c:4771:gst_pad_send_event_unchecked:<udpsink0:sink> have event type 0000000003E62600
0:00:01.415039225  6740 0000000003E610C0 DEBUG               basesink gstbasesink.c:3025:gst_base_sink_event:<udpsink0> received event 0000000003E62600 0000000003E62600
0:00:01.413168069  6740 0000000002F77800 INFO              GST_STATES gstbin.c:2602:gst_bin_change_state_func:<rtspsrc0> child 'udpsink1' changed state to 4(PLAYING) successfully
0:00:01.415116297  6740 0000000003E610C0 DEBUG               basesink gstbasesink.c:2928:gst_base_sink_default_event:<udpsink0> Now posting STREAM_START (seqnum:101)
0:00:01.415270761  6740 0000000003E610C0 LOG              GST_MESSAGE gstmessage.c:282:gst_message_new_custom: source udpsink0: creating new message 0000000003E18910 stream-start
0:00:01.415199126  6740 0000000002F77800 DEBUG                    bin gstbin.c:2061:gst_bin_sort_iterator_next:<rtspsrc0> queue head gives rtpbin0
0:00:01.415346235  6740 0000000003E610C0 DEBUG                GST_BUS gstbus.c:316:gst_bus_post:<bus0> [msg 0000000003E18910] posting on bus 0000000003E18910
0:00:01.415495262  6740 0000000003E610C0 DEBUG                    bin gstbin.c:3270:gst_bin_handle_message_func:<rtspsrc0> [msg 0000000003E18910] handling child udpsink0 message of type stream-start
0:00:01.415420109  6740 0000000002F77800 DEBUG                    bin gstbin.c:879:find_message:<rtspsrc0> no message found matching types 00001000
0:00:01.415645888  6740 0000000002F77800 DEBUG                    bin gstbin.c:886:find_message:<rtspsrc0>   structure-change
0:00:01.415721681  6740 0000000002F77800 DEBUG                    bin gstbin.c:1977:update_degree:<rtspsrc0> change element udpsrc1, degree 1->0, linked to rtpbin0
0:00:01.415791398  6740 0000000002F77800 DEBUG                    bin gstbin.c:1860:add_to_queue:<rtspsrc0> adding 'udpsrc1' to queue
0:00:01.415864632  6740 0000000002F77800 DEBUG                    bin gstbin.c:879:find_message:<rtspsrc0> no message found matching types 00001000
0:00:01.415932110  6740 0000000002F77800 DEBUG                    bin gstbin.c:886:find_message:<rtspsrc0>   structure-change
0:00:01.416005025  6740 0000000002F77800 DEBUG                    bin gstbin.c:1977:update_degree:<rtspsrc0> change element udpsrc2, degree 1->0, linked to rtpbin0
0:00:01.416074422  6740 0000000002F77800 DEBUG                    bin gstbin.c:1860:add_to_queue:<rtspsrc0> adding 'udpsrc2' to queue
0:00:01.416148616  6740 0000000002F77800 INFO              GST_STATES gstbin.c:2194:gst_bin_element_set_state:<rtpbin0> current PLAYING pending VOID_PENDING, desired next PLAYING
0:00:01.416154052  6740 0000000003E610C0 DEBUG                    bin gstbin.c:879:find_message:<rtspsrc0> no message found matching types 10000000
0:00:01.416298283  6740 0000000003E610C0 DEBUG                    bin gstbin.c:886:find_message:<rtspsrc0>   stream-start
0:00:01.416369278  6740 0000000003E610C0 DEBUG                    bin gstbin.c:926:bin_replace_message:<rtspsrc0> got new message 0000000003E18910, stream-start from udpsink0
0:00:01.416450188  6740 0000000003E610C0 DEBUG             GST_STATES gstbin.c:1678:bin_element_is_sink:<rtspsrc0> child udpsink1 is not sink
0:00:01.416526621  6740 0000000003E610C0 DEBUG             GST_STATES gstbin.c:1678:bin_element_is_sink:<rtspsrc0> child fakesrc0 is not sink
0:00:01.416593779  6740 0000000003E610C0 DEBUG             GST_STATES gstbin.c:1678:bin_element_is_sink:<rtspsrc0> child udpsink0 is not sink
0:00:01.416666694  6740 0000000003E610C0 DEBUG             GST_STATES gstbin.c:1678:bin_element_is_sink:<rtspsrc0> child udpsrc2 is not sink
0:00:01.416734491  6740 0000000003E610C0 DEBUG             GST_STATES gstbin.c:1678:bin_element_is_sink:<rtspsrc0> child udpsrc1 is not sink
0:00:01.416810284  6740 0000000003E610C0 DEBUG             GST_STATES gstbin.c:1678:bin_element_is_sink:<rtspsrc0> child rtpbin0 is not sink
0:00:01.416876803  6740 0000000003E610C0 LOG                      bin gstbin.c:857:message_check: looking at message 0000000003E18910: 1
0:00:01.416950997  6740 0000000003E610C0 DEBUG                    bin gstbin.c:954:bin_remove_messages:<udpsink0> deleting message 0000000003E18910 of types 0x10000000
0:00:01.417019434  6740 0000000003E610C0 LOG              GST_MESSAGE gstmessage.c:184:_gst_message_free: finalize message 0000000003E18910, stream-start from udpsink0
0:00:01.417095227  6740 0000000003E610C0 LOG              GST_MESSAGE gstmessage.c:282:gst_message_new_custom: source rtspsrc0: creating new message 0000000003E18990 stream-start
0:00:01.417100344  6740 0000000002F77800 DEBUG                    bin gstbin.c:879:find_message:<rtspsrc0> no message found matching types 00100000
0:00:01.417242016  6740 0000000002F77800 DEBUG                    bin gstbin.c:886:find_message:<rtspsrc0>   async-start
0:00:01.417317489  6740 0000000002F77800 DEBUG                    bin gstbin.c:2289:gst_bin_element_set_state:<rtspsrc0> setting element rtpbin0 to PLAYING, base_time 0:00:00.000094341
0:00:01.417170061  6740 0000000003E610C0 DEBUG                    bin gstbin.c:3173:bin_do_stream_start:<rtspsrc0> all sinks posted STREAM_START, posting seqnum #0
0:00:01.417389764  6740 0000000002F77800 DEBUG             GST_STATES gstelement.c:2471:gst_element_set_state_func:<rtpbin0> set_state to PLAYING
0:00:01.417540710  6740 0000000002F77800 DEBUG             GST_STATES gstelement.c:2509:gst_element_set_state_func:<rtpbin0> current PLAYING, old_pending VOID_PENDING, next VOID_PENDING, old return SUCCESS
0:00:01.417468435  6740 0000000003E610C0 DEBUG                GST_BUS gstbus.c:316:gst_bus_post:<bus1> [msg 0000000003E18990] posting on bus 0000000003E18990
0:00:01.417621940  6740 0000000002F77800 DEBUG             GST_STATES gstelement.c:2543:gst_element_set_state_func:<rtpbin0> final: setting state from PLAYING to PLAYING
0:00:01.417778962  6740 0000000002F77800 DEBUG             GST_STATES gstbin.c:2513:gst_bin_change_state_func:<rtpbin0> changing state of children from PLAYING to PLAYING
0:00:01.417696133  6740 0000000003E610C0 DEBUG                    bin gstbin.c:3270:gst_bin_handle_message_func:<pipeline0> [msg 0000000003E18990] handling child rtspsrc0 message of type stream-start
0:00:01.417938223  6740 0000000003E610C0 LOG                      bin gstbin.c:857:message_check: looking at message 0000000003E18510: 0
0:00:01.418005701  6740 0000000003E610C0 LOG                      bin gstbin.c:857:message_check: looking at message 000000000053F390: 0
0:00:01.418081814  6740 0000000003E610C0 DEBUG                    bin gstbin.c:879:find_message:<pipeline0> no message found matching types 10000000
0:00:01.418149292  6740 0000000003E610C0 DEBUG                    bin gstbin.c:886:find_message:<pipeline0>   stream-start
0:00:01.418223166  6740 0000000003E610C0 DEBUG                    bin gstbin.c:926:bin_replace_message:<pipeline0> got new message 0000000003E18990, stream-start from rtspsrc0
0:00:01.418295761  6740 0000000003E610C0 DEBUG             GST_STATES gstbin.c:1678:bin_element_is_sink:<pipeline0> child fakesink0 is sink
0:00:01.418365157  6740 0000000003E610C0 LOG                      bin gstbin.c:857:message_check: looking at message 0000000003E18990: 0
0:00:01.418436793  6740 0000000003E610C0 LOG                      bin gstbin.c:857:message_check: looking at message 0000000003E18510: 0
0:00:01.418503631  6740 0000000003E610C0 LOG                      bin gstbin.c:857:message_check: looking at message 000000000053F390: 0
0:00:01.418584541  6740 0000000003E610C0 DEBUG                    bin gstbin.c:879:find_message:<pipeline0> no message found matching types 10000000
0:00:01.418652979  6740 0000000003E610C0 DEBUG                    bin gstbin.c:886:find_message:<pipeline0>   stream-start
0:00:01.418724934  6740 0000000003E610C0 DEBUG                    bin gstbin.c:1033:is_stream_start: sink 'fakesink0' did not post STREAM_START yet
0:00:01.418797209  6740 0000000003E610C0 DEBUG                GST_BUS gstbus.c:347:gst_bus_post:<bus1> [msg 0000000003E18990] dropped
0:00:01.418872042  6740 0000000003E610C0 DEBUG                GST_BUS gstbus.c:347:gst_bus_post:<bus0> [msg 0000000003E18910] dropped
0:00:01.418949434  6740 0000000003E610C0 DEBUG               GST_PADS gstpad.c:4837:gst_pad_send_event_unchecked:<udpsink0:sink> sent event, ret ok
0:00:01.419021709  6740 0000000003E610C0 LOG                 GST_PADS gstpad.c:4423:gst_pad_store_sticky_event:<udpsink0:sink> stored sticky event stream-start
0:00:01.419094944  6740 0000000003E610C0 DEBUG               GST_PADS gstpad.c:4852:gst_pad_send_event_unchecked:<udpsink0:sink> event stream-start updated
0:00:01.419171056  6740 0000000003E610C0 LOG                 GST_PADS gstpad.c:4520:gst_pad_push_event_unchecked:<fakesrc0:src> sent event 0000000003E62600 to peerpad 0000000002EA4E70, ret ok
0:00:01.419255484  6740 0000000003E610C0 DEBUG               GST_PADS gstpad.c:3293:push_sticky:<fakesrc0:src> event stream-start marked received
0:00:01.419329678  6740 0000000003E610C0 DEBUG               GST_PADS gstpad.c:1411:gst_pad_check_reconfigure:<fakesrc0:src> remove RECONFIGURE flag
0:00:01.409788730  6740 000000000053B030 DEBUG                GST_BUS gstbus.c:776:gst_bus_source_dispatch:<bus2> source 0000000002FA2D30 handler returns 1
0:00:01.419405471  6740 0000000003E610C0 DEBUG                basesrc gstbasesrc.c:3098:gst_base_src_negotiate:<fakesrc0> starting negotiation
0:00:01.419601189  6740 0000000003E610C0 DEBUG               GST_CAPS gstutils.c:2762:gst_pad_query_caps:<fakesrc0:src> get pad caps with filter 0000000000000000
0:00:01.419497254  6740 000000000053B030 DEBUG                GST_BUS gstbus.c:1087:gst_bus_poll: mainloop stopped 0000000002FF8860
0:00:01.419676982  6740 0000000003E610C0 DEBUG                  query gstquery.c:679:gst_query_new_custom: creating new query 0000000003E1C9B0 caps
0:00:01.419829847  6740 0000000003E610C0 DEBUG               GST_PADS gstpad.c:3402:gst_pad_query:<fakesrc0:src> doing query 0000000003E1C9B0 (caps)
0:00:01.419757252  6740 000000000053B030 DEBUG                GST_BUS gstbus.c:1332:gst_bus_remove_signal_watch:<bus2> removing signal watch 39
0:00:01.419912995  6740 0000000003E610C0 DEBUG                basesrc gstbasesrc.c:1243:gst_base_src_default_query:<fakesrc0> query caps returns 1
0:00:01.420072896  6740 0000000003E610C0 DEBUG               GST_PADS gstpad.c:3424:gst_pad_query:<fakesrc0:src> sent query 0000000003E1C9B0 (caps), result 1
0:00:01.419988148  6740 000000000053B030 DEBUG                GST_BUS gstbus.c:797:gst_bus_source_finalize:<bus2> finalize source 0000000002FA2D30
0:00:01.420145171  6740 0000000003E610C0 DEBUG               GST_CAPS gstutils.c:2769:gst_pad_query_caps:<fakesrc0:src> query returned 0000000003E1C5A0
0:00:01.420300914  6740 0000000003E610C0 DEBUG                basesrc gstbasesrc.c:3028:gst_base_src_default_negotiate:<fakesrc0> caps of src: 0000000003E1C5A0
0:00:01.420230877  6740 000000000053B030 DEBUG                GST_BUS gstbus.c:1100:gst_bus_poll:<bus2> finished poll with message 000000000053FF10
0:00:01.420447063  6740 000000000053B030 LOG              GST_MESSAGE gstmessage.c:184:_gst_message_free: finalize message 000000000053FF10, state-changed from rtpbin0
0:00:01.420535968  6740 000000000053B030 DEBUG                GST_BUS gstbus.c:874:gst_bus_add_watch_full_unlocked:<bus2> New source 0000000002FA2D30 with id 40
0:00:01.420611441  6740 000000000053B030 DEBUG                GST_BUS gstbus.c:1085:gst_bus_poll: running mainloop 0000000002FF8940
0:00:01.420372869  6740 0000000003E610C0 DEBUG                basesrc gstbasesrc.c:3074:gst_base_src_default_negotiate:<fakesrc0> no negotiation needed
0:00:01.420767824  6740 0000000003E610C0 DEBUG               GST_CAPS gstpad.c:2407:gst_pad_get_current_caps:<fakesrc0:src> get current pad caps 0000000000000000
0:00:01.420692031  6740 000000000053B030 LOG                  GST_BUS gstbus.c:502:gst_bus_timed_pop_filtered:<bus2> have 18 messages
0:00:01.417849638  6740 0000000002F77800 DEBUG                    bin gstbin.c:2074:gst_bin_sort_iterator_resync:<rtpbin0> resync
0:00:01.420841698  6740 0000000003E610C0 DEBUG                  query gstquery.c:679:gst_query_new_custom: creating new query 0000000003E1CA00 allocation
0:00:01.420918770  6740 000000000053B030 DEBUG                GST_BUS gstbus.c:510:gst_bus_timed_pop_filtered:<bus2> got message 0000000003E18010, state-changed from rtpssrcdemux0, type mask is 4294967295
0:00:01.420999999  6740 0000000002F77800 DEBUG                    bin gstbin.c:879:find_message:<rtpbin0> no message found matching types 00001000
0:00:01.421084747  6740 0000000003E610C0 DEBUG               GST_PADS gstpad.c:3527:gst_pad_peer_query:<fakesrc0:src> peer query 0000000003E1CA00 (allocation)
0:00:01.421210109  6740 000000000053B030 DEBUG                GST_BUS gstbus.c:771:gst_bus_source_dispatch:<bus2> source 0000000002FA2D30 calling dispatch with 0000000003E18010
0:00:01.421309567  6740 0000000002F77800 DEBUG                    bin gstbin.c:886:find_message:<rtpbin0>   structure-change
0:00:01.421383761  6740 0000000003E610C0 DEBUG               GST_PADS gstpad.c:3402:gst_pad_query:<udpsink0:sink> doing query 0000000003E1CA00 (allocation)
0:00:01.421471386  6740 000000000053B030 DEBUG                GST_BUS gstbus.c:977:poll_func: mainloop 0000000002FF8940 quit
0:00:01.421554215  6740 0000000002F77800 DEBUG                    bin gstbin.c:1977:update_degree:<rtpbin0> change element rtpsession0, degree 0->1, linked to rtpssrcdemux0
0:00:01.421643119  6740 0000000003E610C0 DEBUG               GST_PADS gstpad.c:3424:gst_pad_query:<udpsink0:sink> sent query 0000000003E1CA00 (allocation), result 0
0:00:01.421721471  6740 000000000053B030 DEBUG                GST_BUS gstbus.c:776:gst_bus_source_dispatch:<bus2> source 0000000002FA2D30 handler returns 1
0:00:01.421802380  6740 0000000002F77800 DEBUG                    bin gstbin.c:879:find_message:<rtpbin0> no message found matching types 00001000
0:00:01.421874336  6740 0000000003E610C0 DEBUG               GST_PADS gstpad.c:3468:gst_pad_query:<udpsink0:sink> query failed
0:00:01.421953966  6740 000000000053B030 DEBUG                GST_BUS gstbus.c:1087:gst_bus_poll: mainloop stopped 0000000002FF8940
0:00:01.422027201  6740 0000000002F77800 DEBUG                    bin gstbin.c:886:find_message:<rtpbin0>   structure-change
0:00:01.422102354  6740 0000000003E610C0 DEBUG               GST_PADS gstpad.c:3589:gst_pad_peer_query:<fakesrc0:src> query failed
0:00:01.422176548  6740 000000000053B030 DEBUG                GST_BUS gstbus.c:1332:gst_bus_remove_signal_watch:<bus2> removing signal watch 40
0:00:01.422264493  6740 0000000002F77800 DEBUG                    bin gstbin.c:1977:update_degree:<rtpbin0> change element rtpsession0, degree 1->2, linked to rtpssrcdemux0
0:00:01.422337088  6740 0000000003E610C0 DEBUG                basesrc gstbasesrc.c:2973:gst_base_src_prepare_allocation:<fakesrc0> peer ALLOCATION query failed
0:00:01.422414800  6740 000000000053B030 DEBUG                GST_BUS gstbus.c:797:gst_bus_source_finalize:<bus2> finalize source 0000000002FA2D30
0:00:01.422494110  6740 0000000002F77800 DEBUG                    bin gstbin.c:879:find_message:<rtpbin0> no message found matching types 00001000
0:00:01.422576939  6740 0000000003E610C0 DEBUG                basesrc gstbasesrc.c:2980:gst_base_src_prepare_allocation:<fakesrc0> ALLOCATION (1) params: 0000000003E1CA00
0:00:01.422654970  6740 000000000053B030 DEBUG                GST_BUS gstbus.c:1100:gst_bus_poll:<bus2> finished poll with message 0000000003E18010
0:00:01.422875633  6740 000000000053B030 LOG              GST_MESSAGE gstmessage.c:184:_gst_message_free: finalize message 0000000003E18010, state-changed from rtpssrcdemux0
0:00:01.422808155  6740 0000000003E610C0 LOG                  basesrc gstbasesrc.c:2614:gst_base_src_loop:<fakesrc0> next_ts 0:00:00.000000000 size 4096
0:00:01.423035214  6740 0000000003E610C0 DEBUG                basesrc gstbasesrc.c:2250:gst_base_src_update_length:<fakesrc0> reading offset 0, length 4096, size -1, segment.stop -1, maxsize -1
0:00:01.422961660  6740 000000000053B030 DEBUG                GST_BUS gstbus.c:874:gst_bus_add_watch_full_unlocked:<bus2> New source 0000000002FA2D30 with id 41
0:00:01.423187759  6740 000000000053B030 DEBUG                GST_BUS gstbus.c:1085:gst_bus_poll: running mainloop 0000000002FF8860
0:00:01.423114205  6740 0000000003E610C0 DEBUG                basesrc gstbasesrc.c:2253:gst_base_src_update_length:<fakesrc0> dynamic size: 0
0:00:01.423339984  6740 0000000003E610C0 DEBUG                basesrc gstbasesrc.c:2351:gst_base_src_get_range:<fakesrc0> calling create offset 0 length 4096, time 0
0:00:01.423270587  6740 000000000053B030 LOG                  GST_BUS gstbus.c:502:gst_bus_timed_pop_filtered:<bus2> have 17 messages
0:00:01.423492529  6740 000000000053B030 DEBUG                GST_BUS gstbus.c:510:gst_bus_timed_pop_filtered:<bus2> got message 0000000003E18090, state-changed from rtpssrcdemux0, type mask is 4294967295
0:00:01.423574399  6740 000000000053B030 DEBUG                GST_BUS gstbus.c:771:gst_bus_source_dispatch:<bus2> source 0000000002FA2D30 calling dispatch with 0000000003E18090
0:00:01.423646354  6740 000000000053B030 DEBUG                GST_BUS gstbus.c:977:poll_func: mainloop 0000000002FF8860 quit
0:00:01.423420894  6740 0000000003E610C0 LOG               GST_BUFFER gstbuffer.c:581:gst_buffer_new: new 0000000003E07950
0:00:01.423816808  6740 0000000003E610C0 DEBUG             GST_MEMORY gstmemory.c:133:gst_memory_init: new memory 0000000003E19990, maxsize:200 offset:0 size:200
0:00:01.423897078  6740 0000000003E610C0 LOG               GST_BUFFER gstbuffer.c:297:_memory_add: buffer 0000000003E07950, idx -1, mem 0000000003E19990, lock 1
0:00:01.423971272  6740 0000000003E610C0 DEBUG                basesrc gstbasesrc.c:2395:gst_base_src_get_range:<fakesrc0> setting first timestamp to 0
0:00:01.423725345  6740 000000000053B030 DEBUG                GST_BUS gstbus.c:776:gst_bus_source_dispatch:<bus2> source 0000000002FA2D30 handler returns 1
0:00:01.424120299  6740 000000000053B030 DEBUG                GST_BUS gstbus.c:1087:gst_bus_poll: mainloop stopped 0000000002FF8860
0:00:01.424194493  6740 000000000053B030 DEBUG                GST_BUS gstbus.c:1332:gst_bus_remove_signal_watch:<bus2> removing signal watch 41
0:00:01.424264210  6740 000000000053B030 DEBUG                GST_BUS gstbus.c:797:gst_bus_source_finalize:<bus2> finalize source 0000000002FA2D30
0:00:01.424343520  6740 000000000053B030 DEBUG                GST_BUS gstbus.c:1100:gst_bus_poll:<bus2> finished poll with message 0000000003E18090
0:00:01.424414516  6740 000000000053B030 LOG              GST_MESSAGE gstmessage.c:184:_gst_message_free: finalize message 0000000003E18090, state-changed from rtpssrcdemux0
0:00:01.424047384  6740 0000000003E610C0 LOG                  basesrc gstbasesrc.c:2175:gst_base_src_do_sync:<fakesrc0> created PTS 0:00:00.000000000
0:00:01.424494467  6740 000000000053B030 DEBUG                GST_BUS gstbus.c:874:gst_bus_add_watch_full_unlocked:<bus2> New source 0000000002FA2D30 with id 42
0:00:01.424665240  6740 000000000053B030 DEBUG                GST_BUS gstbus.c:1085:gst_bus_poll: running mainloop 0000000002FF8940
0:00:01.424587209  6740 0000000003E610C0 DEBUG                basesrc gstbasesrc.c:2213:gst_base_src_do_sync:<fakesrc0> no sync needed
0:00:01.424737515  6740 000000000053B030 LOG                  GST_BUS gstbus.c:502:gst_bus_timed_pop_filtered:<bus2> have 16 messages
0:00:01.424882066  6740 000000000053B030 DEBUG                GST_BUS gstbus.c:510:gst_bus_timed_pop_filtered:<bus2> got message 0000000003E18110, state-changed from rtpssrcdemux0, type mask is 4294967295
0:00:01.424962016  6740 000000000053B030 DEBUG                GST_BUS gstbus.c:771:gst_bus_source_dispatch:<bus2> source 0000000002FA2D30 calling dispatch with 0000000003E18110
0:00:01.425033651  6740 000000000053B030 DEBUG                GST_BUS gstbus.c:977:poll_func: mainloop 0000000002FF8940 quit
0:00:01.425114561  6740 000000000053B030 DEBUG                GST_BUS gstbus.c:776:gst_bus_source_dispatch:<bus2> source 0000000002FA2D30 handler returns 1
0:00:01.425188755  6740 000000000053B030 DEBUG                GST_BUS gstbus.c:1087:gst_bus_poll: mainloop stopped 0000000002FF8940
0:00:01.425270624  6740 000000000053B030 DEBUG                GST_BUS gstbus.c:1332:gst_bus_remove_signal_watch:<bus2> removing signal watch 42
0:00:01.425348975  6740 000000000053B030 DEBUG                GST_BUS gstbus.c:797:gst_bus_source_finalize:<bus2> finalize source 0000000002FA2D30
0:00:01.425435002  6740 000000000053B030 DEBUG                GST_BUS gstbus.c:1100:gst_bus_poll:<bus2> finished poll with message 0000000003E18110
0:00:01.425504399  6740 000000000053B030 LOG              GST_MESSAGE gstmessage.c:184:_gst_message_free: finalize message 0000000003E18110, state-changed from rtpssrcdemux0
0:00:01.425599060  6740 000000000053B030 DEBUG                GST_BUS gstbus.c:874:gst_bus_add_watch_full_unlocked:<bus2> New source 0000000002FA2D30 with id 43
0:00:01.425670695  6740 000000000053B030 DEBUG                GST_BUS gstbus.c:1085:gst_bus_poll: running mainloop 0000000002FF8860
0:00:01.425758001  6740 000000000053B030 LOG                  GST_BUS gstbus.c:502:gst_bus_timed_pop_filtered:<bus2> have 15 messages
0:00:01.425828357  6740 000000000053B030 DEBUG                GST_BUS gstbus.c:510:gst_bus_timed_pop_filtered:<bus2> got message 0000000003E18190, state-changed from rtpsession0, type mask is 4294967295
0:00:01.425933572  6740 000000000053B030 DEBUG                GST_BUS gstbus.c:771:gst_bus_source_dispatch:<bus2> source 0000000002FA2D30 calling dispatch with 0000000003E18190
0:00:01.426007126  6740 000000000053B030 DEBUG                GST_BUS gstbus.c:977:poll_func: mainloop 0000000002FF8860 quit
0:00:01.422725007  6740 0000000002F77800 DEBUG                    bin gstbin.c:886:find_message:<rtpbin0>   structure-change
0:00:01.426087076  6740 000000000053B030 DEBUG                GST_BUS gstbus.c:776:gst_bus_source_dispatch:<bus2> source 0000000002FA2D30 handler returns 1
0:00:01.426244738  6740 000000000053B030 DEBUG                GST_BUS gstbus.c:1087:gst_bus_poll: mainloop stopped 0000000002FF8860
0:00:01.426313496  6740 000000000053B030 DEBUG                GST_BUS gstbus.c:1332:gst_bus_remove_signal_watch:<bus2> removing signal watch 43
0:00:01.426164148  6740 0000000002F77800 DEBUG                    bin gstbin.c:879:find_message:<rtpbin0> no message found matching types 00001000
0:00:01.426477234  6740 0000000002F77800 DEBUG                    bin gstbin.c:886:find_message:<rtpbin0>   structure-change
