0:00:01.718111267  6740 0000000002F77A80 LOG               GST_BUFFER gstbuffer.c:1279:gst_buffer_resize_range: trim 0000000003E674D0 0-1400 size:26479 offs:0 max:26486
0:00:01.718157958  6740 0000000002F77A80 DEBUG             GST_BUFFER gstbuffer.c:1853:gst_buffer_add_meta: alloc metadata 0000000003E680C8 (GstNetAddressMeta) of size 24
0:00:01.718201771  6740 0000000002F77A80 LOG                   udpsrc gstudpsrc.c:502:gst_udpsrc_create:<udpsrc1> read 26479 bytes
0:00:01.718245904  6740 0000000002F77A80 DEBUG              GST_CLOCK gstclock.c:922:gst_clock_get_internal_time:<GstSystemClock> internal time 0:00:00.602055106
0:00:01.718289397  6740 0000000002F77A80 DEBUG              GST_CLOCK gstclock.c:967:gst_clock_get_time:<GstSystemClock> adjusted time 0:00:00.602055106
0:00:01.718332890  6740 0000000002F77A80 LOG                  basesrc gstbasesrc.c:2165:gst_base_src_do_sync:<udpsrc1> created DTS 0:00:00.601960765
0:00:01.718376382  6740 0000000002F77A80 LOG                  basesrc gstbasesrc.c:2175:gst_base_src_do_sync:<udpsrc1> created PTS 0:00:00.601960765
0:00:01.718420195  6740 0000000002F77A80 DEBUG                basesrc gstbasesrc.c:2213:gst_base_src_do_sync:<udpsrc1> no sync needed
0:00:01.718461450  6740 0000000002F77A80 DEBUG                basesrc gstbasesrc.c:2414:gst_base_src_get_range:<udpsrc1> buffer ok
0:00:01.718505262  6740 0000000002F77A80 LOG           GST_SCHEDULING gstpad.c:3653:gst_pad_chain_data_unchecked:<rtpbin0:recv_rtp_sink_0> calling chainfunction &gst_proxy_pad_chain_default with buffer 0000000003E674D0
0:00:01.718563466  6740 0000000002F77A80 LOG           GST_SCHEDULING gstpad.c:3653:gst_pad_chain_data_unchecked:<rtpsession0:recv_rtp_sink> calling chainfunction &000000007049E190 with buffer 0000000003E674D0
0:00:01.718609518  6740 0000000002F77A80 LOG               rtpsession gstrtpsession.c:1505:gst_rtp_session_chain_recv_rtp:<rtpsession0> received RTP packet
0:00:01.718652051  6740 0000000002F77A80 DEBUG              GST_CLOCK gstclock.c:922:gst_clock_get_internal_time:<GstSystemClock> internal time 0:00:00.602461253
0:00:01.718697143  6740 0000000002F77A80 DEBUG              GST_CLOCK gstclock.c:967:gst_clock_get_time:<GstSystemClock> adjusted time 0:00:00.602461253
0:00:01.718739677  6740 0000000002F77A80 LOG               GST_BUFFER gstbuffer.c:1410:gst_buffer_map_range: buffer 0000000003E674D0, idx 0, length 1, flags 0001
0:00:01.718783170  6740 0000000002F77A80 LOG               GST_BUFFER gstbuffer.c:207:_get_merged_memory: buffer 0000000003E674D0, idx 0, length 1
0:00:01.718826663  6740 0000000002F77A80 LOG               GST_BUFFER gstbuffer.c:1410:gst_buffer_map_range: buffer 0000000003E674D0, idx 0, length 1, flags 0001
0:00:01.718869196  6740 0000000002F77A80 LOG               GST_BUFFER gstbuffer.c:207:_get_merged_memory: buffer 0000000003E674D0, idx 0, length 1
0:00:01.718914608  6740 0000000002F77A80 LOG               GST_BUFFER gstbuffer.c:1410:gst_buffer_map_range: buffer 0000000003E674D0, idx 0, length 1, flags 0001
0:00:01.718957461  6740 0000000002F77A80 LOG               GST_BUFFER gstbuffer.c:207:_get_merged_memory: buffer 0000000003E674D0, idx 0, length 1
0:00:01.718999675  6740 0000000002F77A80 LOG                rtpsource rtpsource.c:1155:rtp_source_process_rtp: seq 65137, PC: 34, OC: 43652
0:00:01.719042848  6740 0000000002F77A80 LOG               GST_BUFFER gstbuffer.c:1410:gst_buffer_map_range: buffer 0000000003E674D0, idx 0, length 1, flags 0001
0:00:01.719085062  6740 0000000002F77A80 LOG               GST_BUFFER gstbuffer.c:207:_get_merged_memory: buffer 0000000003E674D0, idx 0, length 1
0:00:01.719127276  6740 0000000002F77A80 LOG                rtpsource rtpsource.c:941:calculate_jitter: SSRC b094efc4 got payload 96
0:00:01.719169809  6740 0000000002F77A80 LOG                rtpsource rtpsource.c:976:calculate_jitter: rtparrival 54176, rtptime 2932234080, clock-rate 90000, diff 239, jitter: 525.437500
0:00:01.719214581  6740 0000000002F77A80 LOG                rtpsource rtpsource.c:878:push_packet: pushing new packet
0:00:01.719258714  6740 0000000002F77A80 LOG               rtpsession rtpsession.c:1175:source_push_rtp: source b094efc4 pushed receiver RTP packet
0:00:01.719302527  6740 0000000002F77A80 LOG               rtpsession gstrtpsession.c:1035:gst_rtp_session_process_rtp:<rtpsession0> pushing received RTP packet
0:00:01.719345380  6740 0000000002F77A80 LOG           GST_SCHEDULING gstpad.c:3653:gst_pad_chain_data_unchecked:<rtpssrcdemux0:sink> calling chainfunction &000000007048EF60 with buffer 0000000003E674D0
0:00:01.719394629  6740 0000000002F77A80 LOG               GST_BUFFER gstbuffer.c:1410:gst_buffer_map_range: buffer 0000000003E674D0, idx 0, length 1, flags 0001
0:00:01.719438122  6740 0000000002F77A80 LOG               GST_BUFFER gstbuffer.c:207:_get_merged_memory: buffer 0000000003E674D0, idx 0, length 1
0:00:01.719482255  6740 0000000002F77A80 DEBUG           rtpssrcdemux gstrtpssrcdemux.c:638:gst_rtp_ssrc_demux_chain:<rtpssrcdemux0> received buffer of SSRC b094efc4
0:00:01.719525748  6740 0000000002F77A80 DEBUG           rtpssrcdemux gstrtpssrcdemux.c:230:find_or_create_demux_pad_for_ssrc:<rtpssrcdemux0> creating pad for SSRC b094efc4
0:00:01.719582033  6740 0000000002F77A80 LOG           GST_SCHEDULING gstpad.c:3653:gst_pad_chain_data_unchecked:<rtpjitterbuffer0:sink> calling chainfunction &gst_rtp_jitter_buffer_chain with buffer 0000000003E674D0
0:00:01.719626485  6740 0000000002F77A80 LOG               GST_BUFFER gstbuffer.c:1410:gst_buffer_map_range: buffer 0000000003E674D0, idx 0, length 1, flags 0001
0:00:01.719670618  6740 0000000002F77A80 LOG               GST_BUFFER gstbuffer.c:207:_get_merged_memory: buffer 0000000003E674D0, idx 0, length 1
0:00:01.719715710  6740 0000000002F77A80 DEBUG     gstrtpjitterbuffer gstrtpjitterbuffer.c:1278:gst_rtp_jitter_buffer_chain:<rtpjitterbuffer0> Received packet #65137 at time 0:00:00.601960765
0:00:01.719759523  6740 0000000002F77A80 LOG               GST_BUFFER gstbuffer.c:1410:gst_buffer_map_range: buffer 0000000003E674D0, idx 0, length 1, flags 0001
0:00:01.719802696  6740 0000000002F77A80 LOG               GST_BUFFER gstbuffer.c:207:_get_merged_memory: buffer 0000000003E674D0, idx 0, length 1
0:00:01.719845869  6740 0000000002F77A80 LOG               GST_BUFFER gstbuffer.c:1410:gst_buffer_map_range: buffer 0000000003E673C0, idx 0, length 1, flags 0001
0:00:01.719888402  6740 0000000002F77A80 LOG               GST_BUFFER gstbuffer.c:207:_get_merged_memory: buffer 0000000003E673C0, idx 0, length 1
0:00:01.719931256  6740 0000000002F77A80 DEBUG        rtpjitterbuffer rtpjitterbuffer.c:428:calculate_skew: extrtp 2932234080, gstrtp 9:03:00.378666666, base 9:03:00.278466666, send_diff 0:00:00.100200000
0:00:01.719977627  6740 0000000002F77A80 DEBUG        rtpjitterbuffer rtpjitterbuffer.c:451:calculate_skew: time 0:00:00.601960765, base 0:00:00.441604788, recv_diff 0:00:00.160355977, slope 4
0:00:01.720023678  6740 0000000002F77A80 DEBUG        rtpjitterbuffer rtpjitterbuffer.c:468:calculate_skew: filling 34, delta 60155977
0:00:01.720066212  6740 0000000002F77A80 DEBUG        rtpjitterbuffer rtpjitterbuffer.c:561:calculate_skew: backwards timestamps, using previous time
0:00:01.720107466  6740 0000000002F77A80 DEBUG        rtpjitterbuffer rtpjitterbuffer.c:583:calculate_skew: skew 0, out 0:00:00.541804788
0:00:01.720152558  6740 0000000002F77A80 DEBUG     gstrtpjitterbuffer gstrtpjitterbuffer.c:1405:gst_rtp_jitter_buffer_chain:<rtpjitterbuffer0> Pushed packet #65137, now 34 packets, tail: 0
0:00:01.720196371  6740 0000000002F77A80 LOG           GST_SCHEDULING gstpad.c:3659:gst_pad_chain_data_unchecked:<rtpjitterbuffer0:sink> called chainfunction &gst_rtp_jitter_buffer_chain with buffer 0000000003E674D0, returned ok
0:00:01.720241463  6740 0000000002F77A80 LOG           GST_SCHEDULING gstpad.c:3659:gst_pad_chain_data_unchecked:<rtpssrcdemux0:sink> called chainfunction &000000007048EF60 with buffer 0000000003E674D0, returned ok
0:00:01.720287834  6740 0000000002F77A80 LOG           GST_SCHEDULING gstpad.c:3659:gst_pad_chain_data_unchecked:<rtpsession0:recv_rtp_sink> called chainfunction &000000007049E190 with buffer 0000000003E674D0, returned ok
0:00:01.720335804  6740 0000000002F77A80 LOG           GST_SCHEDULING gstpad.c:3659:gst_pad_chain_data_unchecked:<rtpbin0:recv_rtp_sink_0> called chainfunction &gst_proxy_pad_chain_default with buffer 0000000003E674D0, returned ok
0:00:01.720380896  6740 0000000002F77A80 LOG                  basesrc gstbasesrc.c:2614:gst_base_src_loop:<udpsrc1> next_ts 99:99:99.999999999 size 4096
0:00:01.720425029  6740 0000000002F77A80 DEBUG                basesrc gstbasesrc.c:2351:gst_base_src_get_range:<udpsrc1> calling create offset 18446744073709551615 length 4096, time 0
0:00:01.720472040  6740 0000000002F77A80 LOG                   udpsrc gstudpsrc.c:451:gst_udpsrc_create:<udpsrc1> ioctl says 27687 bytes available
0:00:01.720518730  6740 0000000002F77A80 DEBUG             GST_MEMORY gstmemory.c:133:gst_memory_init: new memory 0000000003FDF680, maxsize:27694 offset:0 size:27687
0:00:01.720569259  6740 0000000002F77A80 LOG               GST_BUFFER gstbuffer.c:581:gst_buffer_new: new 0000000003E675E0
0:00:01.720610194  6740 0000000002F77A80 LOG               GST_BUFFER gstbuffer.c:297:_memory_add: buffer 0000000003E675E0, idx -1, mem 0000000003FDF680, lock 1
0:00:01.720654006  6740 0000000002F77A80 LOG               GST_BUFFER gstbuffer.c:635:gst_buffer_new_allocate: new buffer 0000000003E675E0 of size 27687 from allocator 0000000000000000
0:00:01.720697819  6740 0000000002F77A80 LOG               GST_BUFFER gstbuffer.c:1410:gst_buffer_map_range: buffer 0000000003E675E0, idx 0, length -1, flags 0002
0:00:01.720740992  6740 0000000002F77A80 LOG               GST_BUFFER gstbuffer.c:207:_get_merged_memory: buffer 0000000003E675E0, idx 0, length 1
0:00:01.720795358  6740 0000000002F77A80 LOG               GST_BUFFER gstbuffer.c:1279:gst_buffer_resize_range: trim 0000000003E675E0 0-1400 size:27687 offs:0 max:27694
0:00:01.720842049  6740 0000000002F77A80 DEBUG             GST_BUFFER gstbuffer.c:1853:gst_buffer_add_meta: alloc metadata 0000000003E680F8 (GstNetAddressMeta) of size 24
0:00:01.720887141  6740 0000000002F77A80 LOG                   udpsrc gstudpsrc.c:502:gst_udpsrc_create:<udpsrc1> read 27687 bytes
0:00:01.720930634  6740 0000000002F77A80 DEBUG              GST_CLOCK gstclock.c:922:gst_clock_get_internal_time:<GstSystemClock> internal time 0:00:00.604740156
0:00:01.720975407  6740 0000000002F77A80 DEBUG              GST_CLOCK gstclock.c:967:gst_clock_get_time:<GstSystemClock> adjusted time 0:00:00.604740156
0:00:01.721018580  6740 0000000002F77A80 LOG                  basesrc gstbasesrc.c:2165:gst_base_src_do_sync:<udpsrc1> created DTS 0:00:00.604645815
0:00:01.721062073  6740 0000000002F77A80 LOG                  basesrc gstbasesrc.c:2175:gst_base_src_do_sync:<udpsrc1> created PTS 0:00:00.604645815
0:00:01.721105885  6740 0000000002F77A80 DEBUG                basesrc gstbasesrc.c:2213:gst_base_src_do_sync:<udpsrc1> no sync needed
0:00:01.721147779  6740 0000000002F77A80 DEBUG                basesrc gstbasesrc.c:2414:gst_base_src_get_range:<udpsrc1> buffer ok
0:00:01.721190953  6740 0000000002F77A80 LOG           GST_SCHEDULING gstpad.c:3653:gst_pad_chain_data_unchecked:<rtpbin0:recv_rtp_sink_0> calling chainfunction &gst_proxy_pad_chain_default with buffer 0000000003E675E0
0:00:01.721237004  6740 0000000002F77A80 LOG           GST_SCHEDULING gstpad.c:3653:gst_pad_chain_data_unchecked:<rtpsession0:recv_rtp_sink> calling chainfunction &000000007049E190 with buffer 0000000003E675E0
0:00:01.721280817  6740 0000000002F77A80 LOG               rtpsession gstrtpsession.c:1505:gst_rtp_session_chain_recv_rtp:<rtpsession0> received RTP packet
0:00:01.721323030  6740 0000000002F77A80 DEBUG              GST_CLOCK gstclock.c:922:gst_clock_get_internal_time:<GstSystemClock> internal time 0:00:00.605132232
0:00:01.721366523  6740 0000000002F77A80 DEBUG              GST_CLOCK gstclock.c:967:gst_clock_get_time:<GstSystemClock> adjusted time 0:00:00.605132232
0:00:01.721412255  6740 0000000002F77A80 LOG               GST_BUFFER gstbuffer.c:1410:gst_buffer_map_range: buffer 0000000003E675E0, idx 0, length 1, flags 0001
0:00:01.721454788  6740 0000000002F77A80 LOG               GST_BUFFER gstbuffer.c:207:_get_merged_memory: buffer 0000000003E675E0, idx 0, length 1
0:00:01.721497322  6740 0000000002F77A80 LOG               GST_BUFFER gstbuffer.c:1410:gst_buffer_map_range: buffer 0000000003E675E0, idx 0, length 1, flags 0001
0:00:01.721557764  6740 0000000002F77A80 LOG               GST_BUFFER gstbuffer.c:207:_get_merged_memory: buffer 0000000003E675E0, idx 0, length 1
0:00:01.721604136  6740 0000000002F77A80 LOG               GST_BUFFER gstbuffer.c:1410:gst_buffer_map_range: buffer 0000000003E675E0, idx 0, length 1, flags 0001
0:00:01.721647629  6740 0000000002F77A80 LOG               GST_BUFFER gstbuffer.c:207:_get_merged_memory: buffer 0000000003E675E0, idx 0, length 1
0:00:01.721691122  6740 0000000002F77A80 LOG                rtpsource rtpsource.c:1155:rtp_source_process_rtp: seq 65138, PC: 35, OC: 45040
0:00:01.721733335  6740 0000000002F77A80 LOG               GST_BUFFER gstbuffer.c:1410:gst_buffer_map_range: buffer 0000000003E675E0, idx 0, length 1, flags 0001
0:00:01.721775229  6740 0000000002F77A80 LOG               GST_BUFFER gstbuffer.c:207:_get_merged_memory: buffer 0000000003E675E0, idx 0, length 1
0:00:01.721817763  6740 0000000002F77A80 LOG                rtpsource rtpsource.c:941:calculate_jitter: SSRC b094efc4 got payload 96
0:00:01.721859657  6740 0000000002F77A80 LOG                rtpsource rtpsource.c:976:calculate_jitter: rtparrival 54418, rtptime 2932234080, clock-rate 90000, diff 242, jitter: 507.750000
0:00:01.721904749  6740 0000000002F77A80 LOG                rtpsource rtpsource.c:878:push_packet: pushing new packet
0:00:01.721945363  6740 0000000002F77A80 LOG               rtpsession rtpsession.c:1175:source_push_rtp: source b094efc4 pushed receiver RTP packet
0:00:01.721988856  6740 0000000002F77A80 LOG               rtpsession gstrtpsession.c:1035:gst_rtp_session_process_rtp:<rtpsession0> pushing received RTP packet
0:00:01.722032030  6740 0000000002F77A80 LOG           GST_SCHEDULING gstpad.c:3653:gst_pad_chain_data_unchecked:<rtpssrcdemux0:sink> calling chainfunction &000000007048EF60 with buffer 0000000003E675E0
0:00:01.722074243  6740 0000000002F77A80 LOG               GST_BUFFER gstbuffer.c:1410:gst_buffer_map_range: buffer 0000000003E675E0, idx 0, length 1, flags 0001
0:00:01.722117097  6740 0000000002F77A80 LOG               GST_BUFFER gstbuffer.c:207:_get_merged_memory: buffer 0000000003E675E0, idx 0, length 1
0:00:01.722161229  6740 0000000002F77A80 DEBUG           rtpssrcdemux gstrtpssrcdemux.c:638:gst_rtp_ssrc_demux_chain:<rtpssrcdemux0> received buffer of SSRC b094efc4
0:00:01.722203763  6740 0000000002F77A80 DEBUG           rtpssrcdemux gstrtpssrcdemux.c:230:find_or_create_demux_pad_for_ssrc:<rtpssrcdemux0> creating pad for SSRC b094efc4
0:00:01.722247576  6740 0000000002F77A80 LOG           GST_SCHEDULING gstpad.c:3653:gst_pad_chain_data_unchecked:<rtpjitterbuffer0:sink> calling chainfunction &gst_rtp_jitter_buffer_chain with buffer 0000000003E675E0
0:00:01.722290109  6740 0000000002F77A80 LOG               GST_BUFFER gstbuffer.c:1410:gst_buffer_map_range: buffer 0000000003E675E0, idx 0, length 1, flags 0001
0:00:01.722332323  6740 0000000002F77A80 LOG               GST_BUFFER gstbuffer.c:207:_get_merged_memory: buffer 0000000003E675E0, idx 0, length 1
0:00:01.722375176  6740 0000000002F77A80 DEBUG     gstrtpjitterbuffer gstrtpjitterbuffer.c:1278:gst_rtp_jitter_buffer_chain:<rtpjitterbuffer0> Received packet #65138 at time 0:00:00.604645815
0:00:01.722423786  6740 0000000002F77A80 LOG               GST_BUFFER gstbuffer.c:1410:gst_buffer_map_range: buffer 0000000003E675E0, idx 0, length 1, flags 0001
0:00:01.722466000  6740 0000000002F77A80 LOG               GST_BUFFER gstbuffer.c:207:_get_merged_memory: buffer 0000000003E675E0, idx 0, length 1
0:00:01.722508533  6740 0000000002F77A80 LOG               GST_BUFFER gstbuffer.c:1410:gst_buffer_map_range: buffer 0000000003E674D0, idx 0, length 1, flags 0001
0:00:01.722560021  6740 0000000002F77A80 LOG               GST_BUFFER gstbuffer.c:207:_get_merged_memory: buffer 0000000003E674D0, idx 0, length 1
0:00:01.722603834  6740 0000000002F77A80 DEBUG        rtpjitterbuffer rtpjitterbuffer.c:428:calculate_skew: extrtp 2932234080, gstrtp 9:03:00.378666666, base 9:03:00.278466666, send_diff 0:00:00.100200000
0:00:01.722650205  6740 0000000002F77A80 DEBUG        rtpjitterbuffer rtpjitterbuffer.c:451:calculate_skew: time 0:00:00.604645815, base 0:00:00.441604788, recv_diff 0:00:00.163041027, slope 4
0:00:01.722695617  6740 0000000002F77A80 DEBUG        rtpjitterbuffer rtpjitterbuffer.c:468:calculate_skew: filling 35, delta 62841027
0:00:01.722738151  6740 0000000002F77A80 DEBUG        rtpjitterbuffer rtpjitterbuffer.c:561:calculate_skew: backwards timestamps, using previous time
0:00:01.722779405  6740 0000000002F77A80 DEBUG        rtpjitterbuffer rtpjitterbuffer.c:583:calculate_skew: skew 0, out 0:00:00.541804788
0:00:01.722824497  6740 0000000002F77A80 DEBUG     gstrtpjitterbuffer gstrtpjitterbuffer.c:1405:gst_rtp_jitter_buffer_chain:<rtpjitterbuffer0> Pushed packet #65138, now 35 packets, tail: 0
0:00:01.722868949  6740 0000000002F77A80 LOG           GST_SCHEDULING gstpad.c:3659:gst_pad_chain_data_unchecked:<rtpjitterbuffer0:sink> called chainfunction &gst_rtp_jitter_buffer_chain with buffer 0000000003E675E0, returned ok
0:00:01.722915001  6740 0000000002F77A80 LOG           GST_SCHEDULING gstpad.c:3659:gst_pad_chain_data_unchecked:<rtpssrcdemux0:sink> called chainfunction &000000007048EF60 with buffer 0000000003E675E0, returned ok
0:00:01.722960093  6740 0000000002F77A80 LOG           GST_SCHEDULING gstpad.c:3659:gst_pad_chain_data_unchecked:<rtpsession0:recv_rtp_sink> called chainfunction &000000007049E190 with buffer 0000000003E675E0, returned ok
0:00:01.723005824  6740 0000000002F77A80 LOG           GST_SCHEDULING gstpad.c:3659:gst_pad_chain_data_unchecked:<rtpbin0:recv_rtp_sink_0> called chainfunction &gst_proxy_pad_chain_default with buffer 0000000003E675E0, returned ok
0:00:01.723050596  6740 0000000002F77A80 LOG                  basesrc gstbasesrc.c:2614:gst_base_src_loop:<udpsrc1> next_ts 99:99:99.999999999 size 4096
0:00:01.723095049  6740 0000000002F77A80 DEBUG                basesrc gstbasesrc.c:2351:gst_base_src_get_range:<udpsrc1> calling create offset 18446744073709551615 length 4096, time 0
0:00:01.723140780  6740 0000000002F77A80 LOG                   udpsrc gstudpsrc.c:451:gst_udpsrc_create:<udpsrc1> ioctl says 26287 bytes available
0:00:01.723184273  6740 0000000002F77A80 DEBUG             GST_MEMORY gstmemory.c:133:gst_memory_init: new memory 0000000003FE6350, maxsize:26294 offset:0 size:26287
0:00:01.723227766  6740 0000000002F77A80 LOG               GST_BUFFER gstbuffer.c:581:gst_buffer_new: new 0000000003E676F0
0:00:01.723269340  6740 0000000002F77A80 LOG               GST_BUFFER gstbuffer.c:297:_memory_add: buffer 0000000003E676F0, idx -1, mem 0000000003FE6350, lock 1
0:00:01.723312833  6740 0000000002F77A80 LOG               GST_BUFFER gstbuffer.c:635:gst_buffer_new_allocate: new buffer 0000000003E676F0 of size 26287 from allocator 0000000000000000
0:00:01.723356326  6740 0000000002F77A80 LOG               GST_BUFFER gstbuffer.c:1410:gst_buffer_map_range: buffer 0000000003E676F0, idx 0, length -1, flags 0002
0:00:01.723399499  6740 0000000002F77A80 LOG               GST_BUFFER gstbuffer.c:207:_get_merged_memory: buffer 0000000003E676F0, idx 0, length 1
0:00:01.723451307  6740 0000000002F77A80 LOG               GST_BUFFER gstbuffer.c:1279:gst_buffer_resize_range: trim 0000000003E676F0 0-1400 size:26287 offs:0 max:26294
0:00:01.723497358  6740 0000000002F77A80 DEBUG             GST_BUFFER gstbuffer.c:1853:gst_buffer_add_meta: alloc metadata 0000000003E68128 (GstNetAddressMeta) of size 24
0:00:01.723548846  6740 0000000002F77A80 LOG                   udpsrc gstudpsrc.c:502:gst_udpsrc_create:<udpsrc1> read 26287 bytes
0:00:01.723594578  6740 0000000002F77A80 DEBUG              GST_CLOCK gstclock.c:922:gst_clock_get_internal_time:<GstSystemClock> internal time 0:00:00.607403780
0:00:01.723638711  6740 0000000002F77A80 DEBUG              GST_CLOCK gstclock.c:967:gst_clock_get_time:<GstSystemClock> adjusted time 0:00:00.607403780
0:00:01.723681884  6740 0000000002F77A80 LOG                  basesrc gstbasesrc.c:2165:gst_base_src_do_sync:<udpsrc1> created DTS 0:00:00.607309439
0:00:01.723724737  6740 0000000002F77A80 LOG                  basesrc gstbasesrc.c:2175:gst_base_src_do_sync:<udpsrc1> created PTS 0:00:00.607309439
0:00:01.723768550  6740 0000000002F77A80 DEBUG                basesrc gstbasesrc.c:2213:gst_base_src_do_sync:<udpsrc1> no sync needed
0:00:01.723810444  6740 0000000002F77A80 DEBUG                basesrc gstbasesrc.c:2414:gst_base_src_get_range:<udpsrc1> buffer ok
0:00:01.723852977  6740 0000000002F77A80 LOG           GST_SCHEDULING gstpad.c:3653:gst_pad_chain_data_unchecked:<rtpbin0:recv_rtp_sink_0> calling chainfunction &gst_proxy_pad_chain_default with buffer 0000000003E676F0
0:00:01.723898709  6740 0000000002F77A80 LOG           GST_SCHEDULING gstpad.c:3653:gst_pad_chain_data_unchecked:<rtpsession0:recv_rtp_sink> calling chainfunction &000000007049E190 with buffer 0000000003E676F0
0:00:01.723941882  6740 0000000002F77A80 LOG               rtpsession gstrtpsession.c:1505:gst_rtp_session_chain_recv_rtp:<rtpsession0> received RTP packet
0:00:01.723985055  6740 0000000002F77A80 DEBUG              GST_CLOCK gstclock.c:922:gst_clock_get_internal_time:<GstSystemClock> internal time 0:00:00.607794577
0:00:01.724028228  6740 0000000002F77A80 DEBUG              GST_CLOCK gstclock.c:967:gst_clock_get_time:<GstSystemClock> adjusted time 0:00:00.607794577
0:00:01.724071082  6740 0000000002F77A80 LOG               GST_BUFFER gstbuffer.c:1410:gst_buffer_map_range: buffer 0000000003E676F0, idx 0, length 1, flags 0001
0:00:01.724113615  6740 0000000002F77A80 LOG               GST_BUFFER gstbuffer.c:207:_get_merged_memory: buffer 0000000003E676F0, idx 0, length 1
0:00:01.724156788  6740 0000000002F77A80 LOG               GST_BUFFER gstbuffer.c:1410:gst_buffer_map_range: buffer 0000000003E676F0, idx 0, length 1, flags 0001
0:00:01.724199002  6740 0000000002F77A80 LOG               GST_BUFFER gstbuffer.c:207:_get_merged_memory: buffer 0000000003E676F0, idx 0, length 1
0:00:01.724242815  6740 0000000002F77A80 LOG               GST_BUFFER gstbuffer.c:1410:gst_buffer_map_range: buffer 0000000003E676F0, idx 0, length 1, flags 0001
0:00:01.724285668  6740 0000000002F77A80 LOG               GST_BUFFER gstbuffer.c:207:_get_merged_memory: buffer 0000000003E676F0, idx 0, length 1
0:00:01.724328522  6740 0000000002F77A80 LOG                rtpsource rtpsource.c:1155:rtp_source_process_rtp: seq 65139, PC: 36, OC: 46428
0:00:01.724370735  6740 0000000002F77A80 LOG               GST_BUFFER gstbuffer.c:1410:gst_buffer_map_range: buffer 0000000003E676F0, idx 0, length 1, flags 0001
0:00:01.724412949  6740 0000000002F77A80 LOG               GST_BUFFER gstbuffer.c:207:_get_merged_memory: buffer 0000000003E676F0, idx 0, length 1
0:00:01.724455483  6740 0000000002F77A80 LOG                rtpsource rtpsource.c:941:calculate_jitter: SSRC b094efc4 got payload 96
0:00:01.724497377  6740 0000000002F77A80 LOG                rtpsource rtpsource.c:976:calculate_jitter: rtparrival 54657, rtptime 2932234080, clock-rate 90000, diff 239, jitter: 490.937500
0:00:01.724559738  6740 0000000002F77A80 LOG                rtpsource rtpsource.c:878:push_packet: pushing new packet
0:00:01.724601312  6740 0000000002F77A80 LOG               rtpsession rtpsession.c:1175:source_push_rtp: source b094efc4 pushed receiver RTP packet
0:00:01.724667511  6740 0000000002F77A80 LOG               rtpsession gstrtpsession.c:1035:gst_rtp_session_process_rtp:<rtpsession0> pushing received RTP packet
0:00:01.724711963  6740 0000000002F77A80 LOG           GST_SCHEDULING gstpad.c:3653:gst_pad_chain_data_unchecked:<rtpssrcdemux0:sink> calling chainfunction &000000007048EF60 with buffer 0000000003E676F0
0:00:01.724756096  6740 0000000002F77A80 LOG               GST_BUFFER gstbuffer.c:1410:gst_buffer_map_range: buffer 0000000003E676F0, idx 0, length 1, flags 0001
0:00:01.724801188  6740 0000000002F77A80 LOG               GST_BUFFER gstbuffer.c:207:_get_merged_memory: buffer 0000000003E676F0, idx 0, length 1
0:00:01.724845640  6740 0000000002F77A80 DEBUG           rtpssrcdemux gstrtpssrcdemux.c:638:gst_rtp_ssrc_demux_chain:<rtpssrcdemux0> received buffer of SSRC b094efc4
0:00:01.724888174  6740 0000000002F77A80 DEBUG           rtpssrcdemux gstrtpssrcdemux.c:230:find_or_create_demux_pad_for_ssrc:<rtpssrcdemux0> creating pad for SSRC b094efc4
0:00:01.724931986  6740 0000000002F77A80 LOG           GST_SCHEDULING gstpad.c:3653:gst_pad_chain_data_unchecked:<rtpjitterbuffer0:sink> calling chainfunction &gst_rtp_jitter_buffer_chain with buffer 0000000003E676F0
0:00:01.724975160  6740 0000000002F77A80 LOG               GST_BUFFER gstbuffer.c:1410:gst_buffer_map_range: buffer 0000000003E676F0, idx 0, length 1, flags 0001
0:00:01.725018653  6740 0000000002F77A80 LOG               GST_BUFFER gstbuffer.c:207:_get_merged_memory: buffer 0000000003E676F0, idx 0, length 1
0:00:01.725063425  6740 0000000002F77A80 DEBUG     gstrtpjitterbuffer gstrtpjitterbuffer.c:1278:gst_rtp_jitter_buffer_chain:<rtpjitterbuffer0> Received packet #65139 at time 0:00:00.607309439
0:00:01.725106918  6740 0000000002F77A80 LOG               GST_BUFFER gstbuffer.c:1410:gst_buffer_map_range: buffer 0000000003E676F0, idx 0, length 1, flags 0001
0:00:01.725150411  6740 0000000002F77A80 LOG               GST_BUFFER gstbuffer.c:207:_get_merged_memory: buffer 0000000003E676F0, idx 0, length 1
0:00:01.725193584  6740 0000000002F77A80 LOG               GST_BUFFER gstbuffer.c:1410:gst_buffer_map_range: buffer 0000000003E675E0, idx 0, length 1, flags 0001
0:00:01.725235478  6740 0000000002F77A80 LOG               GST_BUFFER gstbuffer.c:207:_get_merged_memory: buffer 0000000003E675E0, idx 0, length 1
0:00:01.725278331  6740 0000000002F77A80 DEBUG        rtpjitterbuffer rtpjitterbuffer.c:428:calculate_skew: extrtp 2932234080, gstrtp 9:03:00.378666666, base 9:03:00.278466666, send_diff 0:00:00.100200000
0:00:01.725325022  6740 0000000002F77A80 DEBUG        rtpjitterbuffer rtpjitterbuffer.c:451:calculate_skew: time 0:00:00.607309439, base 0:00:00.441604788, recv_diff 0:00:00.165704651, slope 4
0:00:01.725370754  6740 0000000002F77A80 DEBUG        rtpjitterbuffer rtpjitterbuffer.c:468:calculate_skew: filling 36, delta 65504651
0:00:01.725413607  6740 0000000002F77A80 DEBUG        rtpjitterbuffer rtpjitterbuffer.c:561:calculate_skew: backwards timestamps, using previous time
0:00:01.725455181  6740 0000000002F77A80 DEBUG        rtpjitterbuffer rtpjitterbuffer.c:583:calculate_skew: skew 0, out 0:00:00.541804788
0:00:01.725500273  6740 0000000002F77A80 DEBUG     gstrtpjitterbuffer gstrtpjitterbuffer.c:1405:gst_rtp_jitter_buffer_chain:<rtpjitterbuffer0> Pushed packet #65139, now 36 packets, tail: 0
0:00:01.725547604  6740 0000000002F77A80 LOG           GST_SCHEDULING gstpad.c:3659:gst_pad_chain_data_unchecked:<rtpjitterbuffer0:sink> called chainfunction &gst_rtp_jitter_buffer_chain with buffer 0000000003E676F0, returned ok
0:00:01.725593655  6740 0000000002F77A80 LOG           GST_SCHEDULING gstpad.c:3659:gst_pad_chain_data_unchecked:<rtpssrcdemux0:sink> called chainfunction &000000007048EF60 with buffer 0000000003E676F0, returned ok
0:00:01.725639387  6740 0000000002F77A80 LOG           GST_SCHEDULING gstpad.c:3659:gst_pad_chain_data_unchecked:<rtpsession0:recv_rtp_sink> called chainfunction &000000007049E190 with buffer 0000000003E676F0, returned ok
0:00:01.725685438  6740 0000000002F77A80 LOG           GST_SCHEDULING gstpad.c:3659:gst_pad_chain_data_unchecked:<rtpbin0:recv_rtp_sink_0> called chainfunction &gst_proxy_pad_chain_default with buffer 0000000003E676F0, returned ok
0:00:01.725730210  6740 0000000002F77A80 LOG                  basesrc gstbasesrc.c:2614:gst_base_src_loop:<udpsrc1> next_ts 99:99:99.999999999 size 4096
0:00:01.711712366  6740 0000000003E61280 LOG                 GST_PADS gstpad.c:4423:gst_pad_store_sticky_event:<recv_rtp_src_0_2962550724_96:proxypad4> stored sticky event stream-start
0:00:01.725774982  6740 0000000002F77A80 DEBUG                basesrc gstbasesrc.c:2351:gst_base_src_get_range:<udpsrc1> calling create offset 18446744073709551615 length 4096, time 0
0:00:01.725823592  6740 0000000003E61280 DEBUG               GST_PADS gstpad.c:4852:gst_pad_send_event_unchecked:<recv_rtp_src_0_2962550724_96:proxypad4> event stream-start updated
0:00:01.725871242  6740 0000000002F77A80 LOG                   udpsrc gstudpsrc.c:451:gst_udpsrc_create:<udpsrc1> ioctl says 24887 bytes available
0:00:01.725915055  6740 0000000003E61280 LOG                 GST_PADS gstpad.c:4520:gst_pad_push_event_unchecked:<rtpbin0:recv_rtp_src_0_2962550724_96> sent event 0000000003E06EA0 to peerpad 0000000003014BD0, ret ok
0:00:01.725963665  6740 0000000002F77A80 DEBUG             GST_MEMORY gstmemory.c:133:gst_memory_init: new memory 0000000003FECAA0, maxsize:24894 offset:0 size:24887
0:00:01.726053849  6740 0000000002F77A80 LOG               GST_BUFFER gstbuffer.c:581:gst_buffer_new: new 0000000003E67800
0:00:01.726097662  6740 0000000002F77A80 LOG               GST_BUFFER gstbuffer.c:297:_memory_add: buffer 0000000003E67800, idx -1, mem 0000000003FECAA0, lock 1
0:00:01.726141474  6740 0000000002F77A80 LOG               GST_BUFFER gstbuffer.c:635:gst_buffer_new_allocate: new buffer 0000000003E67800 of size 24887 from allocator 0000000000000000
0:00:01.726184967  6740 0000000002F77A80 LOG               GST_BUFFER gstbuffer.c:1410:gst_buffer_map_range: buffer 0000000003E67800, idx 0, length -1, flags 0002
0:00:01.726228141  6740 0000000002F77A80 LOG               GST_BUFFER gstbuffer.c:207:_get_merged_memory: buffer 0000000003E67800, idx 0, length 1
0:00:01.726007478  6740 0000000003E61280 DEBUG               GST_PADS gstpad.c:3293:push_sticky:<rtpbin0:recv_rtp_src_0_2962550724_96> event stream-start marked received
0:00:01.726282507  6740 0000000002F77A80 LOG               GST_BUFFER gstbuffer.c:1279:gst_buffer_resize_range: trim 0000000003E67800 0-1400 size:24887 offs:0 max:24894
0:00:01.726319284  6740 0000000003E61280 DEBUG               GST_PADS gstpad.c:4837:gst_pad_send_event_unchecked:<recv_rtp_src_0_2962550724_96:proxypad3> sent event, ret ok
0:00:01.726365975  6740 0000000002F77A80 DEBUG             GST_BUFFER gstbuffer.c:1853:gst_buffer_add_meta: alloc metadata 0000000003E68158 (GstNetAddressMeta) of size 24
0:00:01.726412026  6740 0000000003E61280 LOG                 GST_PADS gstpad.c:4423:gst_pad_store_sticky_event:<recv_rtp_src_0_2962550724_96:proxypad3> stored sticky event stream-start
0:00:01.726457438  6740 0000000002F77A80 LOG                   udpsrc gstudpsrc.c:502:gst_udpsrc_create:<udpsrc1> read 24887 bytes
0:00:01.726502530  6740 0000000003E61280 DEBUG               GST_PADS gstpad.c:4852:gst_pad_send_event_unchecked:<recv_rtp_src_0_2962550724_96:proxypad3> event stream-start updated
0:00:01.726551140  6740 0000000002F77A80 DEBUG              GST_CLOCK gstclock.c:922:gst_clock_get_internal_time:<GstSystemClock> internal time 0:00:00.610360662
0:00:01.726597191  6740 0000000003E61280 LOG                 GST_PADS gstpad.c:4520:gst_pad_push_event_unchecked:<rtpptdemux0:src_96> sent event 0000000003E06EA0 to peerpad 0000000003048C10, ret ok
0:00:01.726642603  6740 0000000002F77A80 DEBUG              GST_CLOCK gstclock.c:967:gst_clock_get_time:<GstSystemClock> adjusted time 0:00:00.610360662
0:00:01.726690253  6740 0000000003E61280 DEBUG               GST_PADS gstpad.c:3293:push_sticky:<rtpptdemux0:src_96> event stream-start marked received
0:00:01.726736305  6740 0000000002F77A80 LOG                  basesrc gstbasesrc.c:2165:gst_base_src_do_sync:<udpsrc1> created DTS 0:00:00.610266321
0:00:01.726782676  6740 0000000003E61280 LOG                 GST_PADS gstpad.c:4513:gst_pad_push_event_unchecked:<rtpptdemux0:src_96> sending event 0000000003E06F00 (segment) to peerpad 0000000003048C10
0:00:01.726827768  6740 0000000002F77A80 LOG                  basesrc gstbasesrc.c:2175:gst_base_src_do_sync:<udpsrc1> created PTS 0:00:00.610266321
0:00:01.726876378  6740 0000000003E61280 DEBUG              GST_EVENT gstpad.c:4771:gst_pad_send_event_unchecked:<recv_rtp_src_0_2962550724_96:proxypad3> have event type 0000000003E06F00
0:00:01.726923069  6740 0000000002F77A80 DEBUG                basesrc gstbasesrc.c:2213:gst_base_src_do_sync:<udpsrc1> no sync needed
0:00:01.726969440  6740 0000000003E61280 LOG                 GST_PADS gstpad.c:2753:gst_pad_event_default:<recv_rtp_src_0_2962550724_96:proxypad3> default event handler for event 0000000003E06F00
0:00:01.727012613  6740 0000000002F77A80 DEBUG                basesrc gstbasesrc.c:2414:gst_base_src_get_range:<udpsrc1> buffer ok
0:00:01.727060583  6740 0000000003E61280 LOG                 GST_PADS gstpad.c:2673:gst_pad_forward:<recv_rtp_src_0_2962550724_96:proxypad3> calling forward function on pad rtpbin0:recv_rtp_src_0_2962550724_96
0:00:01.727103756  6740 0000000002F77A80 LOG           GST_SCHEDULING gstpad.c:3653:gst_pad_chain_data_unchecked:<rtpbin0:recv_rtp_sink_0> calling chainfunction &gst_proxy_pad_chain_default with buffer 0000000003E67800
0:00:01.727148209  6740 0000000003E61280 LOG                 GST_PADS gstpad.c:2718:event_forward_func:<rtpbin0:recv_rtp_src_0_2962550724_96> Reffing and pushing event 0000000003E06F00 (segment) to rtpbin0:recv_rtp_src_0_2962550724_96
0:00:01.727194899  6740 0000000002F77A80 LOG           GST_SCHEDULING gstpad.c:3653:gst_pad_chain_data_unchecked:<rtpsession0:recv_rtp_sink> calling chainfunction &000000007049E190 with buffer 0000000003E67800
0:00:01.727242550  6740 0000000003E61280 LOG                 GST_PADS gstpad.c:4423:gst_pad_store_sticky_event:<rtpbin0:recv_rtp_src_0_2962550724_96> stored sticky event segment
0:00:01.727288601  6740 0000000002F77A80 LOG               rtpsession gstrtpsession.c:1505:gst_rtp_session_chain_recv_rtp:<rtpsession0> received RTP packet
0:00:01.727333693  6740 0000000003E61280 DEBUG               GST_PADS gstpad.c:4628:gst_pad_push_event:<rtpbin0:recv_rtp_src_0_2962550724_96> event segment updated
0:00:01.727378146  6740 0000000002F77A80 DEBUG              GST_CLOCK gstclock.c:922:gst_clock_get_internal_time:<GstSystemClock> internal time 0:00:00.611187667
0:00:01.727422598  6740 0000000003E61280 DEBUG               GST_PADS gstpad.c:3333:check_sticky:<rtpbin0:recv_rtp_src_0_2962550724_96> pushing all sticky events
0:00:01.727468969  6740 0000000002F77A80 DEBUG              GST_CLOCK gstclock.c:967:gst_clock_get_time:<GstSystemClock> adjusted time 0:00:00.611187667
0:00:01.727561711  6740 0000000002F77A80 LOG               GST_BUFFER gstbuffer.c:1410:gst_buffer_map_range: buffer 0000000003E67800, idx 0, length 1, flags 0001
0:00:01.727605204  6740 0000000002F77A80 LOG               GST_BUFFER gstbuffer.c:207:_get_merged_memory: buffer 0000000003E67800, idx 0, length 1
0:00:01.727648697  6740 0000000002F77A80 LOG               GST_BUFFER gstbuffer.c:1410:gst_buffer_map_range: buffer 0000000003E67800, idx 0, length 1, flags 0001
0:00:01.727692190  6740 0000000002F77A80 LOG               GST_BUFFER gstbuffer.c:207:_get_merged_memory: buffer 0000000003E67800, idx 0, length 1
0:00:01.727513741  6740 0000000003E61280 DEBUG               GST_PADS gstpad.c:3282:push_sticky:<rtpbin0:recv_rtp_src_0_2962550724_96> event stream-start was already received
0:00:01.727736962  6740 0000000002F77A80 LOG               GST_BUFFER gstbuffer.c:1410:gst_buffer_map_range: buffer 0000000003E67800, idx 0, length 1, flags 0001
0:00:01.727827786  6740 0000000002F77A80 LOG               GST_BUFFER gstbuffer.c:207:_get_merged_memory: buffer 0000000003E67800, idx 0, length 1
0:00:01.727870639  6740 0000000002F77A80 LOG                rtpsource rtpsource.c:1155:rtp_source_process_rtp: seq 65140, PC: 37, OC: 47816
0:00:01.727913813  6740 0000000002F77A80 LOG               GST_BUFFER gstbuffer.c:1410:gst_buffer_map_range: buffer 0000000003E67800, idx 0, length 1, flags 0001
0:00:01.727957305  6740 0000000002F77A80 LOG               GST_BUFFER gstbuffer.c:207:_get_merged_memory: buffer 0000000003E67800, idx 0, length 1
0:00:01.728002717  6740 0000000002F77A80 LOG                rtpsource rtpsource.c:941:calculate_jitter: SSRC b094efc4 got payload 96
0:00:01.728045890  6740 0000000002F77A80 LOG                rtpsource rtpsource.c:976:calculate_jitter: rtparrival 54923, rtptime 2932234080, clock-rate 90000, diff 266, jitter: 476.875000
0:00:01.728091302  6740 0000000002F77A80 LOG                rtpsource rtpsource.c:878:push_packet: pushing new packet
0:00:01.728132556  6740 0000000002F77A80 LOG               rtpsession rtpsession.c:1175:source_push_rtp: source b094efc4 pushed receiver RTP packet
0:00:01.728176369  6740 0000000002F77A80 LOG               rtpsession gstrtpsession.c:1035:gst_rtp_session_process_rtp:<rtpsession0> pushing received RTP packet
0:00:01.728220182  6740 0000000002F77A80 LOG           GST_SCHEDULING gstpad.c:3653:gst_pad_chain_data_unchecked:<rtpssrcdemux0:sink> calling chainfunction &000000007048EF60 with buffer 0000000003E67800
0:00:01.728263995  6740 0000000002F77A80 LOG               GST_BUFFER gstbuffer.c:1410:gst_buffer_map_range: buffer 0000000003E67800, idx 0, length 1, flags 0001
0:00:01.728307488  6740 0000000002F77A80 LOG               GST_BUFFER gstbuffer.c:207:_get_merged_memory: buffer 0000000003E67800, idx 0, length 1
0:00:01.728352260  6740 0000000002F77A80 DEBUG           rtpssrcdemux gstrtpssrcdemux.c:638:gst_rtp_ssrc_demux_chain:<rtpssrcdemux0> received buffer of SSRC b094efc4
0:00:01.728395753  6740 0000000002F77A80 DEBUG           rtpssrcdemux gstrtpssrcdemux.c:230:find_or_create_demux_pad_for_ssrc:<rtpssrcdemux0> creating pad for SSRC b094efc4
0:00:01.728438606  6740 0000000002F77A80 LOG           GST_SCHEDULING gstpad.c:3653:gst_pad_chain_data_unchecked:<rtpjitterbuffer0:sink> calling chainfunction &gst_rtp_jitter_buffer_chain with buffer 0000000003E67800
0:00:01.728482419  6740 0000000002F77A80 LOG               GST_BUFFER gstbuffer.c:1410:gst_buffer_map_range: buffer 0000000003E67800, idx 0, length 1, flags 0001
0:00:01.728528470  6740 0000000002F77A80 LOG               GST_BUFFER gstbuffer.c:207:_get_merged_memory: buffer 0000000003E67800, idx 0, length 1
0:00:01.728574842  6740 0000000002F77A80 DEBUG     gstrtpjitterbuffer gstrtpjitterbuffer.c:1278:gst_rtp_jitter_buffer_chain:<rtpjitterbuffer0> Received packet #65140 at time 0:00:00.610266321
0:00:01.728618974  6740 0000000002F77A80 LOG               GST_BUFFER gstbuffer.c:1410:gst_buffer_map_range: buffer 0000000003E67800, idx 0, length 1, flags 0001
0:00:01.728660868  6740 0000000002F77A80 LOG               GST_BUFFER gstbuffer.c:207:_get_merged_memory: buffer 0000000003E67800, idx 0, length 1
0:00:01.728704041  6740 0000000002F77A80 LOG               GST_BUFFER gstbuffer.c:1410:gst_buffer_map_range: buffer 0000000003E676F0, idx 0, length 1, flags 0001
0:00:01.728746895  6740 0000000002F77A80 LOG               GST_BUFFER gstbuffer.c:207:_get_merged_memory: buffer 0000000003E676F0, idx 0, length 1
0:00:01.728790707  6740 0000000002F77A80 DEBUG        rtpjitterbuffer rtpjitterbuffer.c:428:calculate_skew: extrtp 2932234080, gstrtp 9:03:00.378666666, base 9:03:00.278466666, send_diff 0:00:00.100200000
0:00:01.728836759  6740 0000000002F77A80 DEBUG        rtpjitterbuffer rtpjitterbuffer.c:451:calculate_skew: time 0:00:00.610266321, base 0:00:00.441604788, recv_diff 0:00:00.168661533, slope 4
0:00:01.727783014  6740 0000000003E61280 LOG                 GST_PADS gstpad.c:4513:gst_pad_push_event_unchecked:<rtpbin0:recv_rtp_src_0_2962550724_96> sending event 0000000003E06F00 (segment) to peerpad 0000000003014BD0
0:00:01.728881211  6740 0000000002F77A80 DEBUG        rtpjitterbuffer rtpjitterbuffer.c:468:calculate_skew: filling 37, delta 68461533
0:00:01.728972035  6740 0000000002F77A80 DEBUG        rtpjitterbuffer rtpjitterbuffer.c:561:calculate_skew: backwards timestamps, using previous time
0:00:01.729013289  6740 0000000002F77A80 DEBUG        rtpjitterbuffer rtpjitterbuffer.c:583:calculate_skew: skew 0, out 0:00:00.541804788
0:00:01.728928542  6740 0000000003E61280 DEBUG              GST_EVENT gstpad.c:4771:gst_pad_send_event_unchecked:<recv_rtp_src_0_2962550724_96:proxypad4> have event type 0000000003E06F00
0:00:01.729102194  6740 0000000002F77A80 DEBUG     gstrtpjitterbuffer gstrtpjitterbuffer.c:1405:gst_rtp_jitter_buffer_chain:<rtpjitterbuffer0> Pushed packet #65140, now 37 packets, tail: 0
0:00:01.729146326  6740 0000000003E61280 LOG                 GST_PADS gstpad.c:2753:gst_pad_event_default:<recv_rtp_src_0_2962550724_96:proxypad4> default event handler for event 0000000003E06F00
0:00:01.729192697  6740 0000000002F77A80 LOG           GST_SCHEDULING gstpad.c:3659:gst_pad_chain_data_unchecked:<rtpjitterbuffer0:sink> called chainfunction &gst_rtp_jitter_buffer_chain with buffer 0000000003E67800, returned ok
0:00:01.729239388  6740 0000000003E61280 LOG                 GST_PADS gstpad.c:2673:gst_pad_forward:<recv_rtp_src_0_2962550724_96:proxypad4> calling forward function on pad rtspsrc0:recv_rtp_src_0_2962550724_96
0:00:01.729285120  6740 0000000002F77A80 LOG           GST_SCHEDULING gstpad.c:3659:gst_pad_chain_data_unchecked:<rtpssrcdemux0:sink> called chainfunction &000000007048EF60 with buffer 0000000003E67800, returned ok
0:00:01.729330532  6740 0000000003E61280 LOG                 GST_PADS gstpad.c:2718:event_forward_func:<rtspsrc0:recv_rtp_src_0_2962550724_96> Reffing and pushing event 0000000003E06F00 (segment) to rtspsrc0:recv_rtp_src_0_2962550724_96
0:00:01.729383938  6740 0000000002F77A80 LOG           GST_SCHEDULING gstpad.c:3659:gst_pad_chain_data_unchecked:<rtpsession0:recv_rtp_sink> called chainfunction &000000007049E190 with buffer 0000000003E67800, returned ok
0:00:01.729431269  6740 0000000003E61280 LOG                 GST_PADS gstpad.c:4423:gst_pad_store_sticky_event:<rtspsrc0:recv_rtp_src_0_2962550724_96> stored sticky event segment
0:00:01.729478280  6740 0000000002F77A80 LOG           GST_SCHEDULING gstpad.c:3659:gst_pad_chain_data_unchecked:<rtpbin0:recv_rtp_sink_0> called chainfunction &gst_proxy_pad_chain_default with buffer 0000000003E67800, returned ok
0:00:01.729522412  6740 0000000003E61280 DEBUG               GST_PADS gstpad.c:4628:gst_pad_push_event:<rtspsrc0:recv_rtp_src_0_2962550724_96> event segment updated
0:00:01.729573581  6740 0000000002F77A80 LOG                  basesrc gstbasesrc.c:2614:gst_base_src_loop:<udpsrc1> next_ts 99:99:99.999999999 size 4096
0:00:01.729626668  6740 0000000003E61280 DEBUG               GST_PADS gstpad.c:3333:check_sticky:<rtspsrc0:recv_rtp_src_0_2962550724_96> pushing all sticky events
0:00:01.729682633  6740 0000000002F77A80 DEBUG                basesrc gstbasesrc.c:2351:gst_base_src_get_range:<udpsrc1> calling create offset 18446744073709551615 length 4096, time 0
0:00:01.729726765  6740 0000000003E61280 DEBUG               GST_PADS gstpad.c:3282:push_sticky:<rtspsrc0:recv_rtp_src_0_2962550724_96> event stream-start was already received
0:00:01.729775375  6740 0000000002F77A80 LOG                   udpsrc gstudpsrc.c:451:gst_udpsrc_create:<udpsrc1> ioctl says 23487 bytes available
0:00:01.729818548  6740 0000000003E61280 LOG                 GST_PADS gstpad.c:4513:gst_pad_push_event_unchecked:<rtspsrc0:recv_rtp_src_0_2962550724_96> sending event 0000000003E06F00 (segment) to peerpad 0000000002FDD200
0:00:01.729866838  6740 0000000002F77A80 DEBUG             GST_MEMORY gstmemory.c:133:gst_memory_init: new memory 0000000003FF2C80, maxsize:23494 offset:0 size:23487
0:00:01.729955743  6740 0000000002F77A80 LOG               GST_BUFFER gstbuffer.c:581:gst_buffer_new: new 0000000003E67910
0:00:01.729997637  6740 0000000002F77A80 LOG               GST_BUFFER gstbuffer.c:297:_memory_add: buffer 0000000003E67910, idx -1, mem 0000000003FF2C80, lock 1
0:00:01.730041130  6740 0000000002F77A80 LOG               GST_BUFFER gstbuffer.c:635:gst_buffer_new_allocate: new buffer 0000000003E67910 of size 23487 from allocator 0000000000000000
0:00:01.730084943  6740 0000000002F77A80 LOG               GST_BUFFER gstbuffer.c:1410:gst_buffer_map_range: buffer 0000000003E67910, idx 0, length -1, flags 0002
0:00:01.730130354  6740 0000000002F77A80 LOG               GST_BUFFER gstbuffer.c:207:_get_merged_memory: buffer 0000000003E67910, idx 0, length 1
0:00:01.729909052  6740 0000000003E61280 DEBUG              GST_EVENT gstpad.c:4771:gst_pad_send_event_unchecked:<rtph264depay0:sink> have event type 0000000003E06F00
0:00:01.730184401  6740 0000000002F77A80 LOG               GST_BUFFER gstbuffer.c:1279:gst_buffer_resize_range: trim 0000000003E67910 0-1400 size:23487 offs:0 max:23494
0:00:01.730222457  6740 0000000003E61280 DEBUG               GST_PADS gstpad.c:4837:gst_pad_send_event_unchecked:<rtph264depay0:sink> sent event, ret ok
0:00:01.730268189  6740 0000000002F77A80 DEBUG             GST_BUFFER gstbuffer.c:1853:gst_buffer_add_meta: alloc metadata 0000000003E68188 (GstNetAddressMeta) of size 24
0:00:01.730313600  6740 0000000003E61280 LOG                 GST_PADS gstpad.c:4423:gst_pad_store_sticky_event:<rtph264depay0:sink> stored sticky event segment
0:00:01.730359652  6740 0000000002F77A80 LOG                   udpsrc gstudpsrc.c:502:gst_udpsrc_create:<udpsrc1> read 23487 bytes
0:00:01.730404424  6740 0000000003E61280 DEBUG               GST_PADS gstpad.c:4852:gst_pad_send_event_unchecked:<rtph264depay0:sink> event segment updated
0:00:01.730449836  6740 0000000002F77A80 DEBUG              GST_CLOCK gstclock.c:922:gst_clock_get_internal_time:<GstSystemClock> internal time 0:00:00.614259038
0:00:01.730493648  6740 0000000003E61280 LOG                 GST_PADS gstpad.c:4520:gst_pad_push_event_unchecked:<rtspsrc0:recv_rtp_src_0_2962550724_96> sent event 0000000003E06F00 to peerpad 0000000002FDD200, ret ok
0:00:01.730542578  6740 0000000002F77A80 DEBUG              GST_CLOCK gstclock.c:967:gst_clock_get_time:<GstSystemClock> adjusted time 0:00:00.614259038
0:00:01.730589909  6740 0000000003E61280 DEBUG               GST_PADS gstpad.c:3293:push_sticky:<rtspsrc0:recv_rtp_src_0_2962550724_96> event segment marked received
0:00:01.730635320  6740 0000000002F77A80 LOG                  basesrc gstbasesrc.c:2165:gst_base_src_do_sync:<udpsrc1> created DTS 0:00:00.614164697
0:00:01.730726144  6740 0000000002F77A80 LOG                  basesrc gstbasesrc.c:2175:gst_base_src_do_sync:<udpsrc1> created PTS 0:00:00.614164697
0:00:01.730769317  6740 0000000002F77A80 DEBUG                basesrc gstbasesrc.c:2213:gst_base_src_do_sync:<udpsrc1> no sync needed
0:00:01.730811851  6740 0000000002F77A80 DEBUG                basesrc gstbasesrc.c:2414:gst_base_src_get_range:<udpsrc1> buffer ok
0:00:01.730855344  6740 0000000002F77A80 LOG           GST_SCHEDULING gstpad.c:3653:gst_pad_chain_data_unchecked:<rtpbin0:recv_rtp_sink_0> calling chainfunction &gst_proxy_pad_chain_default with buffer 0000000003E67910
0:00:01.730900755  6740 0000000002F77A80 LOG           GST_SCHEDULING gstpad.c:3653:gst_pad_chain_data_unchecked:<rtpsession0:recv_rtp_sink> calling chainfunction &000000007049E190 with buffer 0000000003E67910
0:00:01.730945528  6740 0000000002F77A80 LOG               rtpsession gstrtpsession.c:1505:gst_rtp_session_chain_recv_rtp:<rtpsession0> received RTP packet
0:00:01.730988701  6740 0000000002F77A80 DEBUG              GST_CLOCK gstclock.c:922:gst_clock_get_internal_time:<GstSystemClock> internal time 0:00:00.614798223
0:00:01.731032513  6740 0000000002F77A80 DEBUG              GST_CLOCK gstclock.c:967:gst_clock_get_time:<GstSystemClock> adjusted time 0:00:00.614798223
0:00:01.731075047  6740 0000000002F77A80 LOG               GST_BUFFER gstbuffer.c:1410:gst_buffer_map_range: buffer 0000000003E67910, idx 0, length 1, flags 0001
0:00:01.731117261  6740 0000000002F77A80 LOG               GST_BUFFER gstbuffer.c:207:_get_merged_memory: buffer 0000000003E67910, idx 0, length 1
0:00:01.731160114  6740 0000000002F77A80 LOG               GST_BUFFER gstbuffer.c:1410:gst_buffer_map_range: buffer 0000000003E67910, idx 0, length 1, flags 0001
0:00:01.731202648  6740 0000000002F77A80 LOG               GST_BUFFER gstbuffer.c:207:_get_merged_memory: buffer 0000000003E67910, idx 0, length 1
0:00:01.731247740  6740 0000000002F77A80 LOG               GST_BUFFER gstbuffer.c:1410:gst_buffer_map_range: buffer 0000000003E67910, idx 0, length 1, flags 0001
0:00:01.731291552  6740 0000000002F77A80 LOG               GST_BUFFER gstbuffer.c:207:_get_merged_memory: buffer 0000000003E67910, idx 0, length 1
0:00:01.731334406  6740 0000000002F77A80 LOG                rtpsource rtpsource.c:1155:rtp_source_process_rtp: seq 65141, PC: 38, OC: 49204
0:00:01.731376619  6740 0000000002F77A80 LOG               GST_BUFFER gstbuffer.c:1410:gst_buffer_map_range: buffer 0000000003E67910, idx 0, length 1, flags 0001
0:00:01.731419793  6740 0000000002F77A80 LOG               GST_BUFFER gstbuffer.c:207:_get_merged_memory: buffer 0000000003E67910, idx 0, length 1
0:00:01.731462006  6740 0000000002F77A80 LOG                rtpsource rtpsource.c:941:calculate_jitter: SSRC b094efc4 got payload 96
0:00:01.731503261  6740 0000000002F77A80 LOG                rtpsource rtpsource.c:976:calculate_jitter: rtparrival 55274, rtptime 2932234080, clock-rate 90000, diff 351, jitter: 469.000000
0:00:01.731558267  6740 0000000002F77A80 LOG                rtpsource rtpsource.c:878:push_packet: pushing new packet
