0:00:01.593105151  6740 0000000002F77A80 INFO                GST_PADS gstpad.c:2264:gst_pad_link_full: linked rtpssrcdemux0:src_2962550724 and rtpjitterbuffer0:sink, successful
0:00:01.593156000  6740 0000000002F77A80 INFO               GST_EVENT gstevent.c:1313:gst_event_new_reconfigure: creating reconfigure event
0:00:01.593205569  6740 0000000002F77A80 DEBUG              GST_EVENT gstevent.c:300:gst_event_new_custom: creating new event 0000000003E17120 reconfigure 61441
0:00:01.593255458  6740 0000000002F77A80 DEBUG              GST_EVENT gstpad.c:4771:gst_pad_send_event_unchecked:<rtpssrcdemux0:src_2962550724> have event type 0000000003E17120
0:00:01.593307585  6740 0000000002F77A80 LOG           GST_SCHEDULING gstpad.c:3128:do_probe_callbacks:<rtpssrcdemux0:src_2962550724> do probes cookie 4
0:00:01.593360352  6740 0000000002F77A80 LOG           GST_SCHEDULING gstpad.c:3072:probe_hook_marshal:<rtpssrcdemux0:src_2962550724> hook 1, cookie 4 with flags 0x00003072 does not match 00001082
0:00:01.593415998  6740 0000000002F77A80 DEBUG               GST_PADS gstpad.c:3196:do_probe_callbacks:<rtpssrcdemux0:src_2962550724> data is passed
0:00:01.593461090  6740 0000000002F77A80 LOG           GST_SCHEDULING gstpad.c:3128:do_probe_callbacks:<rtpssrcdemux0:src_2962550724> do probes cookie 5
0:00:01.593505542  6740 0000000002F77A80 LOG           GST_SCHEDULING gstpad.c:3072:probe_hook_marshal:<rtpssrcdemux0:src_2962550724> hook 1, cookie 5 with flags 0x00003072 does not match 00001080
0:00:01.593575579  6740 0000000002F77A80 LOG                 GST_PADS gstpad.c:2753:gst_pad_event_default:<rtpssrcdemux0:src_2962550724> default event handler for event 0000000003E17120
0:00:01.593647854  6740 0000000002F77A80 LOG                 GST_PADS gstpad.c:2673:gst_pad_forward:<rtpssrcdemux0:src_2962550724> calling forward function on pad rtpssrcdemux0:sink
0:00:01.593683671  6740 0000000002F77A80 LOG                 GST_PADS gstpad.c:2718:event_forward_func:<rtpssrcdemux0:sink> Reffing and pushing event 0000000003E17120 (reconfigure) to rtpssrcdemux0:sink
0:00:01.593777053  6740 0000000002F77A80 LOG                 GST_PADS gstpad.c:4513:gst_pad_push_event_unchecked:<rtpssrcdemux0:sink> sending event 0000000003E17120 (reconfigure) to peerpad 0000000002FDEC40
0:00:01.593835897  6740 0000000002F77A80 DEBUG              GST_EVENT gstpad.c:4771:gst_pad_send_event_unchecked:<rtpsession0:recv_rtp_src> have event type 0000000003E17120
0:00:01.593882588  6740 0000000002F77A80 LOG                 GST_PADS gstpad.c:4513:gst_pad_push_event_unchecked:<rtpsession0:recv_rtp_sink> sending event 0000000003E17120 (reconfigure) to peerpad 0000000002ED3FA0
0:00:01.593937594  6740 0000000002F77A80 DEBUG              GST_EVENT gstpad.c:4771:gst_pad_send_event_unchecked:<recv_rtp_sink_0:proxypad0> have event type 0000000003E17120
0:00:01.593984285  6740 0000000002F77A80 LOG                 GST_PADS gstpad.c:2753:gst_pad_event_default:<recv_rtp_sink_0:proxypad0> default event handler for event 0000000003E17120
0:00:01.594038971  6740 0000000002F77A80 LOG                 GST_PADS gstpad.c:2673:gst_pad_forward:<recv_rtp_sink_0:proxypad0> calling forward function on pad rtpbin0:recv_rtp_sink_0
0:00:01.594088220  6740 0000000002F77A80 LOG                 GST_PADS gstpad.c:2718:event_forward_func:<rtpbin0:recv_rtp_sink_0> Reffing and pushing event 0000000003E17120 (reconfigure) to rtpbin0:recv_rtp_sink_0
0:00:01.594140667  6740 0000000002F77A80 LOG                 GST_PADS gstpad.c:4513:gst_pad_push_event_unchecked:<rtpbin0:recv_rtp_sink_0> sending event 0000000003E17120 (reconfigure) to peerpad 0000000002FDDF20
0:00:01.594189277  6740 0000000002F77A80 DEBUG              GST_EVENT gstpad.c:4771:gst_pad_send_event_unchecked:<udpsrc1:src> have event type 0000000003E17120
0:00:01.594243963  6740 0000000002F77A80 DEBUG                basesrc gstbasesrc.c:1888:gst_base_src_default_event:<udpsrc1> handle event 0000000003E17120
0:00:01.594293852  6740 0000000002F77A80 DEBUG               GST_PADS gstpad.c:4837:gst_pad_send_event_unchecked:<udpsrc1:src> sent event, ret ok
0:00:01.594338624  6740 0000000002F77A80 LOG                 GST_PADS gstpad.c:4520:gst_pad_push_event_unchecked:<rtpbin0:recv_rtp_sink_0> sent event 0000000003E17120 to peerpad 0000000002FDDF20, ret ok
0:00:01.594393950  6740 0000000002F77A80 DEBUG               GST_PADS gstpad.c:4837:gst_pad_send_event_unchecked:<recv_rtp_sink_0:proxypad0> sent event, ret ok
0:00:01.594442560  6740 0000000002F77A80 LOG                 GST_PADS gstpad.c:4520:gst_pad_push_event_unchecked:<rtpsession0:recv_rtp_sink> sent event 0000000003E17120 to peerpad 0000000002ED3FA0, ret ok
0:00:01.594503002  6740 0000000002F77A80 DEBUG               GST_PADS gstpad.c:4837:gst_pad_send_event_unchecked:<rtpsession0:recv_rtp_src> sent event, ret ok
0:00:01.594550652  6740 0000000002F77A80 LOG                 GST_PADS gstpad.c:4520:gst_pad_push_event_unchecked:<rtpssrcdemux0:sink> sent event 0000000003E17120 to peerpad 0000000002FDEC40, ret ok
0:00:01.594604379  6740 0000000002F77A80 LOG                GST_EVENT gstevent.c:222:_gst_event_free: freeing event 0000000003E17120 type reconfigure
0:00:01.594657786  6740 0000000002F77A80 DEBUG               GST_PADS gstpad.c:4837:gst_pad_send_event_unchecked:<rtpssrcdemux0:src_2962550724> sent event, ret ok
0:00:01.594706076  6740 0000000002F77A80 LOG              GST_MESSAGE gstmessage.c:282:gst_message_new_custom: source sink: creating new message 0000000003E18410 structure-change
0:00:01.594760122  6740 0000000002F77A80 DEBUG                GST_BUS gstbus.c:316:gst_bus_post:<bus3> [msg 0000000003E18410] posting on bus 0000000003E18410
0:00:01.594820565  6740 0000000002F77A80 DEBUG                    bin gstbin.c:3270:gst_bin_handle_message_func:<rtpbin0> [msg 0000000003E18410] handling child sink message of type structure-change
0:00:01.594874611  6740 0000000002F77A80 LOG                      bin gstbin.c:857:message_check: looking at message 000000000053FB10: 1
0:00:01.594920662  6740 0000000002F77A80 DEBUG                    bin gstbin.c:954:bin_remove_messages:<rtpjitterbuffer0:sink> deleting message 000000000053FB10 of types 0x00001000
0:00:01.594964475  6740 0000000002F77A80 LOG              GST_MESSAGE gstmessage.c:184:_gst_message_free: finalize message 000000000053FB10, structure-change from sink
0:00:01.595016922  6740 0000000002F77A80 LOG              GST_MESSAGE gstmessage.c:184:_gst_message_free: finalize message 0000000003E18410, structure-change from sink
0:00:01.595068091  6740 0000000002F77A80 DEBUG                GST_BUS gstbus.c:347:gst_bus_post:<bus3> [msg 0000000003E18410] dropped
0:00:01.595112543  6740 0000000002F77A80 DEBUG                 rtpbin gstrtpbin.c:2522:new_ssrc_pad_found:<rtpbin0> linking jitterbuffer RTCP
0:00:01.595167229  6740 0000000002F77A80 INFO        GST_ELEMENT_PADS gstelement.c:894:gst_element_get_static_pad: found pad rtpssrcdemux0:rtcp_src_2962550724
0:00:01.587928530  6740 0000000003E61280 DEBUG                GST_BUS gstbus.c:347:gst_bus_post:<bus0> [msg 0000000003E18690] dropped
0:00:01.595210082  6740 0000000002F77A80 DEBUG               GST_PADS gstelement.c:1014:gst_element_get_request_pad: comparing sink_rtcp to sink_rtcp
0:00:01.595316576  6740 0000000002F77A80 INFO        GST_ELEMENT_PADS gstelement.c:891:gst_element_get_static_pad: no such pad 'sink_rtcp' in element "rtpjitterbuffer0"
0:00:01.595267647  6740 0000000003E61280 DEBUG                GST_BUS gstbus.c:347:gst_bus_post:<bus3> [msg 0000000003E18690] dropped
0:00:01.595364227  6740 0000000002F77A80 DEBUG     gstrtpjitterbuffer gstrtpjitterbuffer.c:600:gst_rtp_jitter_buffer_request_new_pad:<rtpjitterbuffer0> requesting pad sink_rtcp
0:00:01.595464644  6740 0000000002F77A80 DEBUG     gstrtpjitterbuffer gstrtpjitterbuffer.c:552:create_rtcp_sink:<rtpjitterbuffer0> creating RTCP sink pad
0:00:01.595414435  6740 0000000003E61280 DEBUG     gstrtpjitterbuffer gstrtpjitterbuffer.c:1584:gst_rtp_jitter_buffer_loop:<rtpjitterbuffer0> Peeking item
0:00:01.595582331  6740 0000000003E61280 DEBUG     gstrtpjitterbuffer gstrtpjitterbuffer.c:1646:gst_rtp_jitter_buffer_loop:<rtpjitterbuffer0> waiting
0:00:01.595548432  6740 0000000002F77A80 DEBUG               GST_PADS gstpad.c:1540:gst_pad_set_chain_function_full:<'':sink_rtcp> chainfunc set to 000000007048B0A0
0:00:01.595682748  6740 0000000002F77A80 DEBUG               GST_PADS gstpad.c:1646:gst_pad_set_event_function_full:<'':sink_rtcp> eventfunc for set to 000000007048B000
0:00:01.595741272  6740 0000000002F77A80 DEBUG               GST_PADS gstpad.c:1713:gst_pad_set_iterate_internal_links_function_full:<'':sink_rtcp> internal link iterator set to 000000007048AF70
0:00:01.595792760  6740 0000000002F77A80 DEBUG               GST_PADS gstpad.c:935:gst_pad_set_active:<'':sink_rtcp> activating pad from none
0:00:01.595837532  6740 0000000002F77A80 DEBUG               GST_PADS gstpad.c:852:pre_activate:<'':sink_rtcp> setting pad into push mode, unset flushing
0:00:01.595881345  6740 0000000002F77A80 DEBUG               GST_PADS gstpad.c:1070:gst_pad_activate_mode:<'':sink_rtcp> activated in push mode
0:00:01.595926757  6740 0000000002F77A80 INFO        GST_ELEMENT_PADS gstelement.c:643:gst_element_add_pad:<rtpjitterbuffer0> adding pad 'sink_rtcp'
0:00:01.595972169  6740 0000000002F77A80 DEBUG        GST_REFCOUNTING gstobject.c:684:gst_object_set_parent:<'':sink_rtcp> set parent (ref and sink)
0:00:01.596020778  6740 0000000002F77A80 LOG              GST_MESSAGE gstmessage.c:282:gst_message_new_custom: source sink_rtcp: creating new message 0000000003E18290 structure-change
0:00:01.596067789  6740 0000000002F77A80 DEBUG                GST_BUS gstbus.c:316:gst_bus_post:<bus3> [msg 0000000003E18290] posting on bus 0000000003E18290
0:00:01.596115759  6740 0000000002F77A80 DEBUG                    bin gstbin.c:3270:gst_bin_handle_message_func:<rtpbin0> [msg 0000000003E18290] handling child sink_rtcp message of type structure-change
0:00:01.596164049  6740 0000000002F77A80 DEBUG                    bin gstbin.c:879:find_message:<rtpbin0> no message found matching types 00001000
0:00:01.596214578  6740 0000000002F77A80 DEBUG                    bin gstbin.c:886:find_message:<rtpbin0>   structure-change
0:00:01.596271183  6740 0000000002F77A80 DEBUG                    bin gstbin.c:926:bin_replace_message:<rtpbin0> got new message 0000000003E18290, structure-change from sink_rtcp
0:00:01.596316594  6740 0000000002F77A80 DEBUG                GST_BUS gstbus.c:347:gst_bus_post:<bus3> [msg 0000000003E18290] dropped
0:00:01.596359768  6740 0000000002F77A80 INFO                GST_PADS gstpad.c:2062:gst_pad_link_prepare: trying to link rtpssrcdemux0:rtcp_src_2962550724 and rtpjitterbuffer0:sink_rtcp
0:00:01.596416053  6740 0000000002F77A80 DEBUG               GST_CAPS gstutils.c:2762:gst_pad_query_caps:<rtpssrcdemux0:rtcp_src_2962550724> get pad caps with filter 0000000000000000
0:00:01.596461145  6740 0000000002F77A80 DEBUG                  query gstquery.c:679:gst_query_new_custom: creating new query 0000000003E162D0 caps
0:00:01.596508475  6740 0000000002F77A80 DEBUG               GST_PADS gstpad.c:3402:gst_pad_query:<rtpssrcdemux0:rtcp_src_2962550724> doing query 0000000003E162D0 (caps)
0:00:01.596555166  6740 0000000002F77A80 LOG           GST_SCHEDULING gstpad.c:3128:do_probe_callbacks:<rtpssrcdemux0:rtcp_src_2962550724> do probes cookie 1
0:00:01.596608573  6740 0000000002F77A80 LOG           GST_SCHEDULING gstpad.c:3072:probe_hook_marshal:<rtpssrcdemux0:rtcp_src_2962550724> hook 1, cookie 1 with flags 0x00003072 does not match 00001402
0:00:01.596656543  6740 0000000002F77A80 DEBUG               GST_PADS gstpad.c:3196:do_probe_callbacks:<rtpssrcdemux0:rtcp_src_2962550724> data is passed
0:00:01.596702275  6740 0000000002F77A80 LOG           GST_SCHEDULING gstpad.c:3128:do_probe_callbacks:<rtpssrcdemux0:rtcp_src_2962550724> do probes cookie 2
0:00:01.596745128  6740 0000000002F77A80 LOG           GST_SCHEDULING gstpad.c:3072:probe_hook_marshal:<rtpssrcdemux0:rtcp_src_2962550724> hook 1, cookie 2 with flags 0x00003072 does not match 00001400
0:00:01.596799174  6740 0000000002F77A80 DEBUG               GST_CAPS gstpad.c:2834:gst_pad_query_caps_default:<rtpssrcdemux0:rtcp_src_2962550724> query caps 0000000003E162D0
0:00:01.596847464  6740 0000000002F77A80 DEBUG               GST_CAPS gstpad.c:2851:gst_pad_query_caps_default:<rtpssrcdemux0:rtcp_src_2962550724> fixed pad caps: trying pad caps
0:00:01.596893516  6740 0000000002F77A80 DEBUG               GST_CAPS gstpad.c:2857:gst_pad_query_caps_default:<rtpssrcdemux0:rtcp_src_2962550724> trying pad template caps
0:00:01.596945643  6740 0000000002F77A80 DEBUG               GST_CAPS gstpad.c:2887:gst_pad_query_caps_default:<rtpssrcdemux0:rtcp_src_2962550724> using caps 0000000003E1C0A0 0000000003E1C0A0
0:00:01.596993933  6740 0000000002F77A80 DEBUG               GST_PADS gstpad.c:2965:gst_pad_query_default:<rtpssrcdemux0:rtcp_src_2962550724> not forwarding 0000000003E162D0 (caps) query
0:00:01.597046061  6740 0000000002F77A80 DEBUG               GST_PADS gstpad.c:3424:gst_pad_query:<rtpssrcdemux0:rtcp_src_2962550724> sent query 0000000003E162D0 (caps), result 1
0:00:01.597098828  6740 0000000002F77A80 LOG           GST_SCHEDULING gstpad.c:3128:do_probe_callbacks:<rtpssrcdemux0:rtcp_src_2962550724> do probes cookie 3
0:00:01.597147758  6740 0000000002F77A80 LOG           GST_SCHEDULING gstpad.c:3072:probe_hook_marshal:<rtpssrcdemux0:rtcp_src_2962550724> hook 1, cookie 3 with flags 0x00003072 does not match 00002400
0:00:01.597194449  6740 0000000002F77A80 DEBUG               GST_CAPS gstutils.c:2769:gst_pad_query_caps:<rtpssrcdemux0:rtcp_src_2962550724> query returned 0000000003E1C0A0
0:00:01.597248815  6740 0000000002F77A80 DEBUG               GST_CAPS gstutils.c:2762:gst_pad_query_caps:<rtpjitterbuffer0:sink_rtcp> get pad caps with filter 0000000000000000
0:00:01.597301902  6740 0000000002F77A80 DEBUG                  query gstquery.c:679:gst_query_new_custom: creating new query 0000000003E16000 caps
0:00:01.597352111  6740 0000000002F77A80 DEBUG               GST_PADS gstpad.c:3402:gst_pad_query:<rtpjitterbuffer0:sink_rtcp> doing query 0000000003E16000 (caps)
0:00:01.597399761  6740 0000000002F77A80 DEBUG               GST_CAPS gstpad.c:2834:gst_pad_query_caps_default:<rtpjitterbuffer0:sink_rtcp> query caps 0000000003E16000
0:00:01.597444213  6740 0000000002F77A80 DEBUG               GST_CAPS gstpad.c:2857:gst_pad_query_caps_default:<rtpjitterbuffer0:sink_rtcp> trying pad template caps
0:00:01.597490265  6740 0000000002F77A80 DEBUG               GST_CAPS gstpad.c:2887:gst_pad_query_caps_default:<rtpjitterbuffer0:sink_rtcp> using caps 0000000003E16140 0000000003E16140
0:00:01.597538874  6740 0000000002F77A80 DEBUG               GST_PADS gstpad.c:2965:gst_pad_query_default:<rtpjitterbuffer0:sink_rtcp> not forwarding 0000000003E16000 (caps) query
0:00:01.597587804  6740 0000000002F77A80 DEBUG               GST_PADS gstpad.c:3424:gst_pad_query:<rtpjitterbuffer0:sink_rtcp> sent query 0000000003E16000 (caps), result 1
0:00:01.597632896  6740 0000000002F77A80 DEBUG               GST_CAPS gstutils.c:2769:gst_pad_query_caps:<rtpjitterbuffer0:sink_rtcp> query returned 0000000003E16140
0:00:01.597690140  6740 0000000002F77A80 DEBUG               GST_CAPS gstpad.c:1962:gst_pad_link_check_compatible_unlocked:<rtpssrcdemux0:rtcp_src_2962550724> src caps 0000000003E1C0A0
0:00:01.597740669  6740 0000000002F77A80 DEBUG               GST_CAPS gstpad.c:1964:gst_pad_link_check_compatible_unlocked:<rtpjitterbuffer0:sink_rtcp> sink caps 0000000003E16140
0:00:01.597791517  6740 0000000002F77A80 DEBUG               GST_CAPS gstpad.c:1982:gst_pad_link_check_compatible_unlocked: caps are compatible
0:00:01.597838848  6740 0000000002F77A80 INFO                GST_PADS gstpad.c:2264:gst_pad_link_full: linked rtpssrcdemux0:rtcp_src_2962550724 and rtpjitterbuffer0:sink_rtcp, successful
0:00:01.597883620  6740 0000000002F77A80 INFO               GST_EVENT gstevent.c:1313:gst_event_new_reconfigure: creating reconfigure event
0:00:01.597926473  6740 0000000002F77A80 DEBUG              GST_EVENT gstevent.c:300:gst_event_new_custom: creating new event 0000000003E06E40 reconfigure 61441
0:00:01.597977961  6740 0000000002F77A80 DEBUG              GST_EVENT gstpad.c:4771:gst_pad_send_event_unchecked:<rtpssrcdemux0:rtcp_src_2962550724> have event type 0000000003E06E40
0:00:01.598028170  6740 0000000002F77A80 LOG           GST_SCHEDULING gstpad.c:3128:do_probe_callbacks:<rtpssrcdemux0:rtcp_src_2962550724> do probes cookie 4
0:00:01.589367635  6740 000000000053B030 LOG                  GST_BUS gstbus.c:502:gst_bus_timed_pop_filtered:<bus2> have 1 messages
0:00:01.598070704  6740 0000000002F77A80 LOG           GST_SCHEDULING gstpad.c:3072:probe_hook_marshal:<rtpssrcdemux0:rtcp_src_2962550724> hook 1, cookie 4 with flags 0x00003072 does not match 00001082
0:00:01.598125070  6740 000000000053B030 DEBUG                GST_BUS gstbus.c:510:gst_bus_timed_pop_filtered:<bus2> got message 000000000053F990, state-changed from rtpjitterbuffer0, type mask is 4294967295
0:00:01.598245955  6740 000000000053B030 DEBUG                GST_BUS gstbus.c:771:gst_bus_source_dispatch:<bus2> source 0000000002FA2D30 calling dispatch with 000000000053F990
0:00:01.598189670  6740 0000000002F77A80 DEBUG               GST_PADS gstpad.c:3196:do_probe_callbacks:<rtpssrcdemux0:rtcp_src_2962550724> data is passed
0:00:01.598292006  6740 000000000053B030 DEBUG                GST_BUS gstbus.c:977:poll_func: mainloop 0000000002FF8940 quit
0:00:01.598348931  6740 0000000002F77A80 LOG           GST_SCHEDULING gstpad.c:3128:do_probe_callbacks:<rtpssrcdemux0:rtcp_src_2962550724> do probes cookie 5
0:00:01.598410333  6740 000000000053B030 DEBUG                GST_BUS gstbus.c:776:gst_bus_source_dispatch:<bus2> source 0000000002FA2D30 handler returns 1
0:00:01.598463420  6740 0000000002F77A80 LOG           GST_SCHEDULING gstpad.c:3072:probe_hook_marshal:<rtpssrcdemux0:rtcp_src_2962550724> hook 1, cookie 5 with flags 0x00003072 does not match 00001080
0:00:01.598513309  6740 000000000053B030 DEBUG                GST_BUS gstbus.c:1087:gst_bus_poll: mainloop stopped 0000000002FF8940
0:00:01.598574071  6740 0000000002F77A80 LOG                 GST_PADS gstpad.c:2753:gst_pad_event_default:<rtpssrcdemux0:rtcp_src_2962550724> default event handler for event 0000000003E06E40
0:00:01.598625239  6740 000000000053B030 DEBUG                GST_BUS gstbus.c:1332:gst_bus_remove_signal_watch:<bus2> removing signal watch 69
0:00:01.598679605  6740 0000000002F77A80 LOG                 GST_PADS gstpad.c:2673:gst_pad_forward:<rtpssrcdemux0:rtcp_src_2962550724> calling forward function on pad rtpssrcdemux0:rtcp_sink
0:00:01.598724697  6740 000000000053B030 DEBUG                GST_BUS gstbus.c:797:gst_bus_source_finalize:<bus2> finalize source 0000000002FA2D30
0:00:01.598772667  6740 0000000002F77A80 LOG                 GST_PADS gstpad.c:2718:event_forward_func:<rtpssrcdemux0:rtcp_sink> Reffing and pushing event 0000000003E06E40 (reconfigure) to rtpssrcdemux0:rtcp_sink
0:00:01.598830551  6740 000000000053B030 DEBUG                GST_BUS gstbus.c:1100:gst_bus_poll:<bus2> finished poll with message 000000000053F990
0:00:01.598933527  6740 000000000053B030 LOG              GST_MESSAGE gstmessage.c:184:_gst_message_free: finalize message 000000000053F990, state-changed from rtpjitterbuffer0
0:00:01.598880120  6740 0000000002F77A80 LOG                 GST_PADS gstpad.c:4513:gst_pad_push_event_unchecked:<rtpssrcdemux0:rtcp_sink> sending event 0000000003E06E40 (reconfigure) to peerpad 0000000002EA4C40
0:00:01.598984695  6740 000000000053B030 DEBUG                GST_BUS gstbus.c:874:gst_bus_add_watch_full_unlocked:<bus2> New source 0000000002FA2D30 with id 70
0:00:01.599087352  6740 000000000053B030 DEBUG                GST_BUS gstbus.c:1085:gst_bus_poll: running mainloop 0000000002FF88E0
0:00:01.599039381  6740 0000000002F77A80 DEBUG              GST_EVENT gstpad.c:4771:gst_pad_send_event_unchecked:<rtpsession0:sync_src> have event type 0000000003E06E40
0:00:01.599138200  6740 000000000053B030 LOG                  GST_BUS gstbus.c:502:gst_bus_timed_pop_filtered:<bus2> have 1 messages
0:00:01.599231582  6740 000000000053B030 LOG                 GST_POLL gstpoll.c:201:release_wakeup: 0000000003E06240: release
0:00:01.599183292  6740 0000000002F77A80 LOG                 GST_PADS gstpad.c:2753:gst_pad_event_default:<rtpsession0:sync_src> default event handler for event 0000000003E06E40
0:00:01.599278273  6740 000000000053B030 DEBUG                GST_BUS gstbus.c:510:gst_bus_timed_pop_filtered:<bus2> got message 000000000053FB90, state-changed from rtpjitterbuffer0, type mask is 4294967295
0:00:01.599326883  6740 0000000002F77A80 DEBUG               GST_PADS gstpad.c:4837:gst_pad_send_event_unchecked:<rtpsession0:sync_src> sent event, ret ok
0:00:01.599385087  6740 000000000053B030 DEBUG                GST_BUS gstbus.c:771:gst_bus_source_dispatch:<bus2> source 0000000002FA2D30 calling dispatch with 000000000053FB90
0:00:01.599434336  6740 0000000002F77A80 LOG                 GST_PADS gstpad.c:4520:gst_pad_push_event_unchecked:<rtpssrcdemux0:rtcp_sink> sent event 0000000003E06E40 to peerpad 0000000002EA4C40, ret ok
0:00:01.599547865  6740 0000000002F77A80 LOG                GST_EVENT gstevent.c:222:_gst_event_free: freeing event 0000000003E06E40 type reconfigure
0:00:01.599488062  6740 000000000053B030 DEBUG                GST_BUS gstbus.c:977:poll_func: mainloop 0000000002FF88E0 quit
0:00:01.599604470  6740 0000000002F77A80 DEBUG               GST_PADS gstpad.c:4837:gst_pad_send_event_unchecked:<rtpssrcdemux0:rtcp_src_2962550724> sent event, ret ok
0:00:01.599657557  6740 000000000053B030 DEBUG                GST_BUS gstbus.c:776:gst_bus_source_dispatch:<bus2> source 0000000002FA2D30 handler returns 1
0:00:01.599717680  6740 0000000002F77A80 LOG              GST_MESSAGE gstmessage.c:282:gst_message_new_custom: source sink_rtcp: creating new message 0000000003E18210 structure-change
0:00:01.599774285  6740 000000000053B030 DEBUG                GST_BUS gstbus.c:1087:gst_bus_poll: mainloop stopped 0000000002FF88E0
0:00:01.599826092  6740 0000000002F77A80 DEBUG                GST_BUS gstbus.c:316:gst_bus_post:<bus3> [msg 0000000003E18210] posting on bus 0000000003E18210
0:00:01.599879499  6740 000000000053B030 DEBUG                GST_BUS gstbus.c:1332:gst_bus_remove_signal_watch:<bus2> removing signal watch 70
0:00:01.599926830  6740 0000000002F77A80 DEBUG                    bin gstbin.c:3270:gst_bin_handle_message_func:<rtpbin0> [msg 0000000003E18210] handling child sink_rtcp message of type structure-change
0:00:01.600027247  6740 0000000002F77A80 LOG                      bin gstbin.c:857:message_check: looking at message 0000000003E18290: 1
0:00:01.599978957  6740 000000000053B030 DEBUG                GST_BUS gstbus.c:797:gst_bus_source_finalize:<bus2> finalize source 0000000002FA2D30
0:00:01.600079375  6740 0000000002F77A80 DEBUG                    bin gstbin.c:954:bin_remove_messages:<rtpjitterbuffer0:sink_rtcp> deleting message 0000000003E18290 of types 0x00001000
0:00:01.600173396  6740 0000000002F77A80 LOG              GST_MESSAGE gstmessage.c:184:_gst_message_free: finalize message 0000000003E18290, structure-change from sink_rtcp
0:00:01.600129264  6740 000000000053B030 DEBUG                GST_BUS gstbus.c:1100:gst_bus_poll:<bus2> finished poll with message 000000000053FB90
0:00:01.600271895  6740 000000000053B030 LOG              GST_MESSAGE gstmessage.c:184:_gst_message_free: finalize message 000000000053FB90, state-changed from rtpjitterbuffer0
0:00:01.600223285  6740 0000000002F77A80 LOG              GST_MESSAGE gstmessage.c:184:_gst_message_free: finalize message 0000000003E18210, structure-change from sink_rtcp
0:00:01.600330099  6740 000000000053B030 DEBUG                GST_BUS gstbus.c:874:gst_bus_add_watch_full_unlocked:<bus2> New source 0000000002FA2D30 with id 71
0:00:01.600425720  6740 000000000053B030 DEBUG                GST_BUS gstbus.c:1085:gst_bus_poll: running mainloop 0000000002FF8940
0:00:01.600378069  6740 0000000002F77A80 DEBUG                GST_BUS gstbus.c:347:gst_bus_post:<bus3> [msg 0000000003E18210] dropped
0:00:01.600530934  6740 0000000002F77A80 DEBUG                 rtpbin gstrtpbin.c:2532:new_ssrc_pad_found:<rtpbin0> connecting sync signal
0:00:01.600584021  6740 0000000002F77A80 LOG           GST_SCHEDULING gstpad.c:1302:gst_pad_remove_probe:<rtpssrcdemux0:src_2962550724> removing hook 1
0:00:01.600628793  6740 0000000002F77A80 DEBUG               GST_PADS gstpad.c:1268:cleanup_hook:<rtpssrcdemux0:src_2962550724> remove blocking probe, now 0 left
0:00:01.600674205  6740 0000000002F77A80 DEBUG               GST_PADS gstpad.c:1270:cleanup_hook:<rtpssrcdemux0:src_2962550724> last blocking probe removed, unblocking
0:00:01.600731130  6740 0000000002F77A80 LOG           GST_SCHEDULING gstpad.c:1302:gst_pad_remove_probe:<rtpssrcdemux0:rtcp_src_2962550724> removing hook 1
0:00:01.600781658  6740 0000000002F77A80 DEBUG               GST_PADS gstpad.c:1268:cleanup_hook:<rtpssrcdemux0:rtcp_src_2962550724> remove blocking probe, now 0 left
0:00:01.600824831  6740 0000000002F77A80 DEBUG               GST_PADS gstpad.c:1270:cleanup_hook:<rtpssrcdemux0:rtcp_src_2962550724> last blocking probe removed, unblocking
0:00:01.600870563  6740 0000000002F77A80 DEBUG               GST_PADS gstpad.c:3333:check_sticky:<rtpssrcdemux0:src_2962550724> pushing all sticky events
0:00:01.600916294  6740 0000000002F77A80 LOG                 GST_PADS gstpad.c:4513:gst_pad_push_event_unchecked:<rtpssrcdemux0:src_2962550724> sending event 0000000003E06EA0 (stream-start) to peerpad 0000000002EA5DC0
0:00:01.600970341  6740 0000000002F77A80 DEBUG              GST_EVENT gstpad.c:4771:gst_pad_send_event_unchecked:<rtpjitterbuffer0:sink> have event type 0000000003E06EA0
0:00:01.601018951  6740 0000000002F77A80 DEBUG     gstrtpjitterbuffer gstrtpjitterbuffer.c:1041:gst_rtp_jitter_buffer_sink_event:<rtpjitterbuffer0> received stream-start
0:00:01.601063083  6740 0000000002F77A80 LOG                 GST_PADS gstpad.c:4423:gst_pad_store_sticky_event:<rtpjitterbuffer0:src> stored sticky event stream-start
0:00:01.601113932  6740 0000000002F77A80 DEBUG               GST_PADS gstpad.c:4628:gst_pad_push_event:<rtpjitterbuffer0:src> event stream-start updated
0:00:01.601161262  6740 0000000002F77A80 DEBUG               GST_PADS gstpad.c:3333:check_sticky:<rtpjitterbuffer0:src> pushing all sticky events
0:00:01.601205715  6740 0000000002F77A80 LOG                 GST_PADS gstpad.c:4513:gst_pad_push_event_unchecked:<rtpjitterbuffer0:src> sending event 0000000003E06EA0 (stream-start) to peerpad 0000000002EA5FF0
0:00:01.601250487  6740 0000000002F77A80 DEBUG              GST_EVENT gstpad.c:4771:gst_pad_send_event_unchecked:<rtpptdemux0:sink> have event type 0000000003E06EA0
0:00:01.601294299  6740 0000000002F77A80 LOG                 GST_PADS gstpad.c:2753:gst_pad_event_default:<rtpptdemux0:sink> default event handler for event 0000000003E06EA0
0:00:01.601349945  6740 0000000002F77A80 DEBUG               GST_PADS gstpad.c:2563:gst_pad_iterate_internal_links_default:<rtpptdemux0:sink> Making iterator
0:00:01.601397275  6740 0000000002F77A80 DEBUG               GST_PADS gstpad.c:4837:gst_pad_send_event_unchecked:<rtpptdemux0:sink> sent event, ret ok
0:00:01.601444286  6740 0000000002F77A80 LOG                 GST_PADS gstpad.c:4423:gst_pad_store_sticky_event:<rtpptdemux0:sink> stored sticky event stream-start
0:00:01.601487140  6740 0000000002F77A80 DEBUG               GST_PADS gstpad.c:4852:gst_pad_send_event_unchecked:<rtpptdemux0:sink> event stream-start updated
0:00:01.601533191  6740 0000000002F77A80 LOG                 GST_PADS gstpad.c:4520:gst_pad_push_event_unchecked:<rtpjitterbuffer0:src> sent event 0000000003E06EA0 to peerpad 0000000002EA5FF0, ret ok
0:00:01.601578922  6740 0000000002F77A80 DEBUG               GST_PADS gstpad.c:3293:push_sticky:<rtpjitterbuffer0:src> event stream-start marked received
0:00:01.601623055  6740 0000000002F77A80 DEBUG               GST_PADS gstpad.c:4837:gst_pad_send_event_unchecked:<rtpjitterbuffer0:sink> sent event, ret ok
0:00:01.601666548  6740 0000000002F77A80 LOG                 GST_PADS gstpad.c:4423:gst_pad_store_sticky_event:<rtpjitterbuffer0:sink> stored sticky event stream-start
0:00:01.601711320  6740 0000000002F77A80 DEBUG               GST_PADS gstpad.c:4852:gst_pad_send_event_unchecked:<rtpjitterbuffer0:sink> event stream-start updated
0:00:01.601754813  6740 0000000002F77A80 LOG                 GST_PADS gstpad.c:4520:gst_pad_push_event_unchecked:<rtpssrcdemux0:src_2962550724> sent event 0000000003E06EA0 to peerpad 0000000002EA5DC0, ret ok
0:00:01.601804382  6740 0000000002F77A80 DEBUG               GST_PADS gstpad.c:3293:push_sticky:<rtpssrcdemux0:src_2962550724> event stream-start marked received
0:00:01.601849794  6740 0000000002F77A80 LOG                 GST_PADS gstpad.c:4513:gst_pad_push_event_unchecked:<rtpssrcdemux0:src_2962550724> sending event 0000000003E06F00 (segment) to peerpad 0000000002EA5DC0
0:00:01.601894246  6740 0000000002F77A80 DEBUG              GST_EVENT gstpad.c:4771:gst_pad_send_event_unchecked:<rtpjitterbuffer0:sink> have event type 0000000003E06F00
0:00:01.601939338  6740 0000000002F77A80 DEBUG     gstrtpjitterbuffer gstrtpjitterbuffer.c:1041:gst_rtp_jitter_buffer_sink_event:<rtpjitterbuffer0> received segment
0:00:01.601985070  6740 0000000002F77A80 DEBUG     gstrtpjitterbuffer gstrtpjitterbuffer.c:1070:gst_rtp_jitter_buffer_sink_event:<rtpjitterbuffer0> newsegment:  00000000005697B8
0:00:01.602031761  6740 0000000002F77A80 LOG                 GST_PADS gstpad.c:4423:gst_pad_store_sticky_event:<rtpjitterbuffer0:src> stored sticky event segment
0:00:01.602078452  6740 0000000002F77A80 DEBUG               GST_PADS gstpad.c:4628:gst_pad_push_event:<rtpjitterbuffer0:src> event segment updated
0:00:01.602141453  6740 0000000002F77A80 DEBUG               GST_PADS gstpad.c:3333:check_sticky:<rtpjitterbuffer0:src> pushing all sticky events
0:00:01.602185585  6740 0000000002F77A80 DEBUG               GST_PADS gstpad.c:3282:push_sticky:<rtpjitterbuffer0:src> event stream-start was already received
0:00:01.602247627  6740 0000000002F77A80 LOG                 GST_PADS gstpad.c:4513:gst_pad_push_event_unchecked:<rtpjitterbuffer0:src> sending event 0000000003E06F00 (segment) to peerpad 0000000002EA5FF0
0:00:01.602299434  6740 0000000002F77A80 DEBUG              GST_EVENT gstpad.c:4771:gst_pad_send_event_unchecked:<rtpptdemux0:sink> have event type 0000000003E06F00
0:00:01.602346445  6740 0000000002F77A80 LOG                 GST_PADS gstpad.c:2753:gst_pad_event_default:<rtpptdemux0:sink> default event handler for event 0000000003E06F00
0:00:01.602396014  6740 0000000002F77A80 DEBUG               GST_PADS gstpad.c:2563:gst_pad_iterate_internal_links_default:<rtpptdemux0:sink> Making iterator
0:00:01.602443025  6740 0000000002F77A80 DEBUG               GST_PADS gstpad.c:4837:gst_pad_send_event_unchecked:<rtpptdemux0:sink> sent event, ret ok
0:00:01.602492914  6740 0000000002F77A80 LOG                 GST_PADS gstpad.c:4423:gst_pad_store_sticky_event:<rtpptdemux0:sink> stored sticky event segment
0:00:01.602540884  6740 0000000002F77A80 DEBUG               GST_PADS gstpad.c:4852:gst_pad_send_event_unchecked:<rtpptdemux0:sink> event segment updated
0:00:01.602592692  6740 0000000002F77A80 LOG                 GST_PADS gstpad.c:4520:gst_pad_push_event_unchecked:<rtpjitterbuffer0:src> sent event 0000000003E06F00 to peerpad 0000000002EA5FF0, ret ok
0:00:01.602636825  6740 0000000002F77A80 DEBUG               GST_PADS gstpad.c:3293:push_sticky:<rtpjitterbuffer0:src> event segment marked received
0:00:01.602680957  6740 0000000002F77A80 DEBUG               GST_PADS gstpad.c:4837:gst_pad_send_event_unchecked:<rtpjitterbuffer0:sink> sent event, ret ok
0:00:01.602727648  6740 0000000002F77A80 LOG                 GST_PADS gstpad.c:4423:gst_pad_store_sticky_event:<rtpjitterbuffer0:sink> stored sticky event segment
0:00:01.602770502  6740 0000000002F77A80 DEBUG               GST_PADS gstpad.c:4852:gst_pad_send_event_unchecked:<rtpjitterbuffer0:sink> event segment updated
0:00:01.602813675  6740 0000000002F77A80 LOG                 GST_PADS gstpad.c:4520:gst_pad_push_event_unchecked:<rtpssrcdemux0:src_2962550724> sent event 0000000003E06F00 to peerpad 0000000002EA5DC0, ret ok
0:00:01.602857488  6740 0000000002F77A80 DEBUG               GST_PADS gstpad.c:3293:push_sticky:<rtpssrcdemux0:src_2962550724> event segment marked received
0:00:01.602905777  6740 0000000002F77A80 LOG           GST_SCHEDULING gstpad.c:3653:gst_pad_chain_data_unchecked:<rtpjitterbuffer0:sink> calling chainfunction &gst_rtp_jitter_buffer_chain with buffer 0000000003E07D90
0:00:01.602957265  6740 0000000002F77A80 LOG               GST_BUFFER gstbuffer.c:1410:gst_buffer_map_range: buffer 0000000003E07D90, idx 0, length 1, flags 0001
0:00:01.603004916  6740 0000000002F77A80 LOG               GST_BUFFER gstbuffer.c:207:_get_merged_memory: buffer 0000000003E07D90, idx 0, length 1
0:00:01.603057683  6740 0000000002F77A80 DEBUG     gstrtpjitterbuffer gstrtpjitterbuffer.c:1278:gst_rtp_jitter_buffer_chain:<rtpjitterbuffer0> Received packet #65103 at time 0:00:00.441604788
0:00:01.603102135  6740 0000000002F77A80 DEBUG     gstrtpjitterbuffer gstrtpjitterbuffer.c:1286:gst_rtp_jitter_buffer_chain:<rtpjitterbuffer0> pt changed from 4294967295 to 96
0:00:01.603148507  6740 0000000002F77A80 DEBUG               GST_CAPS gstpad.c:2407:gst_pad_get_current_caps:<rtpjitterbuffer0:sink> get current pad caps 0000000000000000
0:00:01.603198396  6740 0000000002F77A80 DEBUG                 rtpbin gstrtpbin.c:2431:pt_map_requested:<rtpbin0> payload map requested for pt 96 in session 0
0:00:01.603247005  6740 0000000002F77A80 DEBUG                 rtpbin gstrtpbin.c:710:get_pt_map: searching pt 96 in cache
0:00:01.603291138  6740 0000000002F77A80 DEBUG     gstrtpjitterbuffer gstrtpjitterbuffer.c:773:gst_jitter_buffer_sink_parse_caps:<rtpjitterbuffer0> got caps
0:00:01.603366611  6740 0000000002F77A80 DEBUG     gstrtpjitterbuffer gstrtpjitterbuffer.c:783:gst_jitter_buffer_sink_parse_caps:<rtpjitterbuffer0> got clock-rate 90000
0:00:01.603414261  6740 0000000002F77A80 DEBUG     gstrtpjitterbuffer gstrtpjitterbuffer.c:795:gst_jitter_buffer_sink_parse_caps:<rtpjitterbuffer0> got clock-base 2932225062
0:00:01.603463831  6740 0000000002F77A80 DEBUG     gstrtpjitterbuffer gstrtpjitterbuffer.c:805:gst_jitter_buffer_sink_parse_caps:<rtpjitterbuffer0> got seqnum-base 65103
0:00:01.603514679  6740 0000000002F77A80 DEBUG     gstrtpjitterbuffer gstrtpjitterbuffer.c:822:gst_jitter_buffer_sink_parse_caps:<rtpjitterbuffer0> npt start/stop: 0:00:00.000000000-99:99:99.999999999
0:00:01.603571284  6740 0000000002F77A80 LOG               GST_BUFFER gstbuffer.c:1410:gst_buffer_map_range: buffer 0000000003E07D90, idx 0, length 1, flags 0001
0:00:01.603633965  6740 0000000002F77A80 LOG               GST_BUFFER gstbuffer.c:207:_get_merged_memory: buffer 0000000003E07D90, idx 0, length 1
0:00:01.603691209  6740 0000000002F77A80 DEBUG        rtpjitterbuffer rtpjitterbuffer.c:384:calculate_skew: Clock rate changed from 4294967295 to 90000
0:00:01.603735022  6740 0000000002F77A80 DEBUG        rtpjitterbuffer rtpjitterbuffer.c:400:calculate_skew: Taking new base time 0:00:00.441604788
0:00:01.603778835  6740 0000000002F77A80 DEBUG        rtpjitterbuffer rtpjitterbuffer.c:407:calculate_skew: Taking new base rtptime 9:03:00.278466666
0:00:01.603829363  6740 0000000002F77A80 DEBUG        rtpjitterbuffer rtpjitterbuffer.c:428:calculate_skew: extrtp 2932225062, gstrtp 9:03:00.278466666, base 9:03:00.278466666, send_diff 0:00:00.000000000
0:00:01.603885009  6740 0000000002F77A80 DEBUG        rtpjitterbuffer rtpjitterbuffer.c:451:calculate_skew: time 0:00:00.441604788, base 0:00:00.441604788, recv_diff 0:00:00.000000000, slope 8
0:00:01.603939695  6740 0000000002F77A80 DEBUG        rtpjitterbuffer rtpjitterbuffer.c:468:calculate_skew: filling 0, delta 0
0:00:01.603984147  6740 0000000002F77A80 DEBUG        rtpjitterbuffer rtpjitterbuffer.c:583:calculate_skew: skew 0, out 0:00:00.441604788
0:00:01.604036275  6740 0000000002F77A80 DEBUG     gstrtpjitterbuffer gstrtpjitterbuffer.c:1405:gst_rtp_jitter_buffer_chain:<rtpjitterbuffer0> Pushed packet #65103, now 1 packets, tail: 1
0:00:01.604086164  6740 0000000002F77A80 LOG           GST_SCHEDULING gstpad.c:3659:gst_pad_chain_data_unchecked:<rtpjitterbuffer0:sink> called chainfunction &gst_rtp_jitter_buffer_chain with buffer 0000000003E07D90, returned ok
0:00:01.604089042  6740 0000000003E61280 DEBUG     gstrtpjitterbuffer gstrtpjitterbuffer.c:1650:gst_rtp_jitter_buffer_loop:<rtpjitterbuffer0> waiting done
0:00:01.604137012  6740 0000000002F77A80 LOG           GST_SCHEDULING gstpad.c:3659:gst_pad_chain_data_unchecked:<rtpssrcdemux0:sink> called chainfunction &000000007048EF60 with buffer 0000000003E07D90, returned ok
0:00:01.604189779  6740 0000000003E61280 LOG               GST_BUFFER gstbuffer.c:1410:gst_buffer_map_range: buffer 0000000003E07D90, idx 0, length 1, flags 0001
0:00:01.604297872  6740 0000000003E61280 LOG               GST_BUFFER gstbuffer.c:207:_get_merged_memory: buffer 0000000003E07D90, idx 0, length 1
0:00:01.604242866  6740 0000000002F77A80 LOG                rtpsource rtpsource.c:878:push_packet: pushing new packet
0:00:01.604394772  6740 0000000002F77A80 LOG               rtpsession rtpsession.c:1175:source_push_rtp: source b094efc4 pushed receiver RTP packet
0:00:01.604345203  6740 0000000003E61280 DEBUG     gstrtpjitterbuffer gstrtpjitterbuffer.c:1685:gst_rtp_jitter_buffer_loop:<rtpjitterbuffer0> Peeked buffer #65103, expect #65103, timestamp 0:00:00.441604788, now 1 left
0:00:01.604440183  6740 0000000002F77A80 LOG               rtpsession gstrtpsession.c:1035:gst_rtp_session_process_rtp:<rtpsession0> pushing received RTP packet
0:00:01.604493270  6740 0000000003E61280 DEBUG     gstrtpjitterbuffer gstrtpjitterbuffer.c:1902:gst_rtp_jitter_buffer_loop:<rtpjitterbuffer0> Pushing buffer 65103, timestamp 0:00:00.441604788
0:00:01.604547956  6740 0000000002F77A80 LOG           GST_SCHEDULING gstpad.c:3653:gst_pad_chain_data_unchecked:<rtpssrcdemux0:sink> calling chainfunction &000000007048EF60 with buffer 0000000003E07EA0
0:00:01.604657968  6740 0000000002F77A80 LOG               GST_BUFFER gstbuffer.c:1410:gst_buffer_map_range: buffer 0000000003E07EA0, idx 0, length 1, flags 0001
0:00:01.604704659  6740 0000000002F77A80 LOG               GST_BUFFER gstbuffer.c:207:_get_merged_memory: buffer 0000000003E07EA0, idx 0, length 1
0:00:01.604607120  6740 0000000003E61280 LOG           GST_SCHEDULING gstpad.c:3653:gst_pad_chain_data_unchecked:<rtpptdemux0:sink> calling chainfunction &000000007048D160 with buffer 0000000003E07D90
0:00:01.604817869  6740 0000000003E61280 LOG               GST_BUFFER gstbuffer.c:1410:gst_buffer_map_range: buffer 0000000003E07D90, idx 0, length 1, flags 0001
0:00:01.604864879  6740 0000000003E61280 LOG               GST_BUFFER gstbuffer.c:207:_get_merged_memory: buffer 0000000003E07D90, idx 0, length 1
0:00:01.604761584  6740 0000000002F77A80 DEBUG           rtpssrcdemux gstrtpssrcdemux.c:638:gst_rtp_ssrc_demux_chain:<rtpssrcdemux0> received buffer of SSRC b094efc4
0:00:01.604909652  6740 0000000003E61280 DEBUG             rtpptdemux gstrtpptdemux.c:363:gst_rtp_pt_demux_chain:<rtpptdemux0> received buffer for pt 96
0:00:01.604963378  6740 0000000002F77A80 DEBUG           rtpssrcdemux gstrtpssrcdemux.c:230:find_or_create_demux_pad_for_ssrc:<rtpssrcdemux0> creating pad for SSRC b094efc4
0:00:01.605017105  6740 0000000003E61280 DEBUG                 rtpbin gstrtpbin.c:2431:pt_map_requested:<rtpbin0> payload map requested for pt 96 in session 0
0:00:01.605111766  6740 0000000003E61280 DEBUG                 rtpbin gstrtpbin.c:710:get_pt_map: searching pt 96 in cache
0:00:01.605066674  6740 0000000002F77A80 LOG           GST_SCHEDULING gstpad.c:3653:gst_pad_chain_data_unchecked:<rtpjitterbuffer0:sink> calling chainfunction &gst_rtp_jitter_buffer_chain with buffer 0000000003E07EA0
0:00:01.605206107  6740 0000000002F77A80 LOG               GST_BUFFER gstbuffer.c:1410:gst_buffer_map_range: buffer 0000000003E07EA0, idx 0, length 1, flags 0001
0:00:01.605253438  6740 0000000002F77A80 LOG               GST_BUFFER gstbuffer.c:207:_get_merged_memory: buffer 0000000003E07EA0, idx 0, length 1
0:00:01.605157497  6740 0000000003E61280 DEBUG             rtpptdemux gstrtpptdemux.c:278:gst_rtp_pt_demux_get_caps: pt 96, got caps 0000000003E09BE0
0:00:01.605300449  6740 0000000002F77A80 DEBUG     gstrtpjitterbuffer gstrtpjitterbuffer.c:1278:gst_rtp_jitter_buffer_chain:<rtpjitterbuffer0> Received packet #65104 at time 0:00:00.449007545
0:00:01.605399907  6740 0000000002F77A80 LOG               GST_BUFFER gstbuffer.c:1410:gst_buffer_map_range: buffer 0000000003E07EA0, idx 0, length 1, flags 0001
0:00:01.605449476  6740 0000000002F77A80 LOG               GST_BUFFER gstbuffer.c:207:_get_merged_memory: buffer 0000000003E07EA0, idx 0, length 1
0:00:01.605495527  6740 0000000002F77A80 DEBUG        rtpjitterbuffer rtpjitterbuffer.c:428:calculate_skew: extrtp 2932225062, gstrtp 9:03:00.278466666, base 9:03:00.278466666, send_diff 0:00:00.000000000
0:00:01.605554371  6740 0000000002F77A80 DEBUG        rtpjitterbuffer rtpjitterbuffer.c:451:calculate_skew: time 0:00:00.449007545, base 0:00:00.441604788, recv_diff 0:00:00.007402757, slope 0
0:00:01.605601701  6740 0000000002F77A80 DEBUG        rtpjitterbuffer rtpjitterbuffer.c:468:calculate_skew: filling 1, delta 7402757
0:00:01.605657347  6740 0000000002F77A80 DEBUG        rtpjitterbuffer rtpjitterbuffer.c:561:calculate_skew: backwards timestamps, using previous time
0:00:01.605707236  6740 0000000002F77A80 DEBUG        rtpjitterbuffer rtpjitterbuffer.c:583:calculate_skew: skew 0, out 0:00:00.441604788
0:00:01.605762561  6740 0000000002F77A80 DEBUG     gstrtpjitterbuffer gstrtpjitterbuffer.c:1405:gst_rtp_jitter_buffer_chain:<rtpjitterbuffer0> Pushed packet #65104, now 1 packets, tail: 1
0:00:01.605810531  6740 0000000002F77A80 LOG           GST_SCHEDULING gstpad.c:3659:gst_pad_chain_data_unchecked:<rtpjitterbuffer0:sink> called chainfunction &gst_rtp_jitter_buffer_chain with buffer 0000000003E07EA0, returned ok
0:00:01.605859461  6740 0000000002F77A80 LOG           GST_SCHEDULING gstpad.c:3659:gst_pad_chain_data_unchecked:<rtpssrcdemux0:sink> called chainfunction &000000007048EF60 with buffer 0000000003E07EA0, returned ok
0:00:01.605906792  6740 0000000002F77A80 DEBUG             rtpsession rtpsession.c:1776:rtp_session_process_rtp: source: b094efc4 became active, 2 active sources
0:00:01.605962757  6740 0000000002F77A80 DEBUG             rtpsession rtpsession.c:1782:rtp_session_process_rtp: source: b094efc4 became sender, 1 sender sources
0:00:01.606022560  6740 0000000002F77A80 LOG           GST_SCHEDULING gstpad.c:3659:gst_pad_chain_data_unchecked:<rtpsession0:recv_rtp_sink> called chainfunction &000000007049E190 with buffer 0000000003E07EA0, returned ok
0:00:01.606073088  6740 0000000002F77A80 LOG           GST_SCHEDULING gstpad.c:3659:gst_pad_chain_data_unchecked:<rtpbin0:recv_rtp_sink_0> called chainfunction &gst_proxy_pad_chain_default with buffer 0000000003E07EA0, returned ok
0:00:01.606128734  6740 0000000002F77A80 DEBUG               GST_PADS gstpad.c:1411:gst_pad_check_reconfigure:<udpsrc1:src> remove RECONFIGURE flag
0:00:01.606178623  6740 0000000002F77A80 DEBUG                basesrc gstbasesrc.c:3098:gst_base_src_negotiate:<udpsrc1> starting negotiation
0:00:01.606234908  6740 0000000002F77A80 DEBUG               GST_CAPS gstutils.c:2762:gst_pad_query_caps:<udpsrc1:src> get pad caps with filter 0000000000000000
0:00:01.606280319  6740 0000000002F77A80 DEBUG                  query gstquery.c:679:gst_query_new_custom: creating new query 0000000003E16050 caps
0:00:01.605366328  6740 0000000003E61280 DEBUG               GST_PADS gstpad.c:1646:gst_pad_set_event_function_full:<'':src_96> eventfunc for set to 000000007048CC10
0:00:01.606387453  6740 0000000003E61280 DEBUG             rtpptdemux gstrtpptdemux.c:385:gst_rtp_pt_demux_chain: Adding pt=96 to the list.
0:00:01.606332127  6740 0000000002F77A80 DEBUG               GST_PADS gstpad.c:3402:gst_pad_query:<udpsrc1:src> doing query 0000000003E16050 (caps)
0:00:01.606435743  6740 0000000003E61280 DEBUG               GST_PADS gstpad.c:935:gst_pad_set_active:<'':src_96> activating pad from none
0:00:01.606486911  6740 0000000002F77A80 DEBUG                basesrc gstbasesrc.c:1243:gst_base_src_default_query:<udpsrc1> query caps returns 1
0:00:01.606535840  6740 0000000003E61280 DEBUG               GST_PADS gstpad.c:852:pre_activate:<'':src_96> setting pad into push mode, unset flushing
0:00:01.606594364  6740 0000000002F77A80 DEBUG               GST_PADS gstpad.c:3424:gst_pad_query:<udpsrc1:src> sent query 0000000003E16050 (caps), result 1
0:00:01.606644573  6740 0000000003E61280 DEBUG               GST_PADS gstpad.c:1070:gst_pad_activate_mode:<'':src_96> activated in push mode
0:00:01.606695101  6740 0000000002F77A80 DEBUG               GST_CAPS gstutils.c:2769:gst_pad_query_caps:<udpsrc1:src> query returned 0000000003E16000
0:00:01.606743711  6740 0000000003E61280 LOG                 GST_PADS gstpad.c:4423:gst_pad_store_sticky_event:<'':src_96> stored sticky event stream-start
0:00:01.606802235  6740 0000000002F77A80 DEBUG                basesrc gstbasesrc.c:3028:gst_base_src_default_negotiate:<udpsrc1> caps of src: 0000000003E16000
0:00:01.606857560  6740 0000000003E61280 DEBUG               GST_PADS gstpad.c:4628:gst_pad_push_event:<'':src_96> event stream-start updated
0:00:01.606911607  6740 0000000002F77A80 DEBUG                basesrc gstbasesrc.c:3074:gst_base_src_default_negotiate:<udpsrc1> no negotiation needed
0:00:01.606962455  6740 0000000003E61280 DEBUG               GST_PADS gstpad.c:3333:check_sticky:<'':src_96> pushing all sticky events
0:00:01.607022258  6740 0000000002F77A80 DEBUG               GST_CAPS gstpad.c:2407:gst_pad_get_current_caps:<udpsrc1:src> get current pad caps 0000000000000000
0:00:01.607071507  6740 0000000003E61280 DEBUG               GST_PADS gstpad.c:4557:gst_pad_push_event_unchecked:<'':src_96> Dropping event because pad is not linked
0:00:01.607129391  6740 0000000002F77A80 DEBUG                  query gstquery.c:679:gst_query_new_custom: creating new query 0000000003E162D0 allocation
0:00:01.607175763  6740 0000000003E61280 DEBUG               GST_PADS gstpad.c:3305:push_sticky:<'':src_96> pad was not linked, mark pending
0:00:01.607286094  6740 0000000003E61280 LOG                 GST_PADS gstpad.c:4423:gst_pad_store_sticky_event:<'':src_96> stored sticky event segment
0:00:01.607228850  6740 0000000002F77A80 DEBUG               GST_PADS gstpad.c:3527:gst_pad_peer_query:<udpsrc1:src> peer query 0000000003E162D0 (allocation)
0:00:01.607337902  6740 0000000003E61280 DEBUG               GST_PADS gstpad.c:4628:gst_pad_push_event:<'':src_96> event segment updated
0:00:01.607394507  6740 0000000002F77A80 DEBUG               GST_PADS gstpad.c:3402:gst_pad_query:<rtpbin0:recv_rtp_sink_0> doing query 0000000003E162D0 (allocation)
0:00:01.607451751  6740 0000000003E61280 DEBUG               GST_PADS gstpad.c:3333:check_sticky:<'':src_96> pushing all sticky events
0:00:01.607506437  6740 0000000002F77A80 DEBUG               GST_PADS gstpad.c:2965:gst_pad_query_default:<rtpbin0:recv_rtp_sink_0> forwarding 0000000003E162D0 (allocation) query
0:00:01.607564001  6740 0000000003E61280 DEBUG               GST_PADS gstpad.c:4557:gst_pad_push_event_unchecked:<'':src_96> Dropping event because pad is not linked
0:00:01.607613890  6740 0000000002F77A80 LOG                 GST_PADS gstpad.c:2673:gst_pad_forward:<rtpbin0:recv_rtp_sink_0> calling forward function on pad recv_rtp_sink_0:proxypad0
0:00:01.607658023  6740 0000000003E61280 DEBUG               GST_PADS gstpad.c:3305:push_sticky:<'':src_96> pad was not linked, mark pending
0:00:01.607707912  6740 0000000002F77A80 LOG                 GST_PADS gstpad.c:2908:query_forward_func:<recv_rtp_sink_0:proxypad0> query peer 0000000003E162D0 (allocation) of recv_rtp_sink_0:proxypad0
0:00:01.607757161  6740 0000000003E61280 DEBUG               GST_PADS gstpad.c:4557:gst_pad_push_event_unchecked:<'':src_96> Dropping event because pad is not linked
0:00:01.607808329  6740 0000000002F77A80 DEBUG               GST_PADS gstpad.c:3527:gst_pad_peer_query:<recv_rtp_sink_0:proxypad0> peer query 0000000003E162D0 (allocation)
0:00:01.607867173  6740 0000000003E61280 DEBUG               GST_PADS gstpad.c:3305:push_sticky:<'':src_96> pad was not linked, mark pending
0:00:01.607918341  6740 0000000002F77A80 DEBUG               GST_PADS gstpad.c:3402:gst_pad_query:<rtpsession0:recv_rtp_sink> doing query 0000000003E162D0 (allocation)
0:00:01.607998611  6740 0000000003E61280 DEBUG        GST_PERFORMANCE gstcaps.c:150:_gst_caps_copy:application/x-rtp, media=(string)video, payload=(int)96, clock-rate=(int)90000, encoding-name=(string)H264, packetization-mode=(string)1, profile-level-id=(string)420029, sprop-parameter-sets=(string)"Z0IAKeKQGQJvy4C3AQEBpB4kRUA\=\,aM48gA\=\=", a-framerate=(string)30.0, a-transform=(string)"-1\,0\,0\;0\,-1\,0\;0\,0\,1", clock-base=(uint)2932225062, seqnum-base=(uint)65103, npt-start=(guint64)0, play-speed=(double)1, play-scale=(double)1 doing copy 0000000003E09BE0 -> 0000000003E1CC80
0:00:01.608025474  6740 0000000002F77A80 DEBUG               GST_PADS gstpad.c:2965:gst_pad_query_default:<rtpsession0:recv_rtp_sink> not forwarding 0000000003E162D0 (allocation) query
0:00:01.608080160  6740 0000000003E61280 DEBUG        GST_PERFORMANCE gstminiobject.c:326:gst_mini_object_make_writable: copy GstCaps miniobject 0000000003E09BE0 -> 0000000003E1CC80
