0:00:01.786372505  6740 0000000002F77A80 LOG               GST_BUFFER gstbuffer.c:207:_get_merged_memory: buffer 0000000003E69D70, idx 0, length 1
0:00:01.786416638  6740 0000000002F77A80 DEBUG           rtpssrcdemux gstrtpssrcdemux.c:638:gst_rtp_ssrc_demux_chain:<rtpssrcdemux0> received buffer of SSRC b094efc4
0:00:01.786460770  6740 0000000002F77A80 DEBUG           rtpssrcdemux gstrtpssrcdemux.c:230:find_or_create_demux_pad_for_ssrc:<rtpssrcdemux0> creating pad for SSRC b094efc4
0:00:01.786504583  6740 0000000002F77A80 LOG           GST_SCHEDULING gstpad.c:3653:gst_pad_chain_data_unchecked:<rtpjitterbuffer0:sink> calling chainfunction &gst_rtp_jitter_buffer_chain with buffer 0000000003E69D70
0:00:01.786549675  6740 0000000002F77A80 LOG               GST_BUFFER gstbuffer.c:1410:gst_buffer_map_range: buffer 0000000003E69D70, idx 0, length 1, flags 0001
0:00:01.786593168  6740 0000000002F77A80 LOG               GST_BUFFER gstbuffer.c:207:_get_merged_memory: buffer 0000000003E69D70, idx 0, length 1
0:00:01.786638260  6740 0000000002F77A80 DEBUG     gstrtpjitterbuffer gstrtpjitterbuffer.c:1278:gst_rtp_jitter_buffer_chain:<rtpjitterbuffer0> Received packet #65159 at time 0:00:00.668603489
0:00:01.786681753  6740 0000000002F77A80 LOG               GST_BUFFER gstbuffer.c:1410:gst_buffer_map_range: buffer 0000000003E69D70, idx 0, length 1, flags 0001
0:00:01.786724926  6740 0000000002F77A80 LOG               GST_BUFFER gstbuffer.c:207:_get_merged_memory: buffer 0000000003E69D70, idx 0, length 1
0:00:01.786767779  6740 0000000002F77A80 LOG               GST_BUFFER gstbuffer.c:1410:gst_buffer_map_range: buffer 0000000003E69C60, idx 0, length 1, flags 0001
0:00:01.786809993  6740 0000000002F77A80 LOG               GST_BUFFER gstbuffer.c:207:_get_merged_memory: buffer 0000000003E69C60, idx 0, length 1
0:00:01.786853166  6740 0000000002F77A80 DEBUG        rtpjitterbuffer rtpjitterbuffer.c:428:calculate_skew: extrtp 2932246103, gstrtp 9:03:00.512255555, base 9:03:00.278466666, send_diff 0:00:00.233788889
0:00:01.786902736  6740 0000000002F77A80 DEBUG        rtpjitterbuffer rtpjitterbuffer.c:451:calculate_skew: time 0:00:00.668603489, base 0:00:00.441604788, recv_diff 0:00:00.226998701, slope 8
0:00:01.786948787  6740 0000000002F77A80 DEBUG        rtpjitterbuffer rtpjitterbuffer.c:468:calculate_skew: filling 56, delta -6790188
0:00:01.786991640  6740 0000000002F77A80 DEBUG        rtpjitterbuffer rtpjitterbuffer.c:561:calculate_skew: backwards timestamps, using previous time
0:00:01.787033214  6740 0000000002F77A80 DEBUG        rtpjitterbuffer rtpjitterbuffer.c:583:calculate_skew: skew -239936, out 0:00:00.675272979
0:00:01.787078306  6740 0000000002F77A80 DEBUG     gstrtpjitterbuffer gstrtpjitterbuffer.c:1405:gst_rtp_jitter_buffer_chain:<rtpjitterbuffer0> Pushed packet #65159, now 56 packets, tail: 0
0:00:01.787124038  6740 0000000002F77A80 LOG           GST_SCHEDULING gstpad.c:3659:gst_pad_chain_data_unchecked:<rtpjitterbuffer0:sink> called chainfunction &gst_rtp_jitter_buffer_chain with buffer 0000000003E69D70, returned ok
0:00:01.787170409  6740 0000000002F77A80 LOG           GST_SCHEDULING gstpad.c:3659:gst_pad_chain_data_unchecked:<rtpssrcdemux0:sink> called chainfunction &000000007048EF60 with buffer 0000000003E69D70, returned ok
0:00:01.787216141  6740 0000000002F77A80 LOG           GST_SCHEDULING gstpad.c:3659:gst_pad_chain_data_unchecked:<rtpsession0:recv_rtp_sink> called chainfunction &000000007049E190 with buffer 0000000003E69D70, returned ok
0:00:01.787261872  6740 0000000002F77A80 LOG           GST_SCHEDULING gstpad.c:3659:gst_pad_chain_data_unchecked:<rtpbin0:recv_rtp_sink_0> called chainfunction &gst_proxy_pad_chain_default with buffer 0000000003E69D70, returned ok
0:00:01.787306964  6740 0000000002F77A80 LOG                  basesrc gstbasesrc.c:2614:gst_base_src_loop:<udpsrc1> next_ts 99:99:99.999999999 size 4096
0:00:01.787351097  6740 0000000002F77A80 DEBUG                basesrc gstbasesrc.c:2351:gst_base_src_get_range:<udpsrc1> calling create offset 18446744073709551615 length 4096, time 0
0:00:01.787396828  6740 0000000002F77A80 LOG                   udpsrc gstudpsrc.c:451:gst_udpsrc_create:<udpsrc1> ioctl says 4971 bytes available
0:00:01.787443200  6740 0000000002F77A80 DEBUG             GST_MEMORY gstmemory.c:133:gst_memory_init: new memory 0000000004031F70, maxsize:4978 offset:0 size:4971
0:00:01.787486692  6740 0000000002F77A80 LOG               GST_BUFFER gstbuffer.c:581:gst_buffer_new: new 0000000003E69E80
0:00:01.787527947  6740 0000000002F77A80 LOG               GST_BUFFER gstbuffer.c:297:_memory_add: buffer 0000000003E69E80, idx -1, mem 0000000004031F70, lock 1
0:00:01.787571760  6740 0000000002F77A80 LOG               GST_BUFFER gstbuffer.c:635:gst_buffer_new_allocate: new buffer 0000000003E69E80 of size 4971 from allocator 0000000000000000
0:00:01.787614933  6740 0000000002F77A80 LOG               GST_BUFFER gstbuffer.c:1410:gst_buffer_map_range: buffer 0000000003E69E80, idx 0, length -1, flags 0002
0:00:01.787658426  6740 0000000002F77A80 LOG               GST_BUFFER gstbuffer.c:207:_get_merged_memory: buffer 0000000003E69E80, idx 0, length 1
0:00:01.787711832  6740 0000000002F77A80 LOG               GST_BUFFER gstbuffer.c:1279:gst_buffer_resize_range: trim 0000000003E69E80 0-1400 size:4971 offs:0 max:4978
0:00:01.787758204  6740 0000000002F77A80 DEBUG             GST_BUFFER gstbuffer.c:1853:gst_buffer_add_meta: alloc metadata 0000000003E68518 (GstNetAddressMeta) of size 24
0:00:01.787803296  6740 0000000002F77A80 LOG                   udpsrc gstudpsrc.c:502:gst_udpsrc_create:<udpsrc1> read 4971 bytes
0:00:01.787846469  6740 0000000002F77A80 DEBUG              GST_CLOCK gstclock.c:922:gst_clock_get_internal_time:<GstSystemClock> internal time 0:00:00.671655991
0:00:01.787890601  6740 0000000002F77A80 DEBUG              GST_CLOCK gstclock.c:967:gst_clock_get_time:<GstSystemClock> adjusted time 0:00:00.671655991
0:00:01.787933774  6740 0000000002F77A80 LOG                  basesrc gstbasesrc.c:2165:gst_base_src_do_sync:<udpsrc1> created DTS 0:00:00.671561650
0:00:01.787977907  6740 0000000002F77A80 LOG                  basesrc gstbasesrc.c:2175:gst_base_src_do_sync:<udpsrc1> created PTS 0:00:00.671561650
0:00:01.788021080  6740 0000000002F77A80 DEBUG                basesrc gstbasesrc.c:2213:gst_base_src_do_sync:<udpsrc1> no sync needed
0:00:01.788063614  6740 0000000002F77A80 DEBUG                basesrc gstbasesrc.c:2414:gst_base_src_get_range:<udpsrc1> buffer ok
0:00:01.788106147  6740 0000000002F77A80 LOG           GST_SCHEDULING gstpad.c:3653:gst_pad_chain_data_unchecked:<rtpbin0:recv_rtp_sink_0> calling chainfunction &gst_proxy_pad_chain_default with buffer 0000000003E69E80
0:00:01.788151559  6740 0000000002F77A80 LOG           GST_SCHEDULING gstpad.c:3653:gst_pad_chain_data_unchecked:<rtpsession0:recv_rtp_sink> calling chainfunction &000000007049E190 with buffer 0000000003E69E80
0:00:01.788197291  6740 0000000002F77A80 LOG               rtpsession gstrtpsession.c:1505:gst_rtp_session_chain_recv_rtp:<rtpsession0> received RTP packet
0:00:01.788240784  6740 0000000002F77A80 DEBUG              GST_CLOCK gstclock.c:922:gst_clock_get_internal_time:<GstSystemClock> internal time 0:00:00.672049986
0:00:01.788283957  6740 0000000002F77A80 DEBUG              GST_CLOCK gstclock.c:967:gst_clock_get_time:<GstSystemClock> adjusted time 0:00:00.672049986
0:00:01.788327130  6740 0000000002F77A80 LOG               GST_BUFFER gstbuffer.c:1410:gst_buffer_map_range: buffer 0000000003E69E80, idx 0, length 1, flags 0001
0:00:01.788369663  6740 0000000002F77A80 LOG               GST_BUFFER gstbuffer.c:207:_get_merged_memory: buffer 0000000003E69E80, idx 0, length 1
0:00:01.788412197  6740 0000000002F77A80 LOG               GST_BUFFER gstbuffer.c:1410:gst_buffer_map_range: buffer 0000000003E69E80, idx 0, length 1, flags 0001
0:00:01.788455370  6740 0000000002F77A80 LOG               GST_BUFFER gstbuffer.c:207:_get_merged_memory: buffer 0000000003E69E80, idx 0, length 1
0:00:01.788500142  6740 0000000002F77A80 LOG               GST_BUFFER gstbuffer.c:1410:gst_buffer_map_range: buffer 0000000003E69E80, idx 0, length 1, flags 0001
0:00:01.788555468  6740 0000000002F77A80 LOG               GST_BUFFER gstbuffer.c:207:_get_merged_memory: buffer 0000000003E69E80, idx 0, length 1
0:00:01.788600560  6740 0000000002F77A80 LOG                rtpsource rtpsource.c:1155:rtp_source_process_rtp: seq 65160, PC: 57, OC: 72463
0:00:01.788643413  6740 0000000002F77A80 LOG               GST_BUFFER gstbuffer.c:1410:gst_buffer_map_range: buffer 0000000003E69E80, idx 0, length 1, flags 0001
0:00:01.788686906  6740 0000000002F77A80 LOG               GST_BUFFER gstbuffer.c:207:_get_merged_memory: buffer 0000000003E69E80, idx 0, length 1
0:00:01.788730079  6740 0000000002F77A80 LOG                rtpsource rtpsource.c:941:calculate_jitter: SSRC b094efc4 got payload 96
0:00:01.788771973  6740 0000000002F77A80 LOG                rtpsource rtpsource.c:976:calculate_jitter: rtparrival 60440, rtptime 2932249108, clock-rate 90000, diff 2739, jitter: 935.125000
0:00:01.788817385  6740 0000000002F77A80 LOG                rtpsource rtpsource.c:878:push_packet: pushing new packet
0:00:01.788857680  6740 0000000002F77A80 LOG               rtpsession rtpsession.c:1175:source_push_rtp: source b094efc4 pushed receiver RTP packet
0:00:01.788901493  6740 0000000002F77A80 LOG               rtpsession gstrtpsession.c:1035:gst_rtp_session_process_rtp:<rtpsession0> pushing received RTP packet
0:00:01.788944666  6740 0000000002F77A80 LOG           GST_SCHEDULING gstpad.c:3653:gst_pad_chain_data_unchecked:<rtpssrcdemux0:sink> calling chainfunction &000000007048EF60 with buffer 0000000003E69E80
0:00:01.788987519  6740 0000000002F77A80 LOG               GST_BUFFER gstbuffer.c:1410:gst_buffer_map_range: buffer 0000000003E69E80, idx 0, length 1, flags 0001
0:00:01.789031012  6740 0000000002F77A80 LOG               GST_BUFFER gstbuffer.c:207:_get_merged_memory: buffer 0000000003E69E80, idx 0, length 1
0:00:01.789075784  6740 0000000002F77A80 DEBUG           rtpssrcdemux gstrtpssrcdemux.c:638:gst_rtp_ssrc_demux_chain:<rtpssrcdemux0> received buffer of SSRC b094efc4
0:00:01.789118638  6740 0000000002F77A80 DEBUG           rtpssrcdemux gstrtpssrcdemux.c:230:find_or_create_demux_pad_for_ssrc:<rtpssrcdemux0> creating pad for SSRC b094efc4
0:00:01.789162451  6740 0000000002F77A80 LOG           GST_SCHEDULING gstpad.c:3653:gst_pad_chain_data_unchecked:<rtpjitterbuffer0:sink> calling chainfunction &gst_rtp_jitter_buffer_chain with buffer 0000000003E69E80
0:00:01.789205624  6740 0000000002F77A80 LOG               GST_BUFFER gstbuffer.c:1410:gst_buffer_map_range: buffer 0000000003E69E80, idx 0, length 1, flags 0001
0:00:01.789248477  6740 0000000002F77A80 LOG               GST_BUFFER gstbuffer.c:207:_get_merged_memory: buffer 0000000003E69E80, idx 0, length 1
0:00:01.789295808  6740 0000000002F77A80 DEBUG     gstrtpjitterbuffer gstrtpjitterbuffer.c:1278:gst_rtp_jitter_buffer_chain:<rtpjitterbuffer0> Received packet #65160 at time 0:00:00.671561650
0:00:01.789339940  6740 0000000002F77A80 LOG               GST_BUFFER gstbuffer.c:1410:gst_buffer_map_range: buffer 0000000003E69E80, idx 0, length 1, flags 0001
0:00:01.789388230  6740 0000000002F77A80 LOG               GST_BUFFER gstbuffer.c:207:_get_merged_memory: buffer 0000000003E69E80, idx 0, length 1
0:00:01.789432363  6740 0000000002F77A80 LOG               GST_BUFFER gstbuffer.c:1410:gst_buffer_map_range: buffer 0000000003E69D70, idx 0, length 1, flags 0001
0:00:01.789475856  6740 0000000002F77A80 LOG               GST_BUFFER gstbuffer.c:207:_get_merged_memory: buffer 0000000003E69D70, idx 0, length 1
0:00:01.789519988  6740 0000000002F77A80 DEBUG        rtpjitterbuffer rtpjitterbuffer.c:428:calculate_skew: extrtp 2932249108, gstrtp 9:03:00.545644444, base 9:03:00.278466666, send_diff 0:00:00.267177778
0:00:01.789568918  6740 0000000002F77A80 DEBUG        rtpjitterbuffer rtpjitterbuffer.c:451:calculate_skew: time 0:00:00.671561650, base 0:00:00.441604788, recv_diff 0:00:00.229956862, slope 9
0:00:01.789614649  6740 0000000002F77A80 DEBUG        rtpjitterbuffer rtpjitterbuffer.c:468:calculate_skew: filling 57, delta -37220916
0:00:01.789656224  6740 0000000002F77A80 DEBUG        rtpjitterbuffer rtpjitterbuffer.c:583:calculate_skew: skew -864914, out 0:00:00.707917652
0:00:01.789700676  6740 0000000002F77A80 DEBUG     gstrtpjitterbuffer gstrtpjitterbuffer.c:1405:gst_rtp_jitter_buffer_chain:<rtpjitterbuffer0> Pushed packet #65160, now 57 packets, tail: 0
0:00:01.789745768  6740 0000000002F77A80 LOG           GST_SCHEDULING gstpad.c:3659:gst_pad_chain_data_unchecked:<rtpjitterbuffer0:sink> called chainfunction &gst_rtp_jitter_buffer_chain with buffer 0000000003E69E80, returned ok
0:00:01.789790860  6740 0000000002F77A80 LOG           GST_SCHEDULING gstpad.c:3659:gst_pad_chain_data_unchecked:<rtpssrcdemux0:sink> called chainfunction &000000007048EF60 with buffer 0000000003E69E80, returned ok
0:00:01.785841635  6740 0000000003E61280 DEBUG               GST_PADS gstpad.c:3402:gst_pad_query:<rtph264depay0:src> doing query 0000000003E1CDC0 (caps)
0:00:01.789836272  6740 0000000002F77A80 LOG           GST_SCHEDULING gstpad.c:3659:gst_pad_chain_data_unchecked:<rtpsession0:recv_rtp_sink> called chainfunction &000000007049E190 with buffer 0000000003E69E80, returned ok
0:00:01.789883602  6740 0000000003E61280 DEBUG               GST_CAPS gstpad.c:2834:gst_pad_query_caps_default:<rtph264depay0:src> query caps 0000000003E1CDC0
0:00:01.789930933  6740 0000000002F77A80 LOG           GST_SCHEDULING gstpad.c:3659:gst_pad_chain_data_unchecked:<rtpbin0:recv_rtp_sink_0> called chainfunction &gst_proxy_pad_chain_default with buffer 0000000003E69E80, returned ok
0:00:01.789976345  6740 0000000003E61280 DEBUG               GST_CAPS gstpad.c:2851:gst_pad_query_caps_default:<rtph264depay0:src> fixed pad caps: trying pad caps
0:00:01.790023035  6740 0000000002F77A80 LOG                  basesrc gstbasesrc.c:2614:gst_base_src_loop:<udpsrc1> next_ts 99:99:99.999999999 size 4096
0:00:01.790067168  6740 0000000003E61280 DEBUG               GST_CAPS gstpad.c:2857:gst_pad_query_caps_default:<rtph264depay0:src> trying pad template caps
0:00:01.790113859  6740 0000000002F77A80 DEBUG                basesrc gstbasesrc.c:2351:gst_base_src_get_range:<udpsrc1> calling create offset 18446744073709551615 length 4096, time 0
0:00:01.790158631  6740 0000000003E61280 DEBUG               GST_CAPS gstpad.c:2887:gst_pad_query_caps_default:<rtph264depay0:src> using caps 0000000002F6BD70 0000000002F6BD70
0:00:01.790207241  6740 0000000002F77A80 LOG                   udpsrc gstudpsrc.c:451:gst_udpsrc_create:<udpsrc1> ioctl says 3571 bytes available
0:00:01.790252013  6740 0000000003E61280 DEBUG               GST_PADS gstpad.c:2965:gst_pad_query_default:<rtph264depay0:src> not forwarding 0000000003E1CDC0 (caps) query
0:00:01.790296785  6740 0000000002F77A80 DEBUG             GST_MEMORY gstmemory.c:133:gst_memory_init: new memory 0000000004033380, maxsize:3578 offset:0 size:3571
0:00:01.790391446  6740 0000000002F77A80 LOG               GST_BUFFER gstbuffer.c:581:gst_buffer_new: new 0000000003E6A0C0
0:00:01.790433660  6740 0000000002F77A80 LOG               GST_BUFFER gstbuffer.c:297:_memory_add: buffer 0000000003E6A0C0, idx -1, mem 0000000004033380, lock 1
0:00:01.790477153  6740 0000000002F77A80 LOG               GST_BUFFER gstbuffer.c:635:gst_buffer_new_allocate: new buffer 0000000003E6A0C0 of size 3571 from allocator 0000000000000000
0:00:01.790520646  6740 0000000002F77A80 LOG               GST_BUFFER gstbuffer.c:1410:gst_buffer_map_range: buffer 0000000003E6A0C0, idx 0, length -1, flags 0002
0:00:01.790566378  6740 0000000002F77A80 LOG               GST_BUFFER gstbuffer.c:207:_get_merged_memory: buffer 0000000003E6A0C0, idx 0, length 1
0:00:01.790344755  6740 0000000003E61280 DEBUG               GST_PADS gstpad.c:3424:gst_pad_query:<rtph264depay0:src> sent query 0000000003E1CDC0 (caps), result 1
0:00:01.790620104  6740 0000000002F77A80 LOG               GST_BUFFER gstbuffer.c:1279:gst_buffer_resize_range: trim 0000000003E6A0C0 0-1055 size:3571 offs:0 max:3578
0:00:01.790656881  6740 0000000003E61280 DEBUG               GST_CAPS gstutils.c:2769:gst_pad_query_caps:<rtph264depay0:src> query returned 0000000002F6BD70
0:00:01.790704212  6740 0000000002F77A80 DEBUG             GST_BUFFER gstbuffer.c:1853:gst_buffer_add_meta: alloc metadata 0000000003E68548 (GstNetAddressMeta) of size 24
0:00:01.790750903  6740 0000000003E61280 DEBUG               GST_CAPS gstutils.c:2762:gst_pad_query_caps:<h264parse0:sink> get pad caps with filter 0000000000000000
0:00:01.790796634  6740 0000000002F77A80 LOG                   udpsrc gstudpsrc.c:502:gst_udpsrc_create:<udpsrc1> read 3571 bytes
0:00:01.790841407  6740 0000000003E61280 DEBUG                  query gstquery.c:679:gst_query_new_custom: creating new query 0000000003E1CCD0 caps
0:00:01.790886818  6740 0000000002F77A80 DEBUG              GST_CLOCK gstclock.c:922:gst_clock_get_internal_time:<GstSystemClock> internal time 0:00:00.674696021
0:00:01.790930951  6740 0000000003E61280 DEBUG               GST_PADS gstpad.c:3402:gst_pad_query:<h264parse0:sink> doing query 0000000003E1CCD0 (caps)
0:00:01.790977642  6740 0000000002F77A80 DEBUG              GST_CLOCK gstclock.c:967:gst_clock_get_time:<GstSystemClock> adjusted time 0:00:00.674696021
0:00:01.791024973  6740 0000000003E61280 DEBUG               GST_CAPS gstutils.c:2808:gst_pad_peer_query_caps:<h264parse0:src> get pad peer caps with filter 0000000000000000
0:00:01.791068146  6740 0000000002F77A80 LOG                  basesrc gstbasesrc.c:2165:gst_base_src_do_sync:<udpsrc1> created DTS 0:00:00.674601680
0:00:01.791113238  6740 0000000003E61280 DEBUG                  query gstquery.c:679:gst_query_new_custom: creating new query 0000000003E1CD20 caps
0:00:01.791158969  6740 0000000002F77A80 LOG                  basesrc gstbasesrc.c:2175:gst_base_src_do_sync:<udpsrc1> created PTS 0:00:00.674601680
0:00:01.791205021  6740 0000000003E61280 DEBUG               GST_PADS gstpad.c:3527:gst_pad_peer_query:<h264parse0:src> peer query 0000000003E1CD20 (caps)
0:00:01.791250432  6740 0000000002F77A80 DEBUG                basesrc gstbasesrc.c:2213:gst_base_src_do_sync:<udpsrc1> no sync needed
0:00:01.791297123  6740 0000000003E61280 DEBUG               GST_PADS gstpad.c:3402:gst_pad_query:<matroskamux0:video_0> doing query 0000000003E1CD20 (caps)
0:00:01.791340296  6740 0000000002F77A80 DEBUG                basesrc gstbasesrc.c:2414:gst_base_src_get_range:<udpsrc1> buffer ok
0:00:01.791386668  6740 0000000003E61280 DEBUG            collectpads gstcollectpads.c:1889:gst_collect_pads_query:<matroskamux0:video_0> Got caps query on sink pad
0:00:01.791431440  6740 0000000002F77A80 LOG           GST_SCHEDULING gstpad.c:3653:gst_pad_chain_data_unchecked:<rtpbin0:recv_rtp_sink_0> calling chainfunction &gst_proxy_pad_chain_default with buffer 0000000003E6A0C0
0:00:01.791475892  6740 0000000003E61280 DEBUG               GST_CAPS gstpad.c:2834:gst_pad_query_caps_default:<matroskamux0:video_0> query caps 0000000003E1CD20
0:00:01.791524182  6740 0000000002F77A80 LOG           GST_SCHEDULING gstpad.c:3653:gst_pad_chain_data_unchecked:<rtpsession0:recv_rtp_sink> calling chainfunction &000000007049E190 with buffer 0000000003E6A0C0
0:00:01.791574071  6740 0000000003E61280 DEBUG               GST_CAPS gstpad.c:2857:gst_pad_query_caps_default:<matroskamux0:video_0> trying pad template caps
0:00:01.791623320  6740 0000000002F77A80 LOG               rtpsession gstrtpsession.c:1505:gst_rtp_session_chain_recv_rtp:<rtpsession0> received RTP packet
0:00:01.791667133  6740 0000000003E61280 DEBUG               GST_CAPS gstpad.c:2887:gst_pad_query_caps_default:<matroskamux0:video_0> using caps 0000000003E090F0 0000000003E090F0
0:00:01.791711586  6740 0000000002F77A80 DEBUG              GST_CLOCK gstclock.c:922:gst_clock_get_internal_time:<GstSystemClock> internal time 0:00:00.675520788
0:00:01.791757317  6740 0000000003E61280 DEBUG               GST_PADS gstpad.c:2965:gst_pad_query_default:<matroskamux0:video_0> not forwarding 0000000003E1CD20 (caps) query
0:00:01.791802729  6740 0000000002F77A80 DEBUG              GST_CLOCK gstclock.c:967:gst_clock_get_time:<GstSystemClock> adjusted time 0:00:00.675520788
0:00:01.791894832  6740 0000000002F77A80 LOG               GST_BUFFER gstbuffer.c:1410:gst_buffer_map_range: buffer 0000000003E6A0C0, idx 0, length 1, flags 0001
0:00:01.791938644  6740 0000000002F77A80 LOG               GST_BUFFER gstbuffer.c:207:_get_merged_memory: buffer 0000000003E6A0C0, idx 0, length 1
0:00:01.791982137  6740 0000000002F77A80 LOG               GST_BUFFER gstbuffer.c:1410:gst_buffer_map_range: buffer 0000000003E6A0C0, idx 0, length 1, flags 0001
0:00:01.792025950  6740 0000000002F77A80 LOG               GST_BUFFER gstbuffer.c:207:_get_merged_memory: buffer 0000000003E6A0C0, idx 0, length 1
0:00:01.792070722  6740 0000000002F77A80 LOG               GST_BUFFER gstbuffer.c:1410:gst_buffer_map_range: buffer 0000000003E6A0C0, idx 0, length 1, flags 0001
0:00:01.792114535  6740 0000000002F77A80 LOG               GST_BUFFER gstbuffer.c:207:_get_merged_memory: buffer 0000000003E6A0C0, idx 0, length 1
0:00:01.792157708  6740 0000000002F77A80 LOG                rtpsource rtpsource.c:1155:rtp_source_process_rtp: seq 65161, PC: 58, OC: 73506
0:00:01.792200881  6740 0000000002F77A80 LOG               GST_BUFFER gstbuffer.c:1410:gst_buffer_map_range: buffer 0000000003E6A0C0, idx 0, length 1, flags 0001
0:00:01.792243735  6740 0000000002F77A80 LOG               GST_BUFFER gstbuffer.c:207:_get_merged_memory: buffer 0000000003E6A0C0, idx 0, length 1
0:00:01.792286588  6740 0000000002F77A80 LOG                rtpsource rtpsource.c:941:calculate_jitter: SSRC b094efc4 got payload 96
0:00:01.792329122  6740 0000000002F77A80 LOG                rtpsource rtpsource.c:976:calculate_jitter: rtparrival 60714, rtptime 2932249108, clock-rate 90000, diff 274, jitter: 893.812500
0:00:01.792374533  6740 0000000002F77A80 LOG                rtpsource rtpsource.c:878:push_packet: pushing new packet
0:00:01.792415788  6740 0000000002F77A80 LOG               rtpsession rtpsession.c:1175:source_push_rtp: source b094efc4 pushed receiver RTP packet
0:00:01.792459281  6740 0000000002F77A80 LOG               rtpsession gstrtpsession.c:1035:gst_rtp_session_process_rtp:<rtpsession0> pushing received RTP packet
0:00:01.792502774  6740 0000000002F77A80 LOG           GST_SCHEDULING gstpad.c:3653:gst_pad_chain_data_unchecked:<rtpssrcdemux0:sink> calling chainfunction &000000007048EF60 with buffer 0000000003E6A0C0
0:00:01.792555541  6740 0000000002F77A80 LOG               GST_BUFFER gstbuffer.c:1410:gst_buffer_map_range: buffer 0000000003E6A0C0, idx 0, length 1, flags 0001
0:00:01.792600633  6740 0000000002F77A80 LOG               GST_BUFFER gstbuffer.c:207:_get_merged_memory: buffer 0000000003E6A0C0, idx 0, length 1
0:00:01.792646045  6740 0000000002F77A80 DEBUG           rtpssrcdemux gstrtpssrcdemux.c:638:gst_rtp_ssrc_demux_chain:<rtpssrcdemux0> received buffer of SSRC b094efc4
0:00:01.792701690  6740 0000000002F77A80 DEBUG           rtpssrcdemux gstrtpssrcdemux.c:230:find_or_create_demux_pad_for_ssrc:<rtpssrcdemux0> creating pad for SSRC b094efc4
0:00:01.792747422  6740 0000000002F77A80 LOG           GST_SCHEDULING gstpad.c:3653:gst_pad_chain_data_unchecked:<rtpjitterbuffer0:sink> calling chainfunction &gst_rtp_jitter_buffer_chain with buffer 0000000003E6A0C0
0:00:01.792790275  6740 0000000002F77A80 LOG               GST_BUFFER gstbuffer.c:1410:gst_buffer_map_range: buffer 0000000003E6A0C0, idx 0, length 1, flags 0001
0:00:01.792832808  6740 0000000002F77A80 LOG               GST_BUFFER gstbuffer.c:207:_get_merged_memory: buffer 0000000003E6A0C0, idx 0, length 1
0:00:01.792877900  6740 0000000002F77A80 DEBUG     gstrtpjitterbuffer gstrtpjitterbuffer.c:1278:gst_rtp_jitter_buffer_chain:<rtpjitterbuffer0> Received packet #65161 at time 0:00:00.674601680
0:00:01.792920754  6740 0000000002F77A80 LOG               GST_BUFFER gstbuffer.c:1410:gst_buffer_map_range: buffer 0000000003E6A0C0, idx 0, length 1, flags 0001
0:00:01.792963607  6740 0000000002F77A80 LOG               GST_BUFFER gstbuffer.c:207:_get_merged_memory: buffer 0000000003E6A0C0, idx 0, length 1
0:00:01.793006460  6740 0000000002F77A80 LOG               GST_BUFFER gstbuffer.c:1410:gst_buffer_map_range: buffer 0000000003E69E80, idx 0, length 1, flags 0001
0:00:01.793048994  6740 0000000002F77A80 LOG               GST_BUFFER gstbuffer.c:207:_get_merged_memory: buffer 0000000003E69E80, idx 0, length 1
0:00:01.793091528  6740 0000000002F77A80 DEBUG        rtpjitterbuffer rtpjitterbuffer.c:428:calculate_skew: extrtp 2932249108, gstrtp 9:03:00.545644444, base 9:03:00.278466666, send_diff 0:00:00.267177778
0:00:01.793138219  6740 0000000002F77A80 DEBUG        rtpjitterbuffer rtpjitterbuffer.c:451:calculate_skew: time 0:00:00.674601680, base 0:00:00.441604788, recv_diff 0:00:00.232996892, slope 9
0:00:01.793183630  6740 0000000002F77A80 DEBUG        rtpjitterbuffer rtpjitterbuffer.c:468:calculate_skew: filling 58, delta -34180886
0:00:01.793226164  6740 0000000002F77A80 DEBUG        rtpjitterbuffer rtpjitterbuffer.c:561:calculate_skew: backwards timestamps, using previous time
0:00:01.793267098  6740 0000000002F77A80 DEBUG        rtpjitterbuffer rtpjitterbuffer.c:583:calculate_skew: skew -1479330, out 0:00:00.707917652
0:00:01.793312190  6740 0000000002F77A80 DEBUG     gstrtpjitterbuffer gstrtpjitterbuffer.c:1405:gst_rtp_jitter_buffer_chain:<rtpjitterbuffer0> Pushed packet #65161, now 58 packets, tail: 0
0:00:01.793356003  6740 0000000002F77A80 LOG           GST_SCHEDULING gstpad.c:3659:gst_pad_chain_data_unchecked:<rtpjitterbuffer0:sink> called chainfunction &gst_rtp_jitter_buffer_chain with buffer 0000000003E6A0C0, returned ok
0:00:01.793400775  6740 0000000002F77A80 LOG           GST_SCHEDULING gstpad.c:3659:gst_pad_chain_data_unchecked:<rtpssrcdemux0:sink> called chainfunction &000000007048EF60 with buffer 0000000003E6A0C0, returned ok
0:00:01.793446187  6740 0000000002F77A80 LOG           GST_SCHEDULING gstpad.c:3659:gst_pad_chain_data_unchecked:<rtpsession0:recv_rtp_sink> called chainfunction &000000007049E190 with buffer 0000000003E6A0C0, returned ok
0:00:01.793490639  6740 0000000002F77A80 LOG           GST_SCHEDULING gstpad.c:3659:gst_pad_chain_data_unchecked:<rtpbin0:recv_rtp_sink_0> called chainfunction &gst_proxy_pad_chain_default with buffer 0000000003E6A0C0, returned ok
0:00:01.793537970  6740 0000000002F77A80 LOG                  basesrc gstbasesrc.c:2614:gst_base_src_loop:<udpsrc1> next_ts 99:99:99.999999999 size 4096
0:00:01.793582103  6740 0000000002F77A80 DEBUG                basesrc gstbasesrc.c:2351:gst_base_src_get_range:<udpsrc1> calling create offset 18446744073709551615 length 4096, time 0
0:00:01.793628474  6740 0000000002F77A80 LOG                   udpsrc gstudpsrc.c:451:gst_udpsrc_create:<udpsrc1> ioctl says 2516 bytes available
0:00:01.793671327  6740 0000000002F77A80 DEBUG             GST_MEMORY gstmemory.c:133:gst_memory_init: new memory 0000000004034220, maxsize:2523 offset:0 size:2516
0:00:01.793717059  6740 0000000002F77A80 LOG               GST_BUFFER gstbuffer.c:581:gst_buffer_new: new 0000000003E6A1D0
0:00:01.793757993  6740 0000000002F77A80 LOG               GST_BUFFER gstbuffer.c:297:_memory_add: buffer 0000000003E6A1D0, idx -1, mem 0000000004034220, lock 1
0:00:01.793801806  6740 0000000002F77A80 LOG               GST_BUFFER gstbuffer.c:635:gst_buffer_new_allocate: new buffer 0000000003E6A1D0 of size 2516 from allocator 0000000000000000
0:00:01.793844979  6740 0000000002F77A80 LOG               GST_BUFFER gstbuffer.c:1410:gst_buffer_map_range: buffer 0000000003E6A1D0, idx 0, length -1, flags 0002
0:00:01.793888152  6740 0000000002F77A80 LOG               GST_BUFFER gstbuffer.c:207:_get_merged_memory: buffer 0000000003E6A1D0, idx 0, length 1
0:00:01.793942199  6740 0000000002F77A80 LOG               GST_BUFFER gstbuffer.c:1279:gst_buffer_resize_range: trim 0000000003E6A1D0 0-1400 size:2516 offs:0 max:2523
0:00:01.793988570  6740 0000000002F77A80 DEBUG             GST_BUFFER gstbuffer.c:1853:gst_buffer_add_meta: alloc metadata 0000000003E68578 (GstNetAddressMeta) of size 24
0:00:01.794033662  6740 0000000002F77A80 LOG                   udpsrc gstudpsrc.c:502:gst_udpsrc_create:<udpsrc1> read 2516 bytes
0:00:01.794076835  6740 0000000002F77A80 DEBUG              GST_CLOCK gstclock.c:922:gst_clock_get_internal_time:<GstSystemClock> internal time 0:00:00.677886357
0:00:01.794120328  6740 0000000002F77A80 DEBUG              GST_CLOCK gstclock.c:967:gst_clock_get_time:<GstSystemClock> adjusted time 0:00:00.677886357
0:00:01.794163821  6740 0000000002F77A80 LOG                  basesrc gstbasesrc.c:2165:gst_base_src_do_sync:<udpsrc1> created DTS 0:00:00.677792016
0:00:01.794206994  6740 0000000002F77A80 LOG                  basesrc gstbasesrc.c:2175:gst_base_src_do_sync:<udpsrc1> created PTS 0:00:00.677792016
0:00:01.794249528  6740 0000000002F77A80 DEBUG                basesrc gstbasesrc.c:2213:gst_base_src_do_sync:<udpsrc1> no sync needed
0:00:01.794291741  6740 0000000002F77A80 DEBUG                basesrc gstbasesrc.c:2414:gst_base_src_get_range:<udpsrc1> buffer ok
0:00:01.794334595  6740 0000000002F77A80 LOG           GST_SCHEDULING gstpad.c:3653:gst_pad_chain_data_unchecked:<rtpbin0:recv_rtp_sink_0> calling chainfunction &gst_proxy_pad_chain_default with buffer 0000000003E6A1D0
0:00:01.794379047  6740 0000000002F77A80 LOG           GST_SCHEDULING gstpad.c:3653:gst_pad_chain_data_unchecked:<rtpsession0:recv_rtp_sink> calling chainfunction &000000007049E190 with buffer 0000000003E6A1D0
0:00:01.794423499  6740 0000000002F77A80 LOG               rtpsession gstrtpsession.c:1505:gst_rtp_session_chain_recv_rtp:<rtpsession0> received RTP packet
0:00:01.794465393  6740 0000000002F77A80 DEBUG              GST_CLOCK gstclock.c:922:gst_clock_get_internal_time:<GstSystemClock> internal time 0:00:00.678274915
0:00:01.794509206  6740 0000000002F77A80 DEBUG              GST_CLOCK gstclock.c:967:gst_clock_get_time:<GstSystemClock> adjusted time 0:00:00.678274915
0:00:01.794553978  6740 0000000002F77A80 LOG               GST_BUFFER gstbuffer.c:1410:gst_buffer_map_range: buffer 0000000003E6A1D0, idx 0, length 1, flags 0001
0:00:01.794596512  6740 0000000002F77A80 LOG               GST_BUFFER gstbuffer.c:207:_get_merged_memory: buffer 0000000003E6A1D0, idx 0, length 1
0:00:01.794640325  6740 0000000002F77A80 LOG               GST_BUFFER gstbuffer.c:1410:gst_buffer_map_range: buffer 0000000003E6A1D0, idx 0, length 1, flags 0001
0:00:01.794682538  6740 0000000002F77A80 LOG               GST_BUFFER gstbuffer.c:207:_get_merged_memory: buffer 0000000003E6A1D0, idx 0, length 1
0:00:01.794727630  6740 0000000002F77A80 LOG               GST_BUFFER gstbuffer.c:1410:gst_buffer_map_range: buffer 0000000003E6A1D0, idx 0, length 1, flags 0001
0:00:01.794770804  6740 0000000002F77A80 LOG               GST_BUFFER gstbuffer.c:207:_get_merged_memory: buffer 0000000003E6A1D0, idx 0, length 1
0:00:01.794814296  6740 0000000002F77A80 LOG                rtpsource rtpsource.c:1155:rtp_source_process_rtp: seq 65162, PC: 59, OC: 74894
0:00:01.794858109  6740 0000000002F77A80 LOG               GST_BUFFER gstbuffer.c:1410:gst_buffer_map_range: buffer 0000000003E6A1D0, idx 0, length 1, flags 0001
0:00:01.794901282  6740 0000000002F77A80 LOG               GST_BUFFER gstbuffer.c:207:_get_merged_memory: buffer 0000000003E6A1D0, idx 0, length 1
0:00:01.794944136  6740 0000000002F77A80 LOG                rtpsource rtpsource.c:941:calculate_jitter: SSRC b094efc4 got payload 96
0:00:01.794986030  6740 0000000002F77A80 LOG                rtpsource rtpsource.c:976:calculate_jitter: rtparrival 61001, rtptime 2932252115, clock-rate 90000, diff 2720, jitter: 1007.937500
0:00:01.795031761  6740 0000000002F77A80 LOG                rtpsource rtpsource.c:878:push_packet: pushing new packet
0:00:01.795072376  6740 0000000002F77A80 LOG               rtpsession rtpsession.c:1175:source_push_rtp: source b094efc4 pushed receiver RTP packet
0:00:01.795116509  6740 0000000002F77A80 LOG               rtpsession gstrtpsession.c:1035:gst_rtp_session_process_rtp:<rtpsession0> pushing received RTP packet
0:00:01.795159362  6740 0000000002F77A80 LOG           GST_SCHEDULING gstpad.c:3653:gst_pad_chain_data_unchecked:<rtpssrcdemux0:sink> calling chainfunction &000000007048EF60 with buffer 0000000003E6A1D0
0:00:01.795202535  6740 0000000002F77A80 LOG               GST_BUFFER gstbuffer.c:1410:gst_buffer_map_range: buffer 0000000003E6A1D0, idx 0, length 1, flags 0001
0:00:01.795245708  6740 0000000002F77A80 LOG               GST_BUFFER gstbuffer.c:207:_get_merged_memory: buffer 0000000003E6A1D0, idx 0, length 1
0:00:01.795290161  6740 0000000002F77A80 DEBUG           rtpssrcdemux gstrtpssrcdemux.c:638:gst_rtp_ssrc_demux_chain:<rtpssrcdemux0> received buffer of SSRC b094efc4
0:00:01.795332374  6740 0000000002F77A80 DEBUG           rtpssrcdemux gstrtpssrcdemux.c:230:find_or_create_demux_pad_for_ssrc:<rtpssrcdemux0> creating pad for SSRC b094efc4
0:00:01.795375867  6740 0000000002F77A80 LOG           GST_SCHEDULING gstpad.c:3653:gst_pad_chain_data_unchecked:<rtpjitterbuffer0:sink> calling chainfunction &gst_rtp_jitter_buffer_chain with buffer 0000000003E6A1D0
0:00:01.795419360  6740 0000000002F77A80 LOG               GST_BUFFER gstbuffer.c:1410:gst_buffer_map_range: buffer 0000000003E6A1D0, idx 0, length 1, flags 0001
0:00:01.795462214  6740 0000000002F77A80 LOG               GST_BUFFER gstbuffer.c:207:_get_merged_memory: buffer 0000000003E6A1D0, idx 0, length 1
0:00:01.795506986  6740 0000000002F77A80 DEBUG     gstrtpjitterbuffer gstrtpjitterbuffer.c:1278:gst_rtp_jitter_buffer_chain:<rtpjitterbuffer0> Received packet #65162 at time 0:00:00.677792016
0:00:01.795553677  6740 0000000002F77A80 LOG               GST_BUFFER gstbuffer.c:1410:gst_buffer_map_range: buffer 0000000003E6A1D0, idx 0, length 1, flags 0001
0:00:01.795597170  6740 0000000002F77A80 LOG               GST_BUFFER gstbuffer.c:207:_get_merged_memory: buffer 0000000003E6A1D0, idx 0, length 1
0:00:01.795640343  6740 0000000002F77A80 LOG               GST_BUFFER gstbuffer.c:1410:gst_buffer_map_range: buffer 0000000003E6A0C0, idx 0, length 1, flags 0001
0:00:01.795682237  6740 0000000002F77A80 LOG               GST_BUFFER gstbuffer.c:207:_get_merged_memory: buffer 0000000003E6A0C0, idx 0, length 1
0:00:01.795725410  6740 0000000002F77A80 DEBUG        rtpjitterbuffer rtpjitterbuffer.c:428:calculate_skew: extrtp 2932252115, gstrtp 9:03:00.579055555, base 9:03:00.278466666, send_diff 0:00:00.300588889
0:00:01.795776578  6740 0000000002F77A80 DEBUG        rtpjitterbuffer rtpjitterbuffer.c:451:calculate_skew: time 0:00:00.677792016, base 0:00:00.441604788, recv_diff 0:00:00.236187228, slope 10
0:00:01.795822630  6740 0000000002F77A80 DEBUG        rtpjitterbuffer rtpjitterbuffer.c:468:calculate_skew: filling 59, delta -64401661
0:00:01.795865483  6740 0000000002F77A80 DEBUG        rtpjitterbuffer rtpjitterbuffer.c:583:calculate_skew: skew -2895082, out 0:00:00.739298595
0:00:01.795910895  6740 0000000002F77A80 DEBUG     gstrtpjitterbuffer gstrtpjitterbuffer.c:1405:gst_rtp_jitter_buffer_chain:<rtpjitterbuffer0> Pushed packet #65162, now 59 packets, tail: 0
0:00:01.795955987  6740 0000000002F77A80 LOG           GST_SCHEDULING gstpad.c:3659:gst_pad_chain_data_unchecked:<rtpjitterbuffer0:sink> called chainfunction &gst_rtp_jitter_buffer_chain with buffer 0000000003E6A1D0, returned ok
0:00:01.796001398  6740 0000000002F77A80 LOG           GST_SCHEDULING gstpad.c:3659:gst_pad_chain_data_unchecked:<rtpssrcdemux0:sink> called chainfunction &000000007048EF60 with buffer 0000000003E6A1D0, returned ok
0:00:01.796045851  6740 0000000002F77A80 LOG           GST_SCHEDULING gstpad.c:3659:gst_pad_chain_data_unchecked:<rtpsession0:recv_rtp_sink> called chainfunction &000000007049E190 with buffer 0000000003E6A1D0, returned ok
0:00:01.791849740  6740 0000000003E61280 DEBUG               GST_PADS gstpad.c:3424:gst_pad_query:<matroskamux0:video_0> sent query 0000000003E1CD20 (caps), result 1
0:00:01.796089983  6740 0000000002F77A80 LOG           GST_SCHEDULING gstpad.c:3659:gst_pad_chain_data_unchecked:<rtpbin0:recv_rtp_sink_0> called chainfunction &gst_proxy_pad_chain_default with buffer 0000000003E6A1D0, returned ok
0:00:01.796142111  6740 0000000003E61280 DEBUG               GST_CAPS gstutils.c:2815:gst_pad_peer_query_caps:<h264parse0:src> peer query returned 0000000003E090F0
0:00:01.796187523  6740 0000000002F77A80 LOG                  basesrc gstbasesrc.c:2614:gst_base_src_loop:<udpsrc1> next_ts 99:99:99.999999999 size 4096
0:00:01.796278026  6740 0000000002F77A80 DEBUG                basesrc gstbasesrc.c:2351:gst_base_src_get_range:<udpsrc1> calling create offset 18446744073709551615 length 4096, time 0
0:00:01.796318641  6740 0000000003E61280 DEBUG        GST_PERFORMANCE gstcaps.c:150:_gst_caps_copy:video/mpeg, mpegversion=(int){ 1, 2, 4 }, systemstream=(boolean)false, width=(int)[ 16, 4096 ], height=(int)[ 16, 4096 ], framerate=(fraction)[ 0/1, 2147483647/1 ]; video/x-h264, stream-format=(string)avc, alignment=(string)au, width=(int)[ 16, 4096 ], height=(int)[ 16, 4096 ], framerate=(fraction)[ 0/1, 2147483647/1 ]; video/x-divx, width=(int)[ 16, 4096 ], height=(int)[ 16, 4096 ], framerate=(fraction)[ 0/1, 2147483647/1 ]; video/x-huffyuv, width=(int)[ 16, 4096 ], height=(int)[ 16, 4096 ], framerate=(fraction)[ 0/1, 2147483647/1 ]; video/x-dv, width=(int)[ 16, 4096 ], height=(int)[ 16, 4096 ], framerate=(fraction)[ 0/1, 2147483647/1 ]; video/x-h263, width=(int)[ 16, 4096 ], height=(int)[ 16, 4096 ], framerate=(fraction)[ 0/1, 2147483647/1 ]; video/x-msmpeg, width=(int)[ 16, 4096 ], height=(int)[ 16, 4096 ], framerate=(fraction)[ 0/1, 2147483647/1 ]; image/jpeg, width=(int)[ 16, 4096 ], height=(int)[ 16, 4096 ]; video/x-theora; video/x-dirac, width=(int)[ 16, 4096 ], height=(int)[ 16, 4096 ], framerate=(fraction)[ 0/1, 2147483647/1 ]; video/x-pn-realvideo, rmversion=(int)[ 1, 4 ], width=(int)[ 16, 4096 ], height=(int)[ 16, 4096 ], framerate=(fraction)[ 0/1, 2147483647/1 ]; video/x-vp8, width=(int)[ 16, 4096 ], height=(int)[ 16, 4096 ], framerate=(fraction)[ 0/1, 2147483647/1 ]; video/x-raw, format=(string){ YUY2, I420, YV12, UYVY, AYUV }, width=(int)[ 16, 4096 ], height=(int)[ 16, 4096 ], framerate=(fraction)[ 0/1, 2147483647/1 ]; video/x-wmv, wmvversion=(int)[ 1, 3 ], width=(int)[ 16, 4096 ], height=(int)[ 16, 4096 ], framerate=(fraction)[ 0/1, 2147483647/1 ] doing copy 0000000003E090F0 -> 0000000003E1CD20
0:00:01.796323758  6740 0000000002F77A80 LOG                   udpsrc gstudpsrc.c:451:gst_udpsrc_create:<udpsrc1> ioctl says 1116 bytes available
0:00:01.796397312  6740 0000000003E61280 DEBUG        GST_PERFORMANCE gstminiobject.c:326:gst_mini_object_make_writable: copy GstCaps miniobject 0000000003E090F0 -> 0000000003E1CD20
0:00:01.796422576  6740 0000000002F77A80 DEBUG             GST_MEMORY gstmemory.c:133:gst_memory_init: new memory 0000000004034CA0, maxsize:1123 offset:0 size:1116
0:00:01.796515958  6740 0000000002F77A80 LOG               GST_BUFFER gstbuffer.c:581:gst_buffer_new: new 0000000003E6A2E0
0:00:01.796570644  6740 0000000002F77A80 LOG               GST_BUFFER gstbuffer.c:297:_memory_add: buffer 0000000003E6A2E0, idx -1, mem 0000000004034CA0, lock 1
0:00:01.796616696  6740 0000000002F77A80 LOG               GST_BUFFER gstbuffer.c:635:gst_buffer_new_allocate: new buffer 0000000003E6A2E0 of size 1116 from allocator 0000000000000000
0:00:01.796660828  6740 0000000002F77A80 LOG               GST_BUFFER gstbuffer.c:1410:gst_buffer_map_range: buffer 0000000003E6A2E0, idx 0, length -1, flags 0002
0:00:01.796704002  6740 0000000002F77A80 LOG               GST_BUFFER gstbuffer.c:207:_get_merged_memory: buffer 0000000003E6A2E0, idx 0, length 1
0:00:01.796484298  6740 0000000003E61280 DEBUG        GST_PERFORMANCE gstcaps.c:150:_gst_caps_copy:video/x-h264 doing copy 0000000003E090A0 -> 0000000003E1CE60
0:00:01.796759007  6740 0000000002F77A80 LOG               GST_BUFFER gstbuffer.c:1279:gst_buffer_resize_range: trim 0000000003E6A2E0 0-1116 size:1116 offs:0 max:1123
0:00:01.796800901  6740 0000000003E61280 DEBUG        GST_PERFORMANCE gstminiobject.c:326:gst_mini_object_make_writable: copy GstCaps miniobject 0000000003E090A0 -> 0000000003E1CE60
0:00:01.796850151  6740 0000000002F77A80 DEBUG             GST_BUFFER gstbuffer.c:1853:gst_buffer_add_meta: alloc metadata 0000000003E685A8 (GstNetAddressMeta) of size 24
0:00:01.796898121  6740 0000000003E61280 LOG                baseparse gstbaseparse.c:1180:gst_base_parse_sink_query:<h264parse0> sink getcaps returning caps 0000000003E1CDC0
0:00:01.796944492  6740 0000000002F77A80 LOG                   udpsrc gstudpsrc.c:502:gst_udpsrc_create:<udpsrc1> read 1116 bytes
0:00:01.796991183  6740 0000000003E61280 DEBUG               GST_PADS gstpad.c:3424:gst_pad_query:<h264parse0:sink> sent query 0000000003E1CCD0 (caps), result 1
0:00:01.797035316  6740 0000000002F77A80 DEBUG              GST_CLOCK gstclock.c:922:gst_clock_get_internal_time:<GstSystemClock> internal time 0:00:00.680844837
0:00:01.797080727  6740 0000000003E61280 DEBUG               GST_CAPS gstutils.c:2769:gst_pad_query_caps:<h264parse0:sink> query returned 0000000003E1CDC0
0:00:01.797127418  6740 0000000002F77A80 DEBUG              GST_CLOCK gstclock.c:967:gst_clock_get_time:<GstSystemClock> adjusted time 0:00:00.680844837
0:00:01.797184663  6740 0000000003E61280 DEBUG               GST_CAPS gstpad.c:2506:gst_pad_get_allowed_caps:<rtph264depay0:src> allowed caps 0000000003E1CD70
0:00:01.797218562  6740 0000000002F77A80 LOG                  basesrc gstbasesrc.c:2165:gst_base_src_do_sync:<udpsrc1> created DTS 0:00:00.680750496
0:00:01.797264933  6740 0000000003E61280 DEBUG           rtph264depay gstrtph264depay.c:183:gst_rtp_h264_depay_negotiate:<rtph264depay0> allowed caps: 0000000003E1CD70
0:00:01.797311304  6740 0000000002F77A80 LOG                  basesrc gstbasesrc.c:2175:gst_base_src_do_sync:<udpsrc1> created PTS 0:00:00.680750496
0:00:01.797360233  6740 0000000003E61280 DEBUG           rtph264depay gstrtph264depay.c:215:gst_rtp_h264_depay_negotiate:<rtph264depay0> downstream requires byte-stream 0
0:00:01.797402767  6740 0000000002F77A80 DEBUG                basesrc gstbasesrc.c:2213:gst_base_src_do_sync:<udpsrc1> no sync needed
0:00:01.797448499  6740 0000000003E61280 DEBUG           rtph264depay gstrtph264depay.c:223:gst_rtp_h264_depay_negotiate:<rtph264depay0> downstream requires merge 1
0:00:01.797492631  6740 0000000002F77A80 DEBUG                basesrc gstbasesrc.c:2414:gst_base_src_get_range:<udpsrc1> buffer ok
0:00:01.797541561  6740 0000000003E61280 DEBUG           rtph264depay gstrtph264depay.c:590:gst_rtp_h264_depay_setcaps:<rtph264depay0> we have 2 params
0:00:01.797586333  6740 0000000002F77A80 LOG           GST_SCHEDULING gstpad.c:3653:gst_pad_chain_data_unchecked:<rtpbin0:recv_rtp_sink_0> calling chainfunction &gst_proxy_pad_chain_default with buffer 0000000003E6A2E0
0:00:01.797629506  6740 0000000003E61280 DEBUG             GST_MEMORY gstmemory.c:133:gst_memory_init: new memory 000000000053E600, maxsize:35 offset:0 size:28
0:00:01.797722568  6740 0000000003E61280 LOG               GST_BUFFER gstbuffer.c:581:gst_buffer_new: new 0000000003E6A720
0:00:01.797767340  6740 0000000003E61280 LOG               GST_BUFFER gstbuffer.c:297:_memory_add: buffer 0000000003E6A720, idx -1, mem 000000000053E600, lock 1
0:00:01.797811153  6740 0000000003E61280 LOG               GST_BUFFER gstbuffer.c:635:gst_buffer_new_allocate: new buffer 0000000003E6A720 of size 28 from allocator 0000000000000000
0:00:01.797854326  6740 0000000003E61280 LOG               GST_BUFFER gstbuffer.c:1410:gst_buffer_map_range: buffer 0000000003E6A720, idx 0, length -1, flags 0003
0:00:01.797898139  6740 0000000003E61280 LOG               GST_BUFFER gstbuffer.c:207:_get_merged_memory: buffer 0000000003E6A720, idx 0, length 1
0:00:01.797677476  6740 0000000002F77A80 LOG           GST_SCHEDULING gstpad.c:3653:gst_pad_chain_data_unchecked:<rtpsession0:recv_rtp_sink> calling chainfunction &000000007049E190 with buffer 0000000003E6A2E0
0:00:01.797947708  6740 0000000003E61280 DEBUG           rtph264depay gstrtph264depay.c:608:gst_rtp_h264_depay_setcaps:<rtph264depay0> adding param 0 as SPS
0:00:01.798034694  6740 0000000003E61280 LOG               GST_BUFFER gstbuffer.c:1279:gst_buffer_resize_range: trim 0000000003E6A720 0-20 size:28 offs:0 max:35
0:00:01.798079147  6740 0000000003E61280 LOG               GST_BUFFER gstbuffer.c:1410:gst_buffer_map_range: buffer 0000000003E6A720, idx 0, length -1, flags 0001
0:00:01.798122320  6740 0000000003E61280 LOG               GST_BUFFER gstbuffer.c:207:_get_merged_memory: buffer 0000000003E6A720, idx 0, length 1
0:00:01.798166452  6740 0000000003E61280 LOG             rtph264depay gstrtph264depay.c:453:gst_rtp_h264_add_sps_pps:<rtph264depay0> Adding new SPS 0
0:00:01.798208986  6740 0000000003E61280 DEBUG             GST_MEMORY gstmemory.c:133:gst_memory_init: new memory 0000000003E10B50, maxsize:15 offset:0 size:8
0:00:01.798252479  6740 0000000003E61280 LOG               GST_BUFFER gstbuffer.c:581:gst_buffer_new: new 0000000003E6A830
0:00:01.798294373  6740 0000000003E61280 LOG               GST_BUFFER gstbuffer.c:297:_memory_add: buffer 0000000003E6A830, idx -1, mem 0000000003E10B50, lock 1
0:00:01.798337546  6740 0000000003E61280 LOG               GST_BUFFER gstbuffer.c:635:gst_buffer_new_allocate: new buffer 0000000003E6A830 of size 8 from allocator 0000000000000000
0:00:01.798380719  6740 0000000003E61280 LOG               GST_BUFFER gstbuffer.c:1410:gst_buffer_map_range: buffer 0000000003E6A830, idx 0, length -1, flags 0003
0:00:01.798423892  6740 0000000003E61280 LOG               GST_BUFFER gstbuffer.c:207:_get_merged_memory: buffer 0000000003E6A830, idx 0, length 1
0:00:01.798467705  6740 0000000003E61280 DEBUG           rtph264depay gstrtph264depay.c:608:gst_rtp_h264_depay_setcaps:<rtph264depay0> adding param 1 as PPS
0:00:01.798510238  6740 0000000003E61280 LOG               GST_BUFFER gstbuffer.c:1279:gst_buffer_resize_range: trim 0000000003E6A830 0-4 size:8 offs:0 max:15
0:00:01.798557889  6740 0000000003E61280 LOG               GST_BUFFER gstbuffer.c:1410:gst_buffer_map_range: buffer 0000000003E6A830, idx 0, length -1, flags 0001
0:00:01.798601702  6740 0000000003E61280 LOG               GST_BUFFER gstbuffer.c:207:_get_merged_memory: buffer 0000000003E6A830, idx 0, length 1
0:00:01.798645834  6740 0000000003E61280 LOG             rtph264depay gstrtph264depay.c:493:gst_rtp_h264_add_sps_pps:<rtph264depay0> Adding new PPS 0:0
0:00:01.798691886  6740 0000000003E61280 DEBUG             GST_MEMORY gstmemory.c:133:gst_memory_init: new memory 000000000053E6C0, maxsize:42 offset:0 size:35
0:00:01.798736018  6740 0000000003E61280 LOG               GST_BUFFER gstbuffer.c:581:gst_buffer_new: new 0000000003E6A940
0:00:01.798777592  6740 0000000003E61280 LOG               GST_BUFFER gstbuffer.c:297:_memory_add: buffer 0000000003E6A940, idx -1, mem 000000000053E6C0, lock 1
0:00:01.798821085  6740 0000000003E61280 LOG               GST_BUFFER gstbuffer.c:635:gst_buffer_new_allocate: new buffer 0000000003E6A940 of size 35 from allocator 0000000000000000
0:00:01.798872893  6740 0000000003E61280 LOG               GST_BUFFER gstbuffer.c:1410:gst_buffer_map_range: buffer 0000000003E6A940, idx 0, length -1, flags 0003
0:00:01.798917345  6740 0000000003E61280 LOG               GST_BUFFER gstbuffer.c:207:_get_merged_memory: buffer 0000000003E6A940, idx 0, length 1
0:00:01.798960519  6740 0000000003E61280 LOG               GST_BUFFER gstbuffer.c:1410:gst_buffer_map_range: buffer 0000000003E6A720, idx 0, length -1, flags 0001
0:00:01.799003052  6740 0000000003E61280 LOG               GST_BUFFER gstbuffer.c:207:_get_merged_memory: buffer 0000000003E6A720, idx 0, length 1
0:00:01.799045586  6740 0000000003E61280 LOG               GST_BUFFER gstbuffer.c:1410:gst_buffer_map_range: buffer 0000000003E6A720, idx 0, length -1, flags 0001
0:00:01.799088759  6740 0000000003E61280 LOG               GST_BUFFER gstbuffer.c:207:_get_merged_memory: buffer 0000000003E6A720, idx 0, length 1
0:00:01.799131612  6740 0000000003E61280 LOG               GST_BUFFER gstbuffer.c:1410:gst_buffer_map_range: buffer 0000000003E6A720, idx 0, length -1, flags 0001
0:00:01.799175105  6740 0000000003E61280 LOG               GST_BUFFER gstbuffer.c:207:_get_merged_memory: buffer 0000000003E6A720, idx 0, length 1
0:00:01.799218918  6740 0000000003E61280 DEBUG           rtph264depay gstrtph264depay.c:364:gst_rtp_h264_set_src_caps:<rtph264depay0> copy SPS 0 of length 20
0:00:01.799260812  6740 0000000003E61280 LOG               GST_BUFFER gstbuffer.c:1410:gst_buffer_map_range: buffer 0000000003E6A830, idx 0, length -1, flags 0001
0:00:01.799303345  6740 0000000003E61280 LOG               GST_BUFFER gstbuffer.c:207:_get_merged_memory: buffer 0000000003E6A830, idx 0, length 1
0:00:01.799346838  6740 0000000003E61280 DEBUG           rtph264depay gstrtph264depay.c:380:gst_rtp_h264_set_src_caps:<rtph264depay0> copy PPS 0 of length 4
0:00:01.799389052  6740 0000000003E61280 LOG               GST_BUFFER gstbuffer.c:1279:gst_buffer_resize_range: trim 0000000003E6A940 0-35 size:35 offs:0 max:42
0:00:01.799435423  6740 0000000003E61280 INFO               GST_EVENT gstevent.c:628:gst_event_new_caps: creating caps event 0000000003E1CF00
0:00:01.799479236  6740 0000000003E61280 DEBUG              GST_EVENT gstevent.c:300:gst_event_new_custom: creating new event 0000000003E62A80 caps 12814
0:00:01.799524008  6740 0000000003E61280 LOG                 GST_PADS gstpad.c:4423:gst_pad_store_sticky_event:<rtph264depay0:src> stored sticky event caps
