0:00:01.745353529  6740 0000000002F77A80 LOG           GST_SCHEDULING gstpad.c:3659:gst_pad_chain_data_unchecked:<rtpjitterbuffer0:sink> called chainfunction &gst_rtp_jitter_buffer_chain with buffer 0000000003E67D50, returned ok
0:00:01.745389347  6740 0000000002F77A80 LOG           GST_SCHEDULING gstpad.c:3659:gst_pad_chain_data_unchecked:<rtpssrcdemux0:sink> called chainfunction &000000007048EF60 with buffer 0000000003E67D50, returned ok
0:00:01.745432840  6740 0000000002F77A80 LOG           GST_SCHEDULING gstpad.c:3659:gst_pad_chain_data_unchecked:<rtpsession0:recv_rtp_sink> called chainfunction &000000007049E190 with buffer 0000000003E67D50, returned ok
0:00:01.745469617  6740 0000000002F77A80 LOG           GST_SCHEDULING gstpad.c:3659:gst_pad_chain_data_unchecked:<rtpbin0:recv_rtp_sink_0> called chainfunction &gst_proxy_pad_chain_default with buffer 0000000003E67D50, returned ok
0:00:01.745504795  6740 0000000002F77A80 LOG                  basesrc gstbasesrc.c:2614:gst_base_src_loop:<udpsrc1> next_ts 99:99:99.999999999 size 4096
0:00:01.745560121  6740 0000000002F77A80 DEBUG                basesrc gstbasesrc.c:2351:gst_base_src_get_range:<udpsrc1> calling create offset 18446744073709551615 length 4096, time 0
0:00:01.745599456  6740 0000000002F77A80 LOG                   udpsrc gstudpsrc.c:451:gst_udpsrc_create:<udpsrc1> ioctl says 16487 bytes available
0:00:01.745640391  6740 0000000002F77A80 DEBUG             GST_MEMORY gstmemory.c:133:gst_memory_init: new memory 000000000400C3C0, maxsize:16494 offset:0 size:16487
0:00:01.745674929  6740 0000000002F77A80 LOG               GST_BUFFER gstbuffer.c:581:gst_buffer_new: new 0000000003E67E60
0:00:01.745706270  6740 0000000002F77A80 LOG               GST_BUFFER gstbuffer.c:297:_memory_add: buffer 0000000003E67E60, idx -1, mem 000000000400C3C0, lock 1
0:00:01.745738890  6740 0000000002F77A80 LOG               GST_BUFFER gstbuffer.c:635:gst_buffer_new_allocate: new buffer 0000000003E67E60 of size 16487 from allocator 0000000000000000
0:00:01.745774388  6740 0000000002F77A80 LOG               GST_BUFFER gstbuffer.c:1410:gst_buffer_map_range: buffer 0000000003E67E60, idx 0, length -1, flags 0002
0:00:01.745823637  6740 0000000002F77A80 LOG               GST_BUFFER gstbuffer.c:207:_get_merged_memory: buffer 0000000003E67E60, idx 0, length 1
0:00:01.745903267  6740 0000000002F77A80 LOG               GST_BUFFER gstbuffer.c:1279:gst_buffer_resize_range: trim 0000000003E67E60 0-1400 size:16487 offs:0 max:16494
0:00:01.745961471  6740 0000000002F77A80 DEBUG             GST_BUFFER gstbuffer.c:1853:gst_buffer_add_meta: alloc metadata 0000000003E68278 (GstNetAddressMeta) of size 24
0:00:01.746025112  6740 0000000002F77A80 LOG                   udpsrc gstudpsrc.c:502:gst_udpsrc_create:<udpsrc1> read 16487 bytes
0:00:01.746059650  6740 0000000002F77A80 DEBUG              GST_CLOCK gstclock.c:922:gst_clock_get_internal_time:<GstSystemClock> internal time 0:00:00.629868852
0:00:01.746120732  6740 0000000002F77A80 DEBUG              GST_CLOCK gstclock.c:967:gst_clock_get_time:<GstSystemClock> adjusted time 0:00:00.629868852
0:00:01.746170301  6740 0000000002F77A80 LOG                  basesrc gstbasesrc.c:2165:gst_base_src_do_sync:<udpsrc1> created DTS 0:00:00.629774511
0:00:01.746213794  6740 0000000002F77A80 LOG                  basesrc gstbasesrc.c:2175:gst_base_src_do_sync:<udpsrc1> created PTS 0:00:00.629774511
0:00:01.746272958  6740 0000000002F77A80 DEBUG                basesrc gstbasesrc.c:2213:gst_base_src_do_sync:<udpsrc1> no sync needed
0:00:01.746315491  6740 0000000002F77A80 DEBUG                basesrc gstbasesrc.c:2414:gst_base_src_get_range:<udpsrc1> buffer ok
0:00:01.746350349  6740 0000000002F77A80 LOG           GST_SCHEDULING gstpad.c:3653:gst_pad_chain_data_unchecked:<rtpbin0:recv_rtp_sink_0> calling chainfunction &gst_proxy_pad_chain_default with buffer 0000000003E67E60
0:00:01.746385528  6740 0000000002F77A80 LOG           GST_SCHEDULING gstpad.c:3653:gst_pad_chain_data_unchecked:<rtpsession0:recv_rtp_sink> calling chainfunction &000000007049E190 with buffer 0000000003E67E60
0:00:01.746419746  6740 0000000002F77A80 LOG               rtpsession gstrtpsession.c:1505:gst_rtp_session_chain_recv_rtp:<rtpsession0> received RTP packet
0:00:01.746461320  6740 0000000002F77A80 DEBUG              GST_CLOCK gstclock.c:922:gst_clock_get_internal_time:<GstSystemClock> internal time 0:00:00.630269563
0:00:01.746517605  6740 0000000002F77A80 DEBUG              GST_CLOCK gstclock.c:967:gst_clock_get_time:<GstSystemClock> adjusted time 0:00:00.630269563
0:00:01.746570373  6740 0000000002F77A80 LOG               GST_BUFFER gstbuffer.c:1410:gst_buffer_map_range: buffer 0000000003E67E60, idx 0, length 1, flags 0001
0:00:01.746603632  6740 0000000002F77A80 LOG               GST_BUFFER gstbuffer.c:207:_get_merged_memory: buffer 0000000003E67E60, idx 0, length 1
0:00:01.746637851  6740 0000000002F77A80 LOG               GST_BUFFER gstbuffer.c:1410:gst_buffer_map_range: buffer 0000000003E67E60, idx 0, length 1, flags 0001
0:00:01.746670151  6740 0000000002F77A80 LOG               GST_BUFFER gstbuffer.c:207:_get_merged_memory: buffer 0000000003E67E60, idx 0, length 1
0:00:01.746705009  6740 0000000002F77A80 LOG               GST_BUFFER gstbuffer.c:1410:gst_buffer_map_range: buffer 0000000003E67E60, idx 0, length 1, flags 0001
0:00:01.746737948  6740 0000000002F77A80 LOG               GST_BUFFER gstbuffer.c:207:_get_merged_memory: buffer 0000000003E67E60, idx 0, length 1
0:00:01.746771528  6740 0000000002F77A80 LOG                rtpsource rtpsource.c:1155:rtp_source_process_rtp: seq 65146, PC: 43, OC: 56144
0:00:01.746823016  6740 0000000002F77A80 LOG               GST_BUFFER gstbuffer.c:1410:gst_buffer_map_range: buffer 0000000003E67E60, idx 0, length 1, flags 0001
0:00:01.746862031  6740 0000000002F77A80 LOG               GST_BUFFER gstbuffer.c:207:_get_merged_memory: buffer 0000000003E67E60, idx 0, length 1
0:00:01.746909362  6740 0000000002F77A80 LOG                rtpsource rtpsource.c:941:calculate_jitter: SSRC b094efc4 got payload 96
0:00:01.747022891  6740 0000000002F77A80 LOG                rtpsource rtpsource.c:976:calculate_jitter: rtparrival 56679, rtptime 2932234080, clock-rate 90000, diff 294, jitter: 417.250000
0:00:01.747112436  6740 0000000002F77A80 LOG                rtpsource rtpsource.c:878:push_packet: pushing new packet
0:00:01.747161685  6740 0000000002F77A80 LOG               rtpsession rtpsession.c:1175:source_push_rtp: source b094efc4 pushed receiver RTP packet
0:00:01.747200061  6740 0000000002F77A80 LOG               rtpsession gstrtpsession.c:1035:gst_rtp_session_process_rtp:<rtpsession0> pushing received RTP packet
0:00:01.747234919  6740 0000000002F77A80 LOG           GST_SCHEDULING gstpad.c:3653:gst_pad_chain_data_unchecked:<rtpssrcdemux0:sink> calling chainfunction &000000007048EF60 with buffer 0000000003E67E60
0:00:01.747268179  6740 0000000002F77A80 LOG               GST_BUFFER gstbuffer.c:1410:gst_buffer_map_range: buffer 0000000003E67E60, idx 0, length 1, flags 0001
0:00:01.747302078  6740 0000000002F77A80 LOG               GST_BUFFER gstbuffer.c:207:_get_merged_memory: buffer 0000000003E67E60, idx 0, length 1
0:00:01.747336296  6740 0000000002F77A80 DEBUG           rtpssrcdemux gstrtpssrcdemux.c:638:gst_rtp_ssrc_demux_chain:<rtpssrcdemux0> received buffer of SSRC b094efc4
0:00:01.747382028  6740 0000000002F77A80 DEBUG           rtpssrcdemux gstrtpssrcdemux.c:230:find_or_create_demux_pad_for_ssrc:<rtpssrcdemux0> creating pad for SSRC b094efc4
0:00:01.747444709  6740 0000000002F77A80 LOG           GST_SCHEDULING gstpad.c:3653:gst_pad_chain_data_unchecked:<rtpjitterbuffer0:sink> calling chainfunction &gst_rtp_jitter_buffer_chain with buffer 0000000003E67E60
0:00:01.747486923  6740 0000000002F77A80 LOG               GST_BUFFER gstbuffer.c:1410:gst_buffer_map_range: buffer 0000000003E67E60, idx 0, length 1, flags 0001
0:00:01.747536492  6740 0000000002F77A80 LOG               GST_BUFFER gstbuffer.c:207:_get_merged_memory: buffer 0000000003E67E60, idx 0, length 1
0:00:01.747593736  6740 0000000002F77A80 DEBUG     gstrtpjitterbuffer gstrtpjitterbuffer.c:1278:gst_rtp_jitter_buffer_chain:<rtpjitterbuffer0> Received packet #65146 at time 0:00:00.629774511
0:00:01.747639468  6740 0000000002F77A80 LOG               GST_BUFFER gstbuffer.c:1410:gst_buffer_map_range: buffer 0000000003E67E60, idx 0, length 1, flags 0001
0:00:01.747697672  6740 0000000002F77A80 LOG               GST_BUFFER gstbuffer.c:207:_get_merged_memory: buffer 0000000003E67E60, idx 0, length 1
0:00:01.747754916  6740 0000000002F77A80 LOG               GST_BUFFER gstbuffer.c:1410:gst_buffer_map_range: buffer 0000000003E67D50, idx 0, length 1, flags 0001
0:00:01.747813440  6740 0000000002F77A80 LOG               GST_BUFFER gstbuffer.c:207:_get_merged_memory: buffer 0000000003E67D50, idx 0, length 1
0:00:01.747867806  6740 0000000002F77A80 DEBUG        rtpjitterbuffer rtpjitterbuffer.c:428:calculate_skew: extrtp 2932234080, gstrtp 9:03:00.378666666, base 9:03:00.278466666, send_diff 0:00:00.100200000
0:00:01.747924091  6740 0000000002F77A80 DEBUG        rtpjitterbuffer rtpjitterbuffer.c:451:calculate_skew: time 0:00:00.629774511, base 0:00:00.441604788, recv_diff 0:00:00.188169723, slope 4
0:00:01.747981335  6740 0000000002F77A80 DEBUG        rtpjitterbuffer rtpjitterbuffer.c:468:calculate_skew: filling 43, delta 87969723
0:00:01.748032184  6740 0000000002F77A80 DEBUG        rtpjitterbuffer rtpjitterbuffer.c:561:calculate_skew: backwards timestamps, using previous time
0:00:01.748089428  6740 0000000002F77A80 DEBUG        rtpjitterbuffer rtpjitterbuffer.c:583:calculate_skew: skew 0, out 0:00:00.541804788
0:00:01.748149231  6740 0000000002F77A80 DEBUG     gstrtpjitterbuffer gstrtpjitterbuffer.c:1405:gst_rtp_jitter_buffer_chain:<rtpjitterbuffer0> Pushed packet #65146, now 43 packets, tail: 0
0:00:01.748198161  6740 0000000002F77A80 LOG           GST_SCHEDULING gstpad.c:3659:gst_pad_chain_data_unchecked:<rtpjitterbuffer0:sink> called chainfunction &gst_rtp_jitter_buffer_chain with buffer 0000000003E67E60, returned ok
0:00:01.748245811  6740 0000000002F77A80 LOG           GST_SCHEDULING gstpad.c:3659:gst_pad_chain_data_unchecked:<rtpssrcdemux0:sink> called chainfunction &000000007048EF60 with buffer 0000000003E67E60, returned ok
0:00:01.748294740  6740 0000000002F77A80 LOG           GST_SCHEDULING gstpad.c:3659:gst_pad_chain_data_unchecked:<rtpsession0:recv_rtp_sink> called chainfunction &000000007049E190 with buffer 0000000003E67E60, returned ok
0:00:01.748372132  6740 0000000002F77A80 LOG           GST_SCHEDULING gstpad.c:3659:gst_pad_chain_data_unchecked:<rtpbin0:recv_rtp_sink_0> called chainfunction &gst_proxy_pad_chain_default with buffer 0000000003E67E60, returned ok
0:00:01.748427458  6740 0000000002F77A80 LOG                  basesrc gstbasesrc.c:2614:gst_base_src_loop:<udpsrc1> next_ts 99:99:99.999999999 size 4096
0:00:01.748468392  6740 0000000002F77A80 DEBUG                basesrc gstbasesrc.c:2351:gst_base_src_get_range:<udpsrc1> calling create offset 18446744073709551615 length 4096, time 0
0:00:01.748529794  6740 0000000002F77A80 LOG                   udpsrc gstudpsrc.c:451:gst_udpsrc_create:<udpsrc1> ioctl says 15087 bytes available
0:00:01.748572967  6740 0000000002F77A80 DEBUG             GST_MEMORY gstmemory.c:133:gst_memory_init: new memory 00000000040104D0, maxsize:15094 offset:0 size:15087
0:00:01.748632450  6740 0000000002F77A80 LOG               GST_BUFFER gstbuffer.c:581:gst_buffer_new: new 0000000003E690B0
0:00:01.748695451  6740 0000000002F77A80 LOG               GST_BUFFER gstbuffer.c:297:_memory_add: buffer 0000000003E690B0, idx -1, mem 00000000040104D0, lock 1
0:00:01.748758772  6740 0000000002F77A80 LOG               GST_BUFFER gstbuffer.c:635:gst_buffer_new_allocate: new buffer 0000000003E690B0 of size 15087 from allocator 0000000000000000
0:00:01.748795549  6740 0000000002F77A80 LOG               GST_BUFFER gstbuffer.c:1410:gst_buffer_map_range: buffer 0000000003E690B0, idx 0, length -1, flags 0002
0:00:01.748849276  6740 0000000002F77A80 LOG               GST_BUFFER gstbuffer.c:207:_get_merged_memory: buffer 0000000003E690B0, idx 0, length 1
0:00:01.748914515  6740 0000000002F77A80 LOG               GST_BUFFER gstbuffer.c:1279:gst_buffer_resize_range: trim 0000000003E690B0 0-1400 size:15087 offs:0 max:15094
0:00:01.748953211  6740 0000000002F77A80 DEBUG             GST_BUFFER gstbuffer.c:1853:gst_buffer_add_meta: alloc metadata 0000000003E682A8 (GstNetAddressMeta) of size 24
0:00:01.748988709  6740 0000000002F77A80 LOG                   udpsrc gstudpsrc.c:502:gst_udpsrc_create:<udpsrc1> read 15087 bytes
0:00:01.749023248  6740 0000000002F77A80 DEBUG              GST_CLOCK gstclock.c:922:gst_clock_get_internal_time:<GstSystemClock> internal time 0:00:00.632832769
0:00:01.749058745  6740 0000000002F77A80 DEBUG              GST_CLOCK gstclock.c:967:gst_clock_get_time:<GstSystemClock> adjusted time 0:00:00.632832769
0:00:01.749093284  6740 0000000002F77A80 LOG                  basesrc gstbasesrc.c:2165:gst_base_src_do_sync:<udpsrc1> created DTS 0:00:00.632738428
0:00:01.749128142  6740 0000000002F77A80 LOG                  basesrc gstbasesrc.c:2175:gst_base_src_do_sync:<udpsrc1> created PTS 0:00:00.632738428
0:00:01.749162041  6740 0000000002F77A80 DEBUG                basesrc gstbasesrc.c:2213:gst_base_src_do_sync:<udpsrc1> no sync needed
0:00:01.749195940  6740 0000000002F77A80 DEBUG                basesrc gstbasesrc.c:2414:gst_base_src_get_range:<udpsrc1> buffer ok
0:00:01.749230798  6740 0000000002F77A80 LOG           GST_SCHEDULING gstpad.c:3653:gst_pad_chain_data_unchecked:<rtpbin0:recv_rtp_sink_0> calling chainfunction &gst_proxy_pad_chain_default with buffer 0000000003E690B0
0:00:01.749268215  6740 0000000002F77A80 LOG           GST_SCHEDULING gstpad.c:3653:gst_pad_chain_data_unchecked:<rtpsession0:recv_rtp_sink> calling chainfunction &000000007049E190 with buffer 0000000003E690B0
0:00:01.749303074  6740 0000000002F77A80 LOG               rtpsession gstrtpsession.c:1505:gst_rtp_session_chain_recv_rtp:<rtpsession0> received RTP packet
0:00:01.749339851  6740 0000000002F77A80 DEBUG              GST_CLOCK gstclock.c:922:gst_clock_get_internal_time:<GstSystemClock> internal time 0:00:00.633149373
0:00:01.749374389  6740 0000000002F77A80 DEBUG              GST_CLOCK gstclock.c:967:gst_clock_get_time:<GstSystemClock> adjusted time 0:00:00.633149373
0:00:01.749406689  6740 0000000002F77A80 LOG               GST_BUFFER gstbuffer.c:1410:gst_buffer_map_range: buffer 0000000003E690B0, idx 0, length 1, flags 0001
0:00:01.749439309  6740 0000000002F77A80 LOG               GST_BUFFER gstbuffer.c:207:_get_merged_memory: buffer 0000000003E690B0, idx 0, length 1
0:00:01.749494954  6740 0000000002F77A80 LOG               GST_BUFFER gstbuffer.c:1410:gst_buffer_map_range: buffer 0000000003E690B0, idx 0, length 1, flags 0001
0:00:01.749593133  6740 0000000002F77A80 LOG               GST_BUFFER gstbuffer.c:207:_get_merged_memory: buffer 0000000003E690B0, idx 0, length 1
0:00:01.749632469  6740 0000000002F77A80 LOG               GST_BUFFER gstbuffer.c:1410:gst_buffer_map_range: buffer 0000000003E690B0, idx 0, length 1, flags 0001
0:00:01.749681078  6740 0000000002F77A80 LOG               GST_BUFFER gstbuffer.c:207:_get_merged_memory: buffer 0000000003E690B0, idx 0, length 1
0:00:01.749727130  6740 0000000002F77A80 LOG                rtpsource rtpsource.c:1155:rtp_source_process_rtp: seq 65147, PC: 44, OC: 57532
0:00:01.749791410  6740 0000000002F77A80 LOG               GST_BUFFER gstbuffer.c:1410:gst_buffer_map_range: buffer 0000000003E690B0, idx 0, length 1, flags 0001
0:00:01.749831705  6740 0000000002F77A80 LOG               GST_BUFFER gstbuffer.c:207:_get_merged_memory: buffer 0000000003E690B0, idx 0, length 1
0:00:01.749885112  6740 0000000002F77A80 LOG                rtpsource rtpsource.c:941:calculate_jitter: SSRC b094efc4 got payload 96
0:00:01.749957067  6740 0000000002F77A80 LOG                rtpsource rtpsource.c:976:calculate_jitter: rtparrival 56946, rtptime 2932234080, clock-rate 90000, diff 267, jitter: 407.875000
0:00:01.750035738  6740 0000000002F77A80 LOG                rtpsource rtpsource.c:878:push_packet: pushing new packet
0:00:01.750100658  6740 0000000002F77A80 LOG               rtpsession rtpsession.c:1175:source_push_rtp: source b094efc4 pushed receiver RTP packet
0:00:01.750159181  6740 0000000002F77A80 LOG               rtpsession gstrtpsession.c:1035:gst_rtp_session_process_rtp:<rtpsession0> pushing received RTP packet
0:00:01.750203634  6740 0000000002F77A80 LOG           GST_SCHEDULING gstpad.c:3653:gst_pad_chain_data_unchecked:<rtpssrcdemux0:sink> calling chainfunction &000000007048EF60 with buffer 0000000003E690B0
0:00:01.750276548  6740 0000000002F77A80 LOG               GST_BUFFER gstbuffer.c:1410:gst_buffer_map_range: buffer 0000000003E690B0, idx 0, length 1, flags 0001
0:00:01.750310767  6740 0000000002F77A80 LOG               GST_BUFFER gstbuffer.c:207:_get_merged_memory: buffer 0000000003E690B0, idx 0, length 1
0:00:01.750357778  6740 0000000002F77A80 DEBUG           rtpssrcdemux gstrtpssrcdemux.c:638:gst_rtp_ssrc_demux_chain:<rtpssrcdemux0> received buffer of SSRC b094efc4
0:00:01.750392316  6740 0000000002F77A80 DEBUG           rtpssrcdemux gstrtpssrcdemux.c:230:find_or_create_demux_pad_for_ssrc:<rtpssrcdemux0> creating pad for SSRC b094efc4
0:00:01.750426535  6740 0000000002F77A80 LOG           GST_SCHEDULING gstpad.c:3653:gst_pad_chain_data_unchecked:<rtpjitterbuffer0:sink> calling chainfunction &gst_rtp_jitter_buffer_chain with buffer 0000000003E690B0
0:00:01.750459794  6740 0000000002F77A80 LOG               GST_BUFFER gstbuffer.c:1410:gst_buffer_map_range: buffer 0000000003E690B0, idx 0, length 1, flags 0001
0:00:01.750508084  6740 0000000002F77A80 LOG               GST_BUFFER gstbuffer.c:207:_get_merged_memory: buffer 0000000003E690B0, idx 0, length 1
0:00:01.750561491  6740 0000000002F77A80 DEBUG     gstrtpjitterbuffer gstrtpjitterbuffer.c:1278:gst_rtp_jitter_buffer_chain:<rtpjitterbuffer0> Received packet #65147 at time 0:00:00.632738428
0:00:01.750601466  6740 0000000002F77A80 LOG               GST_BUFFER gstbuffer.c:1410:gst_buffer_map_range: buffer 0000000003E690B0, idx 0, length 1, flags 0001
0:00:01.750644639  6740 0000000002F77A80 LOG               GST_BUFFER gstbuffer.c:207:_get_merged_memory: buffer 0000000003E690B0, idx 0, length 1
0:00:01.750682696  6740 0000000002F77A80 LOG               GST_BUFFER gstbuffer.c:1410:gst_buffer_map_range: buffer 0000000003E67E60, idx 0, length 1, flags 0001
0:00:01.750732905  6740 0000000002F77A80 LOG               GST_BUFFER gstbuffer.c:207:_get_merged_memory: buffer 0000000003E67E60, idx 0, length 1
0:00:01.750780555  6740 0000000002F77A80 DEBUG        rtpjitterbuffer rtpjitterbuffer.c:428:calculate_skew: extrtp 2932234080, gstrtp 9:03:00.378666666, base 9:03:00.278466666, send_diff 0:00:00.100200000
0:00:01.750840358  6740 0000000002F77A80 DEBUG        rtpjitterbuffer rtpjitterbuffer.c:451:calculate_skew: time 0:00:00.632738428, base 0:00:00.441604788, recv_diff 0:00:00.191133640, slope 4
0:00:01.750888328  6740 0000000002F77A80 DEBUG        rtpjitterbuffer rtpjitterbuffer.c:468:calculate_skew: filling 44, delta 90933640
0:00:01.750931501  6740 0000000002F77A80 DEBUG        rtpjitterbuffer rtpjitterbuffer.c:561:calculate_skew: backwards timestamps, using previous time
0:00:01.750973395  6740 0000000002F77A80 DEBUG        rtpjitterbuffer rtpjitterbuffer.c:583:calculate_skew: skew 0, out 0:00:00.541804788
0:00:01.751020406  6740 0000000002F77A80 DEBUG     gstrtpjitterbuffer gstrtpjitterbuffer.c:1405:gst_rtp_jitter_buffer_chain:<rtpjitterbuffer0> Pushed packet #65147, now 44 packets, tail: 0
0:00:01.751079249  6740 0000000002F77A80 LOG           GST_SCHEDULING gstpad.c:3659:gst_pad_chain_data_unchecked:<rtpjitterbuffer0:sink> called chainfunction &gst_rtp_jitter_buffer_chain with buffer 0000000003E690B0, returned ok
0:00:01.751125940  6740 0000000002F77A80 LOG           GST_SCHEDULING gstpad.c:3659:gst_pad_chain_data_unchecked:<rtpssrcdemux0:sink> called chainfunction &000000007048EF60 with buffer 0000000003E690B0, returned ok
0:00:01.751171672  6740 0000000002F77A80 LOG           GST_SCHEDULING gstpad.c:3659:gst_pad_chain_data_unchecked:<rtpsession0:recv_rtp_sink> called chainfunction &000000007049E190 with buffer 0000000003E690B0, returned ok
0:00:01.751217083  6740 0000000002F77A80 LOG           GST_SCHEDULING gstpad.c:3659:gst_pad_chain_data_unchecked:<rtpbin0:recv_rtp_sink_0> called chainfunction &gst_proxy_pad_chain_default with buffer 0000000003E690B0, returned ok
0:00:01.751263455  6740 0000000002F77A80 LOG                  basesrc gstbasesrc.c:2614:gst_base_src_loop:<udpsrc1> next_ts 99:99:99.999999999 size 4096
0:00:01.751308547  6740 0000000002F77A80 DEBUG                basesrc gstbasesrc.c:2351:gst_base_src_get_range:<udpsrc1> calling create offset 18446744073709551615 length 4096, time 0
0:00:01.751358436  6740 0000000002F77A80 LOG                   udpsrc gstudpsrc.c:451:gst_udpsrc_create:<udpsrc1> ioctl says 13687 bytes available
0:00:01.751409604  6740 0000000002F77A80 DEBUG             GST_MEMORY gstmemory.c:133:gst_memory_init: new memory 0000000004014060, maxsize:13694 offset:0 size:13687
0:00:01.751455335  6740 0000000002F77A80 LOG               GST_BUFFER gstbuffer.c:581:gst_buffer_new: new 0000000003E691C0
0:00:01.751497229  6740 0000000002F77A80 LOG               GST_BUFFER gstbuffer.c:297:_memory_add: buffer 0000000003E691C0, idx -1, mem 0000000004014060, lock 1
0:00:01.751546159  6740 0000000002F77A80 LOG               GST_BUFFER gstbuffer.c:635:gst_buffer_new_allocate: new buffer 0000000003E691C0 of size 13687 from allocator 0000000000000000
0:00:01.751591251  6740 0000000002F77A80 LOG               GST_BUFFER gstbuffer.c:1410:gst_buffer_map_range: buffer 0000000003E691C0, idx 0, length -1, flags 0002
0:00:01.751634424  6740 0000000002F77A80 LOG               GST_BUFFER gstbuffer.c:207:_get_merged_memory: buffer 0000000003E691C0, idx 0, length 1
0:00:01.751692948  6740 0000000002F77A80 LOG               GST_BUFFER gstbuffer.c:1279:gst_buffer_resize_range: trim 0000000003E691C0 0-1400 size:13687 offs:0 max:13694
0:00:01.751741877  6740 0000000002F77A80 DEBUG             GST_BUFFER gstbuffer.c:1853:gst_buffer_add_meta: alloc metadata 0000000003E682D8 (GstNetAddressMeta) of size 24
0:00:01.751788568  6740 0000000002F77A80 LOG                   udpsrc gstudpsrc.c:502:gst_udpsrc_create:<udpsrc1> read 13687 bytes
0:00:01.751832061  6740 0000000002F77A80 DEBUG              GST_CLOCK gstclock.c:922:gst_clock_get_internal_time:<GstSystemClock> internal time 0:00:00.635641263
0:00:01.751876513  6740 0000000002F77A80 DEBUG              GST_CLOCK gstclock.c:967:gst_clock_get_time:<GstSystemClock> adjusted time 0:00:00.635641263
0:00:01.751919367  6740 0000000002F77A80 LOG                  basesrc gstbasesrc.c:2165:gst_base_src_do_sync:<udpsrc1> created DTS 0:00:00.635546922
0:00:01.751963180  6740 0000000002F77A80 LOG                  basesrc gstbasesrc.c:2175:gst_base_src_do_sync:<udpsrc1> created PTS 0:00:00.635546922
0:00:01.752005393  6740 0000000002F77A80 DEBUG                basesrc gstbasesrc.c:2213:gst_base_src_do_sync:<udpsrc1> no sync needed
0:00:01.752047927  6740 0000000002F77A80 DEBUG                basesrc gstbasesrc.c:2414:gst_base_src_get_range:<udpsrc1> buffer ok
0:00:01.752090780  6740 0000000002F77A80 LOG           GST_SCHEDULING gstpad.c:3653:gst_pad_chain_data_unchecked:<rtpbin0:recv_rtp_sink_0> calling chainfunction &gst_proxy_pad_chain_default with buffer 0000000003E691C0
0:00:01.752136512  6740 0000000002F77A80 LOG           GST_SCHEDULING gstpad.c:3653:gst_pad_chain_data_unchecked:<rtpsession0:recv_rtp_sink> calling chainfunction &000000007049E190 with buffer 0000000003E691C0
0:00:01.752180325  6740 0000000002F77A80 LOG               rtpsession gstrtpsession.c:1505:gst_rtp_session_chain_recv_rtp:<rtpsession0> received RTP packet
0:00:01.752223178  6740 0000000002F77A80 DEBUG              GST_CLOCK gstclock.c:922:gst_clock_get_internal_time:<GstSystemClock> internal time 0:00:00.636032380
0:00:01.752266351  6740 0000000002F77A80 DEBUG              GST_CLOCK gstclock.c:967:gst_clock_get_time:<GstSystemClock> adjusted time 0:00:00.636032380
0:00:01.752309844  6740 0000000002F77A80 LOG               GST_BUFFER gstbuffer.c:1410:gst_buffer_map_range: buffer 0000000003E691C0, idx 0, length 1, flags 0001
0:00:01.752352378  6740 0000000002F77A80 LOG               GST_BUFFER gstbuffer.c:207:_get_merged_memory: buffer 0000000003E691C0, idx 0, length 1
0:00:01.752395231  6740 0000000002F77A80 LOG               GST_BUFFER gstbuffer.c:1410:gst_buffer_map_range: buffer 0000000003E691C0, idx 0, length 1, flags 0001
0:00:01.752438404  6740 0000000002F77A80 LOG               GST_BUFFER gstbuffer.c:207:_get_merged_memory: buffer 0000000003E691C0, idx 0, length 1
0:00:01.752484136  6740 0000000002F77A80 LOG               GST_BUFFER gstbuffer.c:1410:gst_buffer_map_range: buffer 0000000003E691C0, idx 0, length 1, flags 0001
0:00:01.752533705  6740 0000000002F77A80 LOG               GST_BUFFER gstbuffer.c:207:_get_merged_memory: buffer 0000000003E691C0, idx 0, length 1
0:00:01.752585193  6740 0000000002F77A80 LOG                rtpsource rtpsource.c:1155:rtp_source_process_rtp: seq 65148, PC: 45, OC: 58920
0:00:01.752627726  6740 0000000002F77A80 LOG               GST_BUFFER gstbuffer.c:1410:gst_buffer_map_range: buffer 0000000003E691C0, idx 0, length 1, flags 0001
0:00:01.752671539  6740 0000000002F77A80 LOG               GST_BUFFER gstbuffer.c:207:_get_merged_memory: buffer 0000000003E691C0, idx 0, length 1
0:00:01.752713753  6740 0000000002F77A80 LOG                rtpsource rtpsource.c:941:calculate_jitter: SSRC b094efc4 got payload 96
0:00:01.752755327  6740 0000000002F77A80 LOG                rtpsource rtpsource.c:976:calculate_jitter: rtparrival 57199, rtptime 2932234080, clock-rate 90000, diff 253, jitter: 398.187500
0:00:01.752800099  6740 0000000002F77A80 LOG                rtpsource rtpsource.c:878:push_packet: pushing new packet
0:00:01.752839755  6740 0000000002F77A80 LOG               rtpsession rtpsession.c:1175:source_push_rtp: source b094efc4 pushed receiver RTP packet
0:00:01.752883248  6740 0000000002F77A80 LOG               rtpsession gstrtpsession.c:1035:gst_rtp_session_process_rtp:<rtpsession0> pushing received RTP packet
0:00:01.752928979  6740 0000000002F77A80 LOG           GST_SCHEDULING gstpad.c:3653:gst_pad_chain_data_unchecked:<rtpssrcdemux0:sink> calling chainfunction &000000007048EF60 with buffer 0000000003E691C0
0:00:01.752971832  6740 0000000002F77A80 LOG               GST_BUFFER gstbuffer.c:1410:gst_buffer_map_range: buffer 0000000003E691C0, idx 0, length 1, flags 0001
0:00:01.753014046  6740 0000000002F77A80 LOG               GST_BUFFER gstbuffer.c:207:_get_merged_memory: buffer 0000000003E691C0, idx 0, length 1
0:00:01.753057539  6740 0000000002F77A80 DEBUG           rtpssrcdemux gstrtpssrcdemux.c:638:gst_rtp_ssrc_demux_chain:<rtpssrcdemux0> received buffer of SSRC b094efc4
0:00:01.753099753  6740 0000000002F77A80 DEBUG           rtpssrcdemux gstrtpssrcdemux.c:230:find_or_create_demux_pad_for_ssrc:<rtpssrcdemux0> creating pad for SSRC b094efc4
0:00:01.753143246  6740 0000000002F77A80 LOG           GST_SCHEDULING gstpad.c:3653:gst_pad_chain_data_unchecked:<rtpjitterbuffer0:sink> calling chainfunction &gst_rtp_jitter_buffer_chain with buffer 0000000003E691C0
0:00:01.753185460  6740 0000000002F77A80 LOG               GST_BUFFER gstbuffer.c:1410:gst_buffer_map_range: buffer 0000000003E691C0, idx 0, length 1, flags 0001
0:00:01.753227354  6740 0000000002F77A80 LOG               GST_BUFFER gstbuffer.c:207:_get_merged_memory: buffer 0000000003E691C0, idx 0, length 1
0:00:01.753271166  6740 0000000002F77A80 DEBUG     gstrtpjitterbuffer gstrtpjitterbuffer.c:1278:gst_rtp_jitter_buffer_chain:<rtpjitterbuffer0> Received packet #65148 at time 0:00:00.635546922
0:00:01.753314339  6740 0000000002F77A80 LOG               GST_BUFFER gstbuffer.c:1410:gst_buffer_map_range: buffer 0000000003E691C0, idx 0, length 1, flags 0001
0:00:01.753359112  6740 0000000002F77A80 LOG               GST_BUFFER gstbuffer.c:207:_get_merged_memory: buffer 0000000003E691C0, idx 0, length 1
0:00:01.753401965  6740 0000000002F77A80 LOG               GST_BUFFER gstbuffer.c:1410:gst_buffer_map_range: buffer 0000000003E690B0, idx 0, length 1, flags 0001
0:00:01.753444499  6740 0000000002F77A80 LOG               GST_BUFFER gstbuffer.c:207:_get_merged_memory: buffer 0000000003E690B0, idx 0, length 1
0:00:01.743674573  6740 0000000003E61280 DEBUG               GST_PADS gstpad.c:2965:gst_pad_query_default:<rtph264depay0:sink> not forwarding 0000000003E1CF50 (accept-caps) query
0:00:01.753486712  6740 0000000002F77A80 DEBUG        rtpjitterbuffer rtpjitterbuffer.c:428:calculate_skew: extrtp 2932234080, gstrtp 9:03:00.378666666, base 9:03:00.278466666, send_diff 0:00:00.100200000
0:00:01.753600881  6740 0000000002F77A80 DEBUG        rtpjitterbuffer rtpjitterbuffer.c:451:calculate_skew: time 0:00:00.635546922, base 0:00:00.441604788, recv_diff 0:00:00.193942134, slope 4
0:00:01.753647892  6740 0000000002F77A80 DEBUG        rtpjitterbuffer rtpjitterbuffer.c:468:calculate_skew: filling 45, delta 93742134
0:00:01.753691385  6740 0000000002F77A80 DEBUG        rtpjitterbuffer rtpjitterbuffer.c:561:calculate_skew: backwards timestamps, using previous time
0:00:01.753732959  6740 0000000002F77A80 DEBUG        rtpjitterbuffer rtpjitterbuffer.c:583:calculate_skew: skew 0, out 0:00:00.541804788
0:00:01.753542038  6740 0000000003E61280 DEBUG               GST_PADS gstpad.c:3424:gst_pad_query:<rtph264depay0:sink> sent query 0000000003E1CF50 (accept-caps), result 1
0:00:01.753779650  6740 0000000002F77A80 DEBUG     gstrtpjitterbuffer gstrtpjitterbuffer.c:1405:gst_rtp_jitter_buffer_chain:<rtpjitterbuffer0> Pushed packet #65148, now 45 packets, tail: 0
0:00:01.753834656  6740 0000000003E61280 DEBUG               GST_PADS gstpad.c:2965:gst_pad_query_default:<recv_rtp_src_0_2962550724_96:proxypad4> not forwarding 0000000003E1CF50 (accept-caps) query
0:00:01.753874311  6740 0000000002F77A80 LOG           GST_SCHEDULING gstpad.c:3659:gst_pad_chain_data_unchecked:<rtpjitterbuffer0:sink> called chainfunction &gst_rtp_jitter_buffer_chain with buffer 0000000003E691C0, returned ok
0:00:01.753921002  6740 0000000003E61280 DEBUG               GST_PADS gstpad.c:3424:gst_pad_query:<recv_rtp_src_0_2962550724_96:proxypad4> sent query 0000000003E1CF50 (accept-caps), result 1
0:00:01.753971211  6740 0000000002F77A80 LOG           GST_SCHEDULING gstpad.c:3659:gst_pad_chain_data_unchecked:<rtpssrcdemux0:sink> called chainfunction &000000007048EF60 with buffer 0000000003E691C0, returned ok
0:00:01.754020141  6740 0000000003E61280 DEBUG               GST_PADS gstpad.c:2965:gst_pad_query_default:<recv_rtp_src_0_2962550724_96:proxypad3> not forwarding 0000000003E1CF50 (accept-caps) query
0:00:01.754066512  6740 0000000002F77A80 LOG           GST_SCHEDULING gstpad.c:3659:gst_pad_chain_data_unchecked:<rtpsession0:recv_rtp_sink> called chainfunction &000000007049E190 with buffer 0000000003E691C0, returned ok
0:00:01.754112563  6740 0000000003E61280 DEBUG               GST_PADS gstpad.c:3424:gst_pad_query:<recv_rtp_src_0_2962550724_96:proxypad3> sent query 0000000003E1CF50 (accept-caps), result 1
0:00:01.754160214  6740 0000000002F77A80 LOG           GST_SCHEDULING gstpad.c:3659:gst_pad_chain_data_unchecked:<rtpbin0:recv_rtp_sink_0> called chainfunction &gst_proxy_pad_chain_default with buffer 0000000003E691C0, returned ok
0:00:01.754206265  6740 0000000003E61280 DEBUG                default gstutils.c:2850:gst_pad_query_accept_caps:<recv_rtp_src_0_2962550724_96:proxypad3> query returned 1
0:00:01.754253276  6740 0000000002F77A80 LOG                  basesrc gstbasesrc.c:2614:gst_base_src_loop:<udpsrc1> next_ts 99:99:99.999999999 size 4096
0:00:01.754300606  6740 0000000003E61280 LOG                 GST_PADS gstpad.c:2753:gst_pad_event_default:<recv_rtp_src_0_2962550724_96:proxypad3> default event handler for event 0000000003E62900
0:00:01.754345378  6740 0000000002F77A80 DEBUG                basesrc gstbasesrc.c:2351:gst_base_src_get_range:<udpsrc1> calling create offset 18446744073709551615 length 4096, time 0
0:00:01.754395267  6740 0000000003E61280 LOG                 GST_PADS gstpad.c:2673:gst_pad_forward:<recv_rtp_src_0_2962550724_96:proxypad3> calling forward function on pad rtpbin0:recv_rtp_src_0_2962550724_96
0:00:01.754440679  6740 0000000002F77A80 LOG                   udpsrc gstudpsrc.c:451:gst_udpsrc_create:<udpsrc1> ioctl says 14742 bytes available
0:00:01.754485451  6740 0000000003E61280 LOG                 GST_PADS gstpad.c:2718:event_forward_func:<rtpbin0:recv_rtp_src_0_2962550724_96> Reffing and pushing event 0000000003E62900 (caps) to rtpbin0:recv_rtp_src_0_2962550724_96
0:00:01.754535980  6740 0000000002F77A80 DEBUG             GST_MEMORY gstmemory.c:133:gst_memory_init: new memory 0000000004017680, maxsize:14749 offset:0 size:14742
0:00:01.754632240  6740 0000000002F77A80 LOG               GST_BUFFER gstbuffer.c:581:gst_buffer_new: new 0000000003E692D0
0:00:01.754674774  6740 0000000002F77A80 LOG               GST_BUFFER gstbuffer.c:297:_memory_add: buffer 0000000003E692D0, idx -1, mem 0000000004017680, lock 1
0:00:01.754718586  6740 0000000002F77A80 LOG               GST_BUFFER gstbuffer.c:635:gst_buffer_new_allocate: new buffer 0000000003E692D0 of size 14742 from allocator 0000000000000000
0:00:01.754762079  6740 0000000002F77A80 LOG               GST_BUFFER gstbuffer.c:1410:gst_buffer_map_range: buffer 0000000003E692D0, idx 0, length -1, flags 0002
0:00:01.754805892  6740 0000000002F77A80 LOG               GST_BUFFER gstbuffer.c:207:_get_merged_memory: buffer 0000000003E692D0, idx 0, length 1
0:00:01.754586189  6740 0000000003E61280 LOG                 GST_PADS gstpad.c:4423:gst_pad_store_sticky_event:<rtpbin0:recv_rtp_src_0_2962550724_96> stored sticky event caps
0:00:01.754861537  6740 0000000002F77A80 LOG               GST_BUFFER gstbuffer.c:1279:gst_buffer_resize_range: trim 0000000003E692D0 0-1400 size:14742 offs:0 max:14749
0:00:01.754896396  6740 0000000003E61280 DEBUG               GST_PADS gstpad.c:4429:gst_pad_store_sticky_event:<rtpbin0:recv_rtp_src_0_2962550724_96> notify caps
0:00:01.754945645  6740 0000000002F77A80 DEBUG             GST_BUFFER gstbuffer.c:1853:gst_buffer_add_meta: alloc metadata 0000000003E68308 (GstNetAddressMeta) of size 24
0:00:01.754994575  6740 0000000003E61280 LOG           GST_PROPERTIES gstobject.c:456:gst_object_dispatch_properties_changed:<rtpbin0> deep notification from recv_rtp_src_0_2962550724_96 (caps)
0:00:01.755039347  6740 0000000002F77A80 LOG                   udpsrc gstudpsrc.c:502:gst_udpsrc_create:<udpsrc1> read 14742 bytes
0:00:01.755087317  6740 0000000003E61280 LOG           GST_PROPERTIES gstobject.c:456:gst_object_dispatch_properties_changed:<rtspsrc0> deep notification from recv_rtp_src_0_2962550724_96 (caps)
0:00:01.755132089  6740 0000000002F77A80 DEBUG              GST_CLOCK gstclock.c:922:gst_clock_get_internal_time:<GstSystemClock> internal time 0:00:00.638941291
0:00:01.755177821  6740 0000000003E61280 LOG           GST_PROPERTIES gstobject.c:456:gst_object_dispatch_properties_changed:<pipeline0> deep notification from recv_rtp_src_0_2962550724_96 (caps)
0:00:01.755224192  6740 0000000002F77A80 DEBUG              GST_CLOCK gstclock.c:967:gst_clock_get_time:<GstSystemClock> adjusted time 0:00:00.638941291
0:00:01.755271523  6740 0000000003E61280 DEBUG               GST_PADS gstpad.c:4628:gst_pad_push_event:<rtpbin0:recv_rtp_src_0_2962550724_96> event caps updated
0:00:01.755317254  6740 0000000002F77A80 LOG                  basesrc gstbasesrc.c:2165:gst_base_src_do_sync:<udpsrc1> created DTS 0:00:00.638846950
0:00:01.755363945  6740 0000000003E61280 DEBUG               GST_PADS gstpad.c:3333:check_sticky:<rtpbin0:recv_rtp_src_0_2962550724_96> pushing all sticky events
0:00:01.755409677  6740 0000000002F77A80 LOG                  basesrc gstbasesrc.c:2175:gst_base_src_do_sync:<udpsrc1> created PTS 0:00:00.638846950
0:00:01.755455728  6740 0000000003E61280 DEBUG               GST_PADS gstpad.c:3282:push_sticky:<rtpbin0:recv_rtp_src_0_2962550724_96> event stream-start was already received
0:00:01.755500180  6740 0000000002F77A80 DEBUG                basesrc gstbasesrc.c:2213:gst_base_src_do_sync:<udpsrc1> no sync needed
0:00:01.755549110  6740 0000000003E61280 DEBUG               GST_PADS gstpad.c:3282:push_sticky:<rtpbin0:recv_rtp_src_0_2962550724_96> event segment was already received
0:00:01.755593562  6740 0000000002F77A80 DEBUG                basesrc gstbasesrc.c:2414:gst_base_src_get_range:<udpsrc1> buffer ok
0:00:01.755639294  6740 0000000003E61280 LOG                 GST_PADS gstpad.c:4513:gst_pad_push_event_unchecked:<rtpbin0:recv_rtp_src_0_2962550724_96> sending event 0000000003E62900 (caps) to peerpad 0000000003014BD0
0:00:01.755685345  6740 0000000002F77A80 LOG           GST_SCHEDULING gstpad.c:3653:gst_pad_chain_data_unchecked:<rtpbin0:recv_rtp_sink_0> calling chainfunction &gst_proxy_pad_chain_default with buffer 0000000003E692D0
0:00:01.755731716  6740 0000000003E61280 DEBUG              GST_EVENT gstpad.c:4771:gst_pad_send_event_unchecked:<recv_rtp_src_0_2962550724_96:proxypad4> have event type 0000000003E62900
0:00:01.755780006  6740 0000000002F77A80 LOG           GST_SCHEDULING gstpad.c:3653:gst_pad_chain_data_unchecked:<rtpsession0:recv_rtp_sink> calling chainfunction &000000007049E190 with buffer 0000000003E692D0
0:00:01.755826378  6740 0000000003E61280 DEBUG               GST_CAPS gstutils.c:2845:gst_pad_query_accept_caps:<recv_rtp_src_0_2962550724_96:proxypad4> accept caps of 0000000003E1CC80
0:00:01.755871150  6740 0000000002F77A80 LOG               rtpsession gstrtpsession.c:1505:gst_rtp_session_chain_recv_rtp:<rtpsession0> received RTP packet
0:00:01.755918800  6740 0000000003E61280 DEBUG                  query gstquery.c:679:gst_query_new_custom: creating new query 0000000003E1CF00 accept-caps
0:00:01.755962293  6740 0000000002F77A80 DEBUG              GST_CLOCK gstclock.c:922:gst_clock_get_internal_time:<GstSystemClock> internal time 0:00:00.639771815
0:00:01.756008664  6740 0000000003E61280 DEBUG               GST_PADS gstpad.c:3402:gst_pad_query:<recv_rtp_src_0_2962550724_96:proxypad4> doing query 0000000003E1CF00 (accept-caps)
0:00:01.756054396  6740 0000000002F77A80 DEBUG              GST_CLOCK gstclock.c:967:gst_clock_get_time:<GstSystemClock> adjusted time 0:00:00.639771815
0:00:01.756148737  6740 0000000002F77A80 LOG               GST_BUFFER gstbuffer.c:1410:gst_buffer_map_range: buffer 0000000003E692D0, idx 0, length 1, flags 0001
0:00:01.756192870  6740 0000000002F77A80 LOG               GST_BUFFER gstbuffer.c:207:_get_merged_memory: buffer 0000000003E692D0, idx 0, length 1
0:00:01.756237962  6740 0000000002F77A80 LOG               GST_BUFFER gstbuffer.c:1410:gst_buffer_map_range: buffer 0000000003E692D0, idx 0, length 1, flags 0001
0:00:01.756282094  6740 0000000002F77A80 LOG               GST_BUFFER gstbuffer.c:207:_get_merged_memory: buffer 0000000003E692D0, idx 0, length 1
0:00:01.756102686  6740 0000000003E61280 DEBUG               GST_PADS gstpad.c:2795:gst_pad_query_accept_caps_default:<recv_rtp_src_0_2962550724_96:proxypad4> query accept-caps 0000000003E1CF00
0:00:01.756327826  6740 0000000002F77A80 LOG               GST_BUFFER gstbuffer.c:1410:gst_buffer_map_range: buffer 0000000003E692D0, idx 0, length 1, flags 0001
0:00:01.756418969  6740 0000000002F77A80 LOG               GST_BUFFER gstbuffer.c:207:_get_merged_memory: buffer 0000000003E692D0, idx 0, length 1
0:00:01.756462782  6740 0000000002F77A80 LOG                rtpsource rtpsource.c:1155:rtp_source_process_rtp: seq 65149, PC: 46, OC: 60308
0:00:01.756506595  6740 0000000002F77A80 LOG               GST_BUFFER gstbuffer.c:1410:gst_buffer_map_range: buffer 0000000003E692D0, idx 0, length 1, flags 0001
0:00:01.756562880  6740 0000000002F77A80 LOG               GST_BUFFER gstbuffer.c:207:_get_merged_memory: buffer 0000000003E692D0, idx 0, length 1
0:00:01.756607972  6740 0000000002F77A80 LOG                rtpsource rtpsource.c:941:calculate_jitter: SSRC b094efc4 got payload 96
0:00:01.756651465  6740 0000000002F77A80 LOG                rtpsource rtpsource.c:976:calculate_jitter: rtparrival 57496, rtptime 2932234080, clock-rate 90000, diff 297, jitter: 391.875000
0:00:01.756697196  6740 0000000002F77A80 LOG                rtpsource rtpsource.c:878:push_packet: pushing new packet
0:00:01.756738770  6740 0000000002F77A80 LOG               rtpsession rtpsession.c:1175:source_push_rtp: source b094efc4 pushed receiver RTP packet
0:00:01.756783223  6740 0000000002F77A80 LOG               rtpsession gstrtpsession.c:1035:gst_rtp_session_process_rtp:<rtpsession0> pushing received RTP packet
0:00:01.756827995  6740 0000000002F77A80 LOG           GST_SCHEDULING gstpad.c:3653:gst_pad_chain_data_unchecked:<rtpssrcdemux0:sink> calling chainfunction &000000007048EF60 with buffer 0000000003E692D0
0:00:01.756872127  6740 0000000002F77A80 LOG               GST_BUFFER gstbuffer.c:1410:gst_buffer_map_range: buffer 0000000003E692D0, idx 0, length 1, flags 0001
0:00:01.756915940  6740 0000000002F77A80 LOG               GST_BUFFER gstbuffer.c:207:_get_merged_memory: buffer 0000000003E692D0, idx 0, length 1
0:00:01.756960712  6740 0000000002F77A80 DEBUG           rtpssrcdemux gstrtpssrcdemux.c:638:gst_rtp_ssrc_demux_chain:<rtpssrcdemux0> received buffer of SSRC b094efc4
0:00:01.757002926  6740 0000000002F77A80 DEBUG           rtpssrcdemux gstrtpssrcdemux.c:230:find_or_create_demux_pad_for_ssrc:<rtpssrcdemux0> creating pad for SSRC b094efc4
0:00:01.757047698  6740 0000000002F77A80 LOG           GST_SCHEDULING gstpad.c:3653:gst_pad_chain_data_unchecked:<rtpjitterbuffer0:sink> calling chainfunction &gst_rtp_jitter_buffer_chain with buffer 0000000003E692D0
0:00:01.757090552  6740 0000000002F77A80 LOG               GST_BUFFER gstbuffer.c:1410:gst_buffer_map_range: buffer 0000000003E692D0, idx 0, length 1, flags 0001
0:00:01.757132446  6740 0000000002F77A80 LOG               GST_BUFFER gstbuffer.c:207:_get_merged_memory: buffer 0000000003E692D0, idx 0, length 1
0:00:01.757177537  6740 0000000002F77A80 DEBUG     gstrtpjitterbuffer gstrtpjitterbuffer.c:1278:gst_rtp_jitter_buffer_chain:<rtpjitterbuffer0> Received packet #65149 at time 0:00:00.638846950
0:00:01.757221350  6740 0000000002F77A80 LOG               GST_BUFFER gstbuffer.c:1410:gst_buffer_map_range: buffer 0000000003E692D0, idx 0, length 1, flags 0001
0:00:01.757267082  6740 0000000002F77A80 LOG               GST_BUFFER gstbuffer.c:207:_get_merged_memory: buffer 0000000003E692D0, idx 0, length 1
0:00:01.757309935  6740 0000000002F77A80 LOG               GST_BUFFER gstbuffer.c:1410:gst_buffer_map_range: buffer 0000000003E691C0, idx 0, length 1, flags 0001
0:00:01.757352469  6740 0000000002F77A80 LOG               GST_BUFFER gstbuffer.c:207:_get_merged_memory: buffer 0000000003E691C0, idx 0, length 1
0:00:01.757395962  6740 0000000002F77A80 DEBUG        rtpjitterbuffer rtpjitterbuffer.c:428:calculate_skew: extrtp 2932234080, gstrtp 9:03:00.378666666, base 9:03:00.278466666, send_diff 0:00:00.100200000
0:00:01.757442972  6740 0000000002F77A80 DEBUG        rtpjitterbuffer rtpjitterbuffer.c:451:calculate_skew: time 0:00:00.638846950, base 0:00:00.441604788, recv_diff 0:00:00.197242162, slope 4
0:00:01.757489344  6740 0000000002F77A80 DEBUG        rtpjitterbuffer rtpjitterbuffer.c:468:calculate_skew: filling 46, delta 97042162
0:00:01.757532837  6740 0000000002F77A80 DEBUG        rtpjitterbuffer rtpjitterbuffer.c:561:calculate_skew: backwards timestamps, using previous time
0:00:01.757575050  6740 0000000002F77A80 DEBUG        rtpjitterbuffer rtpjitterbuffer.c:583:calculate_skew: skew 0, out 0:00:00.541804788
0:00:01.757620462  6740 0000000002F77A80 DEBUG     gstrtpjitterbuffer gstrtpjitterbuffer.c:1405:gst_rtp_jitter_buffer_chain:<rtpjitterbuffer0> Pushed packet #65149, now 46 packets, tail: 0
0:00:01.757665234  6740 0000000002F77A80 LOG           GST_SCHEDULING gstpad.c:3659:gst_pad_chain_data_unchecked:<rtpjitterbuffer0:sink> called chainfunction &gst_rtp_jitter_buffer_chain with buffer 0000000003E692D0, returned ok
0:00:01.757710326  6740 0000000002F77A80 LOG           GST_SCHEDULING gstpad.c:3659:gst_pad_chain_data_unchecked:<rtpssrcdemux0:sink> called chainfunction &000000007048EF60 with buffer 0000000003E692D0, returned ok
0:00:01.757756378  6740 0000000002F77A80 LOG           GST_SCHEDULING gstpad.c:3659:gst_pad_chain_data_unchecked:<rtpsession0:recv_rtp_sink> called chainfunction &000000007049E190 with buffer 0000000003E692D0, returned ok
0:00:01.757801470  6740 0000000002F77A80 LOG           GST_SCHEDULING gstpad.c:3659:gst_pad_chain_data_unchecked:<rtpbin0:recv_rtp_sink_0> called chainfunction &gst_proxy_pad_chain_default with buffer 0000000003E692D0, returned ok
0:00:01.757846881  6740 0000000002F77A80 LOG                  basesrc gstbasesrc.c:2614:gst_base_src_loop:<udpsrc1> next_ts 99:99:99.999999999 size 4096
0:00:01.757891334  6740 0000000002F77A80 DEBUG                basesrc gstbasesrc.c:2351:gst_base_src_get_range:<udpsrc1> calling create offset 18446744073709551615 length 4096, time 0
0:00:01.757938344  6740 0000000002F77A80 LOG                   udpsrc gstudpsrc.c:451:gst_udpsrc_create:<udpsrc1> ioctl says 13342 bytes available
0:00:01.757985355  6740 0000000002F77A80 DEBUG             GST_MEMORY gstmemory.c:133:gst_memory_init: new memory 000000000401B0C0, maxsize:13349 offset:0 size:13342
0:00:01.758030127  6740 0000000002F77A80 LOG               GST_BUFFER gstbuffer.c:581:gst_buffer_new: new 0000000003E693E0
0:00:01.758071382  6740 0000000002F77A80 LOG               GST_BUFFER gstbuffer.c:297:_memory_add: buffer 0000000003E693E0, idx -1, mem 000000000401B0C0, lock 1
0:00:01.758113915  6740 0000000002F77A80 LOG               GST_BUFFER gstbuffer.c:635:gst_buffer_new_allocate: new buffer 0000000003E693E0 of size 13342 from allocator 0000000000000000
0:00:01.758157408  6740 0000000002F77A80 LOG               GST_BUFFER gstbuffer.c:1410:gst_buffer_map_range: buffer 0000000003E693E0, idx 0, length -1, flags 0002
0:00:01.758200901  6740 0000000002F77A80 LOG               GST_BUFFER gstbuffer.c:207:_get_merged_memory: buffer 0000000003E693E0, idx 0, length 1
0:00:01.758254948  6740 0000000002F77A80 LOG               GST_BUFFER gstbuffer.c:1279:gst_buffer_resize_range: trim 0000000003E693E0 0-225 size:13342 offs:0 max:13349
0:00:01.758303877  6740 0000000002F77A80 DEBUG             GST_BUFFER gstbuffer.c:1853:gst_buffer_add_meta: alloc metadata 0000000003E68338 (GstNetAddressMeta) of size 24
0:00:01.758350248  6740 0000000002F77A80 LOG                   udpsrc gstudpsrc.c:502:gst_udpsrc_create:<udpsrc1> read 13342 bytes
0:00:01.758393741  6740 0000000002F77A80 DEBUG              GST_CLOCK gstclock.c:922:gst_clock_get_internal_time:<GstSystemClock> internal time 0:00:00.642203263
0:00:01.758438194  6740 0000000002F77A80 DEBUG              GST_CLOCK gstclock.c:967:gst_clock_get_time:<GstSystemClock> adjusted time 0:00:00.642203263
0:00:01.758481367  6740 0000000002F77A80 LOG                  basesrc gstbasesrc.c:2165:gst_base_src_do_sync:<udpsrc1> created DTS 0:00:00.642108922
0:00:01.758524540  6740 0000000002F77A80 LOG                  basesrc gstbasesrc.c:2175:gst_base_src_do_sync:<udpsrc1> created PTS 0:00:00.642108922
0:00:01.758580505  6740 0000000002F77A80 DEBUG                basesrc gstbasesrc.c:2213:gst_base_src_do_sync:<udpsrc1> no sync needed
0:00:01.758623998  6740 0000000002F77A80 DEBUG                basesrc gstbasesrc.c:2414:gst_base_src_get_range:<udpsrc1> buffer ok
0:00:01.756373877  6740 0000000003E61280 DEBUG               GST_PADS gstutils.c:2458:gst_pad_proxy_query_accept_caps:<recv_rtp_src_0_2962550724_96:proxypad4> proxying accept caps query for recv_rtp_src_0_2962550724_96:proxypad4
0:00:01.758673248  6740 0000000002F77A80 LOG           GST_SCHEDULING gstpad.c:3653:gst_pad_chain_data_unchecked:<rtpbin0:recv_rtp_sink_0> calling chainfunction &gst_proxy_pad_chain_default with buffer 0000000003E693E0
0:00:01.758747761  6740 0000000003E61280 LOG                 GST_PADS gstpad.c:2673:gst_pad_forward:<recv_rtp_src_0_2962550724_96:proxypad4> calling forward function on pad rtspsrc0:recv_rtp_src_0_2962550724_96
0:00:01.758794132  6740 0000000002F77A80 LOG           GST_SCHEDULING gstpad.c:3653:gst_pad_chain_data_unchecked:<rtpsession0:recv_rtp_sink> calling chainfunction &000000007049E190 with buffer 0000000003E693E0
0:00:01.758840823  6740 0000000003E61280 DEBUG               GST_PADS gstpad.c:3527:gst_pad_peer_query:<rtspsrc0:recv_rtp_src_0_2962550724_96> peer query 0000000003E1CF00 (accept-caps)
0:00:01.758886875  6740 0000000002F77A80 LOG               rtpsession gstrtpsession.c:1505:gst_rtp_session_chain_recv_rtp:<rtpsession0> received RTP packet
0:00:01.758933885  6740 0000000003E61280 DEBUG               GST_PADS gstpad.c:3402:gst_pad_query:<rtph264depay0:sink> doing query 0000000003E1CF00 (accept-caps)
0:00:01.758978018  6740 0000000002F77A80 DEBUG              GST_CLOCK gstclock.c:922:gst_clock_get_internal_time:<GstSystemClock> internal time 0:00:00.642787540
0:00:01.759022790  6740 0000000003E61280 DEBUG               GST_PADS gstpad.c:2795:gst_pad_query_accept_caps_default:<rtph264depay0:sink> query accept-caps 0000000003E1CF00
0:00:01.759068842  6740 0000000002F77A80 DEBUG              GST_CLOCK gstclock.c:967:gst_clock_get_time:<GstSystemClock> adjusted time 0:00:00.642787540
0:00:01.759158706  6740 0000000002F77A80 LOG               GST_BUFFER gstbuffer.c:1410:gst_buffer_map_range: buffer 0000000003E693E0, idx 0, length 1, flags 0001
