0:00:01.731600800  6740 0000000002F77A80 LOG               rtpsession rtpsession.c:1175:source_push_rtp: source b094efc4 pushed receiver RTP packet
0:00:01.731643973  6740 0000000002F77A80 LOG               rtpsession gstrtpsession.c:1035:gst_rtp_session_process_rtp:<rtpsession0> pushing received RTP packet
0:00:01.731687146  6740 0000000002F77A80 LOG           GST_SCHEDULING gstpad.c:3653:gst_pad_chain_data_unchecked:<rtpssrcdemux0:sink> calling chainfunction &000000007048EF60 with buffer 0000000003E67910
0:00:01.731730639  6740 0000000002F77A80 LOG               GST_BUFFER gstbuffer.c:1410:gst_buffer_map_range: buffer 0000000003E67910, idx 0, length 1, flags 0001
0:00:01.731773493  6740 0000000002F77A80 LOG               GST_BUFFER gstbuffer.c:207:_get_merged_memory: buffer 0000000003E67910, idx 0, length 1
0:00:01.731817945  6740 0000000002F77A80 DEBUG           rtpssrcdemux gstrtpssrcdemux.c:638:gst_rtp_ssrc_demux_chain:<rtpssrcdemux0> received buffer of SSRC b094efc4
0:00:01.731860479  6740 0000000002F77A80 DEBUG           rtpssrcdemux gstrtpssrcdemux.c:230:find_or_create_demux_pad_for_ssrc:<rtpssrcdemux0> creating pad for SSRC b094efc4
0:00:01.731904291  6740 0000000002F77A80 LOG           GST_SCHEDULING gstpad.c:3653:gst_pad_chain_data_unchecked:<rtpjitterbuffer0:sink> calling chainfunction &gst_rtp_jitter_buffer_chain with buffer 0000000003E67910
0:00:01.731946505  6740 0000000002F77A80 LOG               GST_BUFFER gstbuffer.c:1410:gst_buffer_map_range: buffer 0000000003E67910, idx 0, length 1, flags 0001
0:00:01.731989039  6740 0000000002F77A80 LOG               GST_BUFFER gstbuffer.c:207:_get_merged_memory: buffer 0000000003E67910, idx 0, length 1
0:00:01.732033811  6740 0000000002F77A80 DEBUG     gstrtpjitterbuffer gstrtpjitterbuffer.c:1278:gst_rtp_jitter_buffer_chain:<rtpjitterbuffer0> Received packet #65141 at time 0:00:00.614164697
0:00:01.732077304  6740 0000000002F77A80 LOG               GST_BUFFER gstbuffer.c:1410:gst_buffer_map_range: buffer 0000000003E67910, idx 0, length 1, flags 0001
0:00:01.732120797  6740 0000000002F77A80 LOG               GST_BUFFER gstbuffer.c:207:_get_merged_memory: buffer 0000000003E67910, idx 0, length 1
0:00:01.732163330  6740 0000000002F77A80 LOG               GST_BUFFER gstbuffer.c:1410:gst_buffer_map_range: buffer 0000000003E67800, idx 0, length 1, flags 0001
0:00:01.732206184  6740 0000000002F77A80 LOG               GST_BUFFER gstbuffer.c:207:_get_merged_memory: buffer 0000000003E67800, idx 0, length 1
0:00:01.732249357  6740 0000000002F77A80 DEBUG        rtpjitterbuffer rtpjitterbuffer.c:428:calculate_skew: extrtp 2932234080, gstrtp 9:03:00.378666666, base 9:03:00.278466666, send_diff 0:00:00.100200000
0:00:01.732296048  6740 0000000002F77A80 DEBUG        rtpjitterbuffer rtpjitterbuffer.c:451:calculate_skew: time 0:00:00.614164697, base 0:00:00.441604788, recv_diff 0:00:00.172559909, slope 4
0:00:01.732343698  6740 0000000002F77A80 DEBUG        rtpjitterbuffer rtpjitterbuffer.c:468:calculate_skew: filling 38, delta 72359909
0:00:01.732385912  6740 0000000002F77A80 DEBUG        rtpjitterbuffer rtpjitterbuffer.c:561:calculate_skew: backwards timestamps, using previous time
0:00:01.732426207  6740 0000000002F77A80 DEBUG        rtpjitterbuffer rtpjitterbuffer.c:583:calculate_skew: skew 0, out 0:00:00.541804788
0:00:01.732471299  6740 0000000002F77A80 DEBUG     gstrtpjitterbuffer gstrtpjitterbuffer.c:1405:gst_rtp_jitter_buffer_chain:<rtpjitterbuffer0> Pushed packet #65141, now 38 packets, tail: 0
0:00:01.732515112  6740 0000000002F77A80 LOG           GST_SCHEDULING gstpad.c:3659:gst_pad_chain_data_unchecked:<rtpjitterbuffer0:sink> called chainfunction &gst_rtp_jitter_buffer_chain with buffer 0000000003E67910, returned ok
0:00:01.732576513  6740 0000000002F77A80 LOG           GST_SCHEDULING gstpad.c:3659:gst_pad_chain_data_unchecked:<rtpssrcdemux0:sink> called chainfunction &000000007048EF60 with buffer 0000000003E67910, returned ok
0:00:01.732623204  6740 0000000002F77A80 LOG           GST_SCHEDULING gstpad.c:3659:gst_pad_chain_data_unchecked:<rtpsession0:recv_rtp_sink> called chainfunction &000000007049E190 with buffer 0000000003E67910, returned ok
0:00:01.732669576  6740 0000000002F77A80 LOG           GST_SCHEDULING gstpad.c:3659:gst_pad_chain_data_unchecked:<rtpbin0:recv_rtp_sink_0> called chainfunction &gst_proxy_pad_chain_default with buffer 0000000003E67910, returned ok
0:00:01.732714028  6740 0000000002F77A80 LOG                  basesrc gstbasesrc.c:2614:gst_base_src_loop:<udpsrc1> next_ts 99:99:99.999999999 size 4096
0:00:01.732759440  6740 0000000002F77A80 DEBUG                basesrc gstbasesrc.c:2351:gst_base_src_get_range:<udpsrc1> calling create offset 18446744073709551615 length 4096, time 0
0:00:01.732805811  6740 0000000002F77A80 LOG                   udpsrc gstudpsrc.c:451:gst_udpsrc_create:<udpsrc1> ioctl says 22087 bytes available
0:00:01.730682011  6740 0000000003E61280 DEBUG               GST_PADS gstpad.c:4837:gst_pad_send_event_unchecked:<recv_rtp_src_0_2962550724_96:proxypad4> sent event, ret ok
0:00:01.732853141  6740 0000000002F77A80 DEBUG             GST_MEMORY gstmemory.c:133:gst_memory_init: new memory 0000000003FF88E0, maxsize:22094 offset:0 size:22087
0:00:01.732940127  6740 0000000002F77A80 LOG               GST_BUFFER gstbuffer.c:581:gst_buffer_new: new 0000000003E67A20
0:00:01.732982661  6740 0000000002F77A80 LOG               GST_BUFFER gstbuffer.c:297:_memory_add: buffer 0000000003E67A20, idx -1, mem 0000000003FF88E0, lock 1
0:00:01.733026474  6740 0000000002F77A80 LOG               GST_BUFFER gstbuffer.c:635:gst_buffer_new_allocate: new buffer 0000000003E67A20 of size 22087 from allocator 0000000000000000
0:00:01.733070606  6740 0000000002F77A80 LOG               GST_BUFFER gstbuffer.c:1410:gst_buffer_map_range: buffer 0000000003E67A20, idx 0, length -1, flags 0002
0:00:01.733114739  6740 0000000002F77A80 LOG               GST_BUFFER gstbuffer.c:207:_get_merged_memory: buffer 0000000003E67A20, idx 0, length 1
0:00:01.732894396  6740 0000000003E61280 LOG                 GST_PADS gstpad.c:4423:gst_pad_store_sticky_event:<recv_rtp_src_0_2962550724_96:proxypad4> stored sticky event segment
0:00:01.733169425  6740 0000000002F77A80 LOG               GST_BUFFER gstbuffer.c:1279:gst_buffer_resize_range: trim 0000000003E67A20 0-1400 size:22087 offs:0 max:22094
0:00:01.733204923  6740 0000000003E61280 DEBUG               GST_PADS gstpad.c:4852:gst_pad_send_event_unchecked:<recv_rtp_src_0_2962550724_96:proxypad4> event segment updated
0:00:01.733253213  6740 0000000002F77A80 DEBUG             GST_BUFFER gstbuffer.c:1853:gst_buffer_add_meta: alloc metadata 0000000003E681B8 (GstNetAddressMeta) of size 24
0:00:01.733297985  6740 0000000003E61280 LOG                 GST_PADS gstpad.c:4520:gst_pad_push_event_unchecked:<rtpbin0:recv_rtp_src_0_2962550724_96> sent event 0000000003E06F00 to peerpad 0000000003014BD0, ret ok
0:00:01.733344356  6740 0000000002F77A80 LOG                   udpsrc gstudpsrc.c:502:gst_udpsrc_create:<udpsrc1> read 22087 bytes
0:00:01.733392326  6740 0000000003E61280 DEBUG               GST_PADS gstpad.c:3293:push_sticky:<rtpbin0:recv_rtp_src_0_2962550724_96> event segment marked received
0:00:01.733437418  6740 0000000002F77A80 DEBUG              GST_CLOCK gstclock.c:922:gst_clock_get_internal_time:<GstSystemClock> internal time 0:00:00.617246620
0:00:01.733482830  6740 0000000003E61280 DEBUG               GST_PADS gstpad.c:4837:gst_pad_send_event_unchecked:<recv_rtp_src_0_2962550724_96:proxypad3> sent event, ret ok
0:00:01.733530480  6740 0000000002F77A80 DEBUG              GST_CLOCK gstclock.c:967:gst_clock_get_time:<GstSystemClock> adjusted time 0:00:00.617246620
0:00:01.733576532  6740 0000000003E61280 LOG                 GST_PADS gstpad.c:4423:gst_pad_store_sticky_event:<recv_rtp_src_0_2962550724_96:proxypad3> stored sticky event segment
0:00:01.733621943  6740 0000000002F77A80 LOG                  basesrc gstbasesrc.c:2165:gst_base_src_do_sync:<udpsrc1> created DTS 0:00:00.617152279
0:00:01.733667355  6740 0000000003E61280 DEBUG               GST_PADS gstpad.c:4852:gst_pad_send_event_unchecked:<recv_rtp_src_0_2962550724_96:proxypad3> event segment updated
0:00:01.733713087  6740 0000000002F77A80 LOG                  basesrc gstbasesrc.c:2175:gst_base_src_do_sync:<udpsrc1> created PTS 0:00:00.617152279
0:00:01.733758818  6740 0000000003E61280 LOG                 GST_PADS gstpad.c:4520:gst_pad_push_event_unchecked:<rtpptdemux0:src_96> sent event 0000000003E06F00 to peerpad 0000000003048C10, ret ok
0:00:01.733804230  6740 0000000002F77A80 DEBUG                basesrc gstbasesrc.c:2213:gst_base_src_do_sync:<udpsrc1> no sync needed
0:00:01.733851241  6740 0000000003E61280 DEBUG               GST_PADS gstpad.c:3293:push_sticky:<rtpptdemux0:src_96> event segment marked received
0:00:01.733895693  6740 0000000002F77A80 DEBUG                basesrc gstbasesrc.c:2414:gst_base_src_get_range:<udpsrc1> buffer ok
0:00:01.733940785  6740 0000000003E61280 LOG                 GST_PADS gstpad.c:4513:gst_pad_push_event_unchecked:<rtpptdemux0:src_96> sending event 0000000003E62900 (caps) to peerpad 0000000003048C10
0:00:01.733986517  6740 0000000002F77A80 LOG           GST_SCHEDULING gstpad.c:3653:gst_pad_chain_data_unchecked:<rtpbin0:recv_rtp_sink_0> calling chainfunction &gst_proxy_pad_chain_default with buffer 0000000003E67A20
0:00:01.734031609  6740 0000000003E61280 DEBUG              GST_EVENT gstpad.c:4771:gst_pad_send_event_unchecked:<recv_rtp_src_0_2962550724_96:proxypad3> have event type 0000000003E62900
0:00:01.734079259  6740 0000000002F77A80 LOG           GST_SCHEDULING gstpad.c:3653:gst_pad_chain_data_unchecked:<rtpsession0:recv_rtp_sink> calling chainfunction &000000007049E190 with buffer 0000000003E67A20
0:00:01.734125310  6740 0000000003E61280 DEBUG               GST_CAPS gstutils.c:2845:gst_pad_query_accept_caps:<recv_rtp_src_0_2962550724_96:proxypad3> accept caps of 0000000003E1CC80
0:00:01.734170083  6740 0000000002F77A80 LOG               rtpsession gstrtpsession.c:1505:gst_rtp_session_chain_recv_rtp:<rtpsession0> received RTP packet
0:00:01.734218373  6740 0000000003E61280 DEBUG                  query gstquery.c:679:gst_query_new_custom: creating new query 0000000003E1CF50 accept-caps
0:00:01.734260586  6740 0000000002F77A80 DEBUG              GST_CLOCK gstclock.c:922:gst_clock_get_internal_time:<GstSystemClock> internal time 0:00:00.618070108
0:00:01.734306958  6740 0000000003E61280 DEBUG               GST_PADS gstpad.c:3402:gst_pad_query:<recv_rtp_src_0_2962550724_96:proxypad3> doing query 0000000003E1CF50 (accept-caps)
0:00:01.734352049  6740 0000000002F77A80 DEBUG              GST_CLOCK gstclock.c:967:gst_clock_get_time:<GstSystemClock> adjusted time 0:00:00.618070108
0:00:01.734443513  6740 0000000002F77A80 LOG               GST_BUFFER gstbuffer.c:1410:gst_buffer_map_range: buffer 0000000003E67A20, idx 0, length 1, flags 0001
0:00:01.734487325  6740 0000000002F77A80 LOG               GST_BUFFER gstbuffer.c:207:_get_merged_memory: buffer 0000000003E67A20, idx 0, length 1
0:00:01.734398421  6740 0000000003E61280 DEBUG               GST_PADS gstpad.c:2795:gst_pad_query_accept_caps_default:<recv_rtp_src_0_2962550724_96:proxypad3> query accept-caps 0000000003E1CF50
0:00:01.734542331  6740 0000000002F77A80 LOG               GST_BUFFER gstbuffer.c:1410:gst_buffer_map_range: buffer 0000000003E67A20, idx 0, length 1, flags 0001
0:00:01.734635073  6740 0000000002F77A80 LOG               GST_BUFFER gstbuffer.c:207:_get_merged_memory: buffer 0000000003E67A20, idx 0, length 1
0:00:01.734588702  6740 0000000003E61280 DEBUG               GST_PADS gstutils.c:2458:gst_pad_proxy_query_accept_caps:<recv_rtp_src_0_2962550724_96:proxypad3> proxying accept caps query for recv_rtp_src_0_2962550724_96:proxypad3
0:00:01.734680485  6740 0000000002F77A80 LOG               GST_BUFFER gstbuffer.c:1410:gst_buffer_map_range: buffer 0000000003E67A20, idx 0, length 1, flags 0001
0:00:01.734770989  6740 0000000002F77A80 LOG               GST_BUFFER gstbuffer.c:207:_get_merged_memory: buffer 0000000003E67A20, idx 0, length 1
0:00:01.734813842  6740 0000000002F77A80 LOG                rtpsource rtpsource.c:1155:rtp_source_process_rtp: seq 65142, PC: 39, OC: 50592
0:00:01.734857015  6740 0000000002F77A80 LOG               GST_BUFFER gstbuffer.c:1410:gst_buffer_map_range: buffer 0000000003E67A20, idx 0, length 1, flags 0001
0:00:01.734900828  6740 0000000002F77A80 LOG               GST_BUFFER gstbuffer.c:207:_get_merged_memory: buffer 0000000003E67A20, idx 0, length 1
0:00:01.734943682  6740 0000000002F77A80 LOG                rtpsource rtpsource.c:941:calculate_jitter: SSRC b094efc4 got payload 96
0:00:01.734986535  6740 0000000002F77A80 LOG                rtpsource rtpsource.c:976:calculate_jitter: rtparrival 55543, rtptime 2932234080, clock-rate 90000, diff 269, jitter: 456.500000
0:00:01.735032267  6740 0000000002F77A80 LOG                rtpsource rtpsource.c:878:push_packet: pushing new packet
0:00:01.735073841  6740 0000000002F77A80 LOG               rtpsession rtpsession.c:1175:source_push_rtp: source b094efc4 pushed receiver RTP packet
0:00:01.735117973  6740 0000000002F77A80 LOG               rtpsession gstrtpsession.c:1035:gst_rtp_session_process_rtp:<rtpsession0> pushing received RTP packet
0:00:01.735162745  6740 0000000002F77A80 LOG           GST_SCHEDULING gstpad.c:3653:gst_pad_chain_data_unchecked:<rtpssrcdemux0:sink> calling chainfunction &000000007048EF60 with buffer 0000000003E67A20
0:00:01.735206238  6740 0000000002F77A80 LOG               GST_BUFFER gstbuffer.c:1410:gst_buffer_map_range: buffer 0000000003E67A20, idx 0, length 1, flags 0001
0:00:01.735249731  6740 0000000002F77A80 LOG               GST_BUFFER gstbuffer.c:207:_get_merged_memory: buffer 0000000003E67A20, idx 0, length 1
0:00:01.735294184  6740 0000000002F77A80 DEBUG           rtpssrcdemux gstrtpssrcdemux.c:638:gst_rtp_ssrc_demux_chain:<rtpssrcdemux0> received buffer of SSRC b094efc4
0:00:01.735337037  6740 0000000002F77A80 DEBUG           rtpssrcdemux gstrtpssrcdemux.c:230:find_or_create_demux_pad_for_ssrc:<rtpssrcdemux0> creating pad for SSRC b094efc4
0:00:01.735381170  6740 0000000002F77A80 LOG           GST_SCHEDULING gstpad.c:3653:gst_pad_chain_data_unchecked:<rtpjitterbuffer0:sink> calling chainfunction &gst_rtp_jitter_buffer_chain with buffer 0000000003E67A20
0:00:01.735424343  6740 0000000002F77A80 LOG               GST_BUFFER gstbuffer.c:1410:gst_buffer_map_range: buffer 0000000003E67A20, idx 0, length 1, flags 0001
0:00:01.735467516  6740 0000000002F77A80 LOG               GST_BUFFER gstbuffer.c:207:_get_merged_memory: buffer 0000000003E67A20, idx 0, length 1
0:00:01.735511968  6740 0000000002F77A80 DEBUG     gstrtpjitterbuffer gstrtpjitterbuffer.c:1278:gst_rtp_jitter_buffer_chain:<rtpjitterbuffer0> Received packet #65142 at time 0:00:00.617152279
0:00:01.735567614  6740 0000000002F77A80 LOG               GST_BUFFER gstbuffer.c:1410:gst_buffer_map_range: buffer 0000000003E67A20, idx 0, length 1, flags 0001
0:00:01.735613665  6740 0000000002F77A80 LOG               GST_BUFFER gstbuffer.c:207:_get_merged_memory: buffer 0000000003E67A20, idx 0, length 1
0:00:01.735657158  6740 0000000002F77A80 LOG               GST_BUFFER gstbuffer.c:1410:gst_buffer_map_range: buffer 0000000003E67910, idx 0, length 1, flags 0001
0:00:01.735699372  6740 0000000002F77A80 LOG               GST_BUFFER gstbuffer.c:207:_get_merged_memory: buffer 0000000003E67910, idx 0, length 1
0:00:01.735742225  6740 0000000002F77A80 DEBUG        rtpjitterbuffer rtpjitterbuffer.c:428:calculate_skew: extrtp 2932234080, gstrtp 9:03:00.378666666, base 9:03:00.278466666, send_diff 0:00:00.100200000
0:00:01.735789556  6740 0000000002F77A80 DEBUG        rtpjitterbuffer rtpjitterbuffer.c:451:calculate_skew: time 0:00:00.617152279, base 0:00:00.441604788, recv_diff 0:00:00.175547491, slope 4
0:00:01.735835287  6740 0000000002F77A80 DEBUG        rtpjitterbuffer rtpjitterbuffer.c:468:calculate_skew: filling 39, delta 75347491
0:00:01.735877821  6740 0000000002F77A80 DEBUG        rtpjitterbuffer rtpjitterbuffer.c:561:calculate_skew: backwards timestamps, using previous time
0:00:01.735919075  6740 0000000002F77A80 DEBUG        rtpjitterbuffer rtpjitterbuffer.c:583:calculate_skew: skew 0, out 0:00:00.541804788
0:00:01.735964487  6740 0000000002F77A80 DEBUG     gstrtpjitterbuffer gstrtpjitterbuffer.c:1405:gst_rtp_jitter_buffer_chain:<rtpjitterbuffer0> Pushed packet #65142, now 39 packets, tail: 0
0:00:01.736007980  6740 0000000002F77A80 LOG           GST_SCHEDULING gstpad.c:3659:gst_pad_chain_data_unchecked:<rtpjitterbuffer0:sink> called chainfunction &gst_rtp_jitter_buffer_chain with buffer 0000000003E67A20, returned ok
0:00:01.736054031  6740 0000000002F77A80 LOG           GST_SCHEDULING gstpad.c:3659:gst_pad_chain_data_unchecked:<rtpssrcdemux0:sink> called chainfunction &000000007048EF60 with buffer 0000000003E67A20, returned ok
0:00:01.736099123  6740 0000000002F77A80 LOG           GST_SCHEDULING gstpad.c:3659:gst_pad_chain_data_unchecked:<rtpsession0:recv_rtp_sink> called chainfunction &000000007049E190 with buffer 0000000003E67A20, returned ok
0:00:01.736144855  6740 0000000002F77A80 LOG           GST_SCHEDULING gstpad.c:3659:gst_pad_chain_data_unchecked:<rtpbin0:recv_rtp_sink_0> called chainfunction &gst_proxy_pad_chain_default with buffer 0000000003E67A20, returned ok
0:00:01.736189307  6740 0000000002F77A80 LOG                  basesrc gstbasesrc.c:2614:gst_base_src_loop:<udpsrc1> next_ts 99:99:99.999999999 size 4096
0:00:01.736233440  6740 0000000002F77A80 DEBUG                basesrc gstbasesrc.c:2351:gst_base_src_get_range:<udpsrc1> calling create offset 18446744073709551615 length 4096, time 0
0:00:01.736279491  6740 0000000002F77A80 LOG                   udpsrc gstudpsrc.c:451:gst_udpsrc_create:<udpsrc1> ioctl says 20687 bytes available
0:00:01.736327781  6740 0000000002F77A80 DEBUG             GST_MEMORY gstmemory.c:133:gst_memory_init: new memory 0000000003FFDFD0, maxsize:20694 offset:0 size:20687
0:00:01.736372233  6740 0000000002F77A80 LOG               GST_BUFFER gstbuffer.c:581:gst_buffer_new: new 0000000003E67B30
0:00:01.736413168  6740 0000000002F77A80 LOG               GST_BUFFER gstbuffer.c:297:_memory_add: buffer 0000000003E67B30, idx -1, mem 0000000003FFDFD0, lock 1
0:00:01.736456341  6740 0000000002F77A80 LOG               GST_BUFFER gstbuffer.c:635:gst_buffer_new_allocate: new buffer 0000000003E67B30 of size 20687 from allocator 0000000000000000
0:00:01.736499194  6740 0000000002F77A80 LOG               GST_BUFFER gstbuffer.c:1410:gst_buffer_map_range: buffer 0000000003E67B30, idx 0, length -1, flags 0002
0:00:01.736543967  6740 0000000002F77A80 LOG               GST_BUFFER gstbuffer.c:207:_get_merged_memory: buffer 0000000003E67B30, idx 0, length 1
0:00:01.736598333  6740 0000000002F77A80 LOG               GST_BUFFER gstbuffer.c:1279:gst_buffer_resize_range: trim 0000000003E67B30 0-1400 size:20687 offs:0 max:20694
0:00:01.736644704  6740 0000000002F77A80 DEBUG             GST_BUFFER gstbuffer.c:1853:gst_buffer_add_meta: alloc metadata 0000000003E681E8 (GstNetAddressMeta) of size 24
0:00:01.736691075  6740 0000000002F77A80 LOG                   udpsrc gstudpsrc.c:502:gst_udpsrc_create:<udpsrc1> read 20687 bytes
0:00:01.736734568  6740 0000000002F77A80 DEBUG              GST_CLOCK gstclock.c:922:gst_clock_get_internal_time:<GstSystemClock> internal time 0:00:00.620544090
0:00:01.736779340  6740 0000000002F77A80 DEBUG              GST_CLOCK gstclock.c:967:gst_clock_get_time:<GstSystemClock> adjusted time 0:00:00.620544090
0:00:01.736822513  6740 0000000002F77A80 LOG                  basesrc gstbasesrc.c:2165:gst_base_src_do_sync:<udpsrc1> created DTS 0:00:00.620449749
0:00:01.736866326  6740 0000000002F77A80 LOG                  basesrc gstbasesrc.c:2175:gst_base_src_do_sync:<udpsrc1> created PTS 0:00:00.620449749
0:00:01.736909180  6740 0000000002F77A80 DEBUG                basesrc gstbasesrc.c:2213:gst_base_src_do_sync:<udpsrc1> no sync needed
0:00:01.736952033  6740 0000000002F77A80 DEBUG                basesrc gstbasesrc.c:2414:gst_base_src_get_range:<udpsrc1> buffer ok
0:00:01.736994886  6740 0000000002F77A80 LOG           GST_SCHEDULING gstpad.c:3653:gst_pad_chain_data_unchecked:<rtpbin0:recv_rtp_sink_0> calling chainfunction &gst_proxy_pad_chain_default with buffer 0000000003E67B30
0:00:01.737040618  6740 0000000002F77A80 LOG           GST_SCHEDULING gstpad.c:3653:gst_pad_chain_data_unchecked:<rtpsession0:recv_rtp_sink> calling chainfunction &000000007049E190 with buffer 0000000003E67B30
0:00:01.737084431  6740 0000000002F77A80 LOG               rtpsession gstrtpsession.c:1505:gst_rtp_session_chain_recv_rtp:<rtpsession0> received RTP packet
0:00:01.737126964  6740 0000000002F77A80 DEBUG              GST_CLOCK gstclock.c:922:gst_clock_get_internal_time:<GstSystemClock> internal time 0:00:00.620936486
0:00:01.737171097  6740 0000000002F77A80 DEBUG              GST_CLOCK gstclock.c:967:gst_clock_get_time:<GstSystemClock> adjusted time 0:00:00.620936486
0:00:01.737213310  6740 0000000002F77A80 LOG               GST_BUFFER gstbuffer.c:1410:gst_buffer_map_range: buffer 0000000003E67B30, idx 0, length 1, flags 0001
0:00:01.737256484  6740 0000000002F77A80 LOG               GST_BUFFER gstbuffer.c:207:_get_merged_memory: buffer 0000000003E67B30, idx 0, length 1
0:00:01.737299657  6740 0000000002F77A80 LOG               GST_BUFFER gstbuffer.c:1410:gst_buffer_map_range: buffer 0000000003E67B30, idx 0, length 1, flags 0001
0:00:01.737342510  6740 0000000002F77A80 LOG               GST_BUFFER gstbuffer.c:207:_get_merged_memory: buffer 0000000003E67B30, idx 0, length 1
0:00:01.737386323  6740 0000000002F77A80 LOG               GST_BUFFER gstbuffer.c:1410:gst_buffer_map_range: buffer 0000000003E67B30, idx 0, length 1, flags 0001
0:00:01.737430136  6740 0000000002F77A80 LOG               GST_BUFFER gstbuffer.c:207:_get_merged_memory: buffer 0000000003E67B30, idx 0, length 1
0:00:01.737472989  6740 0000000002F77A80 LOG                rtpsource rtpsource.c:1155:rtp_source_process_rtp: seq 65143, PC: 40, OC: 51980
0:00:01.737515203  6740 0000000002F77A80 LOG               GST_BUFFER gstbuffer.c:1410:gst_buffer_map_range: buffer 0000000003E67B30, idx 0, length 1, flags 0001
0:00:01.737559335  6740 0000000002F77A80 LOG               GST_BUFFER gstbuffer.c:207:_get_merged_memory: buffer 0000000003E67B30, idx 0, length 1
0:00:01.737601869  6740 0000000002F77A80 LOG                rtpsource rtpsource.c:941:calculate_jitter: SSRC b094efc4 got payload 96
0:00:01.737643443  6740 0000000002F77A80 LOG                rtpsource rtpsource.c:976:calculate_jitter: rtparrival 55840, rtptime 2932234080, clock-rate 90000, diff 297, jitter: 446.500000
0:00:01.737688535  6740 0000000002F77A80 LOG                rtpsource rtpsource.c:878:push_packet: pushing new packet
0:00:01.737728830  6740 0000000002F77A80 LOG               rtpsession rtpsession.c:1175:source_push_rtp: source b094efc4 pushed receiver RTP packet
0:00:01.737771363  6740 0000000002F77A80 LOG               rtpsession gstrtpsession.c:1035:gst_rtp_session_process_rtp:<rtpsession0> pushing received RTP packet
0:00:01.737817415  6740 0000000002F77A80 LOG           GST_SCHEDULING gstpad.c:3653:gst_pad_chain_data_unchecked:<rtpssrcdemux0:sink> calling chainfunction &000000007048EF60 with buffer 0000000003E67B30
0:00:01.737859948  6740 0000000002F77A80 LOG               GST_BUFFER gstbuffer.c:1410:gst_buffer_map_range: buffer 0000000003E67B30, idx 0, length 1, flags 0001
0:00:01.737903122  6740 0000000002F77A80 LOG               GST_BUFFER gstbuffer.c:207:_get_merged_memory: buffer 0000000003E67B30, idx 0, length 1
0:00:01.737946934  6740 0000000002F77A80 DEBUG           rtpssrcdemux gstrtpssrcdemux.c:638:gst_rtp_ssrc_demux_chain:<rtpssrcdemux0> received buffer of SSRC b094efc4
0:00:01.737989468  6740 0000000002F77A80 DEBUG           rtpssrcdemux gstrtpssrcdemux.c:230:find_or_create_demux_pad_for_ssrc:<rtpssrcdemux0> creating pad for SSRC b094efc4
0:00:01.738033281  6740 0000000002F77A80 LOG           GST_SCHEDULING gstpad.c:3653:gst_pad_chain_data_unchecked:<rtpjitterbuffer0:sink> calling chainfunction &gst_rtp_jitter_buffer_chain with buffer 0000000003E67B30
0:00:01.738076134  6740 0000000002F77A80 LOG               GST_BUFFER gstbuffer.c:1410:gst_buffer_map_range: buffer 0000000003E67B30, idx 0, length 1, flags 0001
0:00:01.738118668  6740 0000000002F77A80 LOG               GST_BUFFER gstbuffer.c:207:_get_merged_memory: buffer 0000000003E67B30, idx 0, length 1
0:00:01.738163120  6740 0000000002F77A80 DEBUG     gstrtpjitterbuffer gstrtpjitterbuffer.c:1278:gst_rtp_jitter_buffer_chain:<rtpjitterbuffer0> Received packet #65143 at time 0:00:00.620449749
0:00:01.738206613  6740 0000000002F77A80 LOG               GST_BUFFER gstbuffer.c:1410:gst_buffer_map_range: buffer 0000000003E67B30, idx 0, length 1, flags 0001
0:00:01.734727176  6740 0000000003E61280 LOG                 GST_PADS gstpad.c:2673:gst_pad_forward:<recv_rtp_src_0_2962550724_96:proxypad3> calling forward function on pad rtpbin0:recv_rtp_src_0_2962550724_96
0:00:01.738248507  6740 0000000002F77A80 LOG               GST_BUFFER gstbuffer.c:207:_get_merged_memory: buffer 0000000003E67B30, idx 0, length 1
0:00:01.738340610  6740 0000000002F77A80 LOG               GST_BUFFER gstbuffer.c:1410:gst_buffer_map_range: buffer 0000000003E67A20, idx 0, length 1, flags 0001
0:00:01.738384102  6740 0000000002F77A80 LOG               GST_BUFFER gstbuffer.c:207:_get_merged_memory: buffer 0000000003E67A20, idx 0, length 1
0:00:01.738427595  6740 0000000002F77A80 DEBUG        rtpjitterbuffer rtpjitterbuffer.c:428:calculate_skew: extrtp 2932234080, gstrtp 9:03:00.378666666, base 9:03:00.278466666, send_diff 0:00:00.100200000
0:00:01.738474286  6740 0000000002F77A80 DEBUG        rtpjitterbuffer rtpjitterbuffer.c:451:calculate_skew: time 0:00:00.620449749, base 0:00:00.441604788, recv_diff 0:00:00.178844961, slope 4
0:00:01.738520018  6740 0000000002F77A80 DEBUG        rtpjitterbuffer rtpjitterbuffer.c:468:calculate_skew: filling 40, delta 78644961
0:00:01.738566069  6740 0000000002F77A80 DEBUG        rtpjitterbuffer rtpjitterbuffer.c:561:calculate_skew: backwards timestamps, using previous time
0:00:01.738608923  6740 0000000002F77A80 DEBUG        rtpjitterbuffer rtpjitterbuffer.c:583:calculate_skew: skew 0, out 0:00:00.541804788
0:00:01.738654654  6740 0000000002F77A80 DEBUG     gstrtpjitterbuffer gstrtpjitterbuffer.c:1405:gst_rtp_jitter_buffer_chain:<rtpjitterbuffer0> Pushed packet #65143, now 40 packets, tail: 0
0:00:01.738699107  6740 0000000002F77A80 LOG           GST_SCHEDULING gstpad.c:3659:gst_pad_chain_data_unchecked:<rtpjitterbuffer0:sink> called chainfunction &gst_rtp_jitter_buffer_chain with buffer 0000000003E67B30, returned ok
0:00:01.738744518  6740 0000000002F77A80 LOG           GST_SCHEDULING gstpad.c:3659:gst_pad_chain_data_unchecked:<rtpssrcdemux0:sink> called chainfunction &000000007048EF60 with buffer 0000000003E67B30, returned ok
0:00:01.738790250  6740 0000000002F77A80 LOG           GST_SCHEDULING gstpad.c:3659:gst_pad_chain_data_unchecked:<rtpsession0:recv_rtp_sink> called chainfunction &000000007049E190 with buffer 0000000003E67B30, returned ok
0:00:01.738836941  6740 0000000002F77A80 LOG           GST_SCHEDULING gstpad.c:3659:gst_pad_chain_data_unchecked:<rtpbin0:recv_rtp_sink_0> called chainfunction &gst_proxy_pad_chain_default with buffer 0000000003E67B30, returned ok
0:00:01.738882673  6740 0000000002F77A80 LOG                  basesrc gstbasesrc.c:2614:gst_base_src_loop:<udpsrc1> next_ts 99:99:99.999999999 size 4096
0:00:01.738926805  6740 0000000002F77A80 DEBUG                basesrc gstbasesrc.c:2351:gst_base_src_get_range:<udpsrc1> calling create offset 18446744073709551615 length 4096, time 0
0:00:01.738973496  6740 0000000002F77A80 LOG                   udpsrc gstudpsrc.c:451:gst_udpsrc_create:<udpsrc1> ioctl says 19287 bytes available
0:00:01.739019867  6740 0000000002F77A80 DEBUG             GST_MEMORY gstmemory.c:133:gst_memory_init: new memory 0000000004003140, maxsize:19294 offset:0 size:19287
0:00:01.739063680  6740 0000000002F77A80 LOG               GST_BUFFER gstbuffer.c:581:gst_buffer_new: new 0000000003E67C40
0:00:01.739105254  6740 0000000002F77A80 LOG               GST_BUFFER gstbuffer.c:297:_memory_add: buffer 0000000003E67C40, idx -1, mem 0000000004003140, lock 1
0:00:01.739148427  6740 0000000002F77A80 LOG               GST_BUFFER gstbuffer.c:635:gst_buffer_new_allocate: new buffer 0000000003E67C40 of size 19287 from allocator 0000000000000000
0:00:01.739191600  6740 0000000002F77A80 LOG               GST_BUFFER gstbuffer.c:1410:gst_buffer_map_range: buffer 0000000003E67C40, idx 0, length -1, flags 0002
0:00:01.739234454  6740 0000000002F77A80 LOG               GST_BUFFER gstbuffer.c:207:_get_merged_memory: buffer 0000000003E67C40, idx 0, length 1
0:00:01.739288820  6740 0000000002F77A80 LOG               GST_BUFFER gstbuffer.c:1279:gst_buffer_resize_range: trim 0000000003E67C40 0-1400 size:19287 offs:0 max:19294
0:00:01.739334552  6740 0000000002F77A80 DEBUG             GST_BUFFER gstbuffer.c:1853:gst_buffer_add_meta: alloc metadata 0000000003E68218 (GstNetAddressMeta) of size 24
0:00:01.739379324  6740 0000000002F77A80 LOG                   udpsrc gstudpsrc.c:502:gst_udpsrc_create:<udpsrc1> read 19287 bytes
0:00:01.739422817  6740 0000000002F77A80 DEBUG              GST_CLOCK gstclock.c:922:gst_clock_get_internal_time:<GstSystemClock> internal time 0:00:00.623232339
0:00:01.739467269  6740 0000000002F77A80 DEBUG              GST_CLOCK gstclock.c:967:gst_clock_get_time:<GstSystemClock> adjusted time 0:00:00.623232339
0:00:01.739509803  6740 0000000002F77A80 LOG                  basesrc gstbasesrc.c:2165:gst_base_src_do_sync:<udpsrc1> created DTS 0:00:00.623137998
0:00:01.739555214  6740 0000000002F77A80 LOG                  basesrc gstbasesrc.c:2175:gst_base_src_do_sync:<udpsrc1> created PTS 0:00:00.623137998
0:00:01.739599027  6740 0000000002F77A80 DEBUG                basesrc gstbasesrc.c:2213:gst_base_src_do_sync:<udpsrc1> no sync needed
0:00:01.739640601  6740 0000000002F77A80 DEBUG                basesrc gstbasesrc.c:2414:gst_base_src_get_range:<udpsrc1> buffer ok
0:00:01.739684414  6740 0000000002F77A80 LOG           GST_SCHEDULING gstpad.c:3653:gst_pad_chain_data_unchecked:<rtpbin0:recv_rtp_sink_0> calling chainfunction &gst_proxy_pad_chain_default with buffer 0000000003E67C40
0:00:01.739729186  6740 0000000002F77A80 LOG           GST_SCHEDULING gstpad.c:3653:gst_pad_chain_data_unchecked:<rtpsession0:recv_rtp_sink> calling chainfunction &000000007049E190 with buffer 0000000003E67C40
0:00:01.739773319  6740 0000000002F77A80 LOG               rtpsession gstrtpsession.c:1505:gst_rtp_session_chain_recv_rtp:<rtpsession0> received RTP packet
0:00:01.739815852  6740 0000000002F77A80 DEBUG              GST_CLOCK gstclock.c:922:gst_clock_get_internal_time:<GstSystemClock> internal time 0:00:00.623625374
0:00:01.739859985  6740 0000000002F77A80 DEBUG              GST_CLOCK gstclock.c:967:gst_clock_get_time:<GstSystemClock> adjusted time 0:00:00.623625374
0:00:01.739902199  6740 0000000002F77A80 LOG               GST_BUFFER gstbuffer.c:1410:gst_buffer_map_range: buffer 0000000003E67C40, idx 0, length 1, flags 0001
0:00:01.739946971  6740 0000000002F77A80 LOG               GST_BUFFER gstbuffer.c:207:_get_merged_memory: buffer 0000000003E67C40, idx 0, length 1
0:00:01.739991743  6740 0000000002F77A80 LOG               GST_BUFFER gstbuffer.c:1410:gst_buffer_map_range: buffer 0000000003E67C40, idx 0, length 1, flags 0001
0:00:01.740033957  6740 0000000002F77A80 LOG               GST_BUFFER gstbuffer.c:207:_get_merged_memory: buffer 0000000003E67C40, idx 0, length 1
0:00:01.740078409  6740 0000000002F77A80 LOG               GST_BUFFER gstbuffer.c:1410:gst_buffer_map_range: buffer 0000000003E67C40, idx 0, length 1, flags 0001
0:00:01.740121902  6740 0000000002F77A80 LOG               GST_BUFFER gstbuffer.c:207:_get_merged_memory: buffer 0000000003E67C40, idx 0, length 1
0:00:01.740164755  6740 0000000002F77A80 LOG                rtpsource rtpsource.c:1155:rtp_source_process_rtp: seq 65144, PC: 41, OC: 53368
0:00:01.740206649  6740 0000000002F77A80 LOG               GST_BUFFER gstbuffer.c:1410:gst_buffer_map_range: buffer 0000000003E67C40, idx 0, length 1, flags 0001
0:00:01.740249183  6740 0000000002F77A80 LOG               GST_BUFFER gstbuffer.c:207:_get_merged_memory: buffer 0000000003E67C40, idx 0, length 1
0:00:01.740290757  6740 0000000002F77A80 LOG                rtpsource rtpsource.c:941:calculate_jitter: SSRC b094efc4 got payload 96
0:00:01.740333610  6740 0000000002F77A80 LOG                rtpsource rtpsource.c:976:calculate_jitter: rtparrival 56082, rtptime 2932234080, clock-rate 90000, diff 242, jitter: 433.687500
0:00:01.740379022  6740 0000000002F77A80 LOG                rtpsource rtpsource.c:878:push_packet: pushing new packet
0:00:01.740418997  6740 0000000002F77A80 LOG               rtpsession rtpsession.c:1175:source_push_rtp: source b094efc4 pushed receiver RTP packet
0:00:01.740462810  6740 0000000002F77A80 LOG               rtpsession gstrtpsession.c:1035:gst_rtp_session_process_rtp:<rtpsession0> pushing received RTP packet
0:00:01.740505663  6740 0000000002F77A80 LOG           GST_SCHEDULING gstpad.c:3653:gst_pad_chain_data_unchecked:<rtpssrcdemux0:sink> calling chainfunction &000000007048EF60 with buffer 0000000003E67C40
0:00:01.740574101  6740 0000000002F77A80 LOG               GST_BUFFER gstbuffer.c:1410:gst_buffer_map_range: buffer 0000000003E67C40, idx 0, length 1, flags 0001
0:00:01.740657569  6740 0000000002F77A80 LOG               GST_BUFFER gstbuffer.c:207:_get_merged_memory: buffer 0000000003E67C40, idx 0, length 1
0:00:01.740851049  6740 0000000002F77A80 DEBUG           rtpssrcdemux gstrtpssrcdemux.c:638:gst_rtp_ssrc_demux_chain:<rtpssrcdemux0> received buffer of SSRC b094efc4
0:00:01.740893902  6740 0000000002F77A80 DEBUG           rtpssrcdemux gstrtpssrcdemux.c:230:find_or_create_demux_pad_for_ssrc:<rtpssrcdemux0> creating pad for SSRC b094efc4
0:00:01.740929720  6740 0000000002F77A80 LOG           GST_SCHEDULING gstpad.c:3653:gst_pad_chain_data_unchecked:<rtpjitterbuffer0:sink> calling chainfunction &gst_rtp_jitter_buffer_chain with buffer 0000000003E67C40
0:00:01.740988563  6740 0000000002F77A80 LOG               GST_BUFFER gstbuffer.c:1410:gst_buffer_map_range: buffer 0000000003E67C40, idx 0, length 1, flags 0001
0:00:01.741033016  6740 0000000002F77A80 LOG               GST_BUFFER gstbuffer.c:207:_get_merged_memory: buffer 0000000003E67C40, idx 0, length 1
0:00:01.741072671  6740 0000000002F77A80 DEBUG     gstrtpjitterbuffer gstrtpjitterbuffer.c:1278:gst_rtp_jitter_buffer_chain:<rtpjitterbuffer0> Received packet #65144 at time 0:00:00.623137998
0:00:01.741107849  6740 0000000002F77A80 LOG               GST_BUFFER gstbuffer.c:1410:gst_buffer_map_range: buffer 0000000003E67C40, idx 0, length 1, flags 0001
0:00:01.741140149  6740 0000000002F77A80 LOG               GST_BUFFER gstbuffer.c:207:_get_merged_memory: buffer 0000000003E67C40, idx 0, length 1
0:00:01.741178205  6740 0000000002F77A80 LOG               GST_BUFFER gstbuffer.c:1410:gst_buffer_map_range: buffer 0000000003E67B30, idx 0, length 1, flags 0001
0:00:01.741222018  6740 0000000002F77A80 LOG               GST_BUFFER gstbuffer.c:207:_get_merged_memory: buffer 0000000003E67B30, idx 0, length 1
0:00:01.741260714  6740 0000000002F77A80 DEBUG        rtpjitterbuffer rtpjitterbuffer.c:428:calculate_skew: extrtp 2932234080, gstrtp 9:03:00.378666666, base 9:03:00.278466666, send_diff 0:00:00.100200000
0:00:01.741308045  6740 0000000002F77A80 DEBUG        rtpjitterbuffer rtpjitterbuffer.c:451:calculate_skew: time 0:00:00.623137998, base 0:00:00.441604788, recv_diff 0:00:00.181533210, slope 4
0:00:01.741363050  6740 0000000002F77A80 DEBUG        rtpjitterbuffer rtpjitterbuffer.c:468:calculate_skew: filling 41, delta 81333210
0:00:01.741396629  6740 0000000002F77A80 DEBUG        rtpjitterbuffer rtpjitterbuffer.c:561:calculate_skew: backwards timestamps, using previous time
0:00:01.741427970  6740 0000000002F77A80 DEBUG        rtpjitterbuffer rtpjitterbuffer.c:583:calculate_skew: skew 0, out 0:00:00.541804788
0:00:01.741472742  6740 0000000002F77A80 DEBUG     gstrtpjitterbuffer gstrtpjitterbuffer.c:1405:gst_rtp_jitter_buffer_chain:<rtpjitterbuffer0> Pushed packet #65144, now 41 packets, tail: 0
0:00:01.741508240  6740 0000000002F77A80 LOG           GST_SCHEDULING gstpad.c:3659:gst_pad_chain_data_unchecked:<rtpjitterbuffer0:sink> called chainfunction &gst_rtp_jitter_buffer_chain with buffer 0000000003E67C40, returned ok
0:00:01.741568682  6740 0000000002F77A80 LOG           GST_SCHEDULING gstpad.c:3659:gst_pad_chain_data_unchecked:<rtpssrcdemux0:sink> called chainfunction &000000007048EF60 with buffer 0000000003E67C40, returned ok
0:00:01.741606419  6740 0000000002F77A80 LOG           GST_SCHEDULING gstpad.c:3659:gst_pad_chain_data_unchecked:<rtpsession0:recv_rtp_sink> called chainfunction &000000007049E190 with buffer 0000000003E67C40, returned ok
0:00:01.738296797  6740 0000000003E61280 DEBUG               GST_PADS gstpad.c:3527:gst_pad_peer_query:<rtpbin0:recv_rtp_src_0_2962550724_96> peer query 0000000003E1CF50 (accept-caps)
0:00:01.741641597  6740 0000000002F77A80 LOG           GST_SCHEDULING gstpad.c:3659:gst_pad_chain_data_unchecked:<rtpbin0:recv_rtp_sink_0> called chainfunction &gst_proxy_pad_chain_default with buffer 0000000003E67C40, returned ok
0:00:01.741691166  6740 0000000003E61280 DEBUG               GST_PADS gstpad.c:3402:gst_pad_query:<recv_rtp_src_0_2962550724_96:proxypad4> doing query 0000000003E1CF50 (accept-caps)
0:00:01.741739776  6740 0000000002F77A80 LOG                  basesrc gstbasesrc.c:2614:gst_base_src_loop:<udpsrc1> next_ts 99:99:99.999999999 size 4096
0:00:01.741783269  6740 0000000003E61280 DEBUG               GST_PADS gstpad.c:2795:gst_pad_query_accept_caps_default:<recv_rtp_src_0_2962550724_96:proxypad4> query accept-caps 0000000003E1CF50
0:00:01.741829001  6740 0000000002F77A80 DEBUG                basesrc gstbasesrc.c:2351:gst_base_src_get_range:<udpsrc1> calling create offset 18446744073709551615 length 4096, time 0
0:00:01.741887524  6740 0000000003E61280 DEBUG               GST_PADS gstutils.c:2458:gst_pad_proxy_query_accept_caps:<recv_rtp_src_0_2962550724_96:proxypad4> proxying accept caps query for recv_rtp_src_0_2962550724_96:proxypad4
0:00:01.741935494  6740 0000000002F77A80 LOG                   udpsrc gstudpsrc.c:451:gst_udpsrc_create:<udpsrc1> ioctl says 17887 bytes available
0:00:01.741985703  6740 0000000003E61280 LOG                 GST_PADS gstpad.c:2673:gst_pad_forward:<recv_rtp_src_0_2962550724_96:proxypad4> calling forward function on pad rtspsrc0:recv_rtp_src_0_2962550724_96
0:00:01.742041668  6740 0000000002F77A80 DEBUG             GST_MEMORY gstmemory.c:133:gst_memory_init: new memory 0000000004007D40, maxsize:17894 offset:0 size:17887
0:00:01.742145284  6740 0000000002F77A80 LOG               GST_BUFFER gstbuffer.c:581:gst_buffer_new: new 0000000003E67D50
0:00:01.742194214  6740 0000000002F77A80 LOG               GST_BUFFER gstbuffer.c:297:_memory_add: buffer 0000000003E67D50, idx -1, mem 0000000004007D40, lock 1
0:00:01.742252737  6740 0000000002F77A80 LOG               GST_BUFFER gstbuffer.c:635:gst_buffer_new_allocate: new buffer 0000000003E67D50 of size 17887 from allocator 0000000000000000
0:00:01.742304545  6740 0000000002F77A80 LOG               GST_BUFFER gstbuffer.c:1410:gst_buffer_map_range: buffer 0000000003E67D50, idx 0, length -1, flags 0002
0:00:01.742351875  6740 0000000002F77A80 LOG               GST_BUFFER gstbuffer.c:207:_get_merged_memory: buffer 0000000003E67D50, idx 0, length 1
0:00:01.742093796  6740 0000000003E61280 DEBUG               GST_PADS gstpad.c:3527:gst_pad_peer_query:<rtspsrc0:recv_rtp_src_0_2962550724_96> peer query 0000000003E1CF50 (accept-caps)
0:00:01.742414557  6740 0000000002F77A80 LOG               GST_BUFFER gstbuffer.c:1279:gst_buffer_resize_range: trim 0000000003E67D50 0-1400 size:17887 offs:0 max:17894
0:00:01.742448455  6740 0000000003E61280 DEBUG               GST_PADS gstpad.c:3402:gst_pad_query:<rtph264depay0:sink> doing query 0000000003E1CF50 (accept-caps)
0:00:01.742546315  6740 0000000003E61280 DEBUG               GST_PADS gstpad.c:2795:gst_pad_query_accept_caps_default:<rtph264depay0:sink> query accept-caps 0000000003E1CF50
0:00:01.742589168  6740 0000000003E61280 DEBUG        GST_PERFORMANCE gstpad.c:2806:gst_pad_query_accept_caps_default:<rtph264depay0:sink> fallback ACCEPT_CAPS query, consider implementing a specialized version
0:00:01.742497385  6740 0000000002F77A80 DEBUG             GST_BUFFER gstbuffer.c:1853:gst_buffer_add_meta: alloc metadata 0000000003E68248 (GstNetAddressMeta) of size 24
0:00:01.742637778  6740 0000000003E61280 DEBUG               GST_CAPS gstutils.c:2762:gst_pad_query_caps:<rtph264depay0:sink> get pad caps with filter 0000000000000000
0:00:01.742692144  6740 0000000002F77A80 LOG                   udpsrc gstudpsrc.c:502:gst_udpsrc_create:<udpsrc1> read 17887 bytes
0:00:01.742743312  6740 0000000003E61280 DEBUG                  query gstquery.c:679:gst_query_new_custom: creating new query 0000000003E1CEB0 caps
0:00:01.742790962  6740 0000000002F77A80 DEBUG              GST_CLOCK gstclock.c:922:gst_clock_get_internal_time:<GstSystemClock> internal time 0:00:00.626599845
0:00:01.742839892  6740 0000000003E61280 DEBUG               GST_PADS gstpad.c:3402:gst_pad_query:<rtph264depay0:sink> doing query 0000000003E1CEB0 (caps)
0:00:01.742890740  6740 0000000002F77A80 DEBUG              GST_CLOCK gstclock.c:967:gst_clock_get_time:<GstSystemClock> adjusted time 0:00:00.626599845
0:00:01.742941589  6740 0000000003E61280 DEBUG               GST_CAPS gstpad.c:2834:gst_pad_query_caps_default:<rtph264depay0:sink> query caps 0000000003E1CEB0
0:00:01.742989879  6740 0000000002F77A80 LOG                  basesrc gstbasesrc.c:2165:gst_base_src_do_sync:<udpsrc1> created DTS 0:00:00.626505504
0:00:01.743037849  6740 0000000003E61280 DEBUG               GST_CAPS gstpad.c:2857:gst_pad_query_caps_default:<rtph264depay0:sink> trying pad template caps
0:00:01.743096373  6740 0000000002F77A80 LOG                  basesrc gstbasesrc.c:2175:gst_base_src_do_sync:<udpsrc1> created PTS 0:00:00.626505504
0:00:01.743145622  6740 0000000003E61280 DEBUG               GST_CAPS gstpad.c:2887:gst_pad_query_caps_default:<rtph264depay0:sink> using caps 0000000003E09000 0000000003E09000
0:00:01.743200948  6740 0000000002F77A80 DEBUG                basesrc gstbasesrc.c:2213:gst_base_src_do_sync:<udpsrc1> no sync needed
0:00:01.743257233  6740 0000000003E61280 DEBUG               GST_PADS gstpad.c:2965:gst_pad_query_default:<rtph264depay0:sink> not forwarding 0000000003E1CEB0 (caps) query
0:00:01.743299127  6740 0000000002F77A80 DEBUG                basesrc gstbasesrc.c:2414:gst_base_src_get_range:<udpsrc1> buffer ok
0:00:01.743349975  6740 0000000003E61280 DEBUG               GST_PADS gstpad.c:3424:gst_pad_query:<rtph264depay0:sink> sent query 0000000003E1CEB0 (caps), result 1
0:00:01.743406900  6740 0000000002F77A80 LOG           GST_SCHEDULING gstpad.c:3653:gst_pad_chain_data_unchecked:<rtpbin0:recv_rtp_sink_0> calling chainfunction &gst_proxy_pad_chain_default with buffer 0000000003E67D50
0:00:01.743448474  6740 0000000003E61280 DEBUG               GST_CAPS gstutils.c:2769:gst_pad_query_caps:<rtph264depay0:sink> query returned 0000000003E09000
0:00:01.743499322  6740 0000000002F77A80 LOG           GST_SCHEDULING gstpad.c:3653:gst_pad_chain_data_unchecked:<rtpsession0:recv_rtp_sink> calling chainfunction &000000007049E190 with buffer 0000000003E67D50
0:00:01.743555287  6740 0000000003E61280 DEBUG               GST_PADS gstpad.c:2812:gst_pad_query_accept_caps_default:<rtph264depay0:sink> allowed caps 0000000003E09000
0:00:01.743620846  6740 0000000002F77A80 LOG               rtpsession gstrtpsession.c:1505:gst_rtp_session_chain_recv_rtp:<rtpsession0> received RTP packet
0:00:01.743718066  6740 0000000002F77A80 DEBUG              GST_CLOCK gstclock.c:922:gst_clock_get_internal_time:<GstSystemClock> internal time 0:00:00.627526948
0:00:01.743754843  6740 0000000002F77A80 DEBUG              GST_CLOCK gstclock.c:967:gst_clock_get_time:<GstSystemClock> adjusted time 0:00:00.627526948
0:00:01.743804412  6740 0000000002F77A80 LOG               GST_BUFFER gstbuffer.c:1410:gst_buffer_map_range: buffer 0000000003E67D50, idx 0, length 1, flags 0001
0:00:01.743837352  6740 0000000002F77A80 LOG               GST_BUFFER gstbuffer.c:207:_get_merged_memory: buffer 0000000003E67D50, idx 0, length 1
0:00:01.743877647  6740 0000000002F77A80 LOG               GST_BUFFER gstbuffer.c:1410:gst_buffer_map_range: buffer 0000000003E67D50, idx 0, length 1, flags 0001
0:00:01.743909947  6740 0000000002F77A80 LOG               GST_BUFFER gstbuffer.c:207:_get_merged_memory: buffer 0000000003E67D50, idx 0, length 1
0:00:01.743964953  6740 0000000002F77A80 LOG               GST_BUFFER gstbuffer.c:1410:gst_buffer_map_range: buffer 0000000003E67D50, idx 0, length 1, flags 0001
0:00:01.744018679  6740 0000000002F77A80 LOG               GST_BUFFER gstbuffer.c:207:_get_merged_memory: buffer 0000000003E67D50, idx 0, length 1
0:00:01.744072726  6740 0000000002F77A80 LOG                rtpsource rtpsource.c:1155:rtp_source_process_rtp: seq 65145, PC: 42, OC: 54756
0:00:01.744132528  6740 0000000002F77A80 LOG               GST_BUFFER gstbuffer.c:1410:gst_buffer_map_range: buffer 0000000003E67D50, idx 0, length 1, flags 0001
0:00:01.744193930  6740 0000000002F77A80 LOG               GST_BUFFER gstbuffer.c:207:_get_merged_memory: buffer 0000000003E67D50, idx 0, length 1
0:00:01.744228149  6740 0000000002F77A80 LOG                rtpsource rtpsource.c:941:calculate_jitter: SSRC b094efc4 got payload 96
0:00:01.744281875  6740 0000000002F77A80 LOG                rtpsource rtpsource.c:976:calculate_jitter: rtparrival 56385, rtptime 2932234080, clock-rate 90000, diff 303, jitter: 425.500000
0:00:01.744335282  6740 0000000002F77A80 LOG                rtpsource rtpsource.c:878:push_packet: pushing new packet
0:00:01.744382613  6740 0000000002F77A80 LOG               rtpsession rtpsession.c:1175:source_push_rtp: source b094efc4 pushed receiver RTP packet
0:00:01.744435380  6740 0000000002F77A80 LOG               rtpsession gstrtpsession.c:1035:gst_rtp_session_process_rtp:<rtpsession0> pushing received RTP packet
0:00:01.744489746  6740 0000000002F77A80 LOG           GST_SCHEDULING gstpad.c:3653:gst_pad_chain_data_unchecked:<rtpssrcdemux0:sink> calling chainfunction &000000007048EF60 with buffer 0000000003E67D50
0:00:01.744560103  6740 0000000002F77A80 LOG               GST_BUFFER gstbuffer.c:1410:gst_buffer_map_range: buffer 0000000003E67D50, idx 0, length 1, flags 0001
0:00:01.744601037  6740 0000000002F77A80 LOG               GST_BUFFER gstbuffer.c:207:_get_merged_memory: buffer 0000000003E67D50, idx 0, length 1
0:00:01.744656363  6740 0000000002F77A80 DEBUG           rtpssrcdemux gstrtpssrcdemux.c:638:gst_rtp_ssrc_demux_chain:<rtpssrcdemux0> received buffer of SSRC b094efc4
0:00:01.744745267  6740 0000000002F77A80 DEBUG           rtpssrcdemux gstrtpssrcdemux.c:230:find_or_create_demux_pad_for_ssrc:<rtpssrcdemux0> creating pad for SSRC b094efc4
0:00:01.744787801  6740 0000000002F77A80 LOG           GST_SCHEDULING gstpad.c:3653:gst_pad_chain_data_unchecked:<rtpjitterbuffer0:sink> calling chainfunction &gst_rtp_jitter_buffer_chain with buffer 0000000003E67D50
0:00:01.744822979  6740 0000000002F77A80 LOG               GST_BUFFER gstbuffer.c:1410:gst_buffer_map_range: buffer 0000000003E67D50, idx 0, length 1, flags 0001
0:00:01.744857198  6740 0000000002F77A80 LOG               GST_BUFFER gstbuffer.c:207:_get_merged_memory: buffer 0000000003E67D50, idx 0, length 1
0:00:01.744903569  6740 0000000002F77A80 DEBUG     gstrtpjitterbuffer gstrtpjitterbuffer.c:1278:gst_rtp_jitter_buffer_chain:<rtpjitterbuffer0> Received packet #65145 at time 0:00:00.626505504
0:00:01.744948661  6740 0000000002F77A80 LOG               GST_BUFFER gstbuffer.c:1410:gst_buffer_map_range: buffer 0000000003E67D50, idx 0, length 1, flags 0001
0:00:01.744982880  6740 0000000002F77A80 LOG               GST_BUFFER gstbuffer.c:207:_get_merged_memory: buffer 0000000003E67D50, idx 0, length 1
0:00:01.745043962  6740 0000000002F77A80 LOG               GST_BUFFER gstbuffer.c:1410:gst_buffer_map_range: buffer 0000000003E67C40, idx 0, length 1, flags 0001
0:00:01.745085856  6740 0000000002F77A80 LOG               GST_BUFFER gstbuffer.c:207:_get_merged_memory: buffer 0000000003E67C40, idx 0, length 1
0:00:01.745119435  6740 0000000002F77A80 DEBUG        rtpjitterbuffer rtpjitterbuffer.c:428:calculate_skew: extrtp 2932234080, gstrtp 9:03:00.378666666, base 9:03:00.278466666, send_diff 0:00:00.100200000
0:00:01.745157171  6740 0000000002F77A80 DEBUG        rtpjitterbuffer rtpjitterbuffer.c:451:calculate_skew: time 0:00:00.626505504, base 0:00:00.441604788, recv_diff 0:00:00.184900716, slope 4
0:00:01.745192989  6740 0000000002F77A80 DEBUG        rtpjitterbuffer rtpjitterbuffer.c:468:calculate_skew: filling 42, delta 84700716
0:00:01.745241279  6740 0000000002F77A80 DEBUG        rtpjitterbuffer rtpjitterbuffer.c:561:calculate_skew: backwards timestamps, using previous time
0:00:01.745272300  6740 0000000002F77A80 DEBUG        rtpjitterbuffer rtpjitterbuffer.c:583:calculate_skew: skew 0, out 0:00:00.541804788
0:00:01.745317392  6740 0000000002F77A80 DEBUG     gstrtpjitterbuffer gstrtpjitterbuffer.c:1405:gst_rtp_jitter_buffer_chain:<rtpjitterbuffer0> Pushed packet #65145, now 42 packets, tail: 0
