0:00:01.649703241  6740 0000000002F77A80 DEBUG     gstrtpjitterbuffer gstrtpjitterbuffer.c:1405:gst_rtp_jitter_buffer_chain:<rtpjitterbuffer0> Pushed packet #65114, now 11 packets, tail: 0
0:00:01.649748972  6740 0000000002F77A80 LOG           GST_SCHEDULING gstpad.c:3659:gst_pad_chain_data_unchecked:<rtpjitterbuffer0:sink> called chainfunction &gst_rtp_jitter_buffer_chain with buffer 0000000003E649F0, returned ok
0:00:01.649795024  6740 0000000002F77A80 LOG           GST_SCHEDULING gstpad.c:3659:gst_pad_chain_data_unchecked:<rtpssrcdemux0:sink> called chainfunction &000000007048EF60 with buffer 0000000003E649F0, returned ok
0:00:01.649840435  6740 0000000002F77A80 LOG           GST_SCHEDULING gstpad.c:3659:gst_pad_chain_data_unchecked:<rtpsession0:recv_rtp_sink> called chainfunction &000000007049E190 with buffer 0000000003E649F0, returned ok
0:00:01.649886167  6740 0000000002F77A80 LOG           GST_SCHEDULING gstpad.c:3659:gst_pad_chain_data_unchecked:<rtpbin0:recv_rtp_sink_0> called chainfunction &gst_proxy_pad_chain_default with buffer 0000000003E649F0, returned ok
0:00:01.649930939  6740 0000000002F77A80 LOG                  basesrc gstbasesrc.c:2614:gst_base_src_loop:<udpsrc1> next_ts 99:99:99.999999999 size 4096
0:00:01.649993940  6740 0000000002F77A80 DEBUG                basesrc gstbasesrc.c:2351:gst_base_src_get_range:<udpsrc1> calling create offset 18446744073709551615 length 4096, time 0
0:00:01.650041271  6740 0000000002F77A80 LOG                   udpsrc gstudpsrc.c:451:gst_udpsrc_create:<udpsrc1> ioctl says 48704 bytes available
0:00:01.650090200  6740 0000000002F77A80 DEBUG             GST_MEMORY gstmemory.c:133:gst_memory_init: new memory 0000000003F05030, maxsize:48711 offset:0 size:48704
0:00:01.650135612  6740 0000000002F77A80 LOG               GST_BUFFER gstbuffer.c:581:gst_buffer_new: new 0000000003E64B00
0:00:01.650177186  6740 0000000002F77A80 LOG               GST_BUFFER gstbuffer.c:297:_memory_add: buffer 0000000003E64B00, idx -1, mem 0000000003F05030, lock 1
0:00:01.650221319  6740 0000000002F77A80 LOG               GST_BUFFER gstbuffer.c:635:gst_buffer_new_allocate: new buffer 0000000003E64B00 of size 48704 from allocator 0000000000000000
0:00:01.650264812  6740 0000000002F77A80 LOG               GST_BUFFER gstbuffer.c:1410:gst_buffer_map_range: buffer 0000000003E64B00, idx 0, length -1, flags 0002
0:00:01.650308624  6740 0000000002F77A80 LOG               GST_BUFFER gstbuffer.c:207:_get_merged_memory: buffer 0000000003E64B00, idx 0, length 1
0:00:01.650364270  6740 0000000002F77A80 LOG               GST_BUFFER gstbuffer.c:1279:gst_buffer_resize_range: trim 0000000003E64B00 0-1400 size:48704 offs:0 max:48711
0:00:01.650410961  6740 0000000002F77A80 DEBUG             GST_BUFFER gstbuffer.c:1853:gst_buffer_add_meta: alloc metadata 0000000003E63998 (GstNetAddressMeta) of size 24
0:00:01.650456372  6740 0000000002F77A80 LOG                   udpsrc gstudpsrc.c:502:gst_udpsrc_create:<udpsrc1> read 48704 bytes
0:00:01.650499865  6740 0000000002F77A80 DEBUG              GST_CLOCK gstclock.c:922:gst_clock_get_internal_time:<GstSystemClock> internal time 0:00:00.534309067
0:00:01.650545597  6740 0000000002F77A80 DEBUG              GST_CLOCK gstclock.c:967:gst_clock_get_time:<GstSystemClock> adjusted time 0:00:00.534309067
0:00:01.650589410  6740 0000000002F77A80 LOG                  basesrc gstbasesrc.c:2165:gst_base_src_do_sync:<udpsrc1> created DTS 0:00:00.534214726
0:00:01.650633862  6740 0000000002F77A80 LOG                  basesrc gstbasesrc.c:2175:gst_base_src_do_sync:<udpsrc1> created PTS 0:00:00.534214726
0:00:01.650677035  6740 0000000002F77A80 DEBUG                basesrc gstbasesrc.c:2213:gst_base_src_do_sync:<udpsrc1> no sync needed
0:00:01.650718929  6740 0000000002F77A80 DEBUG                basesrc gstbasesrc.c:2414:gst_base_src_get_range:<udpsrc1> buffer ok
0:00:01.650763701  6740 0000000002F77A80 LOG           GST_SCHEDULING gstpad.c:3653:gst_pad_chain_data_unchecked:<rtpbin0:recv_rtp_sink_0> calling chainfunction &gst_proxy_pad_chain_default with buffer 0000000003E64B00
0:00:01.650809433  6740 0000000002F77A80 LOG           GST_SCHEDULING gstpad.c:3653:gst_pad_chain_data_unchecked:<rtpsession0:recv_rtp_sink> calling chainfunction &000000007049E190 with buffer 0000000003E64B00
0:00:01.650854525  6740 0000000002F77A80 LOG               rtpsession gstrtpsession.c:1505:gst_rtp_session_chain_recv_rtp:<rtpsession0> received RTP packet
0:00:01.650897058  6740 0000000002F77A80 DEBUG              GST_CLOCK gstclock.c:922:gst_clock_get_internal_time:<GstSystemClock> internal time 0:00:00.534706580
0:00:01.650940871  6740 0000000002F77A80 DEBUG              GST_CLOCK gstclock.c:967:gst_clock_get_time:<GstSystemClock> adjusted time 0:00:00.534706580
0:00:01.650984364  6740 0000000002F77A80 LOG               GST_BUFFER gstbuffer.c:1410:gst_buffer_map_range: buffer 0000000003E64B00, idx 0, length 1, flags 0001
0:00:01.651027218  6740 0000000002F77A80 LOG               GST_BUFFER gstbuffer.c:207:_get_merged_memory: buffer 0000000003E64B00, idx 0, length 1
0:00:01.651070071  6740 0000000002F77A80 LOG               GST_BUFFER gstbuffer.c:1410:gst_buffer_map_range: buffer 0000000003E64B00, idx 0, length 1, flags 0001
0:00:01.651113884  6740 0000000002F77A80 LOG               GST_BUFFER gstbuffer.c:207:_get_merged_memory: buffer 0000000003E64B00, idx 0, length 1
0:00:01.651161854  6740 0000000002F77A80 LOG               GST_BUFFER gstbuffer.c:1410:gst_buffer_map_range: buffer 0000000003E64B00, idx 0, length 1, flags 0001
0:00:01.651205347  6740 0000000002F77A80 LOG               GST_BUFFER gstbuffer.c:207:_get_merged_memory: buffer 0000000003E64B00, idx 0, length 1
0:00:01.651248840  6740 0000000002F77A80 LOG                rtpsource rtpsource.c:1155:rtp_source_process_rtp: seq 65115, PC: 12, OC: 16656
0:00:01.651291373  6740 0000000002F77A80 LOG               GST_BUFFER gstbuffer.c:1410:gst_buffer_map_range: buffer 0000000003E64B00, idx 0, length 1, flags 0001
0:00:01.651334866  6740 0000000002F77A80 LOG               GST_BUFFER gstbuffer.c:207:_get_merged_memory: buffer 0000000003E64B00, idx 0, length 1
0:00:01.651377720  6740 0000000002F77A80 LOG                rtpsource rtpsource.c:941:calculate_jitter: SSRC b094efc4 got payload 96
0:00:01.651419933  6740 0000000002F77A80 LOG                rtpsource rtpsource.c:976:calculate_jitter: rtparrival 48079, rtptime 2932225062, clock-rate 90000, diff 293, jitter: 300.937500
0:00:01.651465025  6740 0000000002F77A80 LOG                rtpsource rtpsource.c:878:push_packet: pushing new packet
0:00:01.651505640  6740 0000000002F77A80 LOG               rtpsession rtpsession.c:1175:source_push_rtp: source b094efc4 pushed receiver RTP packet
0:00:01.651567362  6740 0000000002F77A80 LOG               rtpsession gstrtpsession.c:1035:gst_rtp_session_process_rtp:<rtpsession0> pushing received RTP packet
0:00:01.651611814  6740 0000000002F77A80 LOG           GST_SCHEDULING gstpad.c:3653:gst_pad_chain_data_unchecked:<rtpssrcdemux0:sink> calling chainfunction &000000007048EF60 with buffer 0000000003E64B00
0:00:01.651654987  6740 0000000002F77A80 LOG               GST_BUFFER gstbuffer.c:1410:gst_buffer_map_range: buffer 0000000003E64B00, idx 0, length 1, flags 0001
0:00:01.651698160  6740 0000000002F77A80 LOG               GST_BUFFER gstbuffer.c:207:_get_merged_memory: buffer 0000000003E64B00, idx 0, length 1
0:00:01.651743252  6740 0000000002F77A80 DEBUG           rtpssrcdemux gstrtpssrcdemux.c:638:gst_rtp_ssrc_demux_chain:<rtpssrcdemux0> received buffer of SSRC b094efc4
0:00:01.651785786  6740 0000000002F77A80 DEBUG           rtpssrcdemux gstrtpssrcdemux.c:230:find_or_create_demux_pad_for_ssrc:<rtpssrcdemux0> creating pad for SSRC b094efc4
0:00:01.651829279  6740 0000000002F77A80 LOG           GST_SCHEDULING gstpad.c:3653:gst_pad_chain_data_unchecked:<rtpjitterbuffer0:sink> calling chainfunction &gst_rtp_jitter_buffer_chain with buffer 0000000003E64B00
0:00:01.651872772  6740 0000000002F77A80 LOG               GST_BUFFER gstbuffer.c:1410:gst_buffer_map_range: buffer 0000000003E64B00, idx 0, length 1, flags 0001
0:00:01.651915625  6740 0000000002F77A80 LOG               GST_BUFFER gstbuffer.c:207:_get_merged_memory: buffer 0000000003E64B00, idx 0, length 1
0:00:01.651960077  6740 0000000002F77A80 DEBUG     gstrtpjitterbuffer gstrtpjitterbuffer.c:1278:gst_rtp_jitter_buffer_chain:<rtpjitterbuffer0> Received packet #65115 at time 0:00:00.534214726
0:00:01.652003890  6740 0000000002F77A80 LOG               GST_BUFFER gstbuffer.c:1410:gst_buffer_map_range: buffer 0000000003E64B00, idx 0, length 1, flags 0001
0:00:01.652046744  6740 0000000002F77A80 LOG               GST_BUFFER gstbuffer.c:207:_get_merged_memory: buffer 0000000003E64B00, idx 0, length 1
0:00:01.652089917  6740 0000000002F77A80 LOG               GST_BUFFER gstbuffer.c:1410:gst_buffer_map_range: buffer 0000000003E649F0, idx 0, length 1, flags 0001
0:00:01.652132770  6740 0000000002F77A80 LOG               GST_BUFFER gstbuffer.c:207:_get_merged_memory: buffer 0000000003E649F0, idx 0, length 1
0:00:01.652175943  6740 0000000002F77A80 DEBUG        rtpjitterbuffer rtpjitterbuffer.c:428:calculate_skew: extrtp 2932225062, gstrtp 9:03:00.278466666, base 9:03:00.278466666, send_diff 0:00:00.000000000
0:00:01.652223913  6740 0000000002F77A80 DEBUG        rtpjitterbuffer rtpjitterbuffer.c:451:calculate_skew: time 0:00:00.534214726, base 0:00:00.441604788, recv_diff 0:00:00.092609938, slope 0
0:00:01.652272523  6740 0000000002F77A80 DEBUG        rtpjitterbuffer rtpjitterbuffer.c:468:calculate_skew: filling 12, delta 92609938
0:00:01.652315696  6740 0000000002F77A80 DEBUG        rtpjitterbuffer rtpjitterbuffer.c:561:calculate_skew: backwards timestamps, using previous time
0:00:01.652357271  6740 0000000002F77A80 DEBUG        rtpjitterbuffer rtpjitterbuffer.c:583:calculate_skew: skew 0, out 0:00:00.441604788
0:00:01.652402682  6740 0000000002F77A80 DEBUG     gstrtpjitterbuffer gstrtpjitterbuffer.c:1405:gst_rtp_jitter_buffer_chain:<rtpjitterbuffer0> Pushed packet #65115, now 12 packets, tail: 0
0:00:01.652446495  6740 0000000002F77A80 LOG           GST_SCHEDULING gstpad.c:3659:gst_pad_chain_data_unchecked:<rtpjitterbuffer0:sink> called chainfunction &gst_rtp_jitter_buffer_chain with buffer 0000000003E64B00, returned ok
0:00:01.652492546  6740 0000000002F77A80 LOG           GST_SCHEDULING gstpad.c:3659:gst_pad_chain_data_unchecked:<rtpssrcdemux0:sink> called chainfunction &000000007048EF60 with buffer 0000000003E64B00, returned ok
0:00:01.652540836  6740 0000000002F77A80 LOG           GST_SCHEDULING gstpad.c:3659:gst_pad_chain_data_unchecked:<rtpsession0:recv_rtp_sink> called chainfunction &000000007049E190 with buffer 0000000003E64B00, returned ok
0:00:01.652586568  6740 0000000002F77A80 LOG           GST_SCHEDULING gstpad.c:3659:gst_pad_chain_data_unchecked:<rtpbin0:recv_rtp_sink_0> called chainfunction &gst_proxy_pad_chain_default with buffer 0000000003E64B00, returned ok
0:00:01.652631340  6740 0000000002F77A80 LOG                  basesrc gstbasesrc.c:2614:gst_base_src_loop:<udpsrc1> next_ts 99:99:99.999999999 size 4096
0:00:01.652676752  6740 0000000002F77A80 DEBUG                basesrc gstbasesrc.c:2351:gst_base_src_get_range:<udpsrc1> calling create offset 18446744073709551615 length 4096, time 0
0:00:01.652723123  6740 0000000002F77A80 LOG                   udpsrc gstudpsrc.c:451:gst_udpsrc_create:<udpsrc1> ioctl says 49869 bytes available
0:00:01.652770773  6740 0000000002F77A80 DEBUG             GST_MEMORY gstmemory.c:133:gst_memory_init: new memory 0000000003F10F10, maxsize:49876 offset:0 size:49869
0:00:01.652815226  6740 0000000002F77A80 LOG               GST_BUFFER gstbuffer.c:581:gst_buffer_new: new 0000000003E64C10
0:00:01.652857440  6740 0000000002F77A80 LOG               GST_BUFFER gstbuffer.c:297:_memory_add: buffer 0000000003E64C10, idx -1, mem 0000000003F10F10, lock 1
0:00:01.652901252  6740 0000000002F77A80 LOG               GST_BUFFER gstbuffer.c:635:gst_buffer_new_allocate: new buffer 0000000003E64C10 of size 49869 from allocator 0000000000000000
0:00:01.652944425  6740 0000000002F77A80 LOG               GST_BUFFER gstbuffer.c:1410:gst_buffer_map_range: buffer 0000000003E64C10, idx 0, length -1, flags 0002
0:00:01.652988238  6740 0000000002F77A80 LOG               GST_BUFFER gstbuffer.c:207:_get_merged_memory: buffer 0000000003E64C10, idx 0, length 1
0:00:01.653042604  6740 0000000002F77A80 LOG               GST_BUFFER gstbuffer.c:1279:gst_buffer_resize_range: trim 0000000003E64C10 0-1400 size:49869 offs:0 max:49876
0:00:01.648425635  6740 0000000003E61280 DEBUG               GST_CAPS gstpad.c:2834:gst_pad_query_caps_default:<rtpbin0:recv_rtp_src_0_2962550724_96> query caps 0000000003E1CE10
0:00:01.653089935  6740 0000000002F77A80 DEBUG             GST_BUFFER gstbuffer.c:1853:gst_buffer_add_meta: alloc metadata 0000000003E63C98 (GstNetAddressMeta) of size 24
0:00:01.653139184  6740 0000000003E61280 DEBUG               GST_PADS gstutils.c:2523:gst_pad_proxy_query_caps:<rtpbin0:recv_rtp_src_0_2962550724_96> proxying caps query for rtpbin0:recv_rtp_src_0_2962550724_96
0:00:01.653185236  6740 0000000002F77A80 LOG                   udpsrc gstudpsrc.c:502:gst_udpsrc_create:<udpsrc1> read 49869 bytes
0:00:01.653236724  6740 0000000003E61280 LOG                 GST_PADS gstpad.c:2673:gst_pad_forward:<rtpbin0:recv_rtp_src_0_2962550724_96> calling forward function on pad recv_rtp_src_0_2962550724_96:proxypad3
0:00:01.653277658  6740 0000000002F77A80 DEBUG              GST_CLOCK gstclock.c:922:gst_clock_get_internal_time:<GstSystemClock> internal time 0:00:00.537086860
0:00:01.653325948  6740 0000000003E61280 DEBUG               GST_PADS gstpad.c:3527:gst_pad_peer_query:<recv_rtp_src_0_2962550724_96:proxypad3> peer query 0000000003E1CE10 (caps)
0:00:01.653372959  6740 0000000002F77A80 DEBUG              GST_CLOCK gstclock.c:967:gst_clock_get_time:<GstSystemClock> adjusted time 0:00:00.537086860
0:00:01.653419330  6740 0000000003E61280 DEBUG               GST_PADS gstpad.c:3402:gst_pad_query:<rtpptdemux0:src_96> doing query 0000000003E1CE10 (caps)
0:00:01.653465382  6740 0000000002F77A80 LOG                  basesrc gstbasesrc.c:2165:gst_base_src_do_sync:<udpsrc1> created DTS 0:00:00.536992519
0:00:01.653512073  6740 0000000003E61280 DEBUG               GST_CAPS gstpad.c:2834:gst_pad_query_caps_default:<rtpptdemux0:src_96> query caps 0000000003E1CE10
0:00:01.653558763  6740 0000000002F77A80 LOG                  basesrc gstbasesrc.c:2175:gst_base_src_do_sync:<udpsrc1> created PTS 0:00:00.536992519
0:00:01.653605454  6740 0000000003E61280 DEBUG               GST_CAPS gstpad.c:2851:gst_pad_query_caps_default:<rtpptdemux0:src_96> fixed pad caps: trying pad caps
0:00:01.653651186  6740 0000000002F77A80 DEBUG                basesrc gstbasesrc.c:2213:gst_base_src_do_sync:<udpsrc1> no sync needed
0:00:01.653696598  6740 0000000003E61280 DEBUG               GST_CAPS gstpad.c:2887:gst_pad_query_caps_default:<rtpptdemux0:src_96> using caps 0000000003E1CC80 0000000003E1CC80
0:00:01.653739771  6740 0000000002F77A80 DEBUG                basesrc gstbasesrc.c:2414:gst_base_src_get_range:<udpsrc1> buffer ok
0:00:01.653786462  6740 0000000003E61280 DEBUG               GST_PADS gstpad.c:2965:gst_pad_query_default:<rtpptdemux0:src_96> not forwarding 0000000003E1CE10 (caps) query
0:00:01.653831234  6740 0000000002F77A80 LOG           GST_SCHEDULING gstpad.c:3653:gst_pad_chain_data_unchecked:<rtpbin0:recv_rtp_sink_0> calling chainfunction &gst_proxy_pad_chain_default with buffer 0000000003E64C10
0:00:01.653876006  6740 0000000003E61280 DEBUG               GST_PADS gstpad.c:3424:gst_pad_query:<rtpptdemux0:src_96> sent query 0000000003E1CE10 (caps), result 1
0:00:01.653923657  6740 0000000002F77A80 LOG           GST_SCHEDULING gstpad.c:3653:gst_pad_chain_data_unchecked:<rtpsession0:recv_rtp_sink> calling chainfunction &000000007049E190 with buffer 0000000003E64C10
0:00:01.653970028  6740 0000000003E61280 DEBUG                default gstutils.c:2485:query_caps_func:<recv_rtp_src_0_2962550724_96:proxypad3> intersect with result 0000000003E1CC80
0:00:01.654014800  6740 0000000002F77A80 LOG               rtpsession gstrtpsession.c:1505:gst_rtp_session_chain_recv_rtp:<rtpsession0> received RTP packet
0:00:01.654061171  6740 0000000003E61280 DEBUG                default gstutils.c:2487:query_caps_func:<recv_rtp_src_0_2962550724_96:proxypad3> intersected 0000000003E1CC80
0:00:01.654105304  6740 0000000002F77A80 DEBUG              GST_CLOCK gstclock.c:922:gst_clock_get_internal_time:<GstSystemClock> internal time 0:00:00.537914826
0:00:01.654159990  6740 0000000003E61280 DEBUG               GST_PADS gstpad.c:2965:gst_pad_query_default:<rtpbin0:recv_rtp_src_0_2962550724_96> not forwarding 0000000003E1CE10 (caps) query
0:00:01.654196447  6740 0000000002F77A80 DEBUG              GST_CLOCK gstclock.c:967:gst_clock_get_time:<GstSystemClock> adjusted time 0:00:00.537914826
0:00:01.654289189  6740 0000000002F77A80 LOG               GST_BUFFER gstbuffer.c:1410:gst_buffer_map_range: buffer 0000000003E64C10, idx 0, length 1, flags 0001
0:00:01.654333002  6740 0000000002F77A80 LOG               GST_BUFFER gstbuffer.c:207:_get_merged_memory: buffer 0000000003E64C10, idx 0, length 1
0:00:01.654376815  6740 0000000002F77A80 LOG               GST_BUFFER gstbuffer.c:1410:gst_buffer_map_range: buffer 0000000003E64C10, idx 0, length 1, flags 0001
0:00:01.654420947  6740 0000000002F77A80 LOG               GST_BUFFER gstbuffer.c:207:_get_merged_memory: buffer 0000000003E64C10, idx 0, length 1
0:00:01.654468918  6740 0000000002F77A80 LOG               GST_BUFFER gstbuffer.c:1410:gst_buffer_map_range: buffer 0000000003E64C10, idx 0, length 1, flags 0001
0:00:01.654512730  6740 0000000002F77A80 LOG               GST_BUFFER gstbuffer.c:207:_get_merged_memory: buffer 0000000003E64C10, idx 0, length 1
0:00:01.654558142  6740 0000000002F77A80 LOG                rtpsource rtpsource.c:1155:rtp_source_process_rtp: seq 65116, PC: 13, OC: 18044
0:00:01.654602275  6740 0000000002F77A80 LOG               GST_BUFFER gstbuffer.c:1410:gst_buffer_map_range: buffer 0000000003E64C10, idx 0, length 1, flags 0001
0:00:01.654645448  6740 0000000002F77A80 LOG               GST_BUFFER gstbuffer.c:207:_get_merged_memory: buffer 0000000003E64C10, idx 0, length 1
0:00:01.654688621  6740 0000000002F77A80 LOG                rtpsource rtpsource.c:941:calculate_jitter: SSRC b094efc4 got payload 96
0:00:01.654731155  6740 0000000002F77A80 LOG                rtpsource rtpsource.c:976:calculate_jitter: rtparrival 48329, rtptime 2932225062, clock-rate 90000, diff 250, jitter: 297.750000
0:00:01.654777206  6740 0000000002F77A80 LOG                rtpsource rtpsource.c:878:push_packet: pushing new packet
0:00:01.654818460  6740 0000000002F77A80 LOG               rtpsession rtpsession.c:1175:source_push_rtp: source b094efc4 pushed receiver RTP packet
0:00:01.654861953  6740 0000000002F77A80 LOG               rtpsession gstrtpsession.c:1035:gst_rtp_session_process_rtp:<rtpsession0> pushing received RTP packet
0:00:01.654905446  6740 0000000002F77A80 LOG           GST_SCHEDULING gstpad.c:3653:gst_pad_chain_data_unchecked:<rtpssrcdemux0:sink> calling chainfunction &000000007048EF60 with buffer 0000000003E64C10
0:00:01.654947980  6740 0000000002F77A80 LOG               GST_BUFFER gstbuffer.c:1410:gst_buffer_map_range: buffer 0000000003E64C10, idx 0, length 1, flags 0001
0:00:01.654991473  6740 0000000002F77A80 LOG               GST_BUFFER gstbuffer.c:207:_get_merged_memory: buffer 0000000003E64C10, idx 0, length 1
0:00:01.655036245  6740 0000000002F77A80 DEBUG           rtpssrcdemux gstrtpssrcdemux.c:638:gst_rtp_ssrc_demux_chain:<rtpssrcdemux0> received buffer of SSRC b094efc4
0:00:01.655079098  6740 0000000002F77A80 DEBUG           rtpssrcdemux gstrtpssrcdemux.c:230:find_or_create_demux_pad_for_ssrc:<rtpssrcdemux0> creating pad for SSRC b094efc4
0:00:01.655123231  6740 0000000002F77A80 LOG           GST_SCHEDULING gstpad.c:3653:gst_pad_chain_data_unchecked:<rtpjitterbuffer0:sink> calling chainfunction &gst_rtp_jitter_buffer_chain with buffer 0000000003E64C10
0:00:01.655166084  6740 0000000002F77A80 LOG               GST_BUFFER gstbuffer.c:1410:gst_buffer_map_range: buffer 0000000003E64C10, idx 0, length 1, flags 0001
0:00:01.655209577  6740 0000000002F77A80 LOG               GST_BUFFER gstbuffer.c:207:_get_merged_memory: buffer 0000000003E64C10, idx 0, length 1
0:00:01.655253710  6740 0000000002F77A80 DEBUG     gstrtpjitterbuffer gstrtpjitterbuffer.c:1278:gst_rtp_jitter_buffer_chain:<rtpjitterbuffer0> Received packet #65116 at time 0:00:00.536992519
0:00:01.655297203  6740 0000000002F77A80 LOG               GST_BUFFER gstbuffer.c:1410:gst_buffer_map_range: buffer 0000000003E64C10, idx 0, length 1, flags 0001
0:00:01.655341015  6740 0000000002F77A80 LOG               GST_BUFFER gstbuffer.c:207:_get_merged_memory: buffer 0000000003E64C10, idx 0, length 1
0:00:01.655383549  6740 0000000002F77A80 LOG               GST_BUFFER gstbuffer.c:1410:gst_buffer_map_range: buffer 0000000003E64B00, idx 0, length 1, flags 0001
0:00:01.655425763  6740 0000000002F77A80 LOG               GST_BUFFER gstbuffer.c:207:_get_merged_memory: buffer 0000000003E64B00, idx 0, length 1
0:00:01.655469256  6740 0000000002F77A80 DEBUG        rtpjitterbuffer rtpjitterbuffer.c:428:calculate_skew: extrtp 2932225062, gstrtp 9:03:00.278466666, base 9:03:00.278466666, send_diff 0:00:00.000000000
0:00:01.655515307  6740 0000000002F77A80 DEBUG        rtpjitterbuffer rtpjitterbuffer.c:451:calculate_skew: time 0:00:00.536992519, base 0:00:00.441604788, recv_diff 0:00:00.095387731, slope 0
0:00:01.655565836  6740 0000000002F77A80 DEBUG        rtpjitterbuffer rtpjitterbuffer.c:468:calculate_skew: filling 13, delta 95387731
0:00:01.655609329  6740 0000000002F77A80 DEBUG        rtpjitterbuffer rtpjitterbuffer.c:561:calculate_skew: backwards timestamps, using previous time
0:00:01.655650583  6740 0000000002F77A80 DEBUG        rtpjitterbuffer rtpjitterbuffer.c:583:calculate_skew: skew 0, out 0:00:00.441604788
0:00:01.655695355  6740 0000000002F77A80 DEBUG     gstrtpjitterbuffer gstrtpjitterbuffer.c:1405:gst_rtp_jitter_buffer_chain:<rtpjitterbuffer0> Pushed packet #65116, now 13 packets, tail: 0
0:00:01.655739488  6740 0000000002F77A80 LOG           GST_SCHEDULING gstpad.c:3659:gst_pad_chain_data_unchecked:<rtpjitterbuffer0:sink> called chainfunction &gst_rtp_jitter_buffer_chain with buffer 0000000003E64C10, returned ok
0:00:01.654244097  6740 0000000003E61280 DEBUG               GST_PADS gstpad.c:3424:gst_pad_query:<rtpbin0:recv_rtp_src_0_2962550724_96> sent query 0000000003E1CE10 (caps), result 1
0:00:01.655783620  6740 0000000002F77A80 LOG           GST_SCHEDULING gstpad.c:3659:gst_pad_chain_data_unchecked:<rtpssrcdemux0:sink> called chainfunction &000000007048EF60 with buffer 0000000003E64C10, returned ok
0:00:01.655831271  6740 0000000003E61280 DEBUG               GST_PADS gstpad.c:3424:gst_pad_query:<rtspsrc0:recv_rtp_src_0_2962550724_96> sent query 0000000003E1CE10 (caps), result 1
0:00:01.655877962  6740 0000000002F77A80 LOG           GST_SCHEDULING gstpad.c:3659:gst_pad_chain_data_unchecked:<rtpsession0:recv_rtp_sink> called chainfunction &000000007049E190 with buffer 0000000003E64C10, returned ok
0:00:01.655924013  6740 0000000003E61280 DEBUG               GST_CAPS gstutils.c:2769:gst_pad_query_caps:<rtspsrc0:recv_rtp_src_0_2962550724_96> query returned 0000000003E1CEB0
0:00:01.655971024  6740 0000000002F77A80 LOG           GST_SCHEDULING gstpad.c:3659:gst_pad_chain_data_unchecked:<rtpbin0:recv_rtp_sink_0> called chainfunction &gst_proxy_pad_chain_default with buffer 0000000003E64C10, returned ok
0:00:01.656016755  6740 0000000003E61280 DEBUG               GST_CAPS gstutils.c:2762:gst_pad_query_caps:<rtph264depay0:sink> get pad caps with filter 0000000000000000
0:00:01.656062487  6740 0000000002F77A80 LOG                  basesrc gstbasesrc.c:2614:gst_base_src_loop:<udpsrc1> next_ts 99:99:99.999999999 size 4096
0:00:01.656107259  6740 0000000003E61280 DEBUG                  query gstquery.c:679:gst_query_new_custom: creating new query 0000000003E1CF00 caps
0:00:01.656153950  6740 0000000002F77A80 DEBUG                basesrc gstbasesrc.c:2351:gst_base_src_get_range:<udpsrc1> calling create offset 18446744073709551615 length 4096, time 0
0:00:01.656200321  6740 0000000003E61280 DEBUG               GST_PADS gstpad.c:3402:gst_pad_query:<rtph264depay0:sink> doing query 0000000003E1CF00 (caps)
0:00:01.656248611  6740 0000000002F77A80 LOG                   udpsrc gstudpsrc.c:451:gst_udpsrc_create:<udpsrc1> ioctl says 48469 bytes available
0:00:01.656292744  6740 0000000003E61280 DEBUG               GST_CAPS gstpad.c:2834:gst_pad_query_caps_default:<rtph264depay0:sink> query caps 0000000003E1CF00
0:00:01.656340714  6740 0000000002F77A80 DEBUG             GST_MEMORY gstmemory.c:133:gst_memory_init: new memory 0000000003F1D280, maxsize:48476 offset:0 size:48469
0:00:01.656428979  6740 0000000002F77A80 LOG               GST_BUFFER gstbuffer.c:581:gst_buffer_new: new 0000000003E64D20
0:00:01.656471193  6740 0000000002F77A80 LOG               GST_BUFFER gstbuffer.c:297:_memory_add: buffer 0000000003E64D20, idx -1, mem 0000000003F1D280, lock 1
0:00:01.656514686  6740 0000000002F77A80 LOG               GST_BUFFER gstbuffer.c:635:gst_buffer_new_allocate: new buffer 0000000003E64D20 of size 48469 from allocator 0000000000000000
0:00:01.656558179  6740 0000000002F77A80 LOG               GST_BUFFER gstbuffer.c:1410:gst_buffer_map_range: buffer 0000000003E64D20, idx 0, length -1, flags 0002
0:00:01.656602951  6740 0000000002F77A80 LOG               GST_BUFFER gstbuffer.c:207:_get_merged_memory: buffer 0000000003E64D20, idx 0, length 1
0:00:01.656382928  6740 0000000003E61280 DEBUG               GST_CAPS gstpad.c:2857:gst_pad_query_caps_default:<rtph264depay0:sink> trying pad template caps
0:00:01.656656997  6740 0000000002F77A80 LOG               GST_BUFFER gstbuffer.c:1279:gst_buffer_resize_range: trim 0000000003E64D20 0-1400 size:48469 offs:0 max:48476
0:00:01.656741425  6740 0000000002F77A80 DEBUG             GST_BUFFER gstbuffer.c:1853:gst_buffer_add_meta: alloc metadata 0000000003E63CC8 (GstNetAddressMeta) of size 24
0:00:01.656693135  6740 0000000003E61280 DEBUG               GST_CAPS gstpad.c:2887:gst_pad_query_caps_default:<rtph264depay0:sink> using caps 0000000003E09000 0000000003E09000
0:00:01.656786836  6740 0000000002F77A80 LOG                   udpsrc gstudpsrc.c:502:gst_udpsrc_create:<udpsrc1> read 48469 bytes
0:00:01.656833527  6740 0000000003E61280 DEBUG               GST_PADS gstpad.c:2965:gst_pad_query_default:<rtph264depay0:sink> not forwarding 0000000003E1CF00 (caps) query
0:00:01.656878619  6740 0000000002F77A80 DEBUG              GST_CLOCK gstclock.c:922:gst_clock_get_internal_time:<GstSystemClock> internal time 0:00:00.540687821
0:00:01.656923711  6740 0000000003E61280 DEBUG               GST_PADS gstpad.c:3424:gst_pad_query:<rtph264depay0:sink> sent query 0000000003E1CF00 (caps), result 1
0:00:01.656970402  6740 0000000002F77A80 DEBUG              GST_CLOCK gstclock.c:967:gst_clock_get_time:<GstSystemClock> adjusted time 0:00:00.540687821
0:00:01.657017093  6740 0000000003E61280 DEBUG               GST_CAPS gstutils.c:2769:gst_pad_query_caps:<rtph264depay0:sink> query returned 0000000003E09000
0:00:01.657063145  6740 0000000002F77A80 LOG                  basesrc gstbasesrc.c:2165:gst_base_src_do_sync:<udpsrc1> created DTS 0:00:00.540593480
0:00:01.657109516  6740 0000000003E61280 DEBUG               GST_CAPS gstpad.c:1962:gst_pad_link_check_compatible_unlocked:<rtspsrc0:recv_rtp_src_0_2962550724_96> src caps 0000000003E1CEB0
0:00:01.657153968  6740 0000000002F77A80 LOG                  basesrc gstbasesrc.c:2175:gst_base_src_do_sync:<udpsrc1> created PTS 0:00:00.540593480
0:00:01.657199380  6740 0000000003E61280 DEBUG               GST_CAPS gstpad.c:1964:gst_pad_link_check_compatible_unlocked:<rtph264depay0:sink> sink caps 0000000003E09000
0:00:01.657245431  6740 0000000002F77A80 DEBUG                basesrc gstbasesrc.c:2213:gst_base_src_do_sync:<udpsrc1> no sync needed
0:00:01.657293082  6740 0000000003E61280 DEBUG               GST_CAPS gstpad.c:1982:gst_pad_link_check_compatible_unlocked: caps are compatible
0:00:01.657334656  6740 0000000002F77A80 DEBUG                basesrc gstbasesrc.c:2414:gst_base_src_get_range:<udpsrc1> buffer ok
0:00:01.657380387  6740 0000000003E61280 INFO                GST_PADS gstpad.c:2264:gst_pad_link_full: linked rtspsrc0:recv_rtp_src_0_2962550724_96 and rtph264depay0:sink, successful
0:00:01.657469932  6740 0000000003E61280 INFO               GST_EVENT gstevent.c:1313:gst_event_new_reconfigure: creating reconfigure event
0:00:01.657511826  6740 0000000003E61280 DEBUG              GST_EVENT gstevent.c:300:gst_event_new_custom: creating new event 0000000003E62A20 reconfigure 61441
0:00:01.657425479  6740 0000000002F77A80 LOG           GST_SCHEDULING gstpad.c:3653:gst_pad_chain_data_unchecked:<rtpbin0:recv_rtp_sink_0> calling chainfunction &gst_proxy_pad_chain_default with buffer 0000000003E64D20
0:00:01.657561395  6740 0000000003E61280 DEBUG              GST_EVENT gstpad.c:4771:gst_pad_send_event_unchecked:<rtspsrc0:recv_rtp_src_0_2962550724_96> have event type 0000000003E62A20
0:00:01.657610005  6740 0000000002F77A80 LOG           GST_SCHEDULING gstpad.c:3653:gst_pad_chain_data_unchecked:<rtpsession0:recv_rtp_sink> calling chainfunction &000000007049E190 with buffer 0000000003E64D20
0:00:01.657655097  6740 0000000003E61280 DEBUG                rtspsrc gstrtspsrc.c:1955:gst_rtspsrc_handle_src_event:<rtspsrc0> pad rtspsrc0:recv_rtp_src_0_2962550724_96 received event reconfigure
0:00:01.657700508  6740 0000000002F77A80 LOG               rtpsession gstrtpsession.c:1505:gst_rtp_session_chain_recv_rtp:<rtpsession0> received RTP packet
0:00:01.657807002  6740 0000000003E61280 DEBUG               GST_PADS gstghostpad.c:802:gst_ghost_pad_get_target:<rtspsrc0:recv_rtp_src_0_2962550724_96> get target rtpbin0:recv_rtp_src_0_2962550724_96
0:00:01.657850815  6740 0000000002F77A80 DEBUG              GST_CLOCK gstclock.c:922:gst_clock_get_internal_time:<GstSystemClock> internal time 0:00:00.541660337
0:00:01.657896866  6740 0000000003E61280 DEBUG              GST_EVENT gstpad.c:4771:gst_pad_send_event_unchecked:<rtpbin0:recv_rtp_src_0_2962550724_96> have event type 0000000003E62A20
0:00:01.657942918  6740 0000000002F77A80 DEBUG              GST_CLOCK gstclock.c:967:gst_clock_get_time:<GstSystemClock> adjusted time 0:00:00.541660337
0:00:01.658033741  6740 0000000002F77A80 LOG               GST_BUFFER gstbuffer.c:1410:gst_buffer_map_range: buffer 0000000003E64D20, idx 0, length 1, flags 0001
0:00:01.658077234  6740 0000000002F77A80 LOG               GST_BUFFER gstbuffer.c:207:_get_merged_memory: buffer 0000000003E64D20, idx 0, length 1
0:00:01.658120727  6740 0000000002F77A80 LOG               GST_BUFFER gstbuffer.c:1410:gst_buffer_map_range: buffer 0000000003E64D20, idx 0, length 1, flags 0001
0:00:01.658164540  6740 0000000002F77A80 LOG               GST_BUFFER gstbuffer.c:207:_get_merged_memory: buffer 0000000003E64D20, idx 0, length 1
0:00:01.658209312  6740 0000000002F77A80 LOG               GST_BUFFER gstbuffer.c:1410:gst_buffer_map_range: buffer 0000000003E64D20, idx 0, length 1, flags 0001
0:00:01.658253125  6740 0000000002F77A80 LOG               GST_BUFFER gstbuffer.c:207:_get_merged_memory: buffer 0000000003E64D20, idx 0, length 1
0:00:01.658295978  6740 0000000002F77A80 LOG                rtpsource rtpsource.c:1155:rtp_source_process_rtp: seq 65117, PC: 14, OC: 19432
0:00:01.658338512  6740 0000000002F77A80 LOG               GST_BUFFER gstbuffer.c:1410:gst_buffer_map_range: buffer 0000000003E64D20, idx 0, length 1, flags 0001
0:00:01.658381045  6740 0000000002F77A80 LOG               GST_BUFFER gstbuffer.c:207:_get_merged_memory: buffer 0000000003E64D20, idx 0, length 1
0:00:01.658423899  6740 0000000002F77A80 LOG                rtpsource rtpsource.c:941:calculate_jitter: SSRC b094efc4 got payload 96
0:00:01.658466112  6740 0000000002F77A80 LOG                rtpsource rtpsource.c:976:calculate_jitter: rtparrival 48653, rtptime 2932225062, clock-rate 90000, diff 324, jitter: 299.375000
0:00:01.658511524  6740 0000000002F77A80 LOG                rtpsource rtpsource.c:878:push_packet: pushing new packet
0:00:01.658566850  6740 0000000002F77A80 LOG               rtpsession rtpsession.c:1175:source_push_rtp: source b094efc4 pushed receiver RTP packet
0:00:01.658612581  6740 0000000002F77A80 LOG               rtpsession gstrtpsession.c:1035:gst_rtp_session_process_rtp:<rtpsession0> pushing received RTP packet
0:00:01.658656394  6740 0000000002F77A80 LOG           GST_SCHEDULING gstpad.c:3653:gst_pad_chain_data_unchecked:<rtpssrcdemux0:sink> calling chainfunction &000000007048EF60 with buffer 0000000003E64D20
0:00:01.658699567  6740 0000000002F77A80 LOG               GST_BUFFER gstbuffer.c:1410:gst_buffer_map_range: buffer 0000000003E64D20, idx 0, length 1, flags 0001
0:00:01.658743380  6740 0000000002F77A80 LOG               GST_BUFFER gstbuffer.c:207:_get_merged_memory: buffer 0000000003E64D20, idx 0, length 1
0:00:01.658788472  6740 0000000002F77A80 DEBUG           rtpssrcdemux gstrtpssrcdemux.c:638:gst_rtp_ssrc_demux_chain:<rtpssrcdemux0> received buffer of SSRC b094efc4
0:00:01.658831325  6740 0000000002F77A80 DEBUG           rtpssrcdemux gstrtpssrcdemux.c:230:find_or_create_demux_pad_for_ssrc:<rtpssrcdemux0> creating pad for SSRC b094efc4
0:00:01.658875138  6740 0000000002F77A80 LOG           GST_SCHEDULING gstpad.c:3653:gst_pad_chain_data_unchecked:<rtpjitterbuffer0:sink> calling chainfunction &gst_rtp_jitter_buffer_chain with buffer 0000000003E64D20
0:00:01.658920230  6740 0000000002F77A80 LOG               GST_BUFFER gstbuffer.c:1410:gst_buffer_map_range: buffer 0000000003E64D20, idx 0, length 1, flags 0001
0:00:01.658964363  6740 0000000002F77A80 LOG               GST_BUFFER gstbuffer.c:207:_get_merged_memory: buffer 0000000003E64D20, idx 0, length 1
0:00:01.659009135  6740 0000000002F77A80 DEBUG     gstrtpjitterbuffer gstrtpjitterbuffer.c:1278:gst_rtp_jitter_buffer_chain:<rtpjitterbuffer0> Received packet #65117 at time 0:00:00.540593480
0:00:01.659052947  6740 0000000002F77A80 LOG               GST_BUFFER gstbuffer.c:1410:gst_buffer_map_range: buffer 0000000003E64D20, idx 0, length 1, flags 0001
0:00:01.659096121  6740 0000000002F77A80 LOG               GST_BUFFER gstbuffer.c:207:_get_merged_memory: buffer 0000000003E64D20, idx 0, length 1
0:00:01.659139294  6740 0000000002F77A80 LOG               GST_BUFFER gstbuffer.c:1410:gst_buffer_map_range: buffer 0000000003E64C10, idx 0, length 1, flags 0001
0:00:01.659181827  6740 0000000002F77A80 LOG               GST_BUFFER gstbuffer.c:207:_get_merged_memory: buffer 0000000003E64C10, idx 0, length 1
0:00:01.659225320  6740 0000000002F77A80 DEBUG        rtpjitterbuffer rtpjitterbuffer.c:428:calculate_skew: extrtp 2932225062, gstrtp 9:03:00.278466666, base 9:03:00.278466666, send_diff 0:00:00.000000000
0:00:01.659272331  6740 0000000002F77A80 DEBUG        rtpjitterbuffer rtpjitterbuffer.c:451:calculate_skew: time 0:00:00.540593480, base 0:00:00.441604788, recv_diff 0:00:00.098988692, slope 0
0:00:01.659317743  6740 0000000002F77A80 DEBUG        rtpjitterbuffer rtpjitterbuffer.c:468:calculate_skew: filling 14, delta 98988692
0:00:01.659375307  6740 0000000002F77A80 DEBUG        rtpjitterbuffer rtpjitterbuffer.c:561:calculate_skew: backwards timestamps, using previous time
0:00:01.659420719  6740 0000000002F77A80 DEBUG        rtpjitterbuffer rtpjitterbuffer.c:583:calculate_skew: skew 0, out 0:00:00.441604788
0:00:01.659468689  6740 0000000002F77A80 DEBUG     gstrtpjitterbuffer gstrtpjitterbuffer.c:1405:gst_rtp_jitter_buffer_chain:<rtpjitterbuffer0> Pushed packet #65117, now 14 packets, tail: 0
0:00:01.659514101  6740 0000000002F77A80 LOG           GST_SCHEDULING gstpad.c:3659:gst_pad_chain_data_unchecked:<rtpjitterbuffer0:sink> called chainfunction &gst_rtp_jitter_buffer_chain with buffer 0000000003E64D20, returned ok
0:00:01.659575822  6740 0000000002F77A80 LOG           GST_SCHEDULING gstpad.c:3659:gst_pad_chain_data_unchecked:<rtpssrcdemux0:sink> called chainfunction &000000007048EF60 with buffer 0000000003E64D20, returned ok
0:00:01.659629869  6740 0000000002F77A80 LOG           GST_SCHEDULING gstpad.c:3659:gst_pad_chain_data_unchecked:<rtpsession0:recv_rtp_sink> called chainfunction &000000007049E190 with buffer 0000000003E64D20, returned ok
0:00:01.659688392  6740 0000000002F77A80 LOG           GST_SCHEDULING gstpad.c:3659:gst_pad_chain_data_unchecked:<rtpbin0:recv_rtp_sink_0> called chainfunction &gst_proxy_pad_chain_default with buffer 0000000003E64D20, returned ok
0:00:01.659733484  6740 0000000002F77A80 LOG                  basesrc gstbasesrc.c:2614:gst_base_src_loop:<udpsrc1> next_ts 99:99:99.999999999 size 4096
0:00:01.659778896  6740 0000000002F77A80 DEBUG                basesrc gstbasesrc.c:2351:gst_base_src_get_range:<udpsrc1> calling create offset 18446744073709551615 length 4096, time 0
0:00:01.659824947  6740 0000000002F77A80 LOG                   udpsrc gstudpsrc.c:451:gst_udpsrc_create:<udpsrc1> ioctl says 47069 bytes available
0:00:01.659884750  6740 0000000002F77A80 DEBUG             GST_MEMORY gstmemory.c:133:gst_memory_init: new memory 0000000003F29080, maxsize:47076 offset:0 size:47069
0:00:01.659931121  6740 0000000002F77A80 LOG               GST_BUFFER gstbuffer.c:581:gst_buffer_new: new 0000000003E64E30
0:00:01.659973335  6740 0000000002F77A80 LOG               GST_BUFFER gstbuffer.c:297:_memory_add: buffer 0000000003E64E30, idx -1, mem 0000000003F29080, lock 1
0:00:01.660017148  6740 0000000002F77A80 LOG               GST_BUFFER gstbuffer.c:635:gst_buffer_new_allocate: new buffer 0000000003E64E30 of size 47069 from allocator 0000000000000000
0:00:01.660063199  6740 0000000002F77A80 LOG               GST_BUFFER gstbuffer.c:1410:gst_buffer_map_range: buffer 0000000003E64E30, idx 0, length -1, flags 0002
0:00:01.660106372  6740 0000000002F77A80 LOG               GST_BUFFER gstbuffer.c:207:_get_merged_memory: buffer 0000000003E64E30, idx 0, length 1
0:00:01.660162018  6740 0000000002F77A80 LOG               GST_BUFFER gstbuffer.c:1279:gst_buffer_resize_range: trim 0000000003E64E30 0-1400 size:47069 offs:0 max:47076
0:00:01.660209029  6740 0000000002F77A80 DEBUG             GST_BUFFER gstbuffer.c:1853:gst_buffer_add_meta: alloc metadata 0000000003E63CF8 (GstNetAddressMeta) of size 24
0:00:01.660255080  6740 0000000002F77A80 LOG                   udpsrc gstudpsrc.c:502:gst_udpsrc_create:<udpsrc1> read 47069 bytes
0:00:01.660298573  6740 0000000002F77A80 DEBUG              GST_CLOCK gstclock.c:922:gst_clock_get_internal_time:<GstSystemClock> internal time 0:00:00.544108095
0:00:01.660343345  6740 0000000002F77A80 DEBUG              GST_CLOCK gstclock.c:967:gst_clock_get_time:<GstSystemClock> adjusted time 0:00:00.544108095
0:00:01.660386518  6740 0000000002F77A80 LOG                  basesrc gstbasesrc.c:2165:gst_base_src_do_sync:<udpsrc1> created DTS 0:00:00.544013754
0:00:01.657988969  6740 0000000003E61280 LOG                 GST_PADS gstpad.c:2753:gst_pad_event_default:<rtpbin0:recv_rtp_src_0_2962550724_96> default event handler for event 0000000003E62A20
0:00:01.660430331  6740 0000000002F77A80 LOG                  basesrc gstbasesrc.c:2175:gst_base_src_do_sync:<udpsrc1> created PTS 0:00:00.544013754
0:00:01.660479261  6740 0000000003E61280 LOG                 GST_PADS gstpad.c:2673:gst_pad_forward:<rtpbin0:recv_rtp_src_0_2962550724_96> calling forward function on pad recv_rtp_src_0_2962550724_96:proxypad3
0:00:01.660576800  6740 0000000003E61280 LOG                 GST_PADS gstpad.c:2718:event_forward_func:<recv_rtp_src_0_2962550724_96:proxypad3> Reffing and pushing event 0000000003E62A20 (reconfigure) to recv_rtp_src_0_2962550724_96:proxypad3
0:00:01.660529469  6740 0000000002F77A80 DEBUG                basesrc gstbasesrc.c:2213:gst_base_src_do_sync:<udpsrc1> no sync needed
0:00:01.660617095  6740 0000000003E61280 LOG                 GST_PADS gstpad.c:4513:gst_pad_push_event_unchecked:<recv_rtp_src_0_2962550724_96:proxypad3> sending event 0000000003E62A20 (reconfigure) to peerpad 0000000002EA6450
0:00:01.660664425  6740 0000000002F77A80 DEBUG                basesrc gstbasesrc.c:2414:gst_base_src_get_range:<udpsrc1> buffer ok
0:00:01.660721350  6740 0000000003E61280 DEBUG              GST_EVENT gstpad.c:4771:gst_pad_send_event_unchecked:<rtpptdemux0:src_96> have event type 0000000003E62A20
0:00:01.660778914  6740 0000000002F77A80 LOG           GST_SCHEDULING gstpad.c:3653:gst_pad_chain_data_unchecked:<rtpbin0:recv_rtp_sink_0> calling chainfunction &gst_proxy_pad_chain_default with buffer 0000000003E64E30
0:00:01.660851829  6740 0000000003E61280 LOG                 GST_PADS gstpad.c:2753:gst_pad_event_default:<rtpptdemux0:src_96> default event handler for event 0000000003E62A20
0:00:01.660935297  6740 0000000002F77A80 LOG           GST_SCHEDULING gstpad.c:3653:gst_pad_chain_data_unchecked:<rtpsession0:recv_rtp_sink> calling chainfunction &000000007049E190 with buffer 0000000003E64E30
0:00:01.660991262  6740 0000000003E61280 DEBUG               GST_PADS gstpad.c:2563:gst_pad_iterate_internal_links_default:<rtpptdemux0:src_96> Making iterator
0:00:01.661044029  6740 0000000002F77A80 LOG               rtpsession gstrtpsession.c:1505:gst_rtp_session_chain_recv_rtp:<rtpsession0> received RTP packet
0:00:01.661090720  6740 0000000003E61280 LOG                 GST_PADS gstpad.c:2673:gst_pad_forward:<rtpptdemux0:src_96> calling forward function on pad rtpptdemux0:sink
0:00:01.661133254  6740 0000000002F77A80 DEBUG              GST_CLOCK gstclock.c:922:gst_clock_get_internal_time:<GstSystemClock> internal time 0:00:00.544942456
0:00:01.661178346  6740 0000000003E61280 LOG                 GST_PADS gstpad.c:2718:event_forward_func:<rtpptdemux0:sink> Reffing and pushing event 0000000003E62A20 (reconfigure) to rtpptdemux0:sink
0:00:01.661227276  6740 0000000002F77A80 DEBUG              GST_CLOCK gstclock.c:967:gst_clock_get_time:<GstSystemClock> adjusted time 0:00:00.544942456
0:00:01.661275246  6740 0000000003E61280 LOG                 GST_PADS gstpad.c:4513:gst_pad_push_event_unchecked:<rtpptdemux0:sink> sending event 0000000003E62A20 (reconfigure) to peerpad 0000000002EA5B90
0:00:01.661321297  6740 0000000002F77A80 LOG               GST_BUFFER gstbuffer.c:1410:gst_buffer_map_range: buffer 0000000003E64E30, idx 0, length 1, flags 0001
0:00:01.661414679  6740 0000000002F77A80 LOG               GST_BUFFER gstbuffer.c:207:_get_merged_memory: buffer 0000000003E64E30, idx 0, length 1
0:00:01.661368628  6740 0000000003E61280 DEBUG              GST_EVENT gstpad.c:4771:gst_pad_send_event_unchecked:<rtpjitterbuffer0:src> have event type 0000000003E62A20
0:00:01.661459131  6740 0000000002F77A80 LOG               GST_BUFFER gstbuffer.c:1410:gst_buffer_map_range: buffer 0000000003E64E30, idx 0, length 1, flags 0001
0:00:01.661571382  6740 0000000002F77A80 LOG               GST_BUFFER gstbuffer.c:207:_get_merged_memory: buffer 0000000003E64E30, idx 0, length 1
0:00:01.661505183  6740 0000000003E61280 DEBUG     gstrtpjitterbuffer gstrtpjitterbuffer.c:1000:gst_rtp_jitter_buffer_src_event:<rtpjitterbuffer0> received reconfigure
0:00:01.661621271  6740 0000000002F77A80 LOG               GST_BUFFER gstbuffer.c:1410:gst_buffer_map_range: buffer 0000000003E64E30, idx 0, length 1, flags 0001
0:00:01.661727764  6740 0000000002F77A80 LOG               GST_BUFFER gstbuffer.c:207:_get_merged_memory: buffer 0000000003E64E30, idx 0, length 1
0:00:01.661673078  6740 0000000003E61280 LOG                 GST_PADS gstpad.c:4513:gst_pad_push_event_unchecked:<rtpjitterbuffer0:sink> sending event 0000000003E62A20 (reconfigure) to peerpad 0000000002EA5730
0:00:01.661786288  6740 0000000002F77A80 LOG                rtpsource rtpsource.c:1155:rtp_source_process_rtp: seq 65118, PC: 15, OC: 20820
0:00:01.661894701  6740 0000000002F77A80 LOG               GST_BUFFER gstbuffer.c:1410:gst_buffer_map_range: buffer 0000000003E64E30, idx 0, length 1, flags 0001
0:00:01.661938513  6740 0000000002F77A80 LOG               GST_BUFFER gstbuffer.c:207:_get_merged_memory: buffer 0000000003E64E30, idx 0, length 1
0:00:01.661982006  6740 0000000002F77A80 LOG                rtpsource rtpsource.c:941:calculate_jitter: SSRC b094efc4 got payload 96
0:00:01.662025179  6740 0000000002F77A80 LOG                rtpsource rtpsource.c:976:calculate_jitter: rtparrival 48961, rtptime 2932225062, clock-rate 90000, diff 308, jitter: 299.937500
0:00:01.662071231  6740 0000000002F77A80 LOG                rtpsource rtpsource.c:878:push_packet: pushing new packet
0:00:01.662113125  6740 0000000002F77A80 LOG               rtpsession rtpsession.c:1175:source_push_rtp: source b094efc4 pushed receiver RTP packet
0:00:01.662157257  6740 0000000002F77A80 LOG               rtpsession gstrtpsession.c:1035:gst_rtp_session_process_rtp:<rtpsession0> pushing received RTP packet
0:00:01.662202029  6740 0000000002F77A80 LOG           GST_SCHEDULING gstpad.c:3653:gst_pad_chain_data_unchecked:<rtpssrcdemux0:sink> calling chainfunction &000000007048EF60 with buffer 0000000003E64E30
0:00:01.662246162  6740 0000000002F77A80 LOG               GST_BUFFER gstbuffer.c:1410:gst_buffer_map_range: buffer 0000000003E64E30, idx 0, length 1, flags 0001
0:00:01.662289335  6740 0000000002F77A80 LOG               GST_BUFFER gstbuffer.c:207:_get_merged_memory: buffer 0000000003E64E30, idx 0, length 1
0:00:01.662334107  6740 0000000002F77A80 DEBUG           rtpssrcdemux gstrtpssrcdemux.c:638:gst_rtp_ssrc_demux_chain:<rtpssrcdemux0> received buffer of SSRC b094efc4
0:00:01.662377920  6740 0000000002F77A80 DEBUG           rtpssrcdemux gstrtpssrcdemux.c:230:find_or_create_demux_pad_for_ssrc:<rtpssrcdemux0> creating pad for SSRC b094efc4
0:00:01.661846730  6740 0000000003E61280 DEBUG              GST_EVENT gstpad.c:4771:gst_pad_send_event_unchecked:<rtpssrcdemux0:src_2962550724> have event type 0000000003E62A20
0:00:01.662478657  6740 0000000003E61280 LOG                 GST_PADS gstpad.c:2753:gst_pad_event_default:<rtpssrcdemux0:src_2962550724> default event handler for event 0000000003E62A20
0:00:01.662480896  6740 0000000002F77A80 LOG           GST_SCHEDULING gstpad.c:3653:gst_pad_chain_data_unchecked:<rtpjitterbuffer0:sink> calling chainfunction &gst_rtp_jitter_buffer_chain with buffer 0000000003E64E30
0:00:01.662578435  6740 0000000002F77A80 LOG               GST_BUFFER gstbuffer.c:1410:gst_buffer_map_range: buffer 0000000003E64E30, idx 0, length 1, flags 0001
0:00:01.662623208  6740 0000000002F77A80 LOG               GST_BUFFER gstbuffer.c:207:_get_merged_memory: buffer 0000000003E64E30, idx 0, length 1
0:00:01.662528546  6740 0000000003E61280 LOG                 GST_PADS gstpad.c:2673:gst_pad_forward:<rtpssrcdemux0:src_2962550724> calling forward function on pad rtpssrcdemux0:sink
0:00:01.662680452  6740 0000000002F77A80 DEBUG     gstrtpjitterbuffer gstrtpjitterbuffer.c:1278:gst_rtp_jitter_buffer_chain:<rtpjitterbuffer0> Received packet #65118 at time 0:00:00.544013754
0:00:01.662786306  6740 0000000002F77A80 LOG               GST_BUFFER gstbuffer.c:1410:gst_buffer_map_range: buffer 0000000003E64E30, idx 0, length 1, flags 0001
0:00:01.662832358  6740 0000000002F77A80 LOG               GST_BUFFER gstbuffer.c:207:_get_merged_memory: buffer 0000000003E64E30, idx 0, length 1
0:00:01.662889922  6740 0000000002F77A80 LOG               GST_BUFFER gstbuffer.c:1410:gst_buffer_map_range: buffer 0000000003E64D20, idx 0, length 1, flags 0001
0:00:01.662948765  6740 0000000002F77A80 LOG               GST_BUFFER gstbuffer.c:207:_get_merged_memory: buffer 0000000003E64D20, idx 0, length 1
0:00:01.662993537  6740 0000000002F77A80 DEBUG        rtpjitterbuffer rtpjitterbuffer.c:428:calculate_skew: extrtp 2932225062, gstrtp 9:03:00.278466666, base 9:03:00.278466666, send_diff 0:00:00.000000000
0:00:01.663046624  6740 0000000002F77A80 DEBUG        rtpjitterbuffer rtpjitterbuffer.c:451:calculate_skew: time 0:00:00.544013754, base 0:00:00.441604788, recv_diff 0:00:00.102408966, slope 0
0:00:01.663093635  6740 0000000002F77A80 DEBUG        rtpjitterbuffer rtpjitterbuffer.c:468:calculate_skew: filling 15, delta 102408966
0:00:01.663137448  6740 0000000002F77A80 DEBUG        rtpjitterbuffer rtpjitterbuffer.c:561:calculate_skew: backwards timestamps, using previous time
0:00:01.663187976  6740 0000000002F77A80 DEBUG        rtpjitterbuffer rtpjitterbuffer.c:583:calculate_skew: skew 0, out 0:00:00.441604788
0:00:01.663239784  6740 0000000002F77A80 DEBUG     gstrtpjitterbuffer gstrtpjitterbuffer.c:1405:gst_rtp_jitter_buffer_chain:<rtpjitterbuffer0> Pushed packet #65118, now 15 packets, tail: 0
0:00:01.663294470  6740 0000000002F77A80 LOG           GST_SCHEDULING gstpad.c:3659:gst_pad_chain_data_unchecked:<rtpjitterbuffer0:sink> called chainfunction &gst_rtp_jitter_buffer_chain with buffer 0000000003E64E30, returned ok
0:00:01.663344359  6740 0000000002F77A80 LOG           GST_SCHEDULING gstpad.c:3659:gst_pad_chain_data_unchecked:<rtpssrcdemux0:sink> called chainfunction &000000007048EF60 with buffer 0000000003E64E30, returned ok
0:00:01.663392649  6740 0000000002F77A80 LOG           GST_SCHEDULING gstpad.c:3659:gst_pad_chain_data_unchecked:<rtpsession0:recv_rtp_sink> called chainfunction &000000007049E190 with buffer 0000000003E64E30, returned ok
0:00:01.663439980  6740 0000000002F77A80 LOG           GST_SCHEDULING gstpad.c:3659:gst_pad_chain_data_unchecked:<rtpbin0:recv_rtp_sink_0> called chainfunction &gst_proxy_pad_chain_default with buffer 0000000003E64E30, returned ok
0:00:01.663494346  6740 0000000002F77A80 LOG                  basesrc gstbasesrc.c:2614:gst_base_src_loop:<udpsrc1> next_ts 99:99:99.999999999 size 4096
