0:00:01.663552550  6740 0000000002F77A80 DEBUG                basesrc gstbasesrc.c:2351:gst_base_src_get_range:<udpsrc1> calling create offset 18446744073709551615 length 4096, time 0
0:00:01.663612992  6740 0000000002F77A80 LOG                   udpsrc gstudpsrc.c:451:gst_udpsrc_create:<udpsrc1> ioctl says 45669 bytes available
0:00:01.663678551  6740 0000000002F77A80 DEBUG             GST_MEMORY gstmemory.c:133:gst_memory_init: new memory 0000000003F34900, maxsize:45676 offset:0 size:45669
0:00:01.663738034  6740 0000000002F77A80 LOG               GST_BUFFER gstbuffer.c:581:gst_buffer_new: new 0000000003E66080
0:00:01.663788883  6740 0000000002F77A80 LOG               GST_BUFFER gstbuffer.c:297:_memory_add: buffer 0000000003E66080, idx -1, mem 0000000003F34900, lock 1
0:00:01.663865955  6740 0000000002F77A80 LOG               GST_BUFFER gstbuffer.c:635:gst_buffer_new_allocate: new buffer 0000000003E66080 of size 45669 from allocator 0000000000000000
0:00:01.663922880  6740 0000000002F77A80 LOG               GST_BUFFER gstbuffer.c:1410:gst_buffer_map_range: buffer 0000000003E66080, idx 0, length -1, flags 0002
0:00:01.663967332  6740 0000000002F77A80 LOG               GST_BUFFER gstbuffer.c:207:_get_merged_memory: buffer 0000000003E66080, idx 0, length 1
0:00:01.664026495  6740 0000000002F77A80 LOG               GST_BUFFER gstbuffer.c:1279:gst_buffer_resize_range: trim 0000000003E66080 0-1400 size:45669 offs:0 max:45676
0:00:01.664075105  6740 0000000002F77A80 DEBUG             GST_BUFFER gstbuffer.c:1853:gst_buffer_add_meta: alloc metadata 0000000003E63D28 (GstNetAddressMeta) of size 24
0:00:01.664122435  6740 0000000002F77A80 LOG                   udpsrc gstudpsrc.c:502:gst_udpsrc_create:<udpsrc1> read 45669 bytes
0:00:01.664170725  6740 0000000002F77A80 DEBUG              GST_CLOCK gstclock.c:922:gst_clock_get_internal_time:<GstSystemClock> internal time 0:00:00.547979927
0:00:01.664216457  6740 0000000002F77A80 DEBUG              GST_CLOCK gstclock.c:967:gst_clock_get_time:<GstSystemClock> adjusted time 0:00:00.547979927
0:00:01.664268585  6740 0000000002F77A80 LOG                  basesrc gstbasesrc.c:2165:gst_base_src_do_sync:<udpsrc1> created DTS 0:00:00.547885586
0:00:01.664314636  6740 0000000002F77A80 LOG                  basesrc gstbasesrc.c:2175:gst_base_src_do_sync:<udpsrc1> created PTS 0:00:00.547885586
0:00:01.662736417  6740 0000000003E61280 LOG                 GST_PADS gstpad.c:2718:event_forward_func:<rtpssrcdemux0:sink> Reffing and pushing event 0000000003E62A20 (reconfigure) to rtpssrcdemux0:sink
0:00:01.664376038  6740 0000000002F77A80 DEBUG                basesrc gstbasesrc.c:2213:gst_base_src_do_sync:<udpsrc1> no sync needed
0:00:01.664430084  6740 0000000003E61280 LOG                 GST_PADS gstpad.c:4513:gst_pad_push_event_unchecked:<rtpssrcdemux0:sink> sending event 0000000003E62A20 (reconfigure) to peerpad 0000000002FDEC40
0:00:01.664479973  6740 0000000002F77A80 DEBUG                basesrc gstbasesrc.c:2414:gst_base_src_get_range:<udpsrc1> buffer ok
0:00:01.664550329  6740 0000000003E61280 DEBUG              GST_EVENT gstpad.c:4771:gst_pad_send_event_unchecked:<rtpsession0:recv_rtp_src> have event type 0000000003E62A20
0:00:01.664624203  6740 0000000002F77A80 LOG           GST_SCHEDULING gstpad.c:3653:gst_pad_chain_data_unchecked:<rtpbin0:recv_rtp_sink_0> calling chainfunction &gst_proxy_pad_chain_default with buffer 0000000003E66080
0:00:01.664695519  6740 0000000003E61280 LOG                 GST_PADS gstpad.c:4513:gst_pad_push_event_unchecked:<rtpsession0:recv_rtp_sink> sending event 0000000003E62A20 (reconfigure) to peerpad 0000000002ED3FA0
0:00:01.664753723  6740 0000000002F77A80 LOG           GST_SCHEDULING gstpad.c:3653:gst_pad_chain_data_unchecked:<rtpsession0:recv_rtp_sink> calling chainfunction &000000007049E190 with buffer 0000000003E66080
0:00:01.664811927  6740 0000000003E61280 DEBUG              GST_EVENT gstpad.c:4771:gst_pad_send_event_unchecked:<recv_rtp_sink_0:proxypad0> have event type 0000000003E62A20
0:00:01.664875247  6740 0000000002F77A80 LOG               rtpsession gstrtpsession.c:1505:gst_rtp_session_chain_recv_rtp:<rtpsession0> received RTP packet
0:00:01.664931213  6740 0000000003E61280 LOG                 GST_PADS gstpad.c:2753:gst_pad_event_default:<recv_rtp_sink_0:proxypad0> default event handler for event 0000000003E62A20
0:00:01.664981421  6740 0000000002F77A80 DEBUG              GST_CLOCK gstclock.c:922:gst_clock_get_internal_time:<GstSystemClock> internal time 0:00:00.548790304
0:00:01.665039625  6740 0000000003E61280 LOG                 GST_PADS gstpad.c:2673:gst_pad_forward:<recv_rtp_sink_0:proxypad0> calling forward function on pad rtpbin0:recv_rtp_sink_0
0:00:01.665092073  6740 0000000002F77A80 DEBUG              GST_CLOCK gstclock.c:967:gst_clock_get_time:<GstSystemClock> adjusted time 0:00:00.548790304
0:00:01.665142601  6740 0000000003E61280 LOG                 GST_PADS gstpad.c:2718:event_forward_func:<rtpbin0:recv_rtp_sink_0> Reffing and pushing event 0000000003E62A20 (reconfigure) to rtpbin0:recv_rtp_sink_0
0:00:01.665191531  6740 0000000002F77A80 LOG               GST_BUFFER gstbuffer.c:1410:gst_buffer_map_range: buffer 0000000003E66080, idx 0, length 1, flags 0001
0:00:01.665297385  6740 0000000002F77A80 LOG               GST_BUFFER gstbuffer.c:207:_get_merged_memory: buffer 0000000003E66080, idx 0, length 1
0:00:01.665346314  6740 0000000002F77A80 LOG               GST_BUFFER gstbuffer.c:1410:gst_buffer_map_range: buffer 0000000003E66080, idx 0, length 1, flags 0001
0:00:01.665390767  6740 0000000002F77A80 LOG               GST_BUFFER gstbuffer.c:207:_get_merged_memory: buffer 0000000003E66080, idx 0, length 1
0:00:01.665436498  6740 0000000002F77A80 LOG               GST_BUFFER gstbuffer.c:1410:gst_buffer_map_range: buffer 0000000003E66080, idx 0, length 1, flags 0001
0:00:01.665481271  6740 0000000002F77A80 LOG               GST_BUFFER gstbuffer.c:207:_get_merged_memory: buffer 0000000003E66080, idx 0, length 1
0:00:01.665527322  6740 0000000002F77A80 LOG                rtpsource rtpsource.c:1155:rtp_source_process_rtp: seq 65119, PC: 16, OC: 22208
0:00:01.665581368  6740 0000000002F77A80 LOG               GST_BUFFER gstbuffer.c:1410:gst_buffer_map_range: buffer 0000000003E66080, idx 0, length 1, flags 0001
0:00:01.665640212  6740 0000000002F77A80 LOG               GST_BUFFER gstbuffer.c:207:_get_merged_memory: buffer 0000000003E66080, idx 0, length 1
0:00:01.665695537  6740 0000000002F77A80 LOG                rtpsource rtpsource.c:941:calculate_jitter: SSRC b094efc4 got payload 96
0:00:01.665746706  6740 0000000002F77A80 LOG                rtpsource rtpsource.c:976:calculate_jitter: rtparrival 49309, rtptime 2932225062, clock-rate 90000, diff 348, jitter: 302.937500
0:00:01.665804590  6740 0000000002F77A80 LOG                rtpsource rtpsource.c:878:push_packet: pushing new packet
0:00:01.665854479  6740 0000000002F77A80 LOG               rtpsession rtpsession.c:1175:source_push_rtp: source b094efc4 pushed receiver RTP packet
0:00:01.665907566  6740 0000000002F77A80 LOG               rtpsession gstrtpsession.c:1035:gst_rtp_session_process_rtp:<rtpsession0> pushing received RTP packet
0:00:01.665242059  6740 0000000003E61280 LOG                 GST_PADS gstpad.c:4513:gst_pad_push_event_unchecked:<rtpbin0:recv_rtp_sink_0> sending event 0000000003E62A20 (reconfigure) to peerpad 0000000002FDDF20
0:00:01.665959693  6740 0000000002F77A80 LOG           GST_SCHEDULING gstpad.c:3653:gst_pad_chain_data_unchecked:<rtpssrcdemux0:sink> calling chainfunction &000000007048EF60 with buffer 0000000003E66080
0:00:01.666055633  6740 0000000002F77A80 LOG               GST_BUFFER gstbuffer.c:1410:gst_buffer_map_range: buffer 0000000003E66080, idx 0, length 1, flags 0001
0:00:01.666099766  6740 0000000002F77A80 LOG               GST_BUFFER gstbuffer.c:207:_get_merged_memory: buffer 0000000003E66080, idx 0, length 1
0:00:01.666008942  6740 0000000003E61280 DEBUG              GST_EVENT gstpad.c:4771:gst_pad_send_event_unchecked:<udpsrc1:src> have event type 0000000003E62A20
0:00:01.666144858  6740 0000000002F77A80 DEBUG           rtpssrcdemux gstrtpssrcdemux.c:638:gst_rtp_ssrc_demux_chain:<rtpssrcdemux0> received buffer of SSRC b094efc4
0:00:01.666190590  6740 0000000003E61280 DEBUG                basesrc gstbasesrc.c:1888:gst_base_src_default_event:<udpsrc1> handle event 0000000003E62A20
0:00:01.666235362  6740 0000000002F77A80 DEBUG           rtpssrcdemux gstrtpssrcdemux.c:230:find_or_create_demux_pad_for_ssrc:<rtpssrcdemux0> creating pad for SSRC b094efc4
0:00:01.666285570  6740 0000000003E61280 DEBUG               GST_PADS gstpad.c:4837:gst_pad_send_event_unchecked:<udpsrc1:src> sent event, ret ok
0:00:01.666338338  6740 0000000002F77A80 LOG           GST_SCHEDULING gstpad.c:3653:gst_pad_chain_data_unchecked:<rtpjitterbuffer0:sink> calling chainfunction &gst_rtp_jitter_buffer_chain with buffer 0000000003E66080
0:00:01.666430440  6740 0000000002F77A80 LOG               GST_BUFFER gstbuffer.c:1410:gst_buffer_map_range: buffer 0000000003E66080, idx 0, length 1, flags 0001
0:00:01.666474573  6740 0000000002F77A80 LOG               GST_BUFFER gstbuffer.c:207:_get_merged_memory: buffer 0000000003E66080, idx 0, length 1
0:00:01.666383749  6740 0000000003E61280 LOG                 GST_PADS gstpad.c:4520:gst_pad_push_event_unchecked:<rtpbin0:recv_rtp_sink_0> sent event 0000000003E62A20 to peerpad 0000000002FDDF20, ret ok
0:00:01.666528939  6740 0000000002F77A80 DEBUG     gstrtpjitterbuffer gstrtpjitterbuffer.c:1278:gst_rtp_jitter_buffer_chain:<rtpjitterbuffer0> Received packet #65119 at time 0:00:00.547885586
0:00:01.666621042  6740 0000000002F77A80 LOG               GST_BUFFER gstbuffer.c:1410:gst_buffer_map_range: buffer 0000000003E66080, idx 0, length 1, flags 0001
0:00:01.666665174  6740 0000000002F77A80 LOG               GST_BUFFER gstbuffer.c:207:_get_merged_memory: buffer 0000000003E66080, idx 0, length 1
0:00:01.666708987  6740 0000000002F77A80 LOG               GST_BUFFER gstbuffer.c:1410:gst_buffer_map_range: buffer 0000000003E64E30, idx 0, length 1, flags 0001
0:00:01.666752160  6740 0000000002F77A80 LOG               GST_BUFFER gstbuffer.c:207:_get_merged_memory: buffer 0000000003E64E30, idx 0, length 1
0:00:01.666795653  6740 0000000002F77A80 DEBUG        rtpjitterbuffer rtpjitterbuffer.c:428:calculate_skew: extrtp 2932225062, gstrtp 9:03:00.278466666, base 9:03:00.278466666, send_diff 0:00:00.000000000
0:00:01.666844903  6740 0000000002F77A80 DEBUG        rtpjitterbuffer rtpjitterbuffer.c:451:calculate_skew: time 0:00:00.547885586, base 0:00:00.441604788, recv_diff 0:00:00.106280798, slope 0
0:00:01.666890954  6740 0000000002F77A80 DEBUG        rtpjitterbuffer rtpjitterbuffer.c:468:calculate_skew: filling 16, delta 106280798
0:00:01.666934127  6740 0000000002F77A80 DEBUG        rtpjitterbuffer rtpjitterbuffer.c:561:calculate_skew: backwards timestamps, using previous time
0:00:01.666976021  6740 0000000002F77A80 DEBUG        rtpjitterbuffer rtpjitterbuffer.c:583:calculate_skew: skew 0, out 0:00:00.441604788
0:00:01.667022392  6740 0000000002F77A80 DEBUG     gstrtpjitterbuffer gstrtpjitterbuffer.c:1405:gst_rtp_jitter_buffer_chain:<rtpjitterbuffer0> Pushed packet #65119, now 16 packets, tail: 0
0:00:01.667067165  6740 0000000002F77A80 LOG           GST_SCHEDULING gstpad.c:3659:gst_pad_chain_data_unchecked:<rtpjitterbuffer0:sink> called chainfunction &gst_rtp_jitter_buffer_chain with buffer 0000000003E66080, returned ok
0:00:01.667113216  6740 0000000002F77A80 LOG           GST_SCHEDULING gstpad.c:3659:gst_pad_chain_data_unchecked:<rtpssrcdemux0:sink> called chainfunction &000000007048EF60 with buffer 0000000003E66080, returned ok
0:00:01.667159267  6740 0000000002F77A80 LOG           GST_SCHEDULING gstpad.c:3659:gst_pad_chain_data_unchecked:<rtpsession0:recv_rtp_sink> called chainfunction &000000007049E190 with buffer 0000000003E66080, returned ok
0:00:01.667204359  6740 0000000002F77A80 LOG           GST_SCHEDULING gstpad.c:3659:gst_pad_chain_data_unchecked:<rtpbin0:recv_rtp_sink_0> called chainfunction &gst_proxy_pad_chain_default with buffer 0000000003E66080, returned ok
0:00:01.667248812  6740 0000000002F77A80 DEBUG               GST_PADS gstpad.c:1411:gst_pad_check_reconfigure:<udpsrc1:src> remove RECONFIGURE flag
0:00:01.667292305  6740 0000000002F77A80 DEBUG                basesrc gstbasesrc.c:3098:gst_base_src_negotiate:<udpsrc1> starting negotiation
0:00:01.667338676  6740 0000000002F77A80 DEBUG               GST_CAPS gstutils.c:2762:gst_pad_query_caps:<udpsrc1:src> get pad caps with filter 0000000000000000
0:00:01.667384087  6740 0000000002F77A80 DEBUG                  query gstquery.c:679:gst_query_new_custom: creating new query 0000000003E162D0 caps
0:00:01.667428220  6740 0000000002F77A80 DEBUG               GST_PADS gstpad.c:3402:gst_pad_query:<udpsrc1:src> doing query 0000000003E162D0 (caps)
0:00:01.667474911  6740 0000000002F77A80 DEBUG                basesrc gstbasesrc.c:1243:gst_base_src_default_query:<udpsrc1> query caps returns 1
0:00:01.667518404  6740 0000000002F77A80 DEBUG               GST_PADS gstpad.c:3424:gst_pad_query:<udpsrc1:src> sent query 0000000003E162D0 (caps), result 1
0:00:01.667578207  6740 0000000002F77A80 DEBUG               GST_CAPS gstutils.c:2769:gst_pad_query_caps:<udpsrc1:src> query returned 0000000003E16000
0:00:01.667623619  6740 0000000002F77A80 DEBUG                basesrc gstbasesrc.c:3028:gst_base_src_default_negotiate:<udpsrc1> caps of src: 0000000003E16000
0:00:01.667667431  6740 0000000002F77A80 DEBUG                basesrc gstbasesrc.c:3074:gst_base_src_default_negotiate:<udpsrc1> no negotiation needed
0:00:01.667711564  6740 0000000002F77A80 DEBUG               GST_CAPS gstpad.c:2407:gst_pad_get_current_caps:<udpsrc1:src> get current pad caps 0000000000000000
0:00:01.667755696  6740 0000000002F77A80 DEBUG                  query gstquery.c:679:gst_query_new_custom: creating new query 0000000003E16050 allocation
0:00:01.667801108  6740 0000000002F77A80 DEBUG               GST_PADS gstpad.c:3527:gst_pad_peer_query:<udpsrc1:src> peer query 0000000003E16050 (allocation)
0:00:01.667844921  6740 0000000002F77A80 DEBUG               GST_PADS gstpad.c:3402:gst_pad_query:<rtpbin0:recv_rtp_sink_0> doing query 0000000003E16050 (allocation)
0:00:01.667891292  6740 0000000002F77A80 DEBUG               GST_PADS gstpad.c:2965:gst_pad_query_default:<rtpbin0:recv_rtp_sink_0> forwarding 0000000003E16050 (allocation) query
0:00:01.667937983  6740 0000000002F77A80 LOG                 GST_PADS gstpad.c:2673:gst_pad_forward:<rtpbin0:recv_rtp_sink_0> calling forward function on pad recv_rtp_sink_0:proxypad0
0:00:01.667982755  6740 0000000002F77A80 LOG                 GST_PADS gstpad.c:2908:query_forward_func:<recv_rtp_sink_0:proxypad0> query peer 0000000003E16050 (allocation) of recv_rtp_sink_0:proxypad0
0:00:01.668027527  6740 0000000002F77A80 DEBUG               GST_PADS gstpad.c:3527:gst_pad_peer_query:<recv_rtp_sink_0:proxypad0> peer query 0000000003E16050 (allocation)
0:00:01.666575630  6740 0000000003E61280 DEBUG               GST_PADS gstpad.c:4837:gst_pad_send_event_unchecked:<recv_rtp_sink_0:proxypad0> sent event, ret ok
0:00:01.668071020  6740 0000000002F77A80 DEBUG               GST_PADS gstpad.c:3402:gst_pad_query:<rtpsession0:recv_rtp_sink> doing query 0000000003E16050 (allocation)
0:00:01.668116432  6740 0000000003E61280 LOG                 GST_PADS gstpad.c:4520:gst_pad_push_event_unchecked:<rtpsession0:recv_rtp_sink> sent event 0000000003E62A20 to peerpad 0000000002ED3FA0, ret ok
0:00:01.668162483  6740 0000000002F77A80 DEBUG               GST_PADS gstpad.c:2965:gst_pad_query_default:<rtpsession0:recv_rtp_sink> not forwarding 0000000003E16050 (allocation) query
0:00:01.668209494  6740 0000000003E61280 DEBUG               GST_PADS gstpad.c:4837:gst_pad_send_event_unchecked:<rtpsession0:recv_rtp_src> sent event, ret ok
0:00:01.668255865  6740 0000000002F77A80 DEBUG               GST_PADS gstpad.c:3424:gst_pad_query:<rtpsession0:recv_rtp_sink> sent query 0000000003E16050 (allocation), result 0
0:00:01.668300638  6740 0000000003E61280 LOG                 GST_PADS gstpad.c:4520:gst_pad_push_event_unchecked:<rtpssrcdemux0:sink> sent event 0000000003E62A20 to peerpad 0000000002FDEC40, ret ok
0:00:01.668346689  6740 0000000002F77A80 DEBUG               GST_PADS gstpad.c:3468:gst_pad_query:<rtpsession0:recv_rtp_sink> query failed
0:00:01.668394979  6740 0000000003E61280 DEBUG               GST_PADS gstpad.c:4837:gst_pad_send_event_unchecked:<rtpssrcdemux0:src_2962550724> sent event, ret ok
0:00:01.668441350  6740 0000000002F77A80 DEBUG               GST_PADS gstpad.c:3589:gst_pad_peer_query:<recv_rtp_sink_0:proxypad0> query failed
0:00:01.668485802  6740 0000000003E61280 LOG                 GST_PADS gstpad.c:4520:gst_pad_push_event_unchecked:<rtpjitterbuffer0:sink> sent event 0000000003E62A20 to peerpad 0000000002EA5730, ret ok
0:00:01.668544646  6740 0000000002F77A80 DEBUG               GST_PADS gstpad.c:3424:gst_pad_query:<rtpbin0:recv_rtp_sink_0> sent query 0000000003E16050 (allocation), result 0
0:00:01.668600291  6740 0000000003E61280 DEBUG               GST_PADS gstpad.c:4837:gst_pad_send_event_unchecked:<rtpjitterbuffer0:src> sent event, ret ok
0:00:01.668651459  6740 0000000002F77A80 DEBUG               GST_PADS gstpad.c:3468:gst_pad_query:<rtpbin0:recv_rtp_sink_0> query failed
0:00:01.668696871  6740 0000000003E61280 LOG                 GST_PADS gstpad.c:4520:gst_pad_push_event_unchecked:<rtpptdemux0:sink> sent event 0000000003E62A20 to peerpad 0000000002EA5B90, ret ok
0:00:01.668741643  6740 0000000002F77A80 DEBUG               GST_PADS gstpad.c:3589:gst_pad_peer_query:<udpsrc1:src> query failed
0:00:01.668789294  6740 0000000003E61280 DEBUG               GST_PADS gstpad.c:4837:gst_pad_send_event_unchecked:<rtpptdemux0:src_96> sent event, ret ok
0:00:01.668831827  6740 0000000002F77A80 DEBUG                basesrc gstbasesrc.c:2973:gst_base_src_prepare_allocation:<udpsrc1> peer ALLOCATION query failed
0:00:01.668876919  6740 0000000003E61280 LOG                 GST_PADS gstpad.c:4520:gst_pad_push_event_unchecked:<recv_rtp_src_0_2962550724_96:proxypad3> sent event 0000000003E62A20 to peerpad 0000000002EA6450, ret ok
0:00:01.668924889  6740 0000000002F77A80 DEBUG                basesrc gstbasesrc.c:2980:gst_base_src_prepare_allocation:<udpsrc1> ALLOCATION (1) params: 0000000003E16050
0:00:01.668967743  6740 0000000003E61280 LOG                GST_EVENT gstevent.c:222:_gst_event_free: freeing event 0000000003E62A20 type reconfigure
0:00:01.669015393  6740 0000000002F77A80 LOG                  basesrc gstbasesrc.c:2614:gst_base_src_loop:<udpsrc1> next_ts 99:99:99.999999999 size 4096
0:00:01.669060805  6740 0000000003E61280 DEBUG               GST_PADS gstpad.c:4837:gst_pad_send_event_unchecked:<rtpbin0:recv_rtp_src_0_2962550724_96> sent event, ret ok
0:00:01.669106537  6740 0000000002F77A80 DEBUG                basesrc gstbasesrc.c:2351:gst_base_src_get_range:<udpsrc1> calling create offset 18446744073709551615 length 4096, time 0
0:00:01.669153547  6740 0000000003E61280 DEBUG               GST_PADS gstpad.c:4837:gst_pad_send_event_unchecked:<rtspsrc0:recv_rtp_src_0_2962550724_96> sent event, ret ok
0:00:01.669200558  6740 0000000002F77A80 LOG                   udpsrc gstudpsrc.c:451:gst_udpsrc_create:<udpsrc1> ioctl says 44269 bytes available
0:00:01.669245970  6740 0000000003E61280 LOG              GST_MESSAGE gstmessage.c:282:gst_message_new_custom: source sink: creating new message 0000000003E18390 structure-change
0:00:01.669292021  6740 0000000002F77A80 DEBUG             GST_MEMORY gstmemory.c:133:gst_memory_init: new memory 0000000003F3FC10, maxsize:44276 offset:0 size:44269
0:00:01.669383484  6740 0000000002F77A80 LOG               GST_BUFFER gstbuffer.c:581:gst_buffer_new: new 0000000003E66190
0:00:01.669425378  6740 0000000002F77A80 LOG               GST_BUFFER gstbuffer.c:297:_memory_add: buffer 0000000003E66190, idx -1, mem 0000000003F3FC10, lock 1
0:00:01.669469511  6740 0000000002F77A80 LOG               GST_BUFFER gstbuffer.c:635:gst_buffer_new_allocate: new buffer 0000000003E66190 of size 44269 from allocator 0000000000000000
0:00:01.669513004  6740 0000000002F77A80 LOG               GST_BUFFER gstbuffer.c:1410:gst_buffer_map_range: buffer 0000000003E66190, idx 0, length -1, flags 0002
0:00:01.669572807  6740 0000000002F77A80 LOG               GST_BUFFER gstbuffer.c:207:_get_merged_memory: buffer 0000000003E66190, idx 0, length 1
0:00:01.669336154  6740 0000000003E61280 DEBUG                GST_BUS gstbus.c:316:gst_bus_post:<bus1> [msg 0000000003E18390] posting on bus 0000000003E18390
0:00:01.669631330  6740 0000000002F77A80 LOG               GST_BUFFER gstbuffer.c:1279:gst_buffer_resize_range: trim 0000000003E66190 0-1400 size:44269 offs:0 max:44276
0:00:01.669669387  6740 0000000003E61280 DEBUG                    bin gstbin.c:3270:gst_bin_handle_message_func:<pipeline0> [msg 0000000003E18390] handling child sink message of type structure-change
0:00:01.669764368  6740 0000000003E61280 LOG                      bin gstbin.c:857:message_check: looking at message 0000000003E18490: 1
0:00:01.669717037  6740 0000000002F77A80 DEBUG             GST_BUFFER gstbuffer.c:1853:gst_buffer_add_meta: alloc metadata 0000000003E63E18 (GstNetAddressMeta) of size 24
0:00:01.669819693  6740 0000000003E61280 DEBUG                    bin gstbin.c:954:bin_remove_messages:<rtph264depay0:sink> deleting message 0000000003E18490 of types 0x00001000
0:00:01.669913075  6740 0000000003E61280 LOG              GST_MESSAGE gstmessage.c:184:_gst_message_free: finalize message 0000000003E18490, structure-change from sink
0:00:01.669866064  6740 0000000002F77A80 LOG                   udpsrc gstudpsrc.c:502:gst_udpsrc_create:<udpsrc1> read 44269 bytes
0:00:01.669959126  6740 0000000003E61280 LOG                      bin gstbin.c:857:message_check: looking at message 0000000003E18990: 0
0:00:01.670005178  6740 0000000002F77A80 DEBUG              GST_CLOCK gstclock.c:922:gst_clock_get_internal_time:<GstSystemClock> internal time 0:00:00.553814380
0:00:01.670049310  6740 0000000003E61280 DEBUG                    bin gstbin.c:960:bin_remove_messages:<rtspsrc0> not deleting message 0000000003E18990 of type 0x10000000
0:00:01.670141093  6740 0000000003E61280 LOG                      bin gstbin.c:857:message_check: looking at message 0000000003E18510: 0
0:00:01.670096001  6740 0000000002F77A80 DEBUG              GST_CLOCK gstclock.c:967:gst_clock_get_time:<GstSystemClock> adjusted time 0:00:00.553814380
0:00:01.670231277  6740 0000000002F77A80 LOG                  basesrc gstbasesrc.c:2165:gst_base_src_do_sync:<udpsrc1> created DTS 0:00:00.553720039
0:00:01.670275410  6740 0000000002F77A80 LOG                  basesrc gstbasesrc.c:2175:gst_base_src_do_sync:<udpsrc1> created PTS 0:00:00.553720039
0:00:01.670319223  6740 0000000002F77A80 DEBUG                basesrc gstbasesrc.c:2213:gst_base_src_do_sync:<udpsrc1> no sync needed
0:00:01.670362076  6740 0000000002F77A80 DEBUG                basesrc gstbasesrc.c:2414:gst_base_src_get_range:<udpsrc1> buffer ok
0:00:01.670406208  6740 0000000002F77A80 LOG           GST_SCHEDULING gstpad.c:3653:gst_pad_chain_data_unchecked:<rtpbin0:recv_rtp_sink_0> calling chainfunction &gst_proxy_pad_chain_default with buffer 0000000003E66190
0:00:01.670452260  6740 0000000002F77A80 LOG           GST_SCHEDULING gstpad.c:3653:gst_pad_chain_data_unchecked:<rtpsession0:recv_rtp_sink> calling chainfunction &000000007049E190 with buffer 0000000003E66190
0:00:01.670497032  6740 0000000002F77A80 LOG               rtpsession gstrtpsession.c:1505:gst_rtp_session_chain_recv_rtp:<rtpsession0> received RTP packet
0:00:01.670550439  6740 0000000002F77A80 DEBUG              GST_CLOCK gstclock.c:922:gst_clock_get_internal_time:<GstSystemClock> internal time 0:00:00.554359641
0:00:01.670593932  6740 0000000002F77A80 DEBUG              GST_CLOCK gstclock.c:967:gst_clock_get_time:<GstSystemClock> adjusted time 0:00:00.554359641
0:00:01.670637105  6740 0000000002F77A80 LOG               GST_BUFFER gstbuffer.c:1410:gst_buffer_map_range: buffer 0000000003E66190, idx 0, length 1, flags 0001
0:00:01.670679958  6740 0000000002F77A80 LOG               GST_BUFFER gstbuffer.c:207:_get_merged_memory: buffer 0000000003E66190, idx 0, length 1
0:00:01.670723131  6740 0000000002F77A80 LOG               GST_BUFFER gstbuffer.c:1410:gst_buffer_map_range: buffer 0000000003E66190, idx 0, length 1, flags 0001
0:00:01.670766624  6740 0000000002F77A80 LOG               GST_BUFFER gstbuffer.c:207:_get_merged_memory: buffer 0000000003E66190, idx 0, length 1
0:00:01.670812996  6740 0000000002F77A80 LOG               GST_BUFFER gstbuffer.c:1410:gst_buffer_map_range: buffer 0000000003E66190, idx 0, length 1, flags 0001
0:00:01.670856169  6740 0000000002F77A80 LOG               GST_BUFFER gstbuffer.c:207:_get_merged_memory: buffer 0000000003E66190, idx 0, length 1
0:00:01.670899342  6740 0000000002F77A80 LOG                rtpsource rtpsource.c:1155:rtp_source_process_rtp: seq 65120, PC: 17, OC: 23596
0:00:01.670941556  6740 0000000002F77A80 LOG               GST_BUFFER gstbuffer.c:1410:gst_buffer_map_range: buffer 0000000003E66190, idx 0, length 1, flags 0001
0:00:01.670984729  6740 0000000002F77A80 LOG               GST_BUFFER gstbuffer.c:207:_get_merged_memory: buffer 0000000003E66190, idx 0, length 1
0:00:01.671027582  6740 0000000002F77A80 LOG                rtpsource rtpsource.c:941:calculate_jitter: SSRC b094efc4 got payload 96
0:00:01.671069476  6740 0000000002F77A80 LOG                rtpsource rtpsource.c:976:calculate_jitter: rtparrival 49834, rtptime 2932225062, clock-rate 90000, diff 525, jitter: 316.812500
0:00:01.671115208  6740 0000000002F77A80 LOG                rtpsource rtpsource.c:878:push_packet: pushing new packet
0:00:01.671155503  6740 0000000002F77A80 LOG               rtpsession rtpsession.c:1175:source_push_rtp: source b094efc4 pushed receiver RTP packet
0:00:01.671198996  6740 0000000002F77A80 LOG               rtpsession gstrtpsession.c:1035:gst_rtp_session_process_rtp:<rtpsession0> pushing received RTP packet
0:00:01.671242169  6740 0000000002F77A80 LOG           GST_SCHEDULING gstpad.c:3653:gst_pad_chain_data_unchecked:<rtpssrcdemux0:sink> calling chainfunction &000000007048EF60 with buffer 0000000003E66190
0:00:01.671285022  6740 0000000002F77A80 LOG               GST_BUFFER gstbuffer.c:1410:gst_buffer_map_range: buffer 0000000003E66190, idx 0, length 1, flags 0001
0:00:01.671327875  6740 0000000002F77A80 LOG               GST_BUFFER gstbuffer.c:207:_get_merged_memory: buffer 0000000003E66190, idx 0, length 1
0:00:01.671372328  6740 0000000002F77A80 DEBUG           rtpssrcdemux gstrtpssrcdemux.c:638:gst_rtp_ssrc_demux_chain:<rtpssrcdemux0> received buffer of SSRC b094efc4
0:00:01.671415181  6740 0000000002F77A80 DEBUG           rtpssrcdemux gstrtpssrcdemux.c:230:find_or_create_demux_pad_for_ssrc:<rtpssrcdemux0> creating pad for SSRC b094efc4
0:00:01.671459633  6740 0000000002F77A80 LOG           GST_SCHEDULING gstpad.c:3653:gst_pad_chain_data_unchecked:<rtpjitterbuffer0:sink> calling chainfunction &gst_rtp_jitter_buffer_chain with buffer 0000000003E66190
0:00:01.671502487  6740 0000000002F77A80 LOG               GST_BUFFER gstbuffer.c:1410:gst_buffer_map_range: buffer 0000000003E66190, idx 0, length 1, flags 0001
0:00:01.671556853  6740 0000000002F77A80 LOG               GST_BUFFER gstbuffer.c:207:_get_merged_memory: buffer 0000000003E66190, idx 0, length 1
0:00:01.671602585  6740 0000000002F77A80 DEBUG     gstrtpjitterbuffer gstrtpjitterbuffer.c:1278:gst_rtp_jitter_buffer_chain:<rtpjitterbuffer0> Received packet #65120 at time 0:00:00.553720039
0:00:01.671647037  6740 0000000002F77A80 LOG               GST_BUFFER gstbuffer.c:1410:gst_buffer_map_range: buffer 0000000003E66190, idx 0, length 1, flags 0001
0:00:01.671690850  6740 0000000002F77A80 LOG               GST_BUFFER gstbuffer.c:207:_get_merged_memory: buffer 0000000003E66190, idx 0, length 1
0:00:01.671734662  6740 0000000002F77A80 LOG               GST_BUFFER gstbuffer.c:1410:gst_buffer_map_range: buffer 0000000003E66080, idx 0, length 1, flags 0001
0:00:01.671777516  6740 0000000002F77A80 LOG               GST_BUFFER gstbuffer.c:207:_get_merged_memory: buffer 0000000003E66080, idx 0, length 1
0:00:01.671821329  6740 0000000002F77A80 DEBUG        rtpjitterbuffer rtpjitterbuffer.c:428:calculate_skew: extrtp 2932225062, gstrtp 9:03:00.278466666, base 9:03:00.278466666, send_diff 0:00:00.000000000
0:00:01.671868659  6740 0000000002F77A80 DEBUG        rtpjitterbuffer rtpjitterbuffer.c:451:calculate_skew: time 0:00:00.553720039, base 0:00:00.441604788, recv_diff 0:00:00.112115251, slope 0
0:00:01.671917589  6740 0000000002F77A80 DEBUG        rtpjitterbuffer rtpjitterbuffer.c:468:calculate_skew: filling 17, delta 112115251
0:00:01.671960762  6740 0000000002F77A80 DEBUG        rtpjitterbuffer rtpjitterbuffer.c:561:calculate_skew: backwards timestamps, using previous time
0:00:01.672002656  6740 0000000002F77A80 DEBUG        rtpjitterbuffer rtpjitterbuffer.c:583:calculate_skew: skew 0, out 0:00:00.441604788
0:00:01.672047428  6740 0000000002F77A80 DEBUG     gstrtpjitterbuffer gstrtpjitterbuffer.c:1405:gst_rtp_jitter_buffer_chain:<rtpjitterbuffer0> Pushed packet #65120, now 17 packets, tail: 0
0:00:01.672092200  6740 0000000002F77A80 LOG           GST_SCHEDULING gstpad.c:3659:gst_pad_chain_data_unchecked:<rtpjitterbuffer0:sink> called chainfunction &gst_rtp_jitter_buffer_chain with buffer 0000000003E66190, returned ok
0:00:01.672139211  6740 0000000002F77A80 LOG           GST_SCHEDULING gstpad.c:3659:gst_pad_chain_data_unchecked:<rtpssrcdemux0:sink> called chainfunction &000000007048EF60 with buffer 0000000003E66190, returned ok
0:00:01.672184942  6740 0000000002F77A80 LOG           GST_SCHEDULING gstpad.c:3659:gst_pad_chain_data_unchecked:<rtpsession0:recv_rtp_sink> called chainfunction &000000007049E190 with buffer 0000000003E66190, returned ok
0:00:01.670184586  6740 0000000003E61280 DEBUG                    bin gstbin.c:960:bin_remove_messages:<rtspsrc0> not deleting message 0000000003E18510 of type 0x00200000
0:00:01.672275766  6740 0000000003E61280 LOG                      bin gstbin.c:857:message_check: looking at message 000000000053F390: 0
0:00:01.672230034  6740 0000000002F77A80 LOG           GST_SCHEDULING gstpad.c:3659:gst_pad_chain_data_unchecked:<rtpbin0:recv_rtp_sink_0> called chainfunction &gst_proxy_pad_chain_default with buffer 0000000003E66190, returned ok
0:00:01.672319579  6740 0000000003E61280 DEBUG                    bin gstbin.c:960:bin_remove_messages:<fakesink0> not deleting message 000000000053F390 of type 0x00100000
0:00:01.672412321  6740 0000000003E61280 LOG              GST_MESSAGE gstmessage.c:184:_gst_message_free: finalize message 0000000003E18390, structure-change from sink
0:00:01.672367549  6740 0000000002F77A80 LOG                  basesrc gstbasesrc.c:2614:gst_base_src_loop:<udpsrc1> next_ts 99:99:99.999999999 size 4096
0:00:01.672457733  6740 0000000003E61280 DEBUG                GST_BUS gstbus.c:347:gst_bus_post:<bus1> [msg 0000000003E18390] dropped
0:00:01.672504744  6740 0000000002F77A80 DEBUG                basesrc gstbasesrc.c:2351:gst_base_src_get_range:<udpsrc1> calling create offset 18446744073709551615 length 4096, time 0
0:00:01.672551435  6740 0000000003E61280 DEBUG       GST_ELEMENT_PADS gstutils.c:1649:gst_element_link_pads_full: linked pad rtspsrc0:recv_rtp_src_0_2962550724_96 to pad rtph264depay0:sink
0:00:01.672601004  6740 0000000002F77A80 LOG                   udpsrc gstudpsrc.c:451:gst_udpsrc_create:<udpsrc1> ioctl says 42869 bytes available
0:00:01.672646416  6740 0000000003E61280 DEBUG           GST_PIPELINE ./grammar.y:512:gst_parse_found_pad: delayed linking rtspsrc0:(NULL) to rtph264depay0:(NULL) worked
0:00:01.672695985  6740 0000000002F77A80 DEBUG             GST_MEMORY gstmemory.c:133:gst_memory_init: new memory 0000000003F4A9A0, maxsize:42876 offset:0 size:42869
0:00:01.672785529  6740 0000000002F77A80 LOG               GST_BUFFER gstbuffer.c:581:gst_buffer_new: new 0000000003E662A0
0:00:01.672828063  6740 0000000002F77A80 LOG               GST_BUFFER gstbuffer.c:297:_memory_add: buffer 0000000003E662A0, idx -1, mem 0000000003F4A9A0, lock 1
0:00:01.672872195  6740 0000000002F77A80 LOG               GST_BUFFER gstbuffer.c:635:gst_buffer_new_allocate: new buffer 0000000003E662A0 of size 42869 from allocator 0000000000000000
0:00:01.672916008  6740 0000000002F77A80 LOG               GST_BUFFER gstbuffer.c:1410:gst_buffer_map_range: buffer 0000000003E662A0, idx 0, length -1, flags 0002
0:00:01.672961100  6740 0000000002F77A80 LOG               GST_BUFFER gstbuffer.c:207:_get_merged_memory: buffer 0000000003E662A0, idx 0, length 1
0:00:01.672742356  6740 0000000003E61280 DEBUG                rtspsrc gstrtspsrc.c:2271:new_manager_pad:<rtspsrc0> We added all streams
0:00:01.673016745  6740 0000000002F77A80 LOG               GST_BUFFER gstbuffer.c:1279:gst_buffer_resize_range: trim 0000000003E662A0 0-1400 size:42869 offs:0 max:42876
0:00:01.673054802  6740 0000000003E61280 DEBUG             rtpptdemux gstrtpptdemux.c:419:gst_rtp_pt_demux_chain: emitting payload-type-changed for pt 96
0:00:01.673100213  6740 0000000002F77A80 DEBUG             GST_BUFFER gstbuffer.c:1853:gst_buffer_add_meta: alloc metadata 0000000003E63E48 (GstNetAddressMeta) of size 24
0:00:01.673147864  6740 0000000003E61280 DEBUG                 rtpbin gstrtpbin.c:2452:payload_type_change:<rtpbin0> emiting signal for pt type changed to 96 in session 0
0:00:01.673193595  6740 0000000002F77A80 LOG                   udpsrc gstudpsrc.c:502:gst_udpsrc_create:<udpsrc1> read 42869 bytes
0:00:01.673241566  6740 0000000003E61280 DEBUG               GST_PADS gstpad.c:3333:check_sticky:<rtpptdemux0:src_96> pushing all sticky events
0:00:01.673285378  6740 0000000002F77A80 DEBUG              GST_CLOCK gstclock.c:922:gst_clock_get_internal_time:<GstSystemClock> internal time 0:00:00.557094580
0:00:01.673330470  6740 0000000003E61280 LOG                 GST_PADS gstpad.c:4513:gst_pad_push_event_unchecked:<rtpptdemux0:src_96> sending event 0000000003E06EA0 (stream-start) to peerpad 0000000003048C10
0:00:01.673376202  6740 0000000002F77A80 DEBUG              GST_CLOCK gstclock.c:967:gst_clock_get_time:<GstSystemClock> adjusted time 0:00:00.557094580
0:00:01.673424812  6740 0000000003E61280 DEBUG              GST_EVENT gstpad.c:4771:gst_pad_send_event_unchecked:<recv_rtp_src_0_2962550724_96:proxypad3> have event type 0000000003E06EA0
0:00:01.673470543  6740 0000000002F77A80 LOG                  basesrc gstbasesrc.c:2165:gst_base_src_do_sync:<udpsrc1> created DTS 0:00:00.557000239
0:00:01.673517554  6740 0000000003E61280 LOG                 GST_PADS gstpad.c:2753:gst_pad_event_default:<recv_rtp_src_0_2962550724_96:proxypad3> default event handler for event 0000000003E06EA0
0:00:01.673566803  6740 0000000002F77A80 LOG                  basesrc gstbasesrc.c:2175:gst_base_src_do_sync:<udpsrc1> created PTS 0:00:00.557000239
0:00:01.673620210  6740 0000000003E61280 LOG                 GST_PADS gstpad.c:2673:gst_pad_forward:<recv_rtp_src_0_2962550724_96:proxypad3> calling forward function on pad rtpbin0:recv_rtp_src_0_2962550724_96
0:00:01.673675855  6740 0000000002F77A80 DEBUG                basesrc gstbasesrc.c:2213:gst_base_src_do_sync:<udpsrc1> no sync needed
0:00:01.673722546  6740 0000000003E61280 LOG                 GST_PADS gstpad.c:2718:event_forward_func:<rtpbin0:recv_rtp_src_0_2962550724_96> Reffing and pushing event 0000000003E06EA0 (stream-start) to rtpbin0:recv_rtp_src_0_2962550724_96
0:00:01.673768598  6740 0000000002F77A80 DEBUG                basesrc gstbasesrc.c:2414:gst_base_src_get_range:<udpsrc1> buffer ok
0:00:01.673816888  6740 0000000003E61280 LOG                 GST_PADS gstpad.c:4423:gst_pad_store_sticky_event:<rtpbin0:recv_rtp_src_0_2962550724_96> stored sticky event stream-start
0:00:01.673862939  6740 0000000002F77A80 LOG           GST_SCHEDULING gstpad.c:3653:gst_pad_chain_data_unchecked:<rtpbin0:recv_rtp_sink_0> calling chainfunction &gst_proxy_pad_chain_default with buffer 0000000003E662A0
0:00:01.673906752  6740 0000000003E61280 DEBUG               GST_PADS gstpad.c:4628:gst_pad_push_event:<rtpbin0:recv_rtp_src_0_2962550724_96> event stream-start updated
0:00:01.673955042  6740 0000000002F77A80 LOG           GST_SCHEDULING gstpad.c:3653:gst_pad_chain_data_unchecked:<rtpsession0:recv_rtp_sink> calling chainfunction &000000007049E190 with buffer 0000000003E662A0
0:00:01.673999174  6740 0000000003E61280 DEBUG               GST_PADS gstpad.c:3333:check_sticky:<rtpbin0:recv_rtp_src_0_2962550724_96> pushing all sticky events
0:00:01.674045865  6740 0000000002F77A80 LOG               rtpsession gstrtpsession.c:1505:gst_rtp_session_chain_recv_rtp:<rtpsession0> received RTP packet
0:00:01.674094795  6740 0000000003E61280 LOG                 GST_PADS gstpad.c:4513:gst_pad_push_event_unchecked:<rtpbin0:recv_rtp_src_0_2962550724_96> sending event 0000000003E06EA0 (stream-start) to peerpad 0000000003014BD0
0:00:01.674138928  6740 0000000002F77A80 DEBUG              GST_CLOCK gstclock.c:922:gst_clock_get_internal_time:<GstSystemClock> internal time 0:00:00.557948130
0:00:01.674185938  6740 0000000003E61280 DEBUG              GST_EVENT gstpad.c:4771:gst_pad_send_event_unchecked:<recv_rtp_src_0_2962550724_96:proxypad4> have event type 0000000003E06EA0
0:00:01.674232949  6740 0000000002F77A80 DEBUG              GST_CLOCK gstclock.c:967:gst_clock_get_time:<GstSystemClock> adjusted time 0:00:00.557948130
0:00:01.674324412  6740 0000000002F77A80 LOG               GST_BUFFER gstbuffer.c:1410:gst_buffer_map_range: buffer 0000000003E662A0, idx 0, length 1, flags 0001
0:00:01.674369504  6740 0000000002F77A80 LOG               GST_BUFFER gstbuffer.c:207:_get_merged_memory: buffer 0000000003E662A0, idx 0, length 1
0:00:01.674413637  6740 0000000002F77A80 LOG               GST_BUFFER gstbuffer.c:1410:gst_buffer_map_range: buffer 0000000003E662A0, idx 0, length 1, flags 0001
0:00:01.674457450  6740 0000000002F77A80 LOG               GST_BUFFER gstbuffer.c:207:_get_merged_memory: buffer 0000000003E662A0, idx 0, length 1
0:00:01.674279320  6740 0000000003E61280 LOG                 GST_PADS gstpad.c:2753:gst_pad_event_default:<recv_rtp_src_0_2962550724_96:proxypad4> default event handler for event 0000000003E06EA0
0:00:01.674503181  6740 0000000002F77A80 LOG               GST_BUFFER gstbuffer.c:1410:gst_buffer_map_range: buffer 0000000003E662A0, idx 0, length 1, flags 0001
0:00:01.674604558  6740 0000000002F77A80 LOG               GST_BUFFER gstbuffer.c:207:_get_merged_memory: buffer 0000000003E662A0, idx 0, length 1
0:00:01.674647731  6740 0000000002F77A80 LOG                rtpsource rtpsource.c:1155:rtp_source_process_rtp: seq 65121, PC: 18, OC: 24984
0:00:01.674691224  6740 0000000002F77A80 LOG               GST_BUFFER gstbuffer.c:1410:gst_buffer_map_range: buffer 0000000003E662A0, idx 0, length 1, flags 0001
0:00:01.674734397  6740 0000000002F77A80 LOG               GST_BUFFER gstbuffer.c:207:_get_merged_memory: buffer 0000000003E662A0, idx 0, length 1
0:00:01.674777251  6740 0000000002F77A80 LOG                rtpsource rtpsource.c:941:calculate_jitter: SSRC b094efc4 got payload 96
0:00:01.674820104  6740 0000000002F77A80 LOG                rtpsource rtpsource.c:976:calculate_jitter: rtparrival 50130, rtptime 2932225062, clock-rate 90000, diff 296, jitter: 315.500000
0:00:01.674865836  6740 0000000002F77A80 LOG                rtpsource rtpsource.c:878:push_packet: pushing new packet
0:00:01.674907090  6740 0000000002F77A80 LOG               rtpsession rtpsession.c:1175:source_push_rtp: source b094efc4 pushed receiver RTP packet
0:00:01.674950583  6740 0000000002F77A80 LOG               rtpsession gstrtpsession.c:1035:gst_rtp_session_process_rtp:<rtpsession0> pushing received RTP packet
0:00:01.674994715  6740 0000000002F77A80 LOG           GST_SCHEDULING gstpad.c:3653:gst_pad_chain_data_unchecked:<rtpssrcdemux0:sink> calling chainfunction &000000007048EF60 with buffer 0000000003E662A0
0:00:01.675038528  6740 0000000002F77A80 LOG               GST_BUFFER gstbuffer.c:1410:gst_buffer_map_range: buffer 0000000003E662A0, idx 0, length 1, flags 0001
0:00:01.675081382  6740 0000000002F77A80 LOG               GST_BUFFER gstbuffer.c:207:_get_merged_memory: buffer 0000000003E662A0, idx 0, length 1
0:00:01.675125514  6740 0000000002F77A80 DEBUG           rtpssrcdemux gstrtpssrcdemux.c:638:gst_rtp_ssrc_demux_chain:<rtpssrcdemux0> received buffer of SSRC b094efc4
0:00:01.675168368  6740 0000000002F77A80 DEBUG           rtpssrcdemux gstrtpssrcdemux.c:230:find_or_create_demux_pad_for_ssrc:<rtpssrcdemux0> creating pad for SSRC b094efc4
0:00:01.675216018  6740 0000000002F77A80 LOG           GST_SCHEDULING gstpad.c:3653:gst_pad_chain_data_unchecked:<rtpjitterbuffer0:sink> calling chainfunction &gst_rtp_jitter_buffer_chain with buffer 0000000003E662A0
0:00:01.675259511  6740 0000000002F77A80 LOG               GST_BUFFER gstbuffer.c:1410:gst_buffer_map_range: buffer 0000000003E662A0, idx 0, length 1, flags 0001
0:00:01.675304923  6740 0000000002F77A80 LOG               GST_BUFFER gstbuffer.c:207:_get_merged_memory: buffer 0000000003E662A0, idx 0, length 1
0:00:01.675349375  6740 0000000002F77A80 DEBUG     gstrtpjitterbuffer gstrtpjitterbuffer.c:1278:gst_rtp_jitter_buffer_chain:<rtpjitterbuffer0> Received packet #65121 at time 0:00:00.557000239
0:00:01.675392548  6740 0000000002F77A80 LOG               GST_BUFFER gstbuffer.c:1410:gst_buffer_map_range: buffer 0000000003E662A0, idx 0, length 1, flags 0001
0:00:01.675434762  6740 0000000002F77A80 LOG               GST_BUFFER gstbuffer.c:207:_get_merged_memory: buffer 0000000003E662A0, idx 0, length 1
0:00:01.675477295  6740 0000000002F77A80 LOG               GST_BUFFER gstbuffer.c:1410:gst_buffer_map_range: buffer 0000000003E66190, idx 0, length 1, flags 0001
0:00:01.675518870  6740 0000000002F77A80 LOG               GST_BUFFER gstbuffer.c:207:_get_merged_memory: buffer 0000000003E66190, idx 0, length 1
0:00:01.675565880  6740 0000000002F77A80 DEBUG        rtpjitterbuffer rtpjitterbuffer.c:428:calculate_skew: extrtp 2932225062, gstrtp 9:03:00.278466666, base 9:03:00.278466666, send_diff 0:00:00.000000000
0:00:01.675612891  6740 0000000002F77A80 DEBUG        rtpjitterbuffer rtpjitterbuffer.c:451:calculate_skew: time 0:00:00.557000239, base 0:00:00.441604788, recv_diff 0:00:00.115395451, slope 0
0:00:01.675657983  6740 0000000002F77A80 DEBUG        rtpjitterbuffer rtpjitterbuffer.c:468:calculate_skew: filling 18, delta 115395451
0:00:01.675700517  6740 0000000002F77A80 DEBUG        rtpjitterbuffer rtpjitterbuffer.c:561:calculate_skew: backwards timestamps, using previous time
0:00:01.675741771  6740 0000000002F77A80 DEBUG        rtpjitterbuffer rtpjitterbuffer.c:583:calculate_skew: skew 0, out 0:00:00.441604788
0:00:01.675786863  6740 0000000002F77A80 DEBUG     gstrtpjitterbuffer gstrtpjitterbuffer.c:1405:gst_rtp_jitter_buffer_chain:<rtpjitterbuffer0> Pushed packet #65121, now 18 packets, tail: 0
0:00:01.675830996  6740 0000000002F77A80 LOG           GST_SCHEDULING gstpad.c:3659:gst_pad_chain_data_unchecked:<rtpjitterbuffer0:sink> called chainfunction &gst_rtp_jitter_buffer_chain with buffer 0000000003E662A0, returned ok
0:00:01.675876407  6740 0000000002F77A80 LOG           GST_SCHEDULING gstpad.c:3659:gst_pad_chain_data_unchecked:<rtpssrcdemux0:sink> called chainfunction &000000007048EF60 with buffer 0000000003E662A0, returned ok
0:00:01.675922778  6740 0000000002F77A80 LOG           GST_SCHEDULING gstpad.c:3659:gst_pad_chain_data_unchecked:<rtpsession0:recv_rtp_sink> called chainfunction &000000007049E190 with buffer 0000000003E662A0, returned ok
0:00:01.675967551  6740 0000000002F77A80 LOG           GST_SCHEDULING gstpad.c:3659:gst_pad_chain_data_unchecked:<rtpbin0:recv_rtp_sink_0> called chainfunction &gst_proxy_pad_chain_default with buffer 0000000003E662A0, returned ok
0:00:01.676012323  6740 0000000002F77A80 LOG                  basesrc gstbasesrc.c:2614:gst_base_src_loop:<udpsrc1> next_ts 99:99:99.999999999 size 4096
0:00:01.676056136  6740 0000000002F77A80 DEBUG                basesrc gstbasesrc.c:2351:gst_base_src_get_range:<udpsrc1> calling create offset 18446744073709551615 length 4096, time 0
0:00:01.676103146  6740 0000000002F77A80 LOG                   udpsrc gstudpsrc.c:451:gst_udpsrc_create:<udpsrc1> ioctl says 41469 bytes available
0:00:01.676146000  6740 0000000002F77A80 DEBUG             GST_MEMORY gstmemory.c:133:gst_memory_init: new memory 0000000003F551C0, maxsize:41476 offset:0 size:41469
0:00:01.676189173  6740 0000000002F77A80 LOG               GST_BUFFER gstbuffer.c:581:gst_buffer_new: new 0000000003E663B0
0:00:01.676231387  6740 0000000002F77A80 LOG               GST_BUFFER gstbuffer.c:297:_memory_add: buffer 0000000003E663B0, idx -1, mem 0000000003F551C0, lock 1
0:00:01.676315174  6740 0000000002F77A80 LOG               GST_BUFFER gstbuffer.c:635:gst_buffer_new_allocate: new buffer 0000000003E663B0 of size 41469 from allocator 0000000000000000
0:00:01.676358348  6740 0000000002F77A80 LOG               GST_BUFFER gstbuffer.c:1410:gst_buffer_map_range: buffer 0000000003E663B0, idx 0, length -1, flags 0002
0:00:01.676401841  6740 0000000002F77A80 LOG               GST_BUFFER gstbuffer.c:207:_get_merged_memory: buffer 0000000003E663B0, idx 0, length 1
0:00:01.676457166  6740 0000000002F77A80 LOG               GST_BUFFER gstbuffer.c:1279:gst_buffer_resize_range: trim 0000000003E663B0 0-1400 size:41469 offs:0 max:41476
0:00:01.676503857  6740 0000000002F77A80 DEBUG             GST_BUFFER gstbuffer.c:1853:gst_buffer_add_meta: alloc metadata 0000000003E63E78 (GstNetAddressMeta) of size 24
0:00:01.676565579  6740 0000000002F77A80 LOG                   udpsrc gstudpsrc.c:502:gst_udpsrc_create:<udpsrc1> read 41469 bytes
0:00:01.676610671  6740 0000000002F77A80 DEBUG              GST_CLOCK gstclock.c:922:gst_clock_get_internal_time:<GstSystemClock> internal time 0:00:00.560419873
0:00:01.676655443  6740 0000000002F77A80 DEBUG              GST_CLOCK gstclock.c:967:gst_clock_get_time:<GstSystemClock> adjusted time 0:00:00.560419873
0:00:01.676699895  6740 0000000002F77A80 LOG                  basesrc gstbasesrc.c:2165:gst_base_src_do_sync:<udpsrc1> created DTS 0:00:00.560325532
0:00:01.676743708  6740 0000000002F77A80 LOG                  basesrc gstbasesrc.c:2175:gst_base_src_do_sync:<udpsrc1> created PTS 0:00:00.560325532
0:00:01.676787201  6740 0000000002F77A80 DEBUG                basesrc gstbasesrc.c:2213:gst_base_src_do_sync:<udpsrc1> no sync needed
0:00:01.676828775  6740 0000000002F77A80 DEBUG                basesrc gstbasesrc.c:2414:gst_base_src_get_range:<udpsrc1> buffer ok
0:00:01.676872588  6740 0000000002F77A80 LOG           GST_SCHEDULING gstpad.c:3653:gst_pad_chain_data_unchecked:<rtpbin0:recv_rtp_sink_0> calling chainfunction &gst_proxy_pad_chain_default with buffer 0000000003E663B0
0:00:01.676918319  6740 0000000002F77A80 LOG           GST_SCHEDULING gstpad.c:3653:gst_pad_chain_data_unchecked:<rtpsession0:recv_rtp_sink> calling chainfunction &000000007049E190 with buffer 0000000003E663B0
0:00:01.674558507  6740 0000000003E61280 LOG                 GST_PADS gstpad.c:2673:gst_pad_forward:<recv_rtp_src_0_2962550724_96:proxypad4> calling forward function on pad rtspsrc0:recv_rtp_src_0_2962550724_96
0:00:01.676961812  6740 0000000002F77A80 LOG               rtpsession gstrtpsession.c:1505:gst_rtp_session_chain_recv_rtp:<rtpsession0> received RTP packet
0:00:01.677006904  6740 0000000003E61280 LOG                 GST_PADS gstpad.c:2718:event_forward_func:<rtspsrc0:recv_rtp_src_0_2962550724_96> Reffing and pushing event 0000000003E06EA0 (stream-start) to rtspsrc0:recv_rtp_src_0_2962550724_96
0:00:01.677051677  6740 0000000002F77A80 DEBUG              GST_CLOCK gstclock.c:922:gst_clock_get_internal_time:<GstSystemClock> internal time 0:00:00.560860879
0:00:01.677098368  6740 0000000003E61280 LOG                 GST_PADS gstpad.c:4423:gst_pad_store_sticky_event:<rtspsrc0:recv_rtp_src_0_2962550724_96> stored sticky event stream-start
0:00:01.677144419  6740 0000000002F77A80 DEBUG              GST_CLOCK gstclock.c:967:gst_clock_get_time:<GstSystemClock> adjusted time 0:00:00.560860879
0:00:01.677233963  6740 0000000002F77A80 LOG               GST_BUFFER gstbuffer.c:1410:gst_buffer_map_range: buffer 0000000003E663B0, idx 0, length 1, flags 0001
0:00:01.677278416  6740 0000000002F77A80 LOG               GST_BUFFER gstbuffer.c:207:_get_merged_memory: buffer 0000000003E663B0, idx 0, length 1
0:00:01.677322228  6740 0000000002F77A80 LOG               GST_BUFFER gstbuffer.c:1410:gst_buffer_map_range: buffer 0000000003E663B0, idx 0, length 1, flags 0001
0:00:01.677365721  6740 0000000002F77A80 LOG               GST_BUFFER gstbuffer.c:207:_get_merged_memory: buffer 0000000003E663B0, idx 0, length 1
0:00:01.677189831  6740 0000000003E61280 DEBUG               GST_PADS gstpad.c:4628:gst_pad_push_event:<rtspsrc0:recv_rtp_src_0_2962550724_96> event stream-start updated
0:00:01.677413691  6740 0000000002F77A80 LOG               GST_BUFFER gstbuffer.c:1410:gst_buffer_map_range: buffer 0000000003E663B0, idx 0, length 1, flags 0001
0:00:01.677504835  6740 0000000002F77A80 LOG               GST_BUFFER gstbuffer.c:207:_get_merged_memory: buffer 0000000003E663B0, idx 0, length 1
0:00:01.677552805  6740 0000000002F77A80 LOG                rtpsource rtpsource.c:1155:rtp_source_process_rtp: seq 65122, PC: 19, OC: 26372
0:00:01.677595658  6740 0000000002F77A80 LOG               GST_BUFFER gstbuffer.c:1410:gst_buffer_map_range: buffer 0000000003E663B0, idx 0, length 1, flags 0001
0:00:01.677638512  6740 0000000002F77A80 LOG               GST_BUFFER gstbuffer.c:207:_get_merged_memory: buffer 0000000003E663B0, idx 0, length 1
