0:00:01.608133887  6740 0000000002F77A80 DEBUG               GST_PADS gstpad.c:3424:gst_pad_query:<rtpsession0:recv_rtp_sink> sent query 0000000003E162D0 (allocation), result 0
0:00:01.608191771  6740 0000000003E61280 INFO               GST_EVENT gstevent.c:628:gst_event_new_caps: creating caps event 0000000003E1CC80
0:00:01.608245817  6740 0000000002F77A80 DEBUG               GST_PADS gstpad.c:3468:gst_pad_query:<rtpsession0:recv_rtp_sink> query failed
0:00:01.608294107  6740 0000000003E61280 DEBUG              GST_EVENT gstevent.c:300:gst_event_new_custom: creating new event 0000000003E62900 caps 12814
0:00:01.608344956  6740 0000000002F77A80 DEBUG               GST_PADS gstpad.c:3589:gst_pad_peer_query:<recv_rtp_sink_0:proxypad0> query failed
0:00:01.608401241  6740 0000000003E61280 LOG                 GST_PADS gstpad.c:4423:gst_pad_store_sticky_event:<'':src_96> stored sticky event caps
0:00:01.608452089  6740 0000000002F77A80 DEBUG               GST_PADS gstpad.c:3424:gst_pad_query:<rtpbin0:recv_rtp_sink_0> sent query 0000000003E162D0 (allocation), result 0
0:00:01.608500379  6740 0000000003E61280 DEBUG               GST_PADS gstpad.c:4429:gst_pad_store_sticky_event:<'':src_96> notify caps
0:00:01.608550268  6740 0000000002F77A80 DEBUG               GST_PADS gstpad.c:3468:gst_pad_query:<rtpbin0:recv_rtp_sink_0> query failed
0:00:01.608617426  6740 0000000003E61280 DEBUG               GST_PADS gstpad.c:4628:gst_pad_push_event:<'':src_96> event caps updated
0:00:01.608713047  6740 0000000003E61280 DEBUG               GST_PADS gstpad.c:3333:check_sticky:<'':src_96> pushing all sticky events
0:00:01.608760377  6740 0000000003E61280 DEBUG               GST_PADS gstpad.c:4557:gst_pad_push_event_unchecked:<'':src_96> Dropping event because pad is not linked
0:00:01.608809947  6740 0000000003E61280 DEBUG               GST_PADS gstpad.c:3305:push_sticky:<'':src_96> pad was not linked, mark pending
0:00:01.608860155  6740 0000000003E61280 DEBUG               GST_PADS gstpad.c:4557:gst_pad_push_event_unchecked:<'':src_96> Dropping event because pad is not linked
0:00:01.608905247  6740 0000000003E61280 DEBUG               GST_PADS gstpad.c:3305:push_sticky:<'':src_96> pad was not linked, mark pending
0:00:01.608949700  6740 0000000003E61280 DEBUG               GST_PADS gstpad.c:4557:gst_pad_push_event_unchecked:<'':src_96> Dropping event because pad is not linked
0:00:01.609007264  6740 0000000003E61280 DEBUG               GST_PADS gstpad.c:3305:push_sticky:<'':src_96> pad was not linked, mark pending
0:00:01.609065468  6740 0000000003E61280 INFO        GST_ELEMENT_PADS gstelement.c:643:gst_element_add_pad:<rtpptdemux0> adding pad 'src_96'
0:00:01.609127829  6740 0000000003E61280 DEBUG        GST_REFCOUNTING gstobject.c:684:gst_object_set_parent:<'':src_96> set parent (ref and sink)
0:00:01.609174840  6740 0000000003E61280 DEBUG             rtpptdemux gstrtpptdemux.c:409:gst_rtp_pt_demux_chain: emitting new-payload-type for pt 96
0:00:01.609222490  6740 0000000003E61280 DEBUG                 rtpbin gstrtpbin.c:2374:new_payload_found: new payload pad 96
0:00:01.609271420  6740 0000000003E61280 LOG                 GST_PADS gstghostpad.c:742:gst_ghost_pad_new_from_template: name:recv_rtp_src_0_2962550724_96, target:rtpptdemux0:src_96, templ:0000000002F7BAB0
0:00:01.609331542  6740 0000000003E61280 DEBUG               GST_PADS gstpad.c:1713:gst_pad_set_iterate_internal_links_function_full:<GstProxyPad@0000000002EEEFA0> internal link iterator set to gst_proxy_pad_iterate_internal_links_default
0:00:01.609379832  6740 0000000003E61280 DEBUG               GST_PADS gstpad.c:1505:gst_pad_set_activatemode_function_full:<GstGhostPad@0000000002EEEFA0> activatemodefunc set to 0000000061468DD0
0:00:01.608666036  6740 0000000002F77A80 DEBUG               GST_PADS gstpad.c:3589:gst_pad_peer_query:<udpsrc1:src> query failed
0:00:01.609434198  6740 0000000003E61280 DEBUG               GST_PADS gstpad.c:1613:gst_pad_set_getrange_function_full:<'':recv_rtp_src_0_2962550724_96> getrangefunc set to gst_proxy_pad_getrange_default
0:00:01.609486326  6740 0000000002F77A80 DEBUG                basesrc gstbasesrc.c:2973:gst_base_src_prepare_allocation:<udpsrc1> peer ALLOCATION query failed
0:00:01.609554124  6740 0000000003E61280 DEBUG               GST_PADS gstpad.c:1713:gst_pad_set_iterate_internal_links_function_full:<GstProxyPad@0000000003048C10> internal link iterator set to gst_proxy_pad_iterate_internal_links_default
0:00:01.609599216  6740 0000000002F77A80 DEBUG                basesrc gstbasesrc.c:2980:gst_base_src_prepare_allocation:<udpsrc1> ALLOCATION (1) params: 0000000003E162D0
0:00:01.609653902  6740 0000000003E61280 DEBUG               GST_PADS gstpad.c:1540:gst_pad_set_chain_function_full:<'':proxypad3> chainfunc set to gst_proxy_pad_chain_default
0:00:01.609703151  6740 0000000002F77A80 LOG                  basesrc gstbasesrc.c:2614:gst_base_src_loop:<udpsrc1> next_ts 99:99:99.999999999 size 4096
0:00:01.609753040  6740 0000000003E61280 DEBUG               GST_PADS gstpad.c:1577:gst_pad_set_chain_list_function_full:<'':proxypad3> chainlistfunc set to gst_proxy_pad_chain_list_default
0:00:01.609807087  6740 0000000002F77A80 DEBUG                basesrc gstbasesrc.c:2351:gst_base_src_get_range:<udpsrc1> calling create offset 18446744073709551615 length 4096, time 0
0:00:01.609854097  6740 0000000003E61280 DEBUG        GST_REFCOUNTING gstobject.c:684:gst_object_set_parent:<'':proxypad3> set parent (ref and sink)
0:00:01.609911022  6740 0000000002F77A80 LOG                   udpsrc gstudpsrc.c:451:gst_udpsrc_create:<udpsrc1> ioctl says 59685 bytes available
0:00:01.609956434  6740 0000000003E61280 DEBUG               GST_PADS gstpad.c:1505:gst_pad_set_activatemode_function_full:<recv_rtp_src_0_2962550724_96:proxypad3> activatemodefunc set to 0000000061468520
0:00:01.610013678  6740 0000000002F77A80 DEBUG             GST_MEMORY gstmemory.c:133:gst_memory_init: new memory 0000000003E7D1D0, maxsize:59692 offset:0 size:59685
0:00:01.610114415  6740 0000000002F77A80 LOG               GST_BUFFER gstbuffer.c:581:gst_buffer_new: new 0000000003E64060
0:00:01.610161426  6740 0000000002F77A80 LOG               GST_BUFFER gstbuffer.c:297:_memory_add: buffer 0000000003E64060, idx -1, mem 0000000003E7D1D0, lock 1
0:00:01.610209716  6740 0000000002F77A80 LOG               GST_BUFFER gstbuffer.c:635:gst_buffer_new_allocate: new buffer 0000000003E64060 of size 59685 from allocator 0000000000000000
0:00:01.610266641  6740 0000000002F77A80 LOG               GST_BUFFER gstbuffer.c:1410:gst_buffer_map_range: buffer 0000000003E64060, idx 0, length -1, flags 0002
0:00:01.610318129  6740 0000000002F77A80 LOG               GST_BUFFER gstbuffer.c:207:_get_merged_memory: buffer 0000000003E64060, idx 0, length 1
0:00:01.610065486  6740 0000000003E61280 DEBUG               GST_PADS gstghostpad.c:834:gst_ghost_pad_set_target:<'':recv_rtp_src_0_2962550724_96> set target rtpptdemux0:src_96
0:00:01.610380490  6740 0000000002F77A80 LOG               GST_BUFFER gstbuffer.c:1279:gst_buffer_resize_range: trim 0000000003E64060 0-1400 size:59685 offs:0 max:59692
0:00:01.610429100  6740 0000000003E61280 DEBUG               GST_PADS gstghostpad.c:854:gst_ghost_pad_set_target:<'':recv_rtp_src_0_2962550724_96> connecting internal pad to target 0000000002EA6450
0:00:01.610481227  6740 0000000002F77A80 DEBUG             GST_BUFFER gstbuffer.c:1853:gst_buffer_add_meta: alloc metadata 0000000003E63B18 (GstNetAddressMeta) of size 24
0:00:01.610539751  6740 0000000003E61280 LOG              GST_MESSAGE gstmessage.c:282:gst_message_new_custom: source proxypad3: creating new message 0000000003E18610 structure-change
0:00:01.610597635  6740 0000000002F77A80 LOG                   udpsrc gstudpsrc.c:502:gst_udpsrc_create:<udpsrc1> read 59685 bytes
0:00:01.610652321  6740 0000000003E61280 DEBUG                GST_BUS gstbus.c:316:gst_bus_post:<bus3> [msg 0000000003E18610] posting on bus 0000000003E18610
0:00:01.610704768  6740 0000000002F77A80 DEBUG              GST_CLOCK gstclock.c:922:gst_clock_get_internal_time:<GstSystemClock> internal time 0:00:00.494513651
0:00:01.610754657  6740 0000000003E61280 DEBUG                    bin gstbin.c:3270:gst_bin_handle_message_func:<rtpbin0> [msg 0000000003E18610] handling child proxypad3 message of type structure-change
0:00:01.610807744  6740 0000000002F77A80 DEBUG              GST_CLOCK gstclock.c:967:gst_clock_get_time:<GstSystemClock> adjusted time 0:00:00.494513651
0:00:01.610864669  6740 0000000003E61280 DEBUG                    bin gstbin.c:879:find_message:<rtpbin0> no message found matching types 00001000
0:00:01.610919995  6740 0000000002F77A80 LOG                  basesrc gstbasesrc.c:2165:gst_base_src_do_sync:<udpsrc1> created DTS 0:00:00.494419310
0:00:01.611023290  6740 0000000002F77A80 LOG                  basesrc gstbasesrc.c:2175:gst_base_src_do_sync:<udpsrc1> created PTS 0:00:00.494419310
0:00:01.611069981  6740 0000000002F77A80 DEBUG                basesrc gstbasesrc.c:2213:gst_base_src_do_sync:<udpsrc1> no sync needed
0:00:01.611116672  6740 0000000002F77A80 DEBUG                basesrc gstbasesrc.c:2414:gst_base_src_get_range:<udpsrc1> buffer ok
0:00:01.611160805  6740 0000000002F77A80 LOG           GST_SCHEDULING gstpad.c:3653:gst_pad_chain_data_unchecked:<rtpbin0:recv_rtp_sink_0> calling chainfunction &gst_proxy_pad_chain_default with buffer 0000000003E64060
0:00:01.611227323  6740 0000000002F77A80 LOG           GST_SCHEDULING gstpad.c:3653:gst_pad_chain_data_unchecked:<rtpsession0:recv_rtp_sink> calling chainfunction &000000007049E190 with buffer 0000000003E64060
0:00:01.611282649  6740 0000000002F77A80 LOG               rtpsession gstrtpsession.c:1505:gst_rtp_session_chain_recv_rtp:<rtpsession0> received RTP packet
0:00:01.611332218  6740 0000000002F77A80 DEBUG              GST_CLOCK gstclock.c:922:gst_clock_get_internal_time:<GstSystemClock> internal time 0:00:00.495141101
0:00:01.611376671  6740 0000000002F77A80 DEBUG              GST_CLOCK gstclock.c:967:gst_clock_get_time:<GstSystemClock> adjusted time 0:00:00.495141101
0:00:01.611425920  6740 0000000002F77A80 LOG               GST_BUFFER gstbuffer.c:1410:gst_buffer_map_range: buffer 0000000003E64060, idx 0, length 1, flags 0001
0:00:01.611483164  6740 0000000002F77A80 LOG               GST_BUFFER gstbuffer.c:207:_get_merged_memory: buffer 0000000003E64060, idx 0, length 1
0:00:01.611538810  6740 0000000002F77A80 LOG               GST_BUFFER gstbuffer.c:1410:gst_buffer_map_range: buffer 0000000003E64060, idx 0, length 1, flags 0001
0:00:01.611595095  6740 0000000002F77A80 LOG               GST_BUFFER gstbuffer.c:207:_get_merged_memory: buffer 0000000003E64060, idx 0, length 1
0:00:01.611644024  6740 0000000002F77A80 LOG               GST_BUFFER gstbuffer.c:1410:gst_buffer_map_range: buffer 0000000003E64060, idx 0, length 1, flags 0001
0:00:01.611694873  6740 0000000002F77A80 LOG               GST_BUFFER gstbuffer.c:207:_get_merged_memory: buffer 0000000003E64060, idx 0, length 1
0:00:01.611741244  6740 0000000002F77A80 LOG                rtpsource rtpsource.c:1155:rtp_source_process_rtp: seq 65105, PC: 2, OC: 2776
0:00:01.611786336  6740 0000000002F77A80 LOG               GST_BUFFER gstbuffer.c:1410:gst_buffer_map_range: buffer 0000000003E64060, idx 0, length 1, flags 0001
0:00:01.611832707  6740 0000000002F77A80 LOG               GST_BUFFER gstbuffer.c:207:_get_merged_memory: buffer 0000000003E64060, idx 0, length 1
0:00:01.611874601  6740 0000000002F77A80 LOG                rtpsource rtpsource.c:941:calculate_jitter: SSRC b094efc4 got payload 96
0:00:01.611919373  6740 0000000002F77A80 LOG                rtpsource rtpsource.c:976:calculate_jitter: rtparrival 44497, rtptime 2932225062, clock-rate 90000, diff 4087, jitter: 255.437500
0:00:01.611966704  6740 0000000002F77A80 LOG                rtpsource rtpsource.c:878:push_packet: pushing new packet
0:00:01.612011156  6740 0000000002F77A80 LOG               rtpsession rtpsession.c:1175:source_push_rtp: source b094efc4 pushed receiver RTP packet
0:00:01.612059126  6740 0000000002F77A80 LOG               rtpsession gstrtpsession.c:1035:gst_rtp_session_process_rtp:<rtpsession0> pushing received RTP packet
0:00:01.612103579  6740 0000000002F77A80 LOG           GST_SCHEDULING gstpad.c:3653:gst_pad_chain_data_unchecked:<rtpssrcdemux0:sink> calling chainfunction &000000007048EF60 with buffer 0000000003E64060
0:00:01.612157625  6740 0000000002F77A80 LOG               GST_BUFFER gstbuffer.c:1410:gst_buffer_map_range: buffer 0000000003E64060, idx 0, length 1, flags 0001
0:00:01.612210072  6740 0000000002F77A80 LOG               GST_BUFFER gstbuffer.c:207:_get_merged_memory: buffer 0000000003E64060, idx 0, length 1
0:00:01.612267317  6740 0000000002F77A80 DEBUG           rtpssrcdemux gstrtpssrcdemux.c:638:gst_rtp_ssrc_demux_chain:<rtpssrcdemux0> received buffer of SSRC b094efc4
0:00:01.612314647  6740 0000000002F77A80 DEBUG           rtpssrcdemux gstrtpssrcdemux.c:230:find_or_create_demux_pad_for_ssrc:<rtpssrcdemux0> creating pad for SSRC b094efc4
0:00:01.612360699  6740 0000000002F77A80 LOG           GST_SCHEDULING gstpad.c:3653:gst_pad_chain_data_unchecked:<rtpjitterbuffer0:sink> calling chainfunction &gst_rtp_jitter_buffer_chain with buffer 0000000003E64060
0:00:01.612405151  6740 0000000002F77A80 LOG               GST_BUFFER gstbuffer.c:1410:gst_buffer_map_range: buffer 0000000003E64060, idx 0, length 1, flags 0001
0:00:01.612450243  6740 0000000002F77A80 LOG               GST_BUFFER gstbuffer.c:207:_get_merged_memory: buffer 0000000003E64060, idx 0, length 1
0:00:01.612497254  6740 0000000002F77A80 DEBUG     gstrtpjitterbuffer gstrtpjitterbuffer.c:1278:gst_rtp_jitter_buffer_chain:<rtpjitterbuffer0> Received packet #65105 at time 0:00:00.494419310
0:00:01.612549381  6740 0000000002F77A80 LOG               GST_BUFFER gstbuffer.c:1410:gst_buffer_map_range: buffer 0000000003E64060, idx 0, length 1, flags 0001
0:00:01.612605027  6740 0000000002F77A80 LOG               GST_BUFFER gstbuffer.c:207:_get_merged_memory: buffer 0000000003E64060, idx 0, length 1
0:00:01.612666109  6740 0000000002F77A80 LOG               GST_BUFFER gstbuffer.c:1410:gst_buffer_map_range: buffer 0000000003E07EA0, idx 0, length 1, flags 0001
0:00:01.612723993  6740 0000000002F77A80 LOG               GST_BUFFER gstbuffer.c:207:_get_merged_memory: buffer 0000000003E07EA0, idx 0, length 1
0:00:01.612780598  6740 0000000002F77A80 DEBUG        rtpjitterbuffer rtpjitterbuffer.c:428:calculate_skew: extrtp 2932225062, gstrtp 9:03:00.278466666, base 9:03:00.278466666, send_diff 0:00:00.000000000
0:00:01.612835923  6740 0000000002F77A80 DEBUG        rtpjitterbuffer rtpjitterbuffer.c:451:calculate_skew: time 0:00:00.494419310, base 0:00:00.441604788, recv_diff 0:00:00.052814522, slope 0
0:00:01.612897965  6740 0000000002F77A80 DEBUG        rtpjitterbuffer rtpjitterbuffer.c:468:calculate_skew: filling 2, delta 52814522
0:00:01.612943696  6740 0000000002F77A80 DEBUG        rtpjitterbuffer rtpjitterbuffer.c:561:calculate_skew: backwards timestamps, using previous time
0:00:01.612989108  6740 0000000002F77A80 DEBUG        rtpjitterbuffer rtpjitterbuffer.c:583:calculate_skew: skew 0, out 0:00:00.441604788
0:00:01.613036119  6740 0000000002F77A80 DEBUG     gstrtpjitterbuffer gstrtpjitterbuffer.c:1405:gst_rtp_jitter_buffer_chain:<rtpjitterbuffer0> Pushed packet #65105, now 2 packets, tail: 0
0:00:01.613083769  6740 0000000002F77A80 LOG           GST_SCHEDULING gstpad.c:3659:gst_pad_chain_data_unchecked:<rtpjitterbuffer0:sink> called chainfunction &gst_rtp_jitter_buffer_chain with buffer 0000000003E64060, returned ok
0:00:01.613133338  6740 0000000002F77A80 LOG           GST_SCHEDULING gstpad.c:3659:gst_pad_chain_data_unchecked:<rtpssrcdemux0:sink> called chainfunction &000000007048EF60 with buffer 0000000003E64060, returned ok
0:00:01.613187385  6740 0000000002F77A80 LOG           GST_SCHEDULING gstpad.c:3659:gst_pad_chain_data_unchecked:<rtpsession0:recv_rtp_sink> called chainfunction &000000007049E190 with buffer 0000000003E64060, returned ok
0:00:01.613235995  6740 0000000002F77A80 LOG           GST_SCHEDULING gstpad.c:3659:gst_pad_chain_data_unchecked:<rtpbin0:recv_rtp_sink_0> called chainfunction &gst_proxy_pad_chain_default with buffer 0000000003E64060, returned ok
0:00:01.613288442  6740 0000000002F77A80 LOG                  basesrc gstbasesrc.c:2614:gst_base_src_loop:<udpsrc1> next_ts 99:99:99.999999999 size 4096
0:00:01.613336732  6740 0000000002F77A80 DEBUG                basesrc gstbasesrc.c:2351:gst_base_src_get_range:<udpsrc1> calling create offset 18446744073709551615 length 4096, time 0
0:00:01.613389819  6740 0000000002F77A80 LOG                   udpsrc gstudpsrc.c:451:gst_udpsrc_create:<udpsrc1> ioctl says 58285 bytes available
0:00:01.613440987  6740 0000000002F77A80 DEBUG             GST_MEMORY gstmemory.c:133:gst_memory_init: new memory 0000000003E8BBA0, maxsize:58292 offset:0 size:58285
0:00:01.613487358  6740 0000000002F77A80 LOG               GST_BUFFER gstbuffer.c:581:gst_buffer_new: new 0000000003E64170
0:00:01.613530531  6740 0000000002F77A80 LOG               GST_BUFFER gstbuffer.c:297:_memory_add: buffer 0000000003E64170, idx -1, mem 0000000003E8BBA0, lock 1
0:00:01.613585217  6740 0000000002F77A80 LOG               GST_BUFFER gstbuffer.c:635:gst_buffer_new_allocate: new buffer 0000000003E64170 of size 58285 from allocator 0000000000000000
0:00:01.613633507  6740 0000000002F77A80 LOG               GST_BUFFER gstbuffer.c:1410:gst_buffer_map_range: buffer 0000000003E64170, idx 0, length -1, flags 0002
0:00:01.613678599  6740 0000000002F77A80 LOG               GST_BUFFER gstbuffer.c:207:_get_merged_memory: buffer 0000000003E64170, idx 0, length 1
0:00:01.613733925  6740 0000000002F77A80 LOG               GST_BUFFER gstbuffer.c:1279:gst_buffer_resize_range: trim 0000000003E64170 0-1400 size:58285 offs:0 max:58292
0:00:01.610971802  6740 0000000003E61280 DEBUG                    bin gstbin.c:886:find_message:<rtpbin0>   structure-change
0:00:01.613790530  6740 0000000002F77A80 DEBUG             GST_BUFFER gstbuffer.c:1853:gst_buffer_add_meta: alloc metadata 0000000003E63AE8 (GstNetAddressMeta) of size 24
0:00:01.613846495  6740 0000000003E61280 DEBUG                    bin gstbin.c:926:bin_replace_message:<rtpbin0> got new message 0000000003E18610, structure-change from proxypad3
0:00:01.613905658  6740 0000000002F77A80 LOG                   udpsrc gstudpsrc.c:502:gst_udpsrc_create:<udpsrc1> read 58285 bytes
0:00:01.613955227  6740 0000000003E61280 DEBUG                GST_BUS gstbus.c:347:gst_bus_post:<bus3> [msg 0000000003E18610] dropped
0:00:01.614064919  6740 0000000003E61280 INFO                GST_PADS gstpad.c:2062:gst_pad_link_prepare: trying to link rtpptdemux0:src_96 and recv_rtp_src_0_2962550724_96:proxypad3
0:00:01.614109691  6740 0000000003E61280 INFO                GST_PADS gstpad.c:2264:gst_pad_link_full: linked rtpptdemux0:src_96 and recv_rtp_src_0_2962550724_96:proxypad3, successful
0:00:01.614154783  6740 0000000003E61280 INFO               GST_EVENT gstevent.c:1313:gst_event_new_reconfigure: creating reconfigure event
0:00:01.614197956  6740 0000000003E61280 DEBUG              GST_EVENT gstevent.c:300:gst_event_new_custom: creating new event 0000000003E62960 reconfigure 61441
0:00:01.614242729  6740 0000000003E61280 DEBUG              GST_EVENT gstpad.c:4771:gst_pad_send_event_unchecked:<rtpptdemux0:src_96> have event type 0000000003E62960
0:00:01.614300932  6740 0000000003E61280 LOG                 GST_PADS gstpad.c:2753:gst_pad_event_default:<rtpptdemux0:src_96> default event handler for event 0000000003E62960
0:00:01.614356898  6740 0000000003E61280 DEBUG               GST_PADS gstpad.c:2563:gst_pad_iterate_internal_links_default:<rtpptdemux0:src_96> Making iterator
0:00:01.614414142  6740 0000000003E61280 LOG                 GST_PADS gstpad.c:2673:gst_pad_forward:<rtpptdemux0:src_96> calling forward function on pad rtpptdemux0:sink
0:00:01.614467229  6740 0000000003E61280 LOG                 GST_PADS gstpad.c:2718:event_forward_func:<rtpptdemux0:sink> Reffing and pushing event 0000000003E62960 (reconfigure) to rtpptdemux0:sink
0:00:01.614526392  6740 0000000003E61280 LOG                 GST_PADS gstpad.c:4513:gst_pad_push_event_unchecked:<rtpptdemux0:sink> sending event 0000000003E62960 (reconfigure) to peerpad 0000000002EA5B90
0:00:01.614577241  6740 0000000003E61280 DEBUG              GST_EVENT gstpad.c:4771:gst_pad_send_event_unchecked:<rtpjitterbuffer0:src> have event type 0000000003E62960
0:00:01.614622333  6740 0000000003E61280 DEBUG     gstrtpjitterbuffer gstrtpjitterbuffer.c:1000:gst_rtp_jitter_buffer_src_event:<rtpjitterbuffer0> received reconfigure
0:00:01.614669663  6740 0000000003E61280 LOG                 GST_PADS gstpad.c:4513:gst_pad_push_event_unchecked:<rtpjitterbuffer0:sink> sending event 0000000003E62960 (reconfigure) to peerpad 0000000002EA5730
0:00:01.614721151  6740 0000000003E61280 DEBUG              GST_EVENT gstpad.c:4771:gst_pad_send_event_unchecked:<rtpssrcdemux0:src_2962550724> have event type 0000000003E62960
0:00:01.614014071  6740 0000000002F77A80 DEBUG              GST_CLOCK gstclock.c:922:gst_clock_get_internal_time:<GstSystemClock> internal time 0:00:00.497822953
0:00:01.614774558  6740 0000000003E61280 LOG                 GST_PADS gstpad.c:2753:gst_pad_event_default:<rtpssrcdemux0:src_2962550724> default event handler for event 0000000003E62960
0:00:01.614825087  6740 0000000002F77A80 DEBUG              GST_CLOCK gstclock.c:967:gst_clock_get_time:<GstSystemClock> adjusted time 0:00:00.497822953
0:00:01.614881372  6740 0000000003E61280 LOG                 GST_PADS gstpad.c:2673:gst_pad_forward:<rtpssrcdemux0:src_2962550724> calling forward function on pad rtpssrcdemux0:sink
0:00:01.614938296  6740 0000000002F77A80 LOG                  basesrc gstbasesrc.c:2165:gst_base_src_do_sync:<udpsrc1> created DTS 0:00:00.497728612
0:00:01.614993302  6740 0000000003E61280 LOG                 GST_PADS gstpad.c:2718:event_forward_func:<rtpssrcdemux0:sink> Reffing and pushing event 0000000003E62960 (reconfigure) to rtpssrcdemux0:sink
0:00:01.615040633  6740 0000000002F77A80 LOG                  basesrc gstbasesrc.c:2175:gst_base_src_do_sync:<udpsrc1> created PTS 0:00:00.497728612
0:00:01.615142009  6740 0000000002F77A80 DEBUG                basesrc gstbasesrc.c:2213:gst_base_src_do_sync:<udpsrc1> no sync needed
0:00:01.615092440  6740 0000000003E61280 LOG                 GST_PADS gstpad.c:4513:gst_pad_push_event_unchecked:<rtpssrcdemux0:sink> sending event 0000000003E62960 (reconfigure) to peerpad 0000000002FDEC40
0:00:01.615186782  6740 0000000002F77A80 DEBUG                basesrc gstbasesrc.c:2414:gst_base_src_get_range:<udpsrc1> buffer ok
0:00:01.615242427  6740 0000000003E61280 DEBUG              GST_EVENT gstpad.c:4771:gst_pad_send_event_unchecked:<rtpsession0:recv_rtp_src> have event type 0000000003E62960
0:00:01.615291037  6740 0000000002F77A80 LOG           GST_SCHEDULING gstpad.c:3653:gst_pad_chain_data_unchecked:<rtpbin0:recv_rtp_sink_0> calling chainfunction &gst_proxy_pad_chain_default with buffer 0000000003E64170
0:00:01.615339007  6740 0000000003E61280 LOG                 GST_PADS gstpad.c:4513:gst_pad_push_event_unchecked:<rtpsession0:recv_rtp_sink> sending event 0000000003E62960 (reconfigure) to peerpad 0000000002ED3FA0
0:00:01.615396571  6740 0000000002F77A80 LOG           GST_SCHEDULING gstpad.c:3653:gst_pad_chain_data_unchecked:<rtpsession0:recv_rtp_sink> calling chainfunction &000000007049E190 with buffer 0000000003E64170
0:00:01.615451577  6740 0000000003E61280 DEBUG              GST_EVENT gstpad.c:4771:gst_pad_send_event_unchecked:<recv_rtp_sink_0:proxypad0> have event type 0000000003E62960
0:00:01.615501146  6740 0000000002F77A80 LOG               rtpsession gstrtpsession.c:1505:gst_rtp_session_chain_recv_rtp:<rtpsession0> received RTP packet
0:00:01.615555832  6740 0000000003E61280 LOG                 GST_PADS gstpad.c:2753:gst_pad_event_default:<recv_rtp_sink_0:proxypad0> default event handler for event 0000000003E62960
0:00:01.615605401  6740 0000000002F77A80 DEBUG              GST_CLOCK gstclock.c:922:gst_clock_get_internal_time:<GstSystemClock> internal time 0:00:00.499414284
0:00:01.615652412  6740 0000000003E61280 LOG                 GST_PADS gstpad.c:2673:gst_pad_forward:<recv_rtp_sink_0:proxypad0> calling forward function on pad rtpbin0:recv_rtp_sink_0
0:00:01.615697824  6740 0000000002F77A80 DEBUG              GST_CLOCK gstclock.c:967:gst_clock_get_time:<GstSystemClock> adjusted time 0:00:00.499414284
0:00:01.615789607  6740 0000000002F77A80 LOG               GST_BUFFER gstbuffer.c:1410:gst_buffer_map_range: buffer 0000000003E64170, idx 0, length 1, flags 0001
0:00:01.615834059  6740 0000000002F77A80 LOG               GST_BUFFER gstbuffer.c:207:_get_merged_memory: buffer 0000000003E64170, idx 0, length 1
0:00:01.615880750  6740 0000000002F77A80 LOG               GST_BUFFER gstbuffer.c:1410:gst_buffer_map_range: buffer 0000000003E64170, idx 0, length 1, flags 0001
0:00:01.615924243  6740 0000000002F77A80 LOG               GST_BUFFER gstbuffer.c:207:_get_merged_memory: buffer 0000000003E64170, idx 0, length 1
0:00:01.615744195  6740 0000000003E61280 LOG                 GST_PADS gstpad.c:2718:event_forward_func:<rtpbin0:recv_rtp_sink_0> Reffing and pushing event 0000000003E62960 (reconfigure) to rtpbin0:recv_rtp_sink_0
0:00:01.615969335  6740 0000000002F77A80 LOG               GST_BUFFER gstbuffer.c:1410:gst_buffer_map_range: buffer 0000000003E64170, idx 0, length 1, flags 0001
0:00:01.616063996  6740 0000000002F77A80 LOG               GST_BUFFER gstbuffer.c:207:_get_merged_memory: buffer 0000000003E64170, idx 0, length 1
0:00:01.616107169  6740 0000000002F77A80 LOG                rtpsource rtpsource.c:1155:rtp_source_process_rtp: seq 65106, PC: 3, OC: 4164
0:00:01.616150343  6740 0000000002F77A80 LOG               GST_BUFFER gstbuffer.c:1410:gst_buffer_map_range: buffer 0000000003E64170, idx 0, length 1, flags 0001
0:00:01.616193836  6740 0000000002F77A80 LOG               GST_BUFFER gstbuffer.c:207:_get_merged_memory: buffer 0000000003E64170, idx 0, length 1
0:00:01.616236689  6740 0000000002F77A80 LOG                rtpsource rtpsource.c:941:calculate_jitter: SSRC b094efc4 got payload 96
0:00:01.616279862  6740 0000000002F77A80 LOG                rtpsource rtpsource.c:976:calculate_jitter: rtparrival 44795, rtptime 2932225062, clock-rate 90000, diff 298, jitter: 258.125000
0:00:01.616325594  6740 0000000002F77A80 LOG                rtpsource rtpsource.c:878:push_packet: pushing new packet
0:00:01.616367168  6740 0000000002F77A80 LOG               rtpsession rtpsession.c:1175:source_push_rtp: source b094efc4 pushed receiver RTP packet
0:00:01.616410981  6740 0000000002F77A80 LOG               rtpsession gstrtpsession.c:1035:gst_rtp_session_process_rtp:<rtpsession0> pushing received RTP packet
0:00:01.616455113  6740 0000000002F77A80 LOG           GST_SCHEDULING gstpad.c:3653:gst_pad_chain_data_unchecked:<rtpssrcdemux0:sink> calling chainfunction &000000007048EF60 with buffer 0000000003E64170
0:00:01.616498286  6740 0000000002F77A80 LOG               GST_BUFFER gstbuffer.c:1410:gst_buffer_map_range: buffer 0000000003E64170, idx 0, length 1, flags 0001
0:00:01.616544338  6740 0000000002F77A80 LOG               GST_BUFFER gstbuffer.c:207:_get_merged_memory: buffer 0000000003E64170, idx 0, length 1
0:00:01.616588790  6740 0000000002F77A80 DEBUG           rtpssrcdemux gstrtpssrcdemux.c:638:gst_rtp_ssrc_demux_chain:<rtpssrcdemux0> received buffer of SSRC b094efc4
0:00:01.616632283  6740 0000000002F77A80 DEBUG           rtpssrcdemux gstrtpssrcdemux.c:230:find_or_create_demux_pad_for_ssrc:<rtpssrcdemux0> creating pad for SSRC b094efc4
0:00:01.616676735  6740 0000000002F77A80 LOG           GST_SCHEDULING gstpad.c:3653:gst_pad_chain_data_unchecked:<rtpjitterbuffer0:sink> calling chainfunction &gst_rtp_jitter_buffer_chain with buffer 0000000003E64170
0:00:01.616719589  6740 0000000002F77A80 LOG               GST_BUFFER gstbuffer.c:1410:gst_buffer_map_range: buffer 0000000003E64170, idx 0, length 1, flags 0001
0:00:01.616762762  6740 0000000002F77A80 LOG               GST_BUFFER gstbuffer.c:207:_get_merged_memory: buffer 0000000003E64170, idx 0, length 1
0:00:01.616807534  6740 0000000002F77A80 DEBUG     gstrtpjitterbuffer gstrtpjitterbuffer.c:1278:gst_rtp_jitter_buffer_chain:<rtpjitterbuffer0> Received packet #65106 at time 0:00:00.497728612
0:00:01.616851027  6740 0000000002F77A80 LOG               GST_BUFFER gstbuffer.c:1410:gst_buffer_map_range: buffer 0000000003E64170, idx 0, length 1, flags 0001
0:00:01.616893241  6740 0000000002F77A80 LOG               GST_BUFFER gstbuffer.c:207:_get_merged_memory: buffer 0000000003E64170, idx 0, length 1
0:00:01.616935135  6740 0000000002F77A80 LOG               GST_BUFFER gstbuffer.c:1410:gst_buffer_map_range: buffer 0000000003E64060, idx 0, length 1, flags 0001
0:00:01.616979907  6740 0000000002F77A80 LOG               GST_BUFFER gstbuffer.c:207:_get_merged_memory: buffer 0000000003E64060, idx 0, length 1
0:00:01.617022121  6740 0000000002F77A80 DEBUG        rtpjitterbuffer rtpjitterbuffer.c:428:calculate_skew: extrtp 2932225062, gstrtp 9:03:00.278466666, base 9:03:00.278466666, send_diff 0:00:00.000000000
0:00:01.617071050  6740 0000000002F77A80 DEBUG        rtpjitterbuffer rtpjitterbuffer.c:451:calculate_skew: time 0:00:00.497728612, base 0:00:00.441604788, recv_diff 0:00:00.056123824, slope 0
0:00:01.617117741  6740 0000000002F77A80 DEBUG        rtpjitterbuffer rtpjitterbuffer.c:468:calculate_skew: filling 3, delta 56123824
0:00:01.617160275  6740 0000000002F77A80 DEBUG        rtpjitterbuffer rtpjitterbuffer.c:561:calculate_skew: backwards timestamps, using previous time
0:00:01.617201529  6740 0000000002F77A80 DEBUG        rtpjitterbuffer rtpjitterbuffer.c:583:calculate_skew: skew 0, out 0:00:00.441604788
0:00:01.617246621  6740 0000000002F77A80 DEBUG     gstrtpjitterbuffer gstrtpjitterbuffer.c:1405:gst_rtp_jitter_buffer_chain:<rtpjitterbuffer0> Pushed packet #65106, now 3 packets, tail: 0
0:00:01.617290753  6740 0000000002F77A80 LOG           GST_SCHEDULING gstpad.c:3659:gst_pad_chain_data_unchecked:<rtpjitterbuffer0:sink> called chainfunction &gst_rtp_jitter_buffer_chain with buffer 0000000003E64170, returned ok
0:00:01.617336485  6740 0000000002F77A80 LOG           GST_SCHEDULING gstpad.c:3659:gst_pad_chain_data_unchecked:<rtpssrcdemux0:sink> called chainfunction &000000007048EF60 with buffer 0000000003E64170, returned ok
0:00:01.617381577  6740 0000000002F77A80 LOG           GST_SCHEDULING gstpad.c:3659:gst_pad_chain_data_unchecked:<rtpsession0:recv_rtp_sink> called chainfunction &000000007049E190 with buffer 0000000003E64170, returned ok
0:00:01.617427309  6740 0000000002F77A80 LOG           GST_SCHEDULING gstpad.c:3659:gst_pad_chain_data_unchecked:<rtpbin0:recv_rtp_sink_0> called chainfunction &gst_proxy_pad_chain_default with buffer 0000000003E64170, returned ok
0:00:01.617471761  6740 0000000002F77A80 LOG                  basesrc gstbasesrc.c:2614:gst_base_src_loop:<udpsrc1> next_ts 99:99:99.999999999 size 4096
0:00:01.617515894  6740 0000000002F77A80 DEBUG                basesrc gstbasesrc.c:2351:gst_base_src_get_range:<udpsrc1> calling create offset 18446744073709551615 length 4096, time 0
0:00:01.617580493  6740 0000000002F77A80 LOG                   udpsrc gstudpsrc.c:451:gst_udpsrc_create:<udpsrc1> ioctl says 56885 bytes available
0:00:01.617626225  6740 0000000002F77A80 DEBUG             GST_MEMORY gstmemory.c:133:gst_memory_init: new memory 0000000003E99FF0, maxsize:56892 offset:0 size:56885
0:00:01.617670677  6740 0000000002F77A80 LOG               GST_BUFFER gstbuffer.c:581:gst_buffer_new: new 0000000003E64280
0:00:01.617712251  6740 0000000002F77A80 LOG               GST_BUFFER gstbuffer.c:297:_memory_add: buffer 0000000003E64280, idx -1, mem 0000000003E99FF0, lock 1
0:00:01.617756064  6740 0000000002F77A80 LOG               GST_BUFFER gstbuffer.c:635:gst_buffer_new_allocate: new buffer 0000000003E64280 of size 56885 from allocator 0000000000000000
0:00:01.617799557  6740 0000000002F77A80 LOG               GST_BUFFER gstbuffer.c:1410:gst_buffer_map_range: buffer 0000000003E64280, idx 0, length -1, flags 0002
0:00:01.617843370  6740 0000000002F77A80 LOG               GST_BUFFER gstbuffer.c:207:_get_merged_memory: buffer 0000000003E64280, idx 0, length 1
0:00:01.617899335  6740 0000000002F77A80 LOG               GST_BUFFER gstbuffer.c:1279:gst_buffer_resize_range: trim 0000000003E64280 0-1400 size:56885 offs:0 max:56892
0:00:01.617945706  6740 0000000002F77A80 DEBUG             GST_BUFFER gstbuffer.c:1853:gst_buffer_add_meta: alloc metadata 0000000003E63A28 (GstNetAddressMeta) of size 24
0:00:01.617991438  6740 0000000002F77A80 LOG                   udpsrc gstudpsrc.c:502:gst_udpsrc_create:<udpsrc1> read 56885 bytes
0:00:01.618037809  6740 0000000002F77A80 DEBUG              GST_CLOCK gstclock.c:922:gst_clock_get_internal_time:<GstSystemClock> internal time 0:00:00.501847331
0:00:01.618083221  6740 0000000002F77A80 DEBUG              GST_CLOCK gstclock.c:967:gst_clock_get_time:<GstSystemClock> adjusted time 0:00:00.501847331
0:00:01.618126394  6740 0000000002F77A80 LOG                  basesrc gstbasesrc.c:2165:gst_base_src_do_sync:<udpsrc1> created DTS 0:00:00.501752990
0:00:01.618170526  6740 0000000002F77A80 LOG                  basesrc gstbasesrc.c:2175:gst_base_src_do_sync:<udpsrc1> created PTS 0:00:00.501752990
0:00:01.618213380  6740 0000000002F77A80 DEBUG                basesrc gstbasesrc.c:2213:gst_base_src_do_sync:<udpsrc1> no sync needed
0:00:01.618255594  6740 0000000002F77A80 DEBUG                basesrc gstbasesrc.c:2414:gst_base_src_get_range:<udpsrc1> buffer ok
0:00:01.618300046  6740 0000000002F77A80 LOG           GST_SCHEDULING gstpad.c:3653:gst_pad_chain_data_unchecked:<rtpbin0:recv_rtp_sink_0> calling chainfunction &gst_proxy_pad_chain_default with buffer 0000000003E64280
0:00:01.618345138  6740 0000000002F77A80 LOG           GST_SCHEDULING gstpad.c:3653:gst_pad_chain_data_unchecked:<rtpsession0:recv_rtp_sink> calling chainfunction &000000007049E190 with buffer 0000000003E64280
0:00:01.618389910  6740 0000000002F77A80 LOG               rtpsession gstrtpsession.c:1505:gst_rtp_session_chain_recv_rtp:<rtpsession0> received RTP packet
0:00:01.618432444  6740 0000000002F77A80 DEBUG              GST_CLOCK gstclock.c:922:gst_clock_get_internal_time:<GstSystemClock> internal time 0:00:00.502241966
0:00:01.618476576  6740 0000000002F77A80 DEBUG              GST_CLOCK gstclock.c:967:gst_clock_get_time:<GstSystemClock> adjusted time 0:00:00.502241966
0:00:01.618521348  6740 0000000002F77A80 LOG               GST_BUFFER gstbuffer.c:1410:gst_buffer_map_range: buffer 0000000003E64280, idx 0, length 1, flags 0001
0:00:01.618565161  6740 0000000002F77A80 LOG               GST_BUFFER gstbuffer.c:207:_get_merged_memory: buffer 0000000003E64280, idx 0, length 1
0:00:01.618608334  6740 0000000002F77A80 LOG               GST_BUFFER gstbuffer.c:1410:gst_buffer_map_range: buffer 0000000003E64280, idx 0, length 1, flags 0001
0:00:01.618650868  6740 0000000002F77A80 LOG               GST_BUFFER gstbuffer.c:207:_get_merged_memory: buffer 0000000003E64280, idx 0, length 1
0:00:01.618695960  6740 0000000002F77A80 LOG               GST_BUFFER gstbuffer.c:1410:gst_buffer_map_range: buffer 0000000003E64280, idx 0, length 1, flags 0001
0:00:01.618739133  6740 0000000002F77A80 LOG               GST_BUFFER gstbuffer.c:207:_get_merged_memory: buffer 0000000003E64280, idx 0, length 1
0:00:01.618782306  6740 0000000002F77A80 LOG                rtpsource rtpsource.c:1155:rtp_source_process_rtp: seq 65107, PC: 4, OC: 5552
0:00:01.618824840  6740 0000000002F77A80 LOG               GST_BUFFER gstbuffer.c:1410:gst_buffer_map_range: buffer 0000000003E64280, idx 0, length 1, flags 0001
0:00:01.618867693  6740 0000000002F77A80 LOG               GST_BUFFER gstbuffer.c:207:_get_merged_memory: buffer 0000000003E64280, idx 0, length 1
0:00:01.618910546  6740 0000000002F77A80 LOG                rtpsource rtpsource.c:941:calculate_jitter: SSRC b094efc4 got payload 96
0:00:01.618952440  6740 0000000002F77A80 LOG                rtpsource rtpsource.c:976:calculate_jitter: rtparrival 45157, rtptime 2932225062, clock-rate 90000, diff 362, jitter: 264.625000
0:00:01.618998172  6740 0000000002F77A80 LOG                rtpsource rtpsource.c:878:push_packet: pushing new packet
0:00:01.619038787  6740 0000000002F77A80 LOG               rtpsession rtpsession.c:1175:source_push_rtp: source b094efc4 pushed receiver RTP packet
0:00:01.619081320  6740 0000000002F77A80 LOG               rtpsession gstrtpsession.c:1035:gst_rtp_session_process_rtp:<rtpsession0> pushing received RTP packet
0:00:01.619124174  6740 0000000002F77A80 LOG           GST_SCHEDULING gstpad.c:3653:gst_pad_chain_data_unchecked:<rtpssrcdemux0:sink> calling chainfunction &000000007048EF60 with buffer 0000000003E64280
0:00:01.619168946  6740 0000000002F77A80 LOG               GST_BUFFER gstbuffer.c:1410:gst_buffer_map_range: buffer 0000000003E64280, idx 0, length 1, flags 0001
0:00:01.619213078  6740 0000000002F77A80 LOG               GST_BUFFER gstbuffer.c:207:_get_merged_memory: buffer 0000000003E64280, idx 0, length 1
0:00:01.619257531  6740 0000000002F77A80 DEBUG           rtpssrcdemux gstrtpssrcdemux.c:638:gst_rtp_ssrc_demux_chain:<rtpssrcdemux0> received buffer of SSRC b094efc4
0:00:01.619300704  6740 0000000002F77A80 DEBUG           rtpssrcdemux gstrtpssrcdemux.c:230:find_or_create_demux_pad_for_ssrc:<rtpssrcdemux0> creating pad for SSRC b094efc4
0:00:01.619345156  6740 0000000002F77A80 LOG           GST_SCHEDULING gstpad.c:3653:gst_pad_chain_data_unchecked:<rtpjitterbuffer0:sink> calling chainfunction &gst_rtp_jitter_buffer_chain with buffer 0000000003E64280
0:00:01.619388649  6740 0000000002F77A80 LOG               GST_BUFFER gstbuffer.c:1410:gst_buffer_map_range: buffer 0000000003E64280, idx 0, length 1, flags 0001
0:00:01.619432142  6740 0000000002F77A80 LOG               GST_BUFFER gstbuffer.c:207:_get_merged_memory: buffer 0000000003E64280, idx 0, length 1
0:00:01.619476914  6740 0000000002F77A80 DEBUG     gstrtpjitterbuffer gstrtpjitterbuffer.c:1278:gst_rtp_jitter_buffer_chain:<rtpjitterbuffer0> Received packet #65107 at time 0:00:00.501752990
0:00:01.619521047  6740 0000000002F77A80 LOG               GST_BUFFER gstbuffer.c:1410:gst_buffer_map_range: buffer 0000000003E64280, idx 0, length 1, flags 0001
0:00:01.619576692  6740 0000000002F77A80 LOG               GST_BUFFER gstbuffer.c:207:_get_merged_memory: buffer 0000000003E64280, idx 0, length 1
0:00:01.619620505  6740 0000000002F77A80 LOG               GST_BUFFER gstbuffer.c:1410:gst_buffer_map_range: buffer 0000000003E64170, idx 0, length 1, flags 0001
0:00:01.619663678  6740 0000000002F77A80 LOG               GST_BUFFER gstbuffer.c:207:_get_merged_memory: buffer 0000000003E64170, idx 0, length 1
0:00:01.619706851  6740 0000000002F77A80 DEBUG        rtpjitterbuffer rtpjitterbuffer.c:428:calculate_skew: extrtp 2932225062, gstrtp 9:03:00.278466666, base 9:03:00.278466666, send_diff 0:00:00.000000000
0:00:01.619756740  6740 0000000002F77A80 DEBUG        rtpjitterbuffer rtpjitterbuffer.c:451:calculate_skew: time 0:00:00.501752990, base 0:00:00.441604788, recv_diff 0:00:00.060148202, slope 0
0:00:01.619802472  6740 0000000002F77A80 DEBUG        rtpjitterbuffer rtpjitterbuffer.c:468:calculate_skew: filling 4, delta 60148202
0:00:01.619845645  6740 0000000002F77A80 DEBUG        rtpjitterbuffer rtpjitterbuffer.c:561:calculate_skew: backwards timestamps, using previous time
0:00:01.619887219  6740 0000000002F77A80 DEBUG        rtpjitterbuffer rtpjitterbuffer.c:583:calculate_skew: skew 0, out 0:00:00.441604788
0:00:01.619932951  6740 0000000002F77A80 DEBUG     gstrtpjitterbuffer gstrtpjitterbuffer.c:1405:gst_rtp_jitter_buffer_chain:<rtpjitterbuffer0> Pushed packet #65107, now 4 packets, tail: 0
0:00:01.619977403  6740 0000000002F77A80 LOG           GST_SCHEDULING gstpad.c:3659:gst_pad_chain_data_unchecked:<rtpjitterbuffer0:sink> called chainfunction &gst_rtp_jitter_buffer_chain with buffer 0000000003E64280, returned ok
0:00:01.620024094  6740 0000000002F77A80 LOG           GST_SCHEDULING gstpad.c:3659:gst_pad_chain_data_unchecked:<rtpssrcdemux0:sink> called chainfunction &000000007048EF60 with buffer 0000000003E64280, returned ok
0:00:01.620070145  6740 0000000002F77A80 LOG           GST_SCHEDULING gstpad.c:3659:gst_pad_chain_data_unchecked:<rtpsession0:recv_rtp_sink> called chainfunction &000000007049E190 with buffer 0000000003E64280, returned ok
0:00:01.616021143  6740 0000000003E61280 LOG                 GST_PADS gstpad.c:4513:gst_pad_push_event_unchecked:<rtpbin0:recv_rtp_sink_0> sending event 0000000003E62960 (reconfigure) to peerpad 0000000002FDDF20
0:00:01.620115237  6740 0000000002F77A80 LOG           GST_SCHEDULING gstpad.c:3659:gst_pad_chain_data_unchecked:<rtpbin0:recv_rtp_sink_0> called chainfunction &gst_proxy_pad_chain_default with buffer 0000000003E64280, returned ok
0:00:01.620161609  6740 0000000003E61280 DEBUG              GST_EVENT gstpad.c:4771:gst_pad_send_event_unchecked:<udpsrc1:src> have event type 0000000003E62960
0:00:01.620256270  6740 0000000003E61280 DEBUG                basesrc gstbasesrc.c:1888:gst_base_src_default_event:<udpsrc1> handle event 0000000003E62960
0:00:01.620259148  6740 0000000002F77A80 DEBUG               GST_PADS gstpad.c:1411:gst_pad_check_reconfigure:<udpsrc1:src> remove RECONFIGURE flag
0:00:01.620300722  6740 0000000003E61280 DEBUG               GST_PADS gstpad.c:4837:gst_pad_send_event_unchecked:<udpsrc1:src> sent event, ret ok
0:00:01.620345174  6740 0000000002F77A80 DEBUG                basesrc gstbasesrc.c:3098:gst_base_src_negotiate:<udpsrc1> starting negotiation
0:00:01.620390266  6740 0000000003E61280 LOG                 GST_PADS gstpad.c:4520:gst_pad_push_event_unchecked:<rtpbin0:recv_rtp_sink_0> sent event 0000000003E62960 to peerpad 0000000002FDDF20, ret ok
0:00:01.620434719  6740 0000000002F77A80 DEBUG               GST_CAPS gstutils.c:2762:gst_pad_query_caps:<udpsrc1:src> get pad caps with filter 0000000000000000
0:00:01.620482369  6740 0000000003E61280 DEBUG               GST_PADS gstpad.c:4837:gst_pad_send_event_unchecked:<recv_rtp_sink_0:proxypad0> sent event, ret ok
0:00:01.620529700  6740 0000000002F77A80 DEBUG                  query gstquery.c:679:gst_query_new_custom: creating new query 0000000003E162D0 caps
0:00:01.620574792  6740 0000000003E61280 LOG                 GST_PADS gstpad.c:4520:gst_pad_push_event_unchecked:<rtpsession0:recv_rtp_sink> sent event 0000000003E62960 to peerpad 0000000002ED3FA0, ret ok
0:00:01.620620843  6740 0000000002F77A80 DEBUG               GST_PADS gstpad.c:3402:gst_pad_query:<udpsrc1:src> doing query 0000000003E162D0 (caps)
0:00:01.620668493  6740 0000000003E61280 DEBUG               GST_PADS gstpad.c:4837:gst_pad_send_event_unchecked:<rtpsession0:recv_rtp_src> sent event, ret ok
0:00:01.620715824  6740 0000000002F77A80 DEBUG                basesrc gstbasesrc.c:1243:gst_base_src_default_query:<udpsrc1> query caps returns 1
0:00:01.620759956  6740 0000000003E61280 LOG                 GST_PADS gstpad.c:4520:gst_pad_push_event_unchecked:<rtpssrcdemux0:sink> sent event 0000000003E62960 to peerpad 0000000002FDEC40, ret ok
0:00:01.620805688  6740 0000000002F77A80 DEBUG               GST_PADS gstpad.c:3424:gst_pad_query:<udpsrc1:src> sent query 0000000003E162D0 (caps), result 1
0:00:01.620853338  6740 0000000003E61280 DEBUG               GST_PADS gstpad.c:4837:gst_pad_send_event_unchecked:<rtpssrcdemux0:src_2962550724> sent event, ret ok
0:00:01.620899070  6740 0000000002F77A80 DEBUG               GST_CAPS gstutils.c:2769:gst_pad_query_caps:<udpsrc1:src> query returned 0000000003E16000
0:00:01.620943522  6740 0000000003E61280 LOG                 GST_PADS gstpad.c:4520:gst_pad_push_event_unchecked:<rtpjitterbuffer0:sink> sent event 0000000003E62960 to peerpad 0000000002EA5730, ret ok
0:00:01.620989254  6740 0000000002F77A80 DEBUG                basesrc gstbasesrc.c:3028:gst_base_src_default_negotiate:<udpsrc1> caps of src: 0000000003E16000
0:00:01.621035625  6740 0000000003E61280 DEBUG               GST_PADS gstpad.c:4837:gst_pad_send_event_unchecked:<rtpjitterbuffer0:src> sent event, ret ok
0:00:01.621080717  6740 0000000002F77A80 DEBUG                basesrc gstbasesrc.c:3074:gst_base_src_default_negotiate:<udpsrc1> no negotiation needed
0:00:01.621126129  6740 0000000003E61280 LOG                 GST_PADS gstpad.c:4520:gst_pad_push_event_unchecked:<rtpptdemux0:sink> sent event 0000000003E62960 to peerpad 0000000002EA5B90, ret ok
0:00:01.621172180  6740 0000000002F77A80 DEBUG               GST_CAPS gstpad.c:2407:gst_pad_get_current_caps:<udpsrc1:src> get current pad caps 0000000000000000
0:00:01.621217912  6740 0000000003E61280 LOG                GST_EVENT gstevent.c:222:_gst_event_free: freeing event 0000000003E62960 type reconfigure
0:00:01.621263963  6740 0000000002F77A80 DEBUG                  query gstquery.c:679:gst_query_new_custom: creating new query 0000000003E16050 allocation
0:00:01.621310334  6740 0000000003E61280 DEBUG               GST_PADS gstpad.c:4837:gst_pad_send_event_unchecked:<rtpptdemux0:src_96> sent event, ret ok
0:00:01.621359264  6740 0000000002F77A80 DEBUG               GST_PADS gstpad.c:3527:gst_pad_peer_query:<udpsrc1:src> peer query 0000000003E16050 (allocation)
0:00:01.621405315  6740 0000000003E61280 LOG              GST_MESSAGE gstmessage.c:282:gst_message_new_custom: source proxypad3: creating new message 0000000003E18590 structure-change
0:00:01.621450727  6740 0000000002F77A80 DEBUG               GST_PADS gstpad.c:3402:gst_pad_query:<rtpbin0:recv_rtp_sink_0> doing query 0000000003E16050 (allocation)
0:00:01.621497738  6740 0000000003E61280 DEBUG                GST_BUS gstbus.c:316:gst_bus_post:<bus3> [msg 0000000003E18590] posting on bus 0000000003E18590
0:00:01.621550505  6740 0000000002F77A80 DEBUG               GST_PADS gstpad.c:2965:gst_pad_query_default:<rtpbin0:recv_rtp_sink_0> forwarding 0000000003E16050 (allocation) query
0:00:01.621599435  6740 0000000003E61280 DEBUG                    bin gstbin.c:3270:gst_bin_handle_message_func:<rtpbin0> [msg 0000000003E18590] handling child proxypad3 message of type structure-change
0:00:01.621692177  6740 0000000003E61280 LOG                      bin gstbin.c:857:message_check: looking at message 0000000003E18610: 1
0:00:01.621648684  6740 0000000002F77A80 LOG                 GST_PADS gstpad.c:2673:gst_pad_forward:<rtpbin0:recv_rtp_sink_0> calling forward function on pad recv_rtp_sink_0:proxypad0
0:00:01.621736629  6740 0000000003E61280 DEBUG                    bin gstbin.c:954:bin_remove_messages:<recv_rtp_src_0_2962550724_96:proxypad3> deleting message 0000000003E18610 of types 0x00001000
0:00:01.621829372  6740 0000000003E61280 LOG              GST_MESSAGE gstmessage.c:184:_gst_message_free: finalize message 0000000003E18610, structure-change from proxypad3
0:00:01.621783960  6740 0000000002F77A80 LOG                 GST_PADS gstpad.c:2908:query_forward_func:<recv_rtp_sink_0:proxypad0> query peer 0000000003E16050 (allocation) of recv_rtp_sink_0:proxypad0
0:00:01.621874464  6740 0000000003E61280 LOG              GST_MESSAGE gstmessage.c:184:_gst_message_free: finalize message 0000000003E18590, structure-change from proxypad3
0:00:01.621922114  6740 0000000002F77A80 DEBUG               GST_PADS gstpad.c:3527:gst_pad_peer_query:<recv_rtp_sink_0:proxypad0> peer query 0000000003E16050 (allocation)
0:00:01.621968805  6740 0000000003E61280 DEBUG                GST_BUS gstbus.c:347:gst_bus_post:<bus3> [msg 0000000003E18590] dropped
0:00:01.622014536  6740 0000000002F77A80 DEBUG               GST_PADS gstpad.c:3402:gst_pad_query:<rtpsession0:recv_rtp_sink> doing query 0000000003E16050 (allocation)
0:00:01.622061867  6740 0000000003E61280 DEBUG               GST_PADS gstpad.c:935:gst_pad_set_active:<'':recv_rtp_src_0_2962550724_96> activating pad from none
0:00:01.622105680  6740 0000000002F77A80 DEBUG               GST_PADS gstpad.c:2965:gst_pad_query_default:<rtpsession0:recv_rtp_sink> not forwarding 0000000003E16050 (allocation) query
0:00:01.622151092  6740 0000000003E61280 DEBUG               GST_PADS gstpad.c:852:pre_activate:<'':recv_rtp_src_0_2962550724_96> setting pad into push mode, unset flushing
0:00:01.622197463  6740 0000000002F77A80 DEBUG               GST_PADS gstpad.c:3424:gst_pad_query:<rtpsession0:recv_rtp_sink> sent query 0000000003E16050 (allocation), result 0
0:00:01.622242874  6740 0000000003E61280 LOG                 GST_PADS gstghostpad.c:379:gst_ghost_pad_activate_push_default:<'':recv_rtp_src_0_2962550724_96> activate push on '':recv_rtp_src_0_2962550724_96, proxy internal
0:00:01.622288606  6740 0000000002F77A80 DEBUG               GST_PADS gstpad.c:3468:gst_pad_query:<rtpsession0:recv_rtp_sink> query failed
0:00:01.622335937  6740 0000000003E61280 DEBUG               GST_PADS gstpad.c:852:pre_activate:<recv_rtp_src_0_2962550724_96:proxypad3> setting pad into push mode, unset flushing
0:00:01.622380069  6740 0000000002F77A80 DEBUG               GST_PADS gstpad.c:3589:gst_pad_peer_query:<recv_rtp_sink_0:proxypad0> query failed
0:00:01.622424522  6740 0000000003E61280 DEBUG               GST_PADS gstpad.c:863:pre_activate:<recv_rtp_src_0_2962550724_96:proxypad3> reschedule events on peer rtpptdemux0:src_96
0:00:01.622496797  6740 0000000002F77A80 DEBUG               GST_PADS gstpad.c:3424:gst_pad_query:<rtpbin0:recv_rtp_sink_0> sent query 0000000003E16050 (allocation), result 0
0:00:01.622542208  6740 0000000003E61280 LOG                 GST_PADS gstghostpad.c:288:gst_ghost_pad_internal_activate_push_default:<recv_rtp_src_0_2962550724_96:proxypad3> activate push on recv_rtp_src_0_2962550724_96:proxypad3, we're ok
