0:00:01.635858729  6740 0000000002F77A80 DEBUG               GST_PADS gstpad.c:2965:gst_pad_query_default:<rtpsession0:recv_rtp_sink> not forwarding 0000000003E162D0 (allocation) query
0:00:01.635902222  6740 0000000002F77A80 DEBUG               GST_PADS gstpad.c:3424:gst_pad_query:<rtpsession0:recv_rtp_sink> sent query 0000000003E162D0 (allocation), result 0
0:00:01.635946354  6740 0000000002F77A80 DEBUG               GST_PADS gstpad.c:3468:gst_pad_query:<rtpsession0:recv_rtp_sink> query failed
0:00:01.635988568  6740 0000000002F77A80 DEBUG               GST_PADS gstpad.c:3589:gst_pad_peer_query:<recv_rtp_sink_0:proxypad0> query failed
0:00:01.633543368  6740 0000000003E61280 INFO        GST_ELEMENT_PADS gstelement.c:643:gst_element_add_pad:<rtspsrc0> adding pad 'recv_rtp_src_0_2962550724_96'
0:00:01.636031101  6740 0000000002F77A80 DEBUG               GST_PADS gstpad.c:3424:gst_pad_query:<rtpbin0:recv_rtp_sink_0> sent query 0000000003E162D0 (allocation), result 0
0:00:01.636080351  6740 0000000003E61280 DEBUG        GST_REFCOUNTING gstobject.c:684:gst_object_set_parent:<'':recv_rtp_src_0_2962550724_96> set parent (ref and sink)
0:00:01.636125123  6740 0000000002F77A80 DEBUG               GST_PADS gstpad.c:3468:gst_pad_query:<rtpbin0:recv_rtp_sink_0> query failed
0:00:01.636171494  6740 0000000003E61280 INFO            GST_PIPELINE ./grammar.y:504:gst_parse_found_pad: trying delayed linking rtspsrc0:(NULL) to rtph264depay0:(NULL)
0:00:01.636261039  6740 0000000003E61280 INFO        GST_ELEMENT_PADS gstutils.c:1543:gst_element_link_pads_full: trying to link element rtspsrc0:(any) to element rtph264depay0:(any)
0:00:01.636305811  6740 0000000003E61280 DEBUG       GST_ELEMENT_PADS gstutils.c:1632:gst_element_link_pads_full: looping through allowed src and dest pads
0:00:01.636348024  6740 0000000003E61280 DEBUG       GST_ELEMENT_PADS gstutils.c:1635:gst_element_link_pads_full: trying src pad rtspsrc0:recv_rtp_src_0_2962550724_96
0:00:01.636391198  6740 0000000003E61280 DEBUG       GST_ELEMENT_PADS gstutils.c:1006:gst_element_get_compatible_pad: finding pad in rtph264depay0 compatible with rtspsrc0:recv_rtp_src_0_2962550724_96
0:00:01.636436609  6740 0000000003E61280 LOG         GST_ELEMENT_PADS gstutils.c:1033:gst_element_get_compatible_pad: examining pad rtph264depay0:sink
0:00:01.636479783  6740 0000000003E61280 INFO                GST_PADS gstutils.c:936:gst_pad_check_link: trying to link rtspsrc0:recv_rtp_src_0_2962550724_96 and rtph264depay0:sink
0:00:01.636531271  6740 0000000003E61280 DEBUG               GST_CAPS gstutils.c:2762:gst_pad_query_caps:<rtspsrc0:recv_rtp_src_0_2962550724_96> get pad caps with filter 0000000000000000
0:00:01.636575723  6740 0000000003E61280 DEBUG                  query gstquery.c:679:gst_query_new_custom: creating new query 0000000003E1CCD0 caps
0:00:01.636621135  6740 0000000003E61280 DEBUG               GST_PADS gstpad.c:3402:gst_pad_query:<rtspsrc0:recv_rtp_src_0_2962550724_96> doing query 0000000003E1CCD0 (caps)
0:00:01.636664947  6740 0000000003E61280 DEBUG                rtspsrc gstrtspsrc.c:2069:gst_rtspsrc_handle_src_query:<rtspsrc0> pad rtspsrc0:recv_rtp_src_0_2962550724_96 received query caps
0:00:01.636710679  6740 0000000003E61280 DEBUG               GST_PADS gstghostpad.c:802:gst_ghost_pad_get_target:<rtspsrc0:recv_rtp_src_0_2962550724_96> get target rtpbin0:recv_rtp_src_0_2962550724_96
0:00:01.636754492  6740 0000000003E61280 DEBUG               GST_PADS gstpad.c:3402:gst_pad_query:<rtpbin0:recv_rtp_src_0_2962550724_96> doing query 0000000003E1CCD0 (caps)
0:00:01.636798624  6740 0000000003E61280 DEBUG               GST_CAPS gstpad.c:2834:gst_pad_query_caps_default:<rtpbin0:recv_rtp_src_0_2962550724_96> query caps 0000000003E1CCD0
0:00:01.636842117  6740 0000000003E61280 DEBUG               GST_PADS gstutils.c:2523:gst_pad_proxy_query_caps:<rtpbin0:recv_rtp_src_0_2962550724_96> proxying caps query for rtpbin0:recv_rtp_src_0_2962550724_96
0:00:01.636214028  6740 0000000002F77A80 DEBUG               GST_PADS gstpad.c:3589:gst_pad_peer_query:<udpsrc1:src> query failed
0:00:01.636887849  6740 0000000003E61280 LOG                 GST_PADS gstpad.c:2673:gst_pad_forward:<rtpbin0:recv_rtp_src_0_2962550724_96> calling forward function on pad recv_rtp_src_0_2962550724_96:proxypad3
0:00:01.636928783  6740 0000000002F77A80 DEBUG                basesrc gstbasesrc.c:2973:gst_base_src_prepare_allocation:<udpsrc1> peer ALLOCATION query failed
0:00:01.636975155  6740 0000000003E61280 DEBUG               GST_PADS gstpad.c:3527:gst_pad_peer_query:<recv_rtp_src_0_2962550724_96:proxypad3> peer query 0000000003E1CCD0 (caps)
0:00:01.637021206  6740 0000000002F77A80 DEBUG                basesrc gstbasesrc.c:2980:gst_base_src_prepare_allocation:<udpsrc1> ALLOCATION (1) params: 0000000003E162D0
0:00:01.637064379  6740 0000000003E61280 DEBUG               GST_PADS gstpad.c:3402:gst_pad_query:<rtpptdemux0:src_96> doing query 0000000003E1CCD0 (caps)
0:00:01.637111390  6740 0000000002F77A80 LOG                  basesrc gstbasesrc.c:2614:gst_base_src_loop:<udpsrc1> next_ts 99:99:99.999999999 size 4096
0:00:01.637155522  6740 0000000003E61280 DEBUG               GST_CAPS gstpad.c:2834:gst_pad_query_caps_default:<rtpptdemux0:src_96> query caps 0000000003E1CCD0
0:00:01.637202533  6740 0000000002F77A80 DEBUG                basesrc gstbasesrc.c:2351:gst_base_src_get_range:<udpsrc1> calling create offset 18446744073709551615 length 4096, time 0
0:00:01.637248265  6740 0000000003E61280 DEBUG               GST_CAPS gstpad.c:2851:gst_pad_query_caps_default:<rtpptdemux0:src_96> fixed pad caps: trying pad caps
0:00:01.637296235  6740 0000000002F77A80 LOG                   udpsrc gstudpsrc.c:451:gst_udpsrc_create:<udpsrc1> ioctl says 54304 bytes available
0:00:01.637339088  6740 0000000003E61280 DEBUG               GST_CAPS gstpad.c:2887:gst_pad_query_caps_default:<rtpptdemux0:src_96> using caps 0000000003E1CC80 0000000003E1CC80
0:00:01.637388657  6740 0000000002F77A80 DEBUG             GST_MEMORY gstmemory.c:133:gst_memory_init: new memory 0000000003ED1DF0, maxsize:54311 offset:0 size:54304
0:00:01.637476283  6740 0000000002F77A80 LOG               GST_BUFFER gstbuffer.c:581:gst_buffer_new: new 0000000003E646C0
0:00:01.637517857  6740 0000000002F77A80 LOG               GST_BUFFER gstbuffer.c:297:_memory_add: buffer 0000000003E646C0, idx -1, mem 0000000003ED1DF0, lock 1
0:00:01.637577020  6740 0000000002F77A80 LOG               GST_BUFFER gstbuffer.c:635:gst_buffer_new_allocate: new buffer 0000000003E646C0 of size 54304 from allocator 0000000000000000
0:00:01.637624031  6740 0000000002F77A80 LOG               GST_BUFFER gstbuffer.c:1410:gst_buffer_map_range: buffer 0000000003E646C0, idx 0, length -1, flags 0002
0:00:01.637667844  6740 0000000002F77A80 LOG               GST_BUFFER gstbuffer.c:207:_get_merged_memory: buffer 0000000003E646C0, idx 0, length 1
0:00:01.637429592  6740 0000000003E61280 DEBUG               GST_PADS gstpad.c:2965:gst_pad_query_default:<rtpptdemux0:src_96> not forwarding 0000000003E1CCD0 (caps) query
0:00:01.637722530  6740 0000000002F77A80 LOG               GST_BUFFER gstbuffer.c:1279:gst_buffer_resize_range: trim 0000000003E646C0 0-1400 size:54304 offs:0 max:54311
0:00:01.637764104  6740 0000000003E61280 DEBUG               GST_PADS gstpad.c:3424:gst_pad_query:<rtpptdemux0:src_96> sent query 0000000003E1CCD0 (caps), result 1
0:00:01.637812714  6740 0000000002F77A80 DEBUG             GST_BUFFER gstbuffer.c:1853:gst_buffer_add_meta: alloc metadata 0000000003E63B48 (GstNetAddressMeta) of size 24
0:00:01.637860684  6740 0000000003E61280 DEBUG                default gstutils.c:2485:query_caps_func:<recv_rtp_src_0_2962550724_96:proxypad3> intersect with result 0000000003E1CC80
0:00:01.637906735  6740 0000000002F77A80 LOG                   udpsrc gstudpsrc.c:502:gst_udpsrc_create:<udpsrc1> read 54304 bytes
0:00:01.637952467  6740 0000000003E61280 DEBUG                default gstutils.c:2487:query_caps_func:<recv_rtp_src_0_2962550724_96:proxypad3> intersected 0000000003E1CC80
0:00:01.637997239  6740 0000000002F77A80 DEBUG              GST_CLOCK gstclock.c:922:gst_clock_get_internal_time:<GstSystemClock> internal time 0:00:00.521806441
0:00:01.638050966  6740 0000000003E61280 DEBUG               GST_PADS gstpad.c:2965:gst_pad_query_default:<rtpbin0:recv_rtp_src_0_2962550724_96> not forwarding 0000000003E1CCD0 (caps) query
0:00:01.638088702  6740 0000000002F77A80 DEBUG              GST_CLOCK gstclock.c:967:gst_clock_get_time:<GstSystemClock> adjusted time 0:00:00.521806441
0:00:01.638136353  6740 0000000003E61280 DEBUG               GST_PADS gstpad.c:3424:gst_pad_query:<rtpbin0:recv_rtp_src_0_2962550724_96> sent query 0000000003E1CCD0 (caps), result 1
0:00:01.638182404  6740 0000000002F77A80 LOG                  basesrc gstbasesrc.c:2165:gst_base_src_do_sync:<udpsrc1> created DTS 0:00:00.521712100
0:00:01.638230374  6740 0000000003E61280 DEBUG               GST_PADS gstpad.c:3424:gst_pad_query:<rtspsrc0:recv_rtp_src_0_2962550724_96> sent query 0000000003E1CCD0 (caps), result 1
0:00:01.638275786  6740 0000000002F77A80 LOG                  basesrc gstbasesrc.c:2175:gst_base_src_do_sync:<udpsrc1> created PTS 0:00:00.521712100
0:00:01.638369168  6740 0000000002F77A80 DEBUG                basesrc gstbasesrc.c:2213:gst_base_src_do_sync:<udpsrc1> no sync needed
0:00:01.638412021  6740 0000000002F77A80 DEBUG                basesrc gstbasesrc.c:2414:gst_base_src_get_range:<udpsrc1> buffer ok
0:00:01.638323756  6740 0000000003E61280 DEBUG               GST_CAPS gstutils.c:2769:gst_pad_query_caps:<rtspsrc0:recv_rtp_src_0_2962550724_96> query returned 0000000003E1CD70
0:00:01.638456793  6740 0000000002F77A80 LOG           GST_SCHEDULING gstpad.c:3653:gst_pad_chain_data_unchecked:<rtpbin0:recv_rtp_sink_0> calling chainfunction &gst_proxy_pad_chain_default with buffer 0000000003E646C0
0:00:01.638503484  6740 0000000003E61280 DEBUG               GST_CAPS gstutils.c:2762:gst_pad_query_caps:<rtph264depay0:sink> get pad caps with filter 0000000000000000
0:00:01.638552734  6740 0000000002F77A80 LOG           GST_SCHEDULING gstpad.c:3653:gst_pad_chain_data_unchecked:<rtpsession0:recv_rtp_sink> calling chainfunction &000000007049E190 with buffer 0000000003E646C0
0:00:01.638597506  6740 0000000003E61280 DEBUG                  query gstquery.c:679:gst_query_new_custom: creating new query 0000000003E1CDC0 caps
0:00:01.638643877  6740 0000000002F77A80 LOG               rtpsession gstrtpsession.c:1505:gst_rtp_session_chain_recv_rtp:<rtpsession0> received RTP packet
0:00:01.638690568  6740 0000000003E61280 DEBUG               GST_PADS gstpad.c:3402:gst_pad_query:<rtph264depay0:sink> doing query 0000000003E1CDC0 (caps)
0:00:01.638737259  6740 0000000002F77A80 DEBUG              GST_CLOCK gstclock.c:922:gst_clock_get_internal_time:<GstSystemClock> internal time 0:00:00.522546461
0:00:01.638782671  6740 0000000003E61280 DEBUG               GST_CAPS gstpad.c:2834:gst_pad_query_caps_default:<rtph264depay0:sink> query caps 0000000003E1CDC0
0:00:01.638828722  6740 0000000002F77A80 DEBUG              GST_CLOCK gstclock.c:967:gst_clock_get_time:<GstSystemClock> adjusted time 0:00:00.522546461
0:00:01.638920185  6740 0000000002F77A80 LOG               GST_BUFFER gstbuffer.c:1410:gst_buffer_map_range: buffer 0000000003E646C0, idx 0, length 1, flags 0001
0:00:01.638963998  6740 0000000002F77A80 LOG               GST_BUFFER gstbuffer.c:207:_get_merged_memory: buffer 0000000003E646C0, idx 0, length 1
0:00:01.639008131  6740 0000000002F77A80 LOG               GST_BUFFER gstbuffer.c:1410:gst_buffer_map_range: buffer 0000000003E646C0, idx 0, length 1, flags 0001
0:00:01.639051623  6740 0000000002F77A80 LOG               GST_BUFFER gstbuffer.c:207:_get_merged_memory: buffer 0000000003E646C0, idx 0, length 1
0:00:01.639097035  6740 0000000002F77A80 LOG               GST_BUFFER gstbuffer.c:1410:gst_buffer_map_range: buffer 0000000003E646C0, idx 0, length 1, flags 0001
0:00:01.639141168  6740 0000000002F77A80 LOG               GST_BUFFER gstbuffer.c:207:_get_merged_memory: buffer 0000000003E646C0, idx 0, length 1
0:00:01.639184981  6740 0000000002F77A80 LOG                rtpsource rtpsource.c:1155:rtp_source_process_rtp: seq 65111, PC: 8, OC: 11104
0:00:01.639228154  6740 0000000002F77A80 LOG               GST_BUFFER gstbuffer.c:1410:gst_buffer_map_range: buffer 0000000003E646C0, idx 0, length 1, flags 0001
0:00:01.639271647  6740 0000000002F77A80 LOG               GST_BUFFER gstbuffer.c:207:_get_merged_memory: buffer 0000000003E646C0, idx 0, length 1
0:00:01.639314820  6740 0000000002F77A80 LOG                rtpsource rtpsource.c:941:calculate_jitter: SSRC b094efc4 got payload 96
0:00:01.639363430  6740 0000000002F77A80 LOG                rtpsource rtpsource.c:976:calculate_jitter: rtparrival 46954, rtptime 2932225062, clock-rate 90000, diff 526, jitter: 307.000000
0:00:01.639409161  6740 0000000002F77A80 LOG                rtpsource rtpsource.c:878:push_packet: pushing new packet
0:00:01.639455532  6740 0000000002F77A80 LOG               rtpsession rtpsession.c:1175:source_push_rtp: source b094efc4 pushed receiver RTP packet
0:00:01.639499665  6740 0000000002F77A80 LOG               rtpsession gstrtpsession.c:1035:gst_rtp_session_process_rtp:<rtpsession0> pushing received RTP packet
0:00:01.639555630  6740 0000000002F77A80 LOG           GST_SCHEDULING gstpad.c:3653:gst_pad_chain_data_unchecked:<rtpssrcdemux0:sink> calling chainfunction &000000007048EF60 with buffer 0000000003E646C0
0:00:01.639601042  6740 0000000002F77A80 LOG               GST_BUFFER gstbuffer.c:1410:gst_buffer_map_range: buffer 0000000003E646C0, idx 0, length 1, flags 0001
0:00:01.639644855  6740 0000000002F77A80 LOG               GST_BUFFER gstbuffer.c:207:_get_merged_memory: buffer 0000000003E646C0, idx 0, length 1
0:00:01.639689627  6740 0000000002F77A80 DEBUG           rtpssrcdemux gstrtpssrcdemux.c:638:gst_rtp_ssrc_demux_chain:<rtpssrcdemux0> received buffer of SSRC b094efc4
0:00:01.639733440  6740 0000000002F77A80 DEBUG           rtpssrcdemux gstrtpssrcdemux.c:230:find_or_create_demux_pad_for_ssrc:<rtpssrcdemux0> creating pad for SSRC b094efc4
0:00:01.639778531  6740 0000000002F77A80 LOG           GST_SCHEDULING gstpad.c:3653:gst_pad_chain_data_unchecked:<rtpjitterbuffer0:sink> calling chainfunction &gst_rtp_jitter_buffer_chain with buffer 0000000003E646C0
0:00:01.639822024  6740 0000000002F77A80 LOG               GST_BUFFER gstbuffer.c:1410:gst_buffer_map_range: buffer 0000000003E646C0, idx 0, length 1, flags 0001
0:00:01.639891421  6740 0000000002F77A80 LOG               GST_BUFFER gstbuffer.c:207:_get_merged_memory: buffer 0000000003E646C0, idx 0, length 1
0:00:01.639943229  6740 0000000002F77A80 DEBUG     gstrtpjitterbuffer gstrtpjitterbuffer.c:1278:gst_rtp_jitter_buffer_chain:<rtpjitterbuffer0> Received packet #65111 at time 0:00:00.521712100
0:00:01.640001113  6740 0000000002F77A80 LOG               GST_BUFFER gstbuffer.c:1410:gst_buffer_map_range: buffer 0000000003E646C0, idx 0, length 1, flags 0001
0:00:01.640045246  6740 0000000002F77A80 LOG               GST_BUFFER gstbuffer.c:207:_get_merged_memory: buffer 0000000003E646C0, idx 0, length 1
0:00:01.640089378  6740 0000000002F77A80 LOG               GST_BUFFER gstbuffer.c:1410:gst_buffer_map_range: buffer 0000000003E645B0, idx 0, length 1, flags 0001
0:00:01.640132551  6740 0000000002F77A80 LOG               GST_BUFFER gstbuffer.c:207:_get_merged_memory: buffer 0000000003E645B0, idx 0, length 1
0:00:01.640176684  6740 0000000002F77A80 DEBUG        rtpjitterbuffer rtpjitterbuffer.c:428:calculate_skew: extrtp 2932225062, gstrtp 9:03:00.278466666, base 9:03:00.278466666, send_diff 0:00:00.000000000
0:00:01.640224334  6740 0000000002F77A80 DEBUG        rtpjitterbuffer rtpjitterbuffer.c:451:calculate_skew: time 0:00:00.521712100, base 0:00:00.441604788, recv_diff 0:00:00.080107312, slope 0
0:00:01.640270705  6740 0000000002F77A80 DEBUG        rtpjitterbuffer rtpjitterbuffer.c:468:calculate_skew: filling 8, delta 80107312
0:00:01.640314198  6740 0000000002F77A80 DEBUG        rtpjitterbuffer rtpjitterbuffer.c:561:calculate_skew: backwards timestamps, using previous time
0:00:01.640356092  6740 0000000002F77A80 DEBUG        rtpjitterbuffer rtpjitterbuffer.c:583:calculate_skew: skew 0, out 0:00:00.441604788
0:00:01.640401824  6740 0000000002F77A80 DEBUG     gstrtpjitterbuffer gstrtpjitterbuffer.c:1405:gst_rtp_jitter_buffer_chain:<rtpjitterbuffer0> Pushed packet #65111, now 8 packets, tail: 0
0:00:01.640446916  6740 0000000002F77A80 LOG           GST_SCHEDULING gstpad.c:3659:gst_pad_chain_data_unchecked:<rtpjitterbuffer0:sink> called chainfunction &gst_rtp_jitter_buffer_chain with buffer 0000000003E646C0, returned ok
0:00:01.640492647  6740 0000000002F77A80 LOG           GST_SCHEDULING gstpad.c:3659:gst_pad_chain_data_unchecked:<rtpssrcdemux0:sink> called chainfunction &000000007048EF60 with buffer 0000000003E646C0, returned ok
0:00:01.638875093  6740 0000000003E61280 DEBUG               GST_CAPS gstpad.c:2857:gst_pad_query_caps_default:<rtph264depay0:sink> trying pad template caps
0:00:01.640544135  6740 0000000002F77A80 LOG           GST_SCHEDULING gstpad.c:3659:gst_pad_chain_data_unchecked:<rtpsession0:recv_rtp_sink> called chainfunction &000000007049E190 with buffer 0000000003E646C0, returned ok
0:00:01.640587948  6740 0000000003E61280 DEBUG               GST_CAPS gstpad.c:2887:gst_pad_query_caps_default:<rtph264depay0:sink> using caps 0000000003E09000 0000000003E09000
0:00:01.640635599  6740 0000000002F77A80 LOG           GST_SCHEDULING gstpad.c:3659:gst_pad_chain_data_unchecked:<rtpbin0:recv_rtp_sink_0> called chainfunction &gst_proxy_pad_chain_default with buffer 0000000003E646C0, returned ok
0:00:01.640681650  6740 0000000003E61280 DEBUG               GST_PADS gstpad.c:2965:gst_pad_query_default:<rtph264depay0:sink> not forwarding 0000000003E1CDC0 (caps) query
0:00:01.640728981  6740 0000000002F77A80 LOG                  basesrc gstbasesrc.c:2614:gst_base_src_loop:<udpsrc1> next_ts 99:99:99.999999999 size 4096
0:00:01.640775352  6740 0000000003E61280 DEBUG               GST_PADS gstpad.c:3424:gst_pad_query:<rtph264depay0:sink> sent query 0000000003E1CDC0 (caps), result 1
0:00:01.640822682  6740 0000000002F77A80 DEBUG                basesrc gstbasesrc.c:2351:gst_base_src_get_range:<udpsrc1> calling create offset 18446744073709551615 length 4096, time 0
0:00:01.640869373  6740 0000000003E61280 DEBUG               GST_CAPS gstutils.c:2769:gst_pad_query_caps:<rtph264depay0:sink> query returned 0000000003E09000
0:00:01.640918303  6740 0000000002F77A80 LOG                   udpsrc gstudpsrc.c:451:gst_udpsrc_create:<udpsrc1> ioctl says 52904 bytes available
0:00:01.640964994  6740 0000000003E61280 DEBUG       GST_ELEMENT_PADS gstutils.c:1065:gst_element_get_compatible_pad: found existing unlinked compatible pad rtph264depay0:sink
0:00:01.641055178  6740 0000000003E61280 INFO                GST_PADS gstutils.c:1443:prepare_link_maybe_ghosting: rtspsrc0 and rtph264depay0 in same bin, no need for ghost pads
0:00:01.641014563  6740 0000000002F77A80 DEBUG             GST_MEMORY gstmemory.c:133:gst_memory_init: new memory 0000000003EDF2B0, maxsize:52911 offset:0 size:52904
0:00:01.641146961  6740 0000000002F77A80 LOG               GST_BUFFER gstbuffer.c:581:gst_buffer_new: new 0000000003E647D0
0:00:01.641189174  6740 0000000002F77A80 LOG               GST_BUFFER gstbuffer.c:297:_memory_add: buffer 0000000003E647D0, idx -1, mem 0000000003EDF2B0, lock 1
0:00:01.641234266  6740 0000000002F77A80 LOG               GST_BUFFER gstbuffer.c:635:gst_buffer_new_allocate: new buffer 0000000003E647D0 of size 52904 from allocator 0000000000000000
0:00:01.641280957  6740 0000000002F77A80 LOG               GST_BUFFER gstbuffer.c:1410:gst_buffer_map_range: buffer 0000000003E647D0, idx 0, length -1, flags 0002
0:00:01.641324450  6740 0000000002F77A80 LOG               GST_BUFFER gstbuffer.c:207:_get_merged_memory: buffer 0000000003E647D0, idx 0, length 1
0:00:01.641101869  6740 0000000003E61280 LOG              GST_MESSAGE gstmessage.c:282:gst_message_new_custom: source sink: creating new message 0000000003E18490 structure-change
0:00:01.641379456  6740 0000000002F77A80 LOG               GST_BUFFER gstbuffer.c:1279:gst_buffer_resize_range: trim 0000000003E647D0 0-1400 size:52904 offs:0 max:52911
0:00:01.641417832  6740 0000000003E61280 DEBUG                GST_BUS gstbus.c:316:gst_bus_post:<bus1> [msg 0000000003E18490] posting on bus 0000000003E18490
0:00:01.641465802  6740 0000000002F77A80 DEBUG             GST_BUFFER gstbuffer.c:1853:gst_buffer_add_meta: alloc metadata 0000000003E0B878 (GstNetAddressMeta) of size 24
0:00:01.641513133  6740 0000000003E61280 DEBUG                    bin gstbin.c:3270:gst_bin_handle_message_func:<pipeline0> [msg 0000000003E18490] handling child sink message of type structure-change
0:00:01.641565900  6740 0000000002F77A80 LOG                   udpsrc gstudpsrc.c:502:gst_udpsrc_create:<udpsrc1> read 52904 bytes
0:00:01.641615150  6740 0000000003E61280 LOG                      bin gstbin.c:857:message_check: looking at message 0000000003E18990: 0
0:00:01.641704374  6740 0000000003E61280 LOG                      bin gstbin.c:857:message_check: looking at message 0000000003E18510: 0
0:00:01.641746588  6740 0000000003E61280 LOG                      bin gstbin.c:857:message_check: looking at message 000000000053F390: 0
0:00:01.641661201  6740 0000000002F77A80 DEBUG              GST_CLOCK gstclock.c:922:gst_clock_get_internal_time:<GstSystemClock> internal time 0:00:00.525470403
0:00:01.641790081  6740 0000000003E61280 DEBUG                    bin gstbin.c:879:find_message:<pipeline0> no message found matching types 00001000
0:00:01.641836772  6740 0000000002F77A80 DEBUG              GST_CLOCK gstclock.c:967:gst_clock_get_time:<GstSystemClock> adjusted time 0:00:00.525470403
0:00:01.641927275  6740 0000000002F77A80 LOG                  basesrc gstbasesrc.c:2165:gst_base_src_do_sync:<udpsrc1> created DTS 0:00:00.525376062
0:00:01.641971728  6740 0000000002F77A80 LOG                  basesrc gstbasesrc.c:2175:gst_base_src_do_sync:<udpsrc1> created PTS 0:00:00.525376062
0:00:01.642015541  6740 0000000002F77A80 DEBUG                basesrc gstbasesrc.c:2213:gst_base_src_do_sync:<udpsrc1> no sync needed
0:00:01.642058074  6740 0000000002F77A80 DEBUG                basesrc gstbasesrc.c:2414:gst_base_src_get_range:<udpsrc1> buffer ok
0:00:01.642102207  6740 0000000002F77A80 LOG           GST_SCHEDULING gstpad.c:3653:gst_pad_chain_data_unchecked:<rtpbin0:recv_rtp_sink_0> calling chainfunction &gst_proxy_pad_chain_default with buffer 0000000003E647D0
0:00:01.642150177  6740 0000000002F77A80 LOG           GST_SCHEDULING gstpad.c:3653:gst_pad_chain_data_unchecked:<rtpsession0:recv_rtp_sink> calling chainfunction &000000007049E190 with buffer 0000000003E647D0
0:00:01.642195908  6740 0000000002F77A80 LOG               rtpsession gstrtpsession.c:1505:gst_rtp_session_chain_recv_rtp:<rtpsession0> received RTP packet
0:00:01.642239082  6740 0000000002F77A80 DEBUG              GST_CLOCK gstclock.c:922:gst_clock_get_internal_time:<GstSystemClock> internal time 0:00:00.526048604
0:00:01.642282894  6740 0000000002F77A80 DEBUG              GST_CLOCK gstclock.c:967:gst_clock_get_time:<GstSystemClock> adjusted time 0:00:00.526048604
0:00:01.642327347  6740 0000000002F77A80 LOG               GST_BUFFER gstbuffer.c:1410:gst_buffer_map_range: buffer 0000000003E647D0, idx 0, length 1, flags 0001
0:00:01.642370200  6740 0000000002F77A80 LOG               GST_BUFFER gstbuffer.c:207:_get_merged_memory: buffer 0000000003E647D0, idx 0, length 1
0:00:01.642414013  6740 0000000002F77A80 LOG               GST_BUFFER gstbuffer.c:1410:gst_buffer_map_range: buffer 0000000003E647D0, idx 0, length 1, flags 0001
0:00:01.642456546  6740 0000000002F77A80 LOG               GST_BUFFER gstbuffer.c:207:_get_merged_memory: buffer 0000000003E647D0, idx 0, length 1
0:00:01.642500679  6740 0000000002F77A80 LOG               GST_BUFFER gstbuffer.c:1410:gst_buffer_map_range: buffer 0000000003E647D0, idx 0, length 1, flags 0001
0:00:01.642549928  6740 0000000002F77A80 LOG               GST_BUFFER gstbuffer.c:207:_get_merged_memory: buffer 0000000003E647D0, idx 0, length 1
0:00:01.642593102  6740 0000000002F77A80 LOG                rtpsource rtpsource.c:1155:rtp_source_process_rtp: seq 65112, PC: 9, OC: 12492
0:00:01.642634995  6740 0000000002F77A80 LOG               GST_BUFFER gstbuffer.c:1410:gst_buffer_map_range: buffer 0000000003E647D0, idx 0, length 1, flags 0001
0:00:01.642677209  6740 0000000002F77A80 LOG               GST_BUFFER gstbuffer.c:207:_get_merged_memory: buffer 0000000003E647D0, idx 0, length 1
0:00:01.642719423  6740 0000000002F77A80 LOG                rtpsource rtpsource.c:941:calculate_jitter: SSRC b094efc4 got payload 96
0:00:01.642761317  6740 0000000002F77A80 LOG                rtpsource rtpsource.c:976:calculate_jitter: rtparrival 47283, rtptime 2932225062, clock-rate 90000, diff 329, jitter: 308.375000
0:00:01.642806409  6740 0000000002F77A80 LOG                rtpsource rtpsource.c:878:push_packet: pushing new packet
0:00:01.642847024  6740 0000000002F77A80 LOG               rtpsession rtpsession.c:1175:source_push_rtp: source b094efc4 pushed receiver RTP packet
0:00:01.642890197  6740 0000000002F77A80 LOG               rtpsession gstrtpsession.c:1035:gst_rtp_session_process_rtp:<rtpsession0> pushing received RTP packet
0:00:01.642932730  6740 0000000002F77A80 LOG           GST_SCHEDULING gstpad.c:3653:gst_pad_chain_data_unchecked:<rtpssrcdemux0:sink> calling chainfunction &000000007048EF60 with buffer 0000000003E647D0
0:00:01.642975264  6740 0000000002F77A80 LOG               GST_BUFFER gstbuffer.c:1410:gst_buffer_map_range: buffer 0000000003E647D0, idx 0, length 1, flags 0001
0:00:01.643018757  6740 0000000002F77A80 LOG               GST_BUFFER gstbuffer.c:207:_get_merged_memory: buffer 0000000003E647D0, idx 0, length 1
0:00:01.643063209  6740 0000000002F77A80 DEBUG           rtpssrcdemux gstrtpssrcdemux.c:638:gst_rtp_ssrc_demux_chain:<rtpssrcdemux0> received buffer of SSRC b094efc4
0:00:01.643105743  6740 0000000002F77A80 DEBUG           rtpssrcdemux gstrtpssrcdemux.c:230:find_or_create_demux_pad_for_ssrc:<rtpssrcdemux0> creating pad for SSRC b094efc4
0:00:01.643149875  6740 0000000002F77A80 LOG           GST_SCHEDULING gstpad.c:3653:gst_pad_chain_data_unchecked:<rtpjitterbuffer0:sink> calling chainfunction &gst_rtp_jitter_buffer_chain with buffer 0000000003E647D0
0:00:01.643193048  6740 0000000002F77A80 LOG               GST_BUFFER gstbuffer.c:1410:gst_buffer_map_range: buffer 0000000003E647D0, idx 0, length 1, flags 0001
0:00:01.643235262  6740 0000000002F77A80 LOG               GST_BUFFER gstbuffer.c:207:_get_merged_memory: buffer 0000000003E647D0, idx 0, length 1
0:00:01.643282593  6740 0000000002F77A80 DEBUG     gstrtpjitterbuffer gstrtpjitterbuffer.c:1278:gst_rtp_jitter_buffer_chain:<rtpjitterbuffer0> Received packet #65112 at time 0:00:00.525376062
0:00:01.643326406  6740 0000000002F77A80 LOG               GST_BUFFER gstbuffer.c:1410:gst_buffer_map_range: buffer 0000000003E647D0, idx 0, length 1, flags 0001
0:00:01.643368939  6740 0000000002F77A80 LOG               GST_BUFFER gstbuffer.c:207:_get_merged_memory: buffer 0000000003E647D0, idx 0, length 1
0:00:01.643412112  6740 0000000002F77A80 LOG               GST_BUFFER gstbuffer.c:1410:gst_buffer_map_range: buffer 0000000003E646C0, idx 0, length 1, flags 0001
0:00:01.643454326  6740 0000000002F77A80 LOG               GST_BUFFER gstbuffer.c:207:_get_merged_memory: buffer 0000000003E646C0, idx 0, length 1
0:00:01.643497499  6740 0000000002F77A80 DEBUG        rtpjitterbuffer rtpjitterbuffer.c:428:calculate_skew: extrtp 2932225062, gstrtp 9:03:00.278466666, base 9:03:00.278466666, send_diff 0:00:00.000000000
0:00:01.643561140  6740 0000000002F77A80 DEBUG        rtpjitterbuffer rtpjitterbuffer.c:451:calculate_skew: time 0:00:00.525376062, base 0:00:00.441604788, recv_diff 0:00:00.083771274, slope 0
0:00:01.643610069  6740 0000000002F77A80 DEBUG        rtpjitterbuffer rtpjitterbuffer.c:468:calculate_skew: filling 9, delta 83771274
0:00:01.643653242  6740 0000000002F77A80 DEBUG        rtpjitterbuffer rtpjitterbuffer.c:561:calculate_skew: backwards timestamps, using previous time
0:00:01.643694497  6740 0000000002F77A80 DEBUG        rtpjitterbuffer rtpjitterbuffer.c:583:calculate_skew: skew 0, out 0:00:00.441604788
0:00:01.643740548  6740 0000000002F77A80 DEBUG     gstrtpjitterbuffer gstrtpjitterbuffer.c:1405:gst_rtp_jitter_buffer_chain:<rtpjitterbuffer0> Pushed packet #65112, now 9 packets, tail: 0
0:00:01.643785320  6740 0000000002F77A80 LOG           GST_SCHEDULING gstpad.c:3659:gst_pad_chain_data_unchecked:<rtpjitterbuffer0:sink> called chainfunction &gst_rtp_jitter_buffer_chain with buffer 0000000003E647D0, returned ok
0:00:01.643832011  6740 0000000002F77A80 LOG           GST_SCHEDULING gstpad.c:3659:gst_pad_chain_data_unchecked:<rtpssrcdemux0:sink> called chainfunction &000000007048EF60 with buffer 0000000003E647D0, returned ok
0:00:01.643877103  6740 0000000002F77A80 LOG           GST_SCHEDULING gstpad.c:3659:gst_pad_chain_data_unchecked:<rtpsession0:recv_rtp_sink> called chainfunction &000000007049E190 with buffer 0000000003E647D0, returned ok
0:00:01.643922835  6740 0000000002F77A80 LOG           GST_SCHEDULING gstpad.c:3659:gst_pad_chain_data_unchecked:<rtpbin0:recv_rtp_sink_0> called chainfunction &gst_proxy_pad_chain_default with buffer 0000000003E647D0, returned ok
0:00:01.643967607  6740 0000000002F77A80 LOG                  basesrc gstbasesrc.c:2614:gst_base_src_loop:<udpsrc1> next_ts 99:99:99.999999999 size 4096
0:00:01.644012699  6740 0000000002F77A80 DEBUG                basesrc gstbasesrc.c:2351:gst_base_src_get_range:<udpsrc1> calling create offset 18446744073709551615 length 4096, time 0
0:00:01.644058750  6740 0000000002F77A80 LOG                   udpsrc gstudpsrc.c:451:gst_udpsrc_create:<udpsrc1> ioctl says 51504 bytes available
0:00:01.644107040  6740 0000000002F77A80 DEBUG             GST_MEMORY gstmemory.c:133:gst_memory_init: new memory 0000000003EEC200, maxsize:51511 offset:0 size:51504
0:00:01.644151173  6740 0000000002F77A80 LOG               GST_BUFFER gstbuffer.c:581:gst_buffer_new: new 0000000003E648E0
0:00:01.644193387  6740 0000000002F77A80 LOG               GST_BUFFER gstbuffer.c:297:_memory_add: buffer 0000000003E648E0, idx -1, mem 0000000003EEC200, lock 1
0:00:01.644236560  6740 0000000002F77A80 LOG               GST_BUFFER gstbuffer.c:635:gst_buffer_new_allocate: new buffer 0000000003E648E0 of size 51504 from allocator 0000000000000000
0:00:01.644281332  6740 0000000002F77A80 LOG               GST_BUFFER gstbuffer.c:1410:gst_buffer_map_range: buffer 0000000003E648E0, idx 0, length -1, flags 0002
0:00:01.644327063  6740 0000000002F77A80 LOG               GST_BUFFER gstbuffer.c:207:_get_merged_memory: buffer 0000000003E648E0, idx 0, length 1
0:00:01.644384947  6740 0000000002F77A80 LOG               GST_BUFFER gstbuffer.c:1279:gst_buffer_resize_range: trim 0000000003E648E0 0-1400 size:51504 offs:0 max:51511
0:00:01.644431638  6740 0000000002F77A80 DEBUG             GST_BUFFER gstbuffer.c:1853:gst_buffer_add_meta: alloc metadata 0000000003E63AB8 (GstNetAddressMeta) of size 24
0:00:01.644477050  6740 0000000002F77A80 LOG                   udpsrc gstudpsrc.c:502:gst_udpsrc_create:<udpsrc1> read 51504 bytes
0:00:01.644520223  6740 0000000002F77A80 DEBUG              GST_CLOCK gstclock.c:922:gst_clock_get_internal_time:<GstSystemClock> internal time 0:00:00.528329425
0:00:01.644571072  6740 0000000002F77A80 DEBUG              GST_CLOCK gstclock.c:967:gst_clock_get_time:<GstSystemClock> adjusted time 0:00:00.528329425
0:00:01.644622240  6740 0000000002F77A80 LOG                  basesrc gstbasesrc.c:2165:gst_base_src_do_sync:<udpsrc1> created DTS 0:00:00.528235084
0:00:01.644665093  6740 0000000002F77A80 LOG                  basesrc gstbasesrc.c:2175:gst_base_src_do_sync:<udpsrc1> created PTS 0:00:00.528235084
0:00:01.644707947  6740 0000000002F77A80 DEBUG                basesrc gstbasesrc.c:2213:gst_base_src_do_sync:<udpsrc1> no sync needed
0:00:01.644750160  6740 0000000002F77A80 DEBUG                basesrc gstbasesrc.c:2414:gst_base_src_get_range:<udpsrc1> buffer ok
0:00:01.644793653  6740 0000000002F77A80 LOG           GST_SCHEDULING gstpad.c:3653:gst_pad_chain_data_unchecked:<rtpbin0:recv_rtp_sink_0> calling chainfunction &gst_proxy_pad_chain_default with buffer 0000000003E648E0
0:00:01.644838745  6740 0000000002F77A80 LOG           GST_SCHEDULING gstpad.c:3653:gst_pad_chain_data_unchecked:<rtpsession0:recv_rtp_sink> calling chainfunction &000000007049E190 with buffer 0000000003E648E0
0:00:01.644882878  6740 0000000002F77A80 LOG               rtpsession gstrtpsession.c:1505:gst_rtp_session_chain_recv_rtp:<rtpsession0> received RTP packet
0:00:01.644925092  6740 0000000002F77A80 DEBUG              GST_CLOCK gstclock.c:922:gst_clock_get_internal_time:<GstSystemClock> internal time 0:00:00.528734613
0:00:01.644968265  6740 0000000002F77A80 DEBUG              GST_CLOCK gstclock.c:967:gst_clock_get_time:<GstSystemClock> adjusted time 0:00:00.528734613
0:00:01.645018154  6740 0000000002F77A80 LOG               GST_BUFFER gstbuffer.c:1410:gst_buffer_map_range: buffer 0000000003E648E0, idx 0, length 1, flags 0001
0:00:01.645070601  6740 0000000002F77A80 LOG               GST_BUFFER gstbuffer.c:207:_get_merged_memory: buffer 0000000003E648E0, idx 0, length 1
0:00:01.645113774  6740 0000000002F77A80 LOG               GST_BUFFER gstbuffer.c:1410:gst_buffer_map_range: buffer 0000000003E648E0, idx 0, length 1, flags 0001
0:00:01.645156947  6740 0000000002F77A80 LOG               GST_BUFFER gstbuffer.c:207:_get_merged_memory: buffer 0000000003E648E0, idx 0, length 1
0:00:01.645202359  6740 0000000002F77A80 LOG               GST_BUFFER gstbuffer.c:1410:gst_buffer_map_range: buffer 0000000003E648E0, idx 0, length 1, flags 0001
0:00:01.645245532  6740 0000000002F77A80 LOG               GST_BUFFER gstbuffer.c:207:_get_merged_memory: buffer 0000000003E648E0, idx 0, length 1
0:00:01.645288386  6740 0000000002F77A80 LOG                rtpsource rtpsource.c:1155:rtp_source_process_rtp: seq 65113, PC: 10, OC: 13880
0:00:01.645330280  6740 0000000002F77A80 LOG               GST_BUFFER gstbuffer.c:1410:gst_buffer_map_range: buffer 0000000003E648E0, idx 0, length 1, flags 0001
0:00:01.645373133  6740 0000000002F77A80 LOG               GST_BUFFER gstbuffer.c:207:_get_merged_memory: buffer 0000000003E648E0, idx 0, length 1
0:00:01.645415667  6740 0000000002F77A80 LOG                rtpsource rtpsource.c:941:calculate_jitter: SSRC b094efc4 got payload 96
0:00:01.645457880  6740 0000000002F77A80 LOG                rtpsource rtpsource.c:976:calculate_jitter: rtparrival 47541, rtptime 2932225062, clock-rate 90000, diff 258, jitter: 305.250000
0:00:01.645504571  6740 0000000002F77A80 LOG                rtpsource rtpsource.c:878:push_packet: pushing new packet
0:00:01.645557978  6740 0000000002F77A80 LOG               rtpsession rtpsession.c:1175:source_push_rtp: source b094efc4 pushed receiver RTP packet
0:00:01.645602750  6740 0000000002F77A80 LOG               rtpsession gstrtpsession.c:1035:gst_rtp_session_process_rtp:<rtpsession0> pushing received RTP packet
0:00:01.645648162  6740 0000000002F77A80 LOG           GST_SCHEDULING gstpad.c:3653:gst_pad_chain_data_unchecked:<rtpssrcdemux0:sink> calling chainfunction &000000007048EF60 with buffer 0000000003E648E0
0:00:01.645691335  6740 0000000002F77A80 LOG               GST_BUFFER gstbuffer.c:1410:gst_buffer_map_range: buffer 0000000003E648E0, idx 0, length 1, flags 0001
0:00:01.645735148  6740 0000000002F77A80 LOG               GST_BUFFER gstbuffer.c:207:_get_merged_memory: buffer 0000000003E648E0, idx 0, length 1
0:00:01.645779600  6740 0000000002F77A80 DEBUG           rtpssrcdemux gstrtpssrcdemux.c:638:gst_rtp_ssrc_demux_chain:<rtpssrcdemux0> received buffer of SSRC b094efc4
0:00:01.645822134  6740 0000000002F77A80 DEBUG           rtpssrcdemux gstrtpssrcdemux.c:230:find_or_create_demux_pad_for_ssrc:<rtpssrcdemux0> creating pad for SSRC b094efc4
0:00:01.645865627  6740 0000000002F77A80 LOG           GST_SCHEDULING gstpad.c:3653:gst_pad_chain_data_unchecked:<rtpjitterbuffer0:sink> calling chainfunction &gst_rtp_jitter_buffer_chain with buffer 0000000003E648E0
0:00:01.645909440  6740 0000000002F77A80 LOG               GST_BUFFER gstbuffer.c:1410:gst_buffer_map_range: buffer 0000000003E648E0, idx 0, length 1, flags 0001
0:00:01.645951973  6740 0000000002F77A80 LOG               GST_BUFFER gstbuffer.c:207:_get_merged_memory: buffer 0000000003E648E0, idx 0, length 1
0:00:01.645996745  6740 0000000002F77A80 DEBUG     gstrtpjitterbuffer gstrtpjitterbuffer.c:1278:gst_rtp_jitter_buffer_chain:<rtpjitterbuffer0> Received packet #65113 at time 0:00:00.528235084
0:00:01.646040238  6740 0000000002F77A80 LOG               GST_BUFFER gstbuffer.c:1410:gst_buffer_map_range: buffer 0000000003E648E0, idx 0, length 1, flags 0001
0:00:01.646082452  6740 0000000002F77A80 LOG               GST_BUFFER gstbuffer.c:207:_get_merged_memory: buffer 0000000003E648E0, idx 0, length 1
0:00:01.646125305  6740 0000000002F77A80 LOG               GST_BUFFER gstbuffer.c:1410:gst_buffer_map_range: buffer 0000000003E647D0, idx 0, length 1, flags 0001
0:00:01.646187027  6740 0000000002F77A80 LOG               GST_BUFFER gstbuffer.c:207:_get_merged_memory: buffer 0000000003E647D0, idx 0, length 1
0:00:01.646233718  6740 0000000002F77A80 DEBUG        rtpjitterbuffer rtpjitterbuffer.c:428:calculate_skew: extrtp 2932225062, gstrtp 9:03:00.278466666, base 9:03:00.278466666, send_diff 0:00:00.000000000
0:00:01.646283927  6740 0000000002F77A80 DEBUG        rtpjitterbuffer rtpjitterbuffer.c:451:calculate_skew: time 0:00:00.528235084, base 0:00:00.441604788, recv_diff 0:00:00.086630296, slope 0
0:00:01.646330618  6740 0000000002F77A80 DEBUG        rtpjitterbuffer rtpjitterbuffer.c:468:calculate_skew: filling 10, delta 86630296
0:00:01.646373791  6740 0000000002F77A80 DEBUG        rtpjitterbuffer rtpjitterbuffer.c:561:calculate_skew: backwards timestamps, using previous time
0:00:01.646415685  6740 0000000002F77A80 DEBUG        rtpjitterbuffer rtpjitterbuffer.c:583:calculate_skew: skew 0, out 0:00:00.441604788
0:00:01.646462056  6740 0000000002F77A80 DEBUG     gstrtpjitterbuffer gstrtpjitterbuffer.c:1405:gst_rtp_jitter_buffer_chain:<rtpjitterbuffer0> Pushed packet #65113, now 10 packets, tail: 0
0:00:01.646507148  6740 0000000002F77A80 LOG           GST_SCHEDULING gstpad.c:3659:gst_pad_chain_data_unchecked:<rtpjitterbuffer0:sink> called chainfunction &gst_rtp_jitter_buffer_chain with buffer 0000000003E648E0, returned ok
0:00:01.646561194  6740 0000000002F77A80 LOG           GST_SCHEDULING gstpad.c:3659:gst_pad_chain_data_unchecked:<rtpssrcdemux0:sink> called chainfunction &000000007048EF60 with buffer 0000000003E648E0, returned ok
0:00:01.646608525  6740 0000000002F77A80 LOG           GST_SCHEDULING gstpad.c:3659:gst_pad_chain_data_unchecked:<rtpsession0:recv_rtp_sink> called chainfunction &000000007049E190 with buffer 0000000003E648E0, returned ok
0:00:01.646656175  6740 0000000002F77A80 LOG           GST_SCHEDULING gstpad.c:3659:gst_pad_chain_data_unchecked:<rtpbin0:recv_rtp_sink_0> called chainfunction &gst_proxy_pad_chain_default with buffer 0000000003E648E0, returned ok
0:00:01.646700628  6740 0000000002F77A80 LOG                  basesrc gstbasesrc.c:2614:gst_base_src_loop:<udpsrc1> next_ts 99:99:99.999999999 size 4096
0:00:01.646746039  6740 0000000002F77A80 DEBUG                basesrc gstbasesrc.c:2351:gst_base_src_get_range:<udpsrc1> calling create offset 18446744073709551615 length 4096, time 0
0:00:01.646792411  6740 0000000002F77A80 LOG                   udpsrc gstudpsrc.c:451:gst_udpsrc_create:<udpsrc1> ioctl says 50104 bytes available
0:00:01.646841020  6740 0000000002F77A80 DEBUG             GST_MEMORY gstmemory.c:133:gst_memory_init: new memory 0000000003EF8BD0, maxsize:50111 offset:0 size:50104
0:00:01.646885792  6740 0000000002F77A80 LOG               GST_BUFFER gstbuffer.c:581:gst_buffer_new: new 0000000003E649F0
0:00:01.646927367  6740 0000000002F77A80 LOG               GST_BUFFER gstbuffer.c:297:_memory_add: buffer 0000000003E649F0, idx -1, mem 0000000003EF8BD0, lock 1
0:00:01.646971499  6740 0000000002F77A80 LOG               GST_BUFFER gstbuffer.c:635:gst_buffer_new_allocate: new buffer 0000000003E649F0 of size 50104 from allocator 0000000000000000
0:00:01.647014992  6740 0000000002F77A80 LOG               GST_BUFFER gstbuffer.c:1410:gst_buffer_map_range: buffer 0000000003E649F0, idx 0, length -1, flags 0002
0:00:01.647058165  6740 0000000002F77A80 LOG               GST_BUFFER gstbuffer.c:207:_get_merged_memory: buffer 0000000003E649F0, idx 0, length 1
0:00:01.647113171  6740 0000000002F77A80 LOG               GST_BUFFER gstbuffer.c:1279:gst_buffer_resize_range: trim 0000000003E649F0 0-1400 size:50104 offs:0 max:50111
0:00:01.647159862  6740 0000000002F77A80 DEBUG             GST_BUFFER gstbuffer.c:1853:gst_buffer_add_meta: alloc metadata 0000000003E63C68 (GstNetAddressMeta) of size 24
0:00:01.647205274  6740 0000000002F77A80 LOG                   udpsrc gstudpsrc.c:502:gst_udpsrc_create:<udpsrc1> read 50104 bytes
0:00:01.647248447  6740 0000000002F77A80 DEBUG              GST_CLOCK gstclock.c:922:gst_clock_get_internal_time:<GstSystemClock> internal time 0:00:00.531057969
0:00:01.647292580  6740 0000000002F77A80 DEBUG              GST_CLOCK gstclock.c:967:gst_clock_get_time:<GstSystemClock> adjusted time 0:00:00.531057969
0:00:01.647335753  6740 0000000002F77A80 LOG                  basesrc gstbasesrc.c:2165:gst_base_src_do_sync:<udpsrc1> created DTS 0:00:00.530963628
0:00:01.641881544  6740 0000000003E61280 DEBUG                    bin gstbin.c:886:find_message:<pipeline0>   structure-change
0:00:01.647378606  6740 0000000002F77A80 LOG                  basesrc gstbasesrc.c:2175:gst_base_src_do_sync:<udpsrc1> created PTS 0:00:00.530963628
0:00:01.647425297  6740 0000000003E61280 DEBUG                    bin gstbin.c:926:bin_replace_message:<pipeline0> got new message 0000000003E18490, structure-change from sink
0:00:01.647470069  6740 0000000002F77A80 DEBUG                basesrc gstbasesrc.c:2213:gst_base_src_do_sync:<udpsrc1> no sync needed
0:00:01.647517400  6740 0000000003E61280 DEBUG                GST_BUS gstbus.c:347:gst_bus_post:<bus1> [msg 0000000003E18490] dropped
0:00:01.647583918  6740 0000000002F77A80 DEBUG                basesrc gstbasesrc.c:2414:gst_base_src_get_range:<udpsrc1> buffer ok
0:00:01.647631569  6740 0000000003E61280 INFO                GST_PADS gstpad.c:2062:gst_pad_link_prepare: trying to link rtspsrc0:recv_rtp_src_0_2962550724_96 and rtph264depay0:sink
0:00:01.647677620  6740 0000000002F77A80 LOG           GST_SCHEDULING gstpad.c:3653:gst_pad_chain_data_unchecked:<rtpbin0:recv_rtp_sink_0> calling chainfunction &gst_proxy_pad_chain_default with buffer 0000000003E649F0
0:00:01.647723672  6740 0000000003E61280 DEBUG               GST_CAPS gstutils.c:2762:gst_pad_query_caps:<rtspsrc0:recv_rtp_src_0_2962550724_96> get pad caps with filter 0000000000000000
0:00:01.647771642  6740 0000000002F77A80 LOG           GST_SCHEDULING gstpad.c:3653:gst_pad_chain_data_unchecked:<rtpsession0:recv_rtp_sink> calling chainfunction &000000007049E190 with buffer 0000000003E649F0
0:00:01.647818333  6740 0000000003E61280 DEBUG                  query gstquery.c:679:gst_query_new_custom: creating new query 0000000003E1CE10 caps
0:00:01.647863744  6740 0000000002F77A80 LOG               rtpsession gstrtpsession.c:1505:gst_rtp_session_chain_recv_rtp:<rtpsession0> received RTP packet
0:00:01.647910435  6740 0000000003E61280 DEBUG               GST_PADS gstpad.c:3402:gst_pad_query:<rtspsrc0:recv_rtp_src_0_2962550724_96> doing query 0000000003E1CE10 (caps)
0:00:01.647954888  6740 0000000002F77A80 DEBUG              GST_CLOCK gstclock.c:922:gst_clock_get_internal_time:<GstSystemClock> internal time 0:00:00.531764410
0:00:01.648001259  6740 0000000003E61280 DEBUG                rtspsrc gstrtspsrc.c:2069:gst_rtspsrc_handle_src_query:<rtspsrc0> pad rtspsrc0:recv_rtp_src_0_2962550724_96 received query caps
0:00:01.648047310  6740 0000000002F77A80 DEBUG              GST_CLOCK gstclock.c:967:gst_clock_get_time:<GstSystemClock> adjusted time 0:00:00.531764410
0:00:01.648139733  6740 0000000002F77A80 LOG               GST_BUFFER gstbuffer.c:1410:gst_buffer_map_range: buffer 0000000003E649F0, idx 0, length 1, flags 0001
0:00:01.648183546  6740 0000000002F77A80 LOG               GST_BUFFER gstbuffer.c:207:_get_merged_memory: buffer 0000000003E649F0, idx 0, length 1
0:00:01.648095280  6740 0000000003E61280 DEBUG               GST_PADS gstghostpad.c:802:gst_ghost_pad_get_target:<rtspsrc0:recv_rtp_src_0_2962550724_96> get target rtpbin0:recv_rtp_src_0_2962550724_96
0:00:01.648241749  6740 0000000002F77A80 LOG               GST_BUFFER gstbuffer.c:1410:gst_buffer_map_range: buffer 0000000003E649F0, idx 0, length 1, flags 0001
0:00:01.648334492  6740 0000000002F77A80 LOG               GST_BUFFER gstbuffer.c:207:_get_merged_memory: buffer 0000000003E649F0, idx 0, length 1
0:00:01.648288440  6740 0000000003E61280 DEBUG               GST_PADS gstpad.c:3402:gst_pad_query:<rtpbin0:recv_rtp_src_0_2962550724_96> doing query 0000000003E1CE10 (caps)
0:00:01.648380863  6740 0000000002F77A80 LOG               GST_BUFFER gstbuffer.c:1410:gst_buffer_map_range: buffer 0000000003E649F0, idx 0, length 1, flags 0001
0:00:01.648471047  6740 0000000002F77A80 LOG               GST_BUFFER gstbuffer.c:207:_get_merged_memory: buffer 0000000003E649F0, idx 0, length 1
0:00:01.648514220  6740 0000000002F77A80 LOG                rtpsource rtpsource.c:1155:rtp_source_process_rtp: seq 65114, PC: 11, OC: 15268
0:00:01.648571145  6740 0000000002F77A80 LOG               GST_BUFFER gstbuffer.c:1410:gst_buffer_map_range: buffer 0000000003E649F0, idx 0, length 1, flags 0001
0:00:01.648614957  6740 0000000002F77A80 LOG               GST_BUFFER gstbuffer.c:207:_get_merged_memory: buffer 0000000003E649F0, idx 0, length 1
0:00:01.648657811  6740 0000000002F77A80 LOG                rtpsource rtpsource.c:941:calculate_jitter: SSRC b094efc4 got payload 96
0:00:01.648700344  6740 0000000002F77A80 LOG                rtpsource rtpsource.c:976:calculate_jitter: rtparrival 47786, rtptime 2932225062, clock-rate 90000, diff 245, jitter: 301.500000
0:00:01.648746076  6740 0000000002F77A80 LOG                rtpsource rtpsource.c:878:push_packet: pushing new packet
0:00:01.648787010  6740 0000000002F77A80 LOG               rtpsession rtpsession.c:1175:source_push_rtp: source b094efc4 pushed receiver RTP packet
0:00:01.648830823  6740 0000000002F77A80 LOG               rtpsession gstrtpsession.c:1035:gst_rtp_session_process_rtp:<rtpsession0> pushing received RTP packet
0:00:01.648875276  6740 0000000002F77A80 LOG           GST_SCHEDULING gstpad.c:3653:gst_pad_chain_data_unchecked:<rtpssrcdemux0:sink> calling chainfunction &000000007048EF60 with buffer 0000000003E649F0
0:00:01.648921327  6740 0000000002F77A80 LOG               GST_BUFFER gstbuffer.c:1410:gst_buffer_map_range: buffer 0000000003E649F0, idx 0, length 1, flags 0001
0:00:01.648964820  6740 0000000002F77A80 LOG               GST_BUFFER gstbuffer.c:207:_get_merged_memory: buffer 0000000003E649F0, idx 0, length 1
0:00:01.649009272  6740 0000000002F77A80 DEBUG           rtpssrcdemux gstrtpssrcdemux.c:638:gst_rtp_ssrc_demux_chain:<rtpssrcdemux0> received buffer of SSRC b094efc4
0:00:01.649051486  6740 0000000002F77A80 DEBUG           rtpssrcdemux gstrtpssrcdemux.c:230:find_or_create_demux_pad_for_ssrc:<rtpssrcdemux0> creating pad for SSRC b094efc4
0:00:01.649095938  6740 0000000002F77A80 LOG           GST_SCHEDULING gstpad.c:3653:gst_pad_chain_data_unchecked:<rtpjitterbuffer0:sink> calling chainfunction &gst_rtp_jitter_buffer_chain with buffer 0000000003E649F0
0:00:01.649138472  6740 0000000002F77A80 LOG               GST_BUFFER gstbuffer.c:1410:gst_buffer_map_range: buffer 0000000003E649F0, idx 0, length 1, flags 0001
0:00:01.649181645  6740 0000000002F77A80 LOG               GST_BUFFER gstbuffer.c:207:_get_merged_memory: buffer 0000000003E649F0, idx 0, length 1
0:00:01.649226097  6740 0000000002F77A80 DEBUG     gstrtpjitterbuffer gstrtpjitterbuffer.c:1278:gst_rtp_jitter_buffer_chain:<rtpjitterbuffer0> Received packet #65114 at time 0:00:00.530963628
0:00:01.649269910  6740 0000000002F77A80 LOG               GST_BUFFER gstbuffer.c:1410:gst_buffer_map_range: buffer 0000000003E649F0, idx 0, length 1, flags 0001
0:00:01.649313083  6740 0000000002F77A80 LOG               GST_BUFFER gstbuffer.c:207:_get_merged_memory: buffer 0000000003E649F0, idx 0, length 1
0:00:01.649355937  6740 0000000002F77A80 LOG               GST_BUFFER gstbuffer.c:1410:gst_buffer_map_range: buffer 0000000003E648E0, idx 0, length 1, flags 0001
0:00:01.649398470  6740 0000000002F77A80 LOG               GST_BUFFER gstbuffer.c:207:_get_merged_memory: buffer 0000000003E648E0, idx 0, length 1
0:00:01.649442923  6740 0000000002F77A80 DEBUG        rtpjitterbuffer rtpjitterbuffer.c:428:calculate_skew: extrtp 2932225062, gstrtp 9:03:00.278466666, base 9:03:00.278466666, send_diff 0:00:00.000000000
0:00:01.649489294  6740 0000000002F77A80 DEBUG        rtpjitterbuffer rtpjitterbuffer.c:451:calculate_skew: time 0:00:00.530963628, base 0:00:00.441604788, recv_diff 0:00:00.089358840, slope 0
0:00:01.649548137  6740 0000000002F77A80 DEBUG        rtpjitterbuffer rtpjitterbuffer.c:468:calculate_skew: filling 11, delta 89358840
0:00:01.649605701  6740 0000000002F77A80 DEBUG        rtpjitterbuffer rtpjitterbuffer.c:561:calculate_skew: backwards timestamps, using previous time
0:00:01.649647595  6740 0000000002F77A80 DEBUG        rtpjitterbuffer rtpjitterbuffer.c:583:calculate_skew: skew 0, out 0:00:00.441604788
