0:00:02.765625000  3920   00BCEE40 DEBUG     gstrtpjitterbuffer gstrtpjitterbuffer.c:1452:gst_rtp_jitter_buffer_loop:<rtpjitterbuffer0> Peeked buffer #47833, expect #47833, timestamp 0:00:01.183993360, now 135 left
0:00:02.765625000  3920   00AFA7F0 LOG                rtpsource rtpsource.c:1059:rtp_source_process_rtp: seq 48043, PC: 339, OC: 451430
0:00:02.765625000  3920   00BCEE40 LOG       gstrtpjitterbuffer gstrtpjitterbuffer.c:1628:gst_rtp_jitter_buffer_loop:<rtpjitterbuffer0> rtp 185384541, ext 185384541
0:00:02.765625000  3920   00AFA7F0 LOG                rtpsource rtpsource.c:894:calculate_jitter: SSRC 02564c67 got payload 96
0:00:02.765625000  3920   00BCEE40 DEBUG     gstrtpjitterbuffer gstrtpjitterbuffer.c:1672:gst_rtp_jitter_buffer_loop:<rtpjitterbuffer0> Pushing buffer 47833, timestamp 0:00:01.183993360
0:00:02.765625000  3920   00AFA7F0 LOG                rtpsource rtpsource.c:927:calculate_jitter: rtparrival 1487041195, rtptime 185465439, clock-rate 90000, diff 2232, jitter: 1000.937500
0:00:02.765625000  3920   00BCEE40 DEBUG             rtpptdemux gstrtpptdemux.c:321:gst_rtp_pt_demux_chain:<rtpptdemux0> received buffer for pt 96
0:00:02.765625000  3920   00AFA7F0 LOG                rtpsource rtpsource.c:835:push_packet: pushing new packet
0:00:02.765625000  3920   00BCEE40 LOG         basertpdepayload gstbasertpdepayload.c:298:gst_base_rtp_depayload_chain:<rtpmp4vdepay0> discont 0, seqnum 47833, rtptime 185384541, timestamp 0:00:01.183993360
0:00:02.765625000  3920   00AFA7F0 LOG               rtpsession rtpsession.c:929:source_push_rtp: source 02564c67 pushed receiver RTP packet
0:00:02.765625000  3920   00BCEE40 DEBUG     gstrtpjitterbuffer gstrtpjitterbuffer.c:1389:gst_rtp_jitter_buffer_loop:<rtpjitterbuffer0> Peeking item
0:00:02.765625000  3920   00AFA7F0 LOG               rtpsession gstrtpsession.c:959:gst_rtp_session_process_rtp:<rtpsession0> pushing received RTP packet
0:00:02.765625000  3920   00BCEE40 DEBUG     gstrtpjitterbuffer gstrtpjitterbuffer.c:1452:gst_rtp_jitter_buffer_loop:<rtpjitterbuffer0> Peeked buffer #47834, expect #47834, timestamp 0:00:01.183993360, now 134 left
0:00:02.765625000  3920   00AFA7F0 DEBUG           rtpssrcdemux gstrtpssrcdemux.c:499:gst_rtp_ssrc_demux_chain:<rtpssrcdemux0> received buffer of SSRC 02564c67
0:00:02.765625000  3920   00BCEE40 LOG       gstrtpjitterbuffer gstrtpjitterbuffer.c:1628:gst_rtp_jitter_buffer_loop:<rtpjitterbuffer0> rtp 185384541, ext 185384541
0:00:02.765625000  3920   00AFA7F0 DEBUG     gstrtpjitterbuffer gstrtpjitterbuffer.c:1125:gst_rtp_jitter_buffer_chain:<rtpjitterbuffer0> Received packet #48043 at time 0:00:02.133420382
0:00:02.765625000  3920   00BCEE40 DEBUG     gstrtpjitterbuffer gstrtpjitterbuffer.c:1672:gst_rtp_jitter_buffer_loop:<rtpjitterbuffer0> Pushing buffer 47834, timestamp 0:00:01.183993360
0:00:02.765625000  3920   00AFA7F0 DEBUG     gstrtpjitterbuffer gstrtpjitterbuffer.c:1164:gst_rtp_jitter_buffer_chain:<rtpjitterbuffer0> expected #48042, got #48043, gap of 1
0:00:02.765625000  3920   00BCEE40 DEBUG             rtpptdemux gstrtpptdemux.c:321:gst_rtp_pt_demux_chain:<rtpptdemux0> received buffer for pt 96
0:00:02.765625000  3920   00AFA7F0 DEBUG     gstrtpjitterbuffer gstrtpjitterbuffer.c:1177:gst_rtp_jitter_buffer_chain:<rtpjitterbuffer0> tolerable gap
0:00:02.765625000  3920   00BCEE40 LOG         basertpdepayload gstbasertpdepayload.c:298:gst_base_rtp_depayload_chain:<rtpmp4vdepay0> discont 0, seqnum 47834, rtptime 185384541, timestamp 0:00:01.183993360
0:00:02.765625000  3920   00AFA7F0 DEBUG        rtpjitterbuffer rtpjitterbuffer.c:257:calculate_skew: extrtp 185465439, gstrtp 0:34:20.727100000, base 0:34:18.797888888, send_diff 0:00:01.929211112
0:00:02.765625000  3920   00BCEE40 DEBUG           rtpmp4vdepay gstrtpmp4vdepay.c:198:gst_rtp_mp4v_depay_process: gst_rtp_mp4v_depay_chain: pushing buffer of size 8467
0:00:02.765625000  3920   00AFA7F0 DEBUG        rtpjitterbuffer rtpjitterbuffer.c:280:calculate_skew: time 0:00:02.133420382, base 0:00:00.252180149, recv_diff 0:00:01.881240233, slope 8
0:00:02.765625000  3920   00BCEE40 LOG         basertpdepayload gstbasertpdepayload.c:521:gst_base_rtp_depayload_push_full:<rtpmp4vdepay0> Pushing buffer size 8467, timestamp 0:00:01.183993360
0:00:02.765625000  3920   00AFA7F0 DEBUG        rtpjitterbuffer rtpjitterbuffer.c:297:calculate_skew: filling 339, delta -47970879
0:00:02.765625000  3920   00AFA7F0 DEBUG        rtpjitterbuffer rtpjitterbuffer.c:413:calculate_skew: skew -98531238, out 0:00:02.082860023
0:00:02.765625000  3920   00AFA7F0 DEBUG     gstrtpjitterbuffer gstrtpjitterbuffer.c:1247:gst_rtp_jitter_buffer_chain:<rtpjitterbuffer0> Pushed packet #48043, now 134 packets, tail: 0
0:00:02.765625000  3920   00BCEE40 DEBUG     gstrtpjitterbuffer gstrtpjitterbuffer.c:1389:gst_rtp_jitter_buffer_loop:<rtpjitterbuffer0> Peeking item
0:00:02.765625000  3920   00AFA7F0 LOG               rtpsession gstrtpsession.c:1343:gst_rtp_session_chain_recv_rtp:<rtpsession0> received RTP packet
0:00:02.765625000  3920   00BCEE40 DEBUG     gstrtpjitterbuffer gstrtpjitterbuffer.c:1452:gst_rtp_jitter_buffer_loop:<rtpjitterbuffer0> Peeked buffer #47835, expect #47835, timestamp 0:00:01.215626691, now 134 left
0:00:02.765625000  3920   00AFA7F0 LOG                rtpsource rtpsource.c:1059:rtp_source_process_rtp: seq 48044, PC: 340, OC: 452818
0:00:02.765625000  3920   00BCEE40 LOG       gstrtpjitterbuffer gstrtpjitterbuffer.c:1628:gst_rtp_jitter_buffer_loop:<rtpjitterbuffer0> rtp 185387388, ext 185384541
0:00:02.765625000  3920   00AFA7F0 LOG                rtpsource rtpsource.c:894:calculate_jitter: SSRC 02564c67 got payload 96
0:00:02.765625000  3920   00BCEE40 LOG       gstrtpjitterbuffer gstrtpjitterbuffer.c:1656:gst_rtp_jitter_buffer_loop:<rtpjitterbuffer0> elapsed 0:00:01.061977777, estimated 0:00:11.446818542
0:00:02.765625000  3920   00AFA7F0 LOG                rtpsource rtpsource.c:927:calculate_jitter: rtparrival 1487041832, rtptime 185465439, clock-rate 90000, diff 637, jitter: 978.187500
0:00:02.765625000  3920   00BCEE40 DEBUG     gstrtpjitterbuffer gstrtpjitterbuffer.c:1672:gst_rtp_jitter_buffer_loop:<rtpjitterbuffer0> Pushing buffer 47835, timestamp 0:00:01.215626691
0:00:02.765625000  3920   00AFA7F0 LOG                rtpsource rtpsource.c:835:push_packet: pushing new packet
0:00:02.765625000  3920   00BCEE40 DEBUG             rtpptdemux gstrtpptdemux.c:321:gst_rtp_pt_demux_chain:<rtpptdemux0> received buffer for pt 96
0:00:02.765625000  3920   00AFA7F0 LOG               rtpsession rtpsession.c:929:source_push_rtp: source 02564c67 pushed receiver RTP packet
0:00:02.765625000  3920   00BCEE40 LOG         basertpdepayload gstbasertpdepayload.c:298:gst_base_rtp_depayload_chain:<rtpmp4vdepay0> discont 0, seqnum 47835, rtptime 185387388, timestamp 0:00:01.215626691
0:00:02.765625000  3920   00AFA7F0 LOG               rtpsession gstrtpsession.c:959:gst_rtp_session_process_rtp:<rtpsession0> pushing received RTP packet
0:00:02.765625000  3920   00BCEE40 DEBUG     gstrtpjitterbuffer gstrtpjitterbuffer.c:1389:gst_rtp_jitter_buffer_loop:<rtpjitterbuffer0> Peeking item
0:00:02.765625000  3920   00AFA7F0 DEBUG           rtpssrcdemux gstrtpssrcdemux.c:499:gst_rtp_ssrc_demux_chain:<rtpssrcdemux0> received buffer of SSRC 02564c67
0:00:02.765625000  3920   00BCEE40 DEBUG     gstrtpjitterbuffer gstrtpjitterbuffer.c:1452:gst_rtp_jitter_buffer_loop:<rtpjitterbuffer0> Peeked buffer #47836, expect #47836, timestamp 0:00:01.215626691, now 133 left
0:00:02.765625000  3920   00AFA7F0 DEBUG     gstrtpjitterbuffer gstrtpjitterbuffer.c:1125:gst_rtp_jitter_buffer_chain:<rtpjitterbuffer0> Received packet #48044 at time 0:00:02.140495657
0:00:02.765625000  3920   00BCEE40 LOG       gstrtpjitterbuffer gstrtpjitterbuffer.c:1628:gst_rtp_jitter_buffer_loop:<rtpjitterbuffer0> rtp 185387388, ext 185387388
0:00:02.765625000  3920   00BCEE40 DEBUG     gstrtpjitterbuffer gstrtpjitterbuffer.c:1672:gst_rtp_jitter_buffer_loop:<rtpjitterbuffer0> Pushing buffer 47836, timestamp 0:00:01.215626691
0:00:02.765625000  3920   00AFA7F0 DEBUG        rtpjitterbuffer rtpjitterbuffer.c:257:calculate_skew: extrtp 185465439, gstrtp 0:34:20.727100000, base 0:34:18.797888888, send_diff 0:00:01.929211112
0:00:02.765625000  3920   00BCEE40 DEBUG             rtpptdemux gstrtpptdemux.c:321:gst_rtp_pt_demux_chain:<rtpptdemux0> received buffer for pt 96
0:00:02.765625000  3920   00AFA7F0 DEBUG        rtpjitterbuffer rtpjitterbuffer.c:280:calculate_skew: time 0:00:02.140495657, base 0:00:00.252180149, recv_diff 0:00:01.888315508, slope 8
0:00:02.765625000  3920   00BCEE40 LOG         basertpdepayload gstbasertpdepayload.c:298:gst_base_rtp_depayload_chain:<rtpmp4vdepay0> discont 0, seqnum 47836, rtptime 185387388, timestamp 0:00:01.215626691
0:00:02.765625000  3920   00AFA7F0 DEBUG        rtpjitterbuffer rtpjitterbuffer.c:297:calculate_skew: filling 340, delta -40895604
0:00:02.765625000  3920   00AFA7F0 DEBUG        rtpjitterbuffer rtpjitterbuffer.c:390:calculate_skew: backwards timestamps, using previous time
0:00:02.765625000  3920   00AFA7F0 DEBUG        rtpjitterbuffer rtpjitterbuffer.c:413:calculate_skew: skew -98531238, out 0:00:02.082860023
0:00:02.765625000  3920   00AFA7F0 DEBUG     gstrtpjitterbuffer gstrtpjitterbuffer.c:1247:gst_rtp_jitter_buffer_chain:<rtpjitterbuffer0> Pushed packet #48044, now 133 packets, tail: 0
0:00:02.765625000  3920   00BCEE40 DEBUG     gstrtpjitterbuffer gstrtpjitterbuffer.c:1389:gst_rtp_jitter_buffer_loop:<rtpjitterbuffer0> Peeking item
0:00:02.765625000  3920   00AFA7F0 LOG               rtpsession gstrtpsession.c:1343:gst_rtp_session_chain_recv_rtp:<rtpsession0> received RTP packet
0:00:02.765625000  3920   00BCEE40 DEBUG     gstrtpjitterbuffer gstrtpjitterbuffer.c:1452:gst_rtp_jitter_buffer_loop:<rtpjitterbuffer0> Peeked buffer #47837, expect #47837, timestamp 0:00:01.215626691, now 133 left
0:00:02.765625000  3920   00AFA7F0 LOG                rtpsource rtpsource.c:1059:rtp_source_process_rtp: seq 48045, PC: 341, OC: 454206
0:00:02.765625000  3920   00BCEE40 LOG       gstrtpjitterbuffer gstrtpjitterbuffer.c:1628:gst_rtp_jitter_buffer_loop:<rtpjitterbuffer0> rtp 185387388, ext 185387388
0:00:02.781250000  3920   00AFA7F0 LOG                rtpsource rtpsource.c:894:calculate_jitter: SSRC 02564c67 got payload 96
0:00:02.781250000  3920   00BCEE40 DEBUG     gstrtpjitterbuffer gstrtpjitterbuffer.c:1672:gst_rtp_jitter_buffer_loop:<rtpjitterbuffer0> Pushing buffer 47837, timestamp 0:00:01.215626691
0:00:02.781250000  3920   00AFA7F0 LOG                rtpsource rtpsource.c:927:calculate_jitter: rtparrival 1487042415, rtptime 185465439, clock-rate 90000, diff 583, jitter: 953.500000
0:00:02.781250000  3920   00BCEE40 DEBUG             rtpptdemux gstrtpptdemux.c:321:gst_rtp_pt_demux_chain:<rtpptdemux0> received buffer for pt 96
0:00:02.781250000  3920   00AFA7F0 LOG                rtpsource rtpsource.c:835:push_packet: pushing new packet
0:00:02.781250000  3920   00BCEE40 LOG         basertpdepayload gstbasertpdepayload.c:298:gst_base_rtp_depayload_chain:<rtpmp4vdepay0> discont 0, seqnum 47837, rtptime 185387388, timestamp 0:00:01.215626691
0:00:02.781250000  3920   00AFA7F0 LOG               rtpsession rtpsession.c:929:source_push_rtp: source 02564c67 pushed receiver RTP packet
0:00:02.781250000  3920   00BCEE40 DEBUG     gstrtpjitterbuffer gstrtpjitterbuffer.c:1389:gst_rtp_jitter_buffer_loop:<rtpjitterbuffer0> Peeking item
0:00:02.781250000  3920   00AFA7F0 LOG               rtpsession gstrtpsession.c:959:gst_rtp_session_process_rtp:<rtpsession0> pushing received RTP packet
0:00:02.781250000  3920   00BCEE40 DEBUG     gstrtpjitterbuffer gstrtpjitterbuffer.c:1452:gst_rtp_jitter_buffer_loop:<rtpjitterbuffer0> Peeked buffer #47838, expect #47838, timestamp 0:00:01.215626691, now 132 left
0:00:02.781250000  3920   00AFA7F0 DEBUG           rtpssrcdemux gstrtpssrcdemux.c:499:gst_rtp_ssrc_demux_chain:<rtpssrcdemux0> received buffer of SSRC 02564c67
0:00:02.781250000  3920   00BCEE40 LOG       gstrtpjitterbuffer gstrtpjitterbuffer.c:1628:gst_rtp_jitter_buffer_loop:<rtpjitterbuffer0> rtp 185387388, ext 185387388
0:00:02.781250000  3920   00AFA7F0 DEBUG     gstrtpjitterbuffer gstrtpjitterbuffer.c:1125:gst_rtp_jitter_buffer_chain:<rtpjitterbuffer0> Received packet #48045 at time 0:00:02.146978762
0:00:02.781250000  3920   00BCEE40 DEBUG     gstrtpjitterbuffer gstrtpjitterbuffer.c:1672:gst_rtp_jitter_buffer_loop:<rtpjitterbuffer0> Pushing buffer 47838, timestamp 0:00:01.215626691
0:00:02.781250000  3920   00AFA7F0 DEBUG        rtpjitterbuffer rtpjitterbuffer.c:257:calculate_skew: extrtp 185465439, gstrtp 0:34:20.727100000, base 0:34:18.797888888, send_diff 0:00:01.929211112
0:00:02.781250000  3920   00BCEE40 DEBUG             rtpptdemux gstrtpptdemux.c:321:gst_rtp_pt_demux_chain:<rtpptdemux0> received buffer for pt 96
0:00:02.781250000  3920   00AFA7F0 DEBUG        rtpjitterbuffer rtpjitterbuffer.c:280:calculate_skew: time 0:00:02.146978762, base 0:00:00.252180149, recv_diff 0:00:01.894798613, slope 8
0:00:02.781250000  3920   00BCEE40 LOG         basertpdepayload gstbasertpdepayload.c:298:gst_base_rtp_depayload_chain:<rtpmp4vdepay0> discont 0, seqnum 47838, rtptime 185387388, timestamp 0:00:01.215626691
0:00:02.781250000  3920   00AFA7F0 DEBUG        rtpjitterbuffer rtpjitterbuffer.c:297:calculate_skew: filling 341, delta -34412499
0:00:02.781250000  3920   00AFA7F0 DEBUG        rtpjitterbuffer rtpjitterbuffer.c:390:calculate_skew: backwards timestamps, using previous time
0:00:02.781250000  3920   00AFA7F0 DEBUG        rtpjitterbuffer rtpjitterbuffer.c:413:calculate_skew: skew -98531238, out 0:00:02.082860023
0:00:02.781250000  3920   00AFA7F0 DEBUG     gstrtpjitterbuffer gstrtpjitterbuffer.c:1247:gst_rtp_jitter_buffer_chain:<rtpjitterbuffer0> Pushed packet #48045, now 132 packets, tail: 0
0:00:02.781250000  3920   00BCEE40 DEBUG     gstrtpjitterbuffer gstrtpjitterbuffer.c:1389:gst_rtp_jitter_buffer_loop:<rtpjitterbuffer0> Peeking item
0:00:02.781250000  3920   00AFA7F0 LOG               rtpsession gstrtpsession.c:1343:gst_rtp_session_chain_recv_rtp:<rtpsession0> received RTP packet
0:00:02.781250000  3920   00BCEE40 DEBUG     gstrtpjitterbuffer gstrtpjitterbuffer.c:1452:gst_rtp_jitter_buffer_loop:<rtpjitterbuffer0> Peeked buffer #47839, expect #47839, timestamp 0:00:01.215626691, now 132 left
0:00:02.781250000  3920   00AFA7F0 LOG                rtpsource rtpsource.c:1059:rtp_source_process_rtp: seq 48046, PC: 342, OC: 455594
0:00:02.781250000  3920   00BCEE40 LOG       gstrtpjitterbuffer gstrtpjitterbuffer.c:1628:gst_rtp_jitter_buffer_loop:<rtpjitterbuffer0> rtp 185387388, ext 185387388
0:00:02.781250000  3920   00AFA7F0 LOG                rtpsource rtpsource.c:894:calculate_jitter: SSRC 02564c67 got payload 96
0:00:02.781250000  3920   00BCEE40 DEBUG     gstrtpjitterbuffer gstrtpjitterbuffer.c:1672:gst_rtp_jitter_buffer_loop:<rtpjitterbuffer0> Pushing buffer 47839, timestamp 0:00:01.215626691
0:00:02.781250000  3920   00AFA7F0 LOG                rtpsource rtpsource.c:927:calculate_jitter: rtparrival 1487042984, rtptime 185465439, clock-rate 90000, diff 569, jitter: 929.437500
0:00:02.781250000  3920   00BCEE40 DEBUG             rtpptdemux gstrtpptdemux.c:321:gst_rtp_pt_demux_chain:<rtpptdemux0> received buffer for pt 96
0:00:02.781250000  3920   00AFA7F0 LOG                rtpsource rtpsource.c:835:push_packet: pushing new packet
0:00:02.781250000  3920   00BCEE40 LOG         basertpdepayload gstbasertpdepayload.c:298:gst_base_rtp_depayload_chain:<rtpmp4vdepay0> discont 0, seqnum 47839, rtptime 185387388, timestamp 0:00:01.215626691
0:00:02.781250000  3920   00AFA7F0 LOG               rtpsession rtpsession.c:929:source_push_rtp: source 02564c67 pushed receiver RTP packet
0:00:02.781250000  3920   00BCEE40 DEBUG     gstrtpjitterbuffer gstrtpjitterbuffer.c:1389:gst_rtp_jitter_buffer_loop:<rtpjitterbuffer0> Peeking item
0:00:02.781250000  3920   00AFA7F0 LOG               rtpsession gstrtpsession.c:959:gst_rtp_session_process_rtp:<rtpsession0> pushing received RTP packet
0:00:02.781250000  3920   00BCEE40 DEBUG     gstrtpjitterbuffer gstrtpjitterbuffer.c:1452:gst_rtp_jitter_buffer_loop:<rtpjitterbuffer0> Peeked buffer #47840, expect #47840, timestamp 0:00:01.215626691, now 131 left
0:00:02.781250000  3920   00AFA7F0 DEBUG           rtpssrcdemux gstrtpssrcdemux.c:499:gst_rtp_ssrc_demux_chain:<rtpssrcdemux0> received buffer of SSRC 02564c67
0:00:02.781250000  3920   00BCEE40 LOG       gstrtpjitterbuffer gstrtpjitterbuffer.c:1628:gst_rtp_jitter_buffer_loop:<rtpjitterbuffer0> rtp 185387388, ext 185387388
0:00:02.781250000  3920   00AFA7F0 DEBUG     gstrtpjitterbuffer gstrtpjitterbuffer.c:1125:gst_rtp_jitter_buffer_chain:<rtpjitterbuffer0> Received packet #48046 at time 0:00:02.153295870
0:00:02.781250000  3920   00BCEE40 DEBUG     gstrtpjitterbuffer gstrtpjitterbuffer.c:1672:gst_rtp_jitter_buffer_loop:<rtpjitterbuffer0> Pushing buffer 47840, timestamp 0:00:01.215626691
0:00:02.781250000  3920   00AFA7F0 DEBUG        rtpjitterbuffer rtpjitterbuffer.c:257:calculate_skew: extrtp 185465439, gstrtp 0:34:20.727100000, base 0:34:18.797888888, send_diff 0:00:01.929211112
0:00:02.781250000  3920   00BCEE40 DEBUG             rtpptdemux gstrtpptdemux.c:321:gst_rtp_pt_demux_chain:<rtpptdemux0> received buffer for pt 96
0:00:02.781250000  3920   00AFA7F0 DEBUG        rtpjitterbuffer rtpjitterbuffer.c:280:calculate_skew: time 0:00:02.153295870, base 0:00:00.252180149, recv_diff 0:00:01.901115721, slope 8
0:00:02.781250000  3920   00BCEE40 LOG         basertpdepayload gstbasertpdepayload.c:298:gst_base_rtp_depayload_chain:<rtpmp4vdepay0> discont 0, seqnum 47840, rtptime 185387388, timestamp 0:00:01.215626691
0:00:02.781250000  3920   00AFA7F0 DEBUG        rtpjitterbuffer rtpjitterbuffer.c:297:calculate_skew: filling 342, delta -28095391
0:00:02.781250000  3920   00AFA7F0 DEBUG        rtpjitterbuffer rtpjitterbuffer.c:390:calculate_skew: backwards timestamps, using previous time
0:00:02.781250000  3920   00AFA7F0 DEBUG        rtpjitterbuffer rtpjitterbuffer.c:413:calculate_skew: skew -98531238, out 0:00:02.082860023
0:00:02.781250000  3920   00AFA7F0 DEBUG     gstrtpjitterbuffer gstrtpjitterbuffer.c:1247:gst_rtp_jitter_buffer_chain:<rtpjitterbuffer0> Pushed packet #48046, now 131 packets, tail: 0
0:00:02.781250000  3920   00BCEE40 DEBUG     gstrtpjitterbuffer gstrtpjitterbuffer.c:1389:gst_rtp_jitter_buffer_loop:<rtpjitterbuffer0> Peeking item
0:00:02.781250000  3920   00AFA7F0 LOG               rtpsession gstrtpsession.c:1343:gst_rtp_session_chain_recv_rtp:<rtpsession0> received RTP packet
0:00:02.781250000  3920   00BCEE40 DEBUG     gstrtpjitterbuffer gstrtpjitterbuffer.c:1452:gst_rtp_jitter_buffer_loop:<rtpjitterbuffer0> Peeked buffer #47841, expect #47841, timestamp 0:00:01.215626691, now 131 left
0:00:02.781250000  3920   00AFA7F0 LOG                rtpsource rtpsource.c:1059:rtp_source_process_rtp: seq 48050, PC: 343, OC: 456982
0:00:02.781250000  3920   00BCEE40 LOG       gstrtpjitterbuffer gstrtpjitterbuffer.c:1628:gst_rtp_jitter_buffer_loop:<rtpjitterbuffer0> rtp 185387388, ext 185387388
0:00:02.781250000  3920   00AFA7F0 LOG                rtpsource rtpsource.c:894:calculate_jitter: SSRC 02564c67 got payload 96
0:00:02.781250000  3920   00BCEE40 DEBUG     gstrtpjitterbuffer gstrtpjitterbuffer.c:1672:gst_rtp_jitter_buffer_loop:<rtpjitterbuffer0> Pushing buffer 47841, timestamp 0:00:01.215626691
0:00:02.781250000  3920   00AFA7F0 LOG                rtpsource rtpsource.c:927:calculate_jitter: rtparrival 1487043559, rtptime 185468285, clock-rate 90000, diff 2271, jitter: 1013.312500
0:00:02.781250000  3920   00BCEE40 DEBUG             rtpptdemux gstrtpptdemux.c:321:gst_rtp_pt_demux_chain:<rtpptdemux0> received buffer for pt 96
0:00:02.781250000  3920   00AFA7F0 LOG                rtpsource rtpsource.c:835:push_packet: pushing new packet
0:00:02.781250000  3920   00BCEE40 LOG         basertpdepayload gstbasertpdepayload.c:298:gst_base_rtp_depayload_chain:<rtpmp4vdepay0> discont 0, seqnum 47841, rtptime 185387388, timestamp 0:00:01.215626691
0:00:02.781250000  3920   00AFA7F0 LOG               rtpsession rtpsession.c:929:source_push_rtp: source 02564c67 pushed receiver RTP packet
0:00:02.781250000  3920   00BCEE40 DEBUG           rtpmp4vdepay gstrtpmp4vdepay.c:198:gst_rtp_mp4v_depay_process: gst_rtp_mp4v_depay_chain: pushing buffer of size 8541
0:00:02.781250000  3920   00AFA7F0 LOG               rtpsession gstrtpsession.c:959:gst_rtp_session_process_rtp:<rtpsession0> pushing received RTP packet
0:00:02.781250000  3920   00BCEE40 LOG         basertpdepayload gstbasertpdepayload.c:521:gst_base_rtp_depayload_push_full:<rtpmp4vdepay0> Pushing buffer size 8541, timestamp 0:00:01.215626691
0:00:02.781250000  3920   00AFA7F0 DEBUG           rtpssrcdemux gstrtpssrcdemux.c:499:gst_rtp_ssrc_demux_chain:<rtpssrcdemux0> received buffer of SSRC 02564c67
0:00:02.796875000  3920   00BCEE40 DEBUG     gstrtpjitterbuffer gstrtpjitterbuffer.c:1389:gst_rtp_jitter_buffer_loop:<rtpjitterbuffer0> Peeking item
0:00:02.796875000  3920   00AFA7F0 DEBUG     gstrtpjitterbuffer gstrtpjitterbuffer.c:1125:gst_rtp_jitter_buffer_chain:<rtpjitterbuffer0> Received packet #48050 at time 0:00:02.159690474
0:00:02.796875000  3920   00BCEE40 DEBUG     gstrtpjitterbuffer gstrtpjitterbuffer.c:1452:gst_rtp_jitter_buffer_loop:<rtpjitterbuffer0> Peeked buffer #47842, expect #47842, timestamp 0:00:01.252248913, now 130 left
0:00:02.796875000  3920   00BCEE40 LOG       gstrtpjitterbuffer gstrtpjitterbuffer.c:1628:gst_rtp_jitter_buffer_loop:<rtpjitterbuffer0> rtp 185390684, ext 185387388
0:00:02.796875000  3920   00BCEE40 LOG       gstrtpjitterbuffer gstrtpjitterbuffer.c:1656:gst_rtp_jitter_buffer_loop:<rtpjitterbuffer0> elapsed 0:00:01.098600000, estimated 0:00:11.398588321
0:00:02.796875000  3920   00BCEE40 DEBUG     gstrtpjitterbuffer gstrtpjitterbuffer.c:1672:gst_rtp_jitter_buffer_loop:<rtpjitterbuffer0> Pushing buffer 47842, timestamp 0:00:01.252248913
0:00:02.796875000  3920   00AFA7F0 DEBUG     gstrtpjitterbuffer gstrtpjitterbuffer.c:1164:gst_rtp_jitter_buffer_chain:<rtpjitterbuffer0> expected #48047, got #48050, gap of 3
0:00:02.796875000  3920   00BCEE40 DEBUG             rtpptdemux gstrtpptdemux.c:321:gst_rtp_pt_demux_chain:<rtpptdemux0> received buffer for pt 96
0:00:02.796875000  3920   00AFA7F0 DEBUG     gstrtpjitterbuffer gstrtpjitterbuffer.c:1177:gst_rtp_jitter_buffer_chain:<rtpjitterbuffer0> tolerable gap
0:00:02.796875000  3920   00BCEE40 LOG         basertpdepayload gstbasertpdepayload.c:298:gst_base_rtp_depayload_chain:<rtpmp4vdepay0> discont 0, seqnum 47842, rtptime 185390684, timestamp 0:00:01.252248913
0:00:02.796875000  3920   00AFA7F0 DEBUG        rtpjitterbuffer rtpjitterbuffer.c:257:calculate_skew: extrtp 185468285, gstrtp 0:34:20.758722222, base 0:34:18.797888888, send_diff 0:00:01.960833334
0:00:02.796875000  3920   00AFA7F0 DEBUG        rtpjitterbuffer rtpjitterbuffer.c:280:calculate_skew: time 0:00:02.159690474, base 0:00:00.252180149, recv_diff 0:00:01.907510325, slope 8
0:00:02.796875000  3920   00AFA7F0 DEBUG        rtpjitterbuffer rtpjitterbuffer.c:297:calculate_skew: filling 343, delta -53323009
0:00:02.796875000  3920   00AFA7F0 DEBUG        rtpjitterbuffer rtpjitterbuffer.c:413:calculate_skew: skew -98531238, out 0:00:02.114482245
0:00:02.796875000  3920   00AFA7F0 DEBUG     gstrtpjitterbuffer gstrtpjitterbuffer.c:1247:gst_rtp_jitter_buffer_chain:<rtpjitterbuffer0> Pushed packet #48050, now 130 packets, tail: 0
0:00:02.796875000  3920   00BCEE40 DEBUG     gstrtpjitterbuffer gstrtpjitterbuffer.c:1389:gst_rtp_jitter_buffer_loop:<rtpjitterbuffer0> Peeking item
0:00:02.796875000  3920   00AFA7F0 LOG               rtpsession gstrtpsession.c:1343:gst_rtp_session_chain_recv_rtp:<rtpsession0> received RTP packet
0:00:02.796875000  3920   00BCEE40 DEBUG     gstrtpjitterbuffer gstrtpjitterbuffer.c:1452:gst_rtp_jitter_buffer_loop:<rtpjitterbuffer0> Peeked buffer #47843, expect #47843, timestamp 0:00:01.252248913, now 130 left
0:00:02.796875000  3920   00AFA7F0 LOG                rtpsource rtpsource.c:1059:rtp_source_process_rtp: seq 48051, PC: 344, OC: 458370
0:00:02.796875000  3920   00BCEE40 LOG       gstrtpjitterbuffer gstrtpjitterbuffer.c:1628:gst_rtp_jitter_buffer_loop:<rtpjitterbuffer0> rtp 185390684, ext 185390684
0:00:02.796875000  3920   00AFA7F0 LOG                rtpsource rtpsource.c:894:calculate_jitter: SSRC 02564c67 got payload 96
0:00:02.796875000  3920   00BCEE40 DEBUG     gstrtpjitterbuffer gstrtpjitterbuffer.c:1672:gst_rtp_jitter_buffer_loop:<rtpjitterbuffer0> Pushing buffer 47843, timestamp 0:00:01.252248913
0:00:02.796875000  3920   00AFA7F0 LOG                rtpsource rtpsource.c:927:calculate_jitter: rtparrival 1487044233, rtptime 185468285, clock-rate 90000, diff 674, jitter: 992.125000
0:00:02.796875000  3920   00BCEE40 DEBUG             rtpptdemux gstrtpptdemux.c:321:gst_rtp_pt_demux_chain:<rtpptdemux0> received buffer for pt 96
0:00:02.796875000  3920   00AFA7F0 LOG                rtpsource rtpsource.c:835:push_packet: pushing new packet
0:00:02.796875000  3920   00BCEE40 LOG         basertpdepayload gstbasertpdepayload.c:298:gst_base_rtp_depayload_chain:<rtpmp4vdepay0> discont 0, seqnum 47843, rtptime 185390684, timestamp 0:00:01.252248913
0:00:02.796875000  3920   00AFA7F0 LOG               rtpsession rtpsession.c:929:source_push_rtp: source 02564c67 pushed receiver RTP packet
0:00:02.796875000  3920   00BCEE40 DEBUG     gstrtpjitterbuffer gstrtpjitterbuffer.c:1389:gst_rtp_jitter_buffer_loop:<rtpjitterbuffer0> Peeking item
0:00:02.796875000  3920   00AFA7F0 LOG               rtpsession gstrtpsession.c:959:gst_rtp_session_process_rtp:<rtpsession0> pushing received RTP packet
0:00:02.796875000  3920   00BCEE40 DEBUG     gstrtpjitterbuffer gstrtpjitterbuffer.c:1452:gst_rtp_jitter_buffer_loop:<rtpjitterbuffer0> Peeked buffer #47844, expect #47844, timestamp 0:00:01.252248913, now 129 left
0:00:02.796875000  3920   00AFA7F0 DEBUG           rtpssrcdemux gstrtpssrcdemux.c:499:gst_rtp_ssrc_demux_chain:<rtpssrcdemux0> received buffer of SSRC 02564c67
0:00:02.796875000  3920   00BCEE40 LOG       gstrtpjitterbuffer gstrtpjitterbuffer.c:1628:gst_rtp_jitter_buffer_loop:<rtpjitterbuffer0> rtp 185390684, ext 185390684
0:00:02.796875000  3920   00AFA7F0 DEBUG     gstrtpjitterbuffer gstrtpjitterbuffer.c:1125:gst_rtp_jitter_buffer_chain:<rtpjitterbuffer0> Received packet #48051 at time 0:00:02.167174008
0:00:02.796875000  3920   00BCEE40 DEBUG     gstrtpjitterbuffer gstrtpjitterbuffer.c:1672:gst_rtp_jitter_buffer_loop:<rtpjitterbuffer0> Pushing buffer 47844, timestamp 0:00:01.252248913
0:00:02.796875000  3920   00AFA7F0 DEBUG        rtpjitterbuffer rtpjitterbuffer.c:257:calculate_skew: extrtp 185468285, gstrtp 0:34:20.758722222, base 0:34:18.797888888, send_diff 0:00:01.960833334
0:00:02.796875000  3920   00BCEE40 DEBUG             rtpptdemux gstrtpptdemux.c:321:gst_rtp_pt_demux_chain:<rtpptdemux0> received buffer for pt 96
0:00:02.796875000  3920   00AFA7F0 DEBUG        rtpjitterbuffer rtpjitterbuffer.c:280:calculate_skew: time 0:00:02.167174008, base 0:00:00.252180149, recv_diff 0:00:01.914993859, slope 8
0:00:02.796875000  3920   00BCEE40 LOG         basertpdepayload gstbasertpdepayload.c:298:gst_base_rtp_depayload_chain:<rtpmp4vdepay0> discont 0, seqnum 47844, rtptime 185390684, timestamp 0:00:01.252248913
0:00:02.796875000  3920   00AFA7F0 DEBUG        rtpjitterbuffer rtpjitterbuffer.c:297:calculate_skew: filling 344, delta -45839475
0:00:02.796875000  3920   00AFA7F0 DEBUG        rtpjitterbuffer rtpjitterbuffer.c:390:calculate_skew: backwards timestamps, using previous time
0:00:02.796875000  3920   00AFA7F0 DEBUG        rtpjitterbuffer rtpjitterbuffer.c:413:calculate_skew: skew -98531238, out 0:00:02.114482245
0:00:02.796875000  3920   00AFA7F0 DEBUG     gstrtpjitterbuffer gstrtpjitterbuffer.c:1247:gst_rtp_jitter_buffer_chain:<rtpjitterbuffer0> Pushed packet #48051, now 129 packets, tail: 0
0:00:02.796875000  3920   00BCEE40 DEBUG     gstrtpjitterbuffer gstrtpjitterbuffer.c:1389:gst_rtp_jitter_buffer_loop:<rtpjitterbuffer0> Peeking item
0:00:02.796875000  3920   00AFA7F0 LOG               rtpsession gstrtpsession.c:1343:gst_rtp_session_chain_recv_rtp:<rtpsession0> received RTP packet
0:00:02.796875000  3920   00BCEE40 DEBUG     gstrtpjitterbuffer gstrtpjitterbuffer.c:1452:gst_rtp_jitter_buffer_loop:<rtpjitterbuffer0> Peeked buffer #47845, expect #47845, timestamp 0:00:01.252248913, now 129 left
0:00:02.796875000  3920   00AFA7F0 LOG                rtpsource rtpsource.c:1059:rtp_source_process_rtp: seq 48052, PC: 345, OC: 459758
0:00:02.796875000  3920   00BCEE40 LOG       gstrtpjitterbuffer gstrtpjitterbuffer.c:1628:gst_rtp_jitter_buffer_loop:<rtpjitterbuffer0> rtp 185390684, ext 185390684
0:00:02.796875000  3920   00AFA7F0 LOG                rtpsource rtpsource.c:894:calculate_jitter: SSRC 02564c67 got payload 96
0:00:02.796875000  3920   00BCEE40 DEBUG     gstrtpjitterbuffer gstrtpjitterbuffer.c:1672:gst_rtp_jitter_buffer_loop:<rtpjitterbuffer0> Pushing buffer 47845, timestamp 0:00:01.252248913
0:00:02.796875000  3920   00AFA7F0 LOG                rtpsource rtpsource.c:927:calculate_jitter: rtparrival 1487044810, rtptime 185468285, clock-rate 90000, diff 577, jitter: 966.187500
0:00:02.796875000  3920   00BCEE40 DEBUG             rtpptdemux gstrtpptdemux.c:321:gst_rtp_pt_demux_chain:<rtpptdemux0> received buffer for pt 96
0:00:02.796875000  3920   00AFA7F0 LOG                rtpsource rtpsource.c:835:push_packet: pushing new packet
0:00:02.796875000  3920   00BCEE40 LOG         basertpdepayload gstbasertpdepayload.c:298:gst_base_rtp_depayload_chain:<rtpmp4vdepay0> discont 0, seqnum 47845, rtptime 185390684, timestamp 0:00:01.252248913
0:00:02.796875000  3920   00AFA7F0 LOG               rtpsession rtpsession.c:929:source_push_rtp: source 02564c67 pushed receiver RTP packet
0:00:02.796875000  3920   00BCEE40 DEBUG     gstrtpjitterbuffer gstrtpjitterbuffer.c:1389:gst_rtp_jitter_buffer_loop:<rtpjitterbuffer0> Peeking item
0:00:02.796875000  3920   00AFA7F0 LOG               rtpsession gstrtpsession.c:959:gst_rtp_session_process_rtp:<rtpsession0> pushing received RTP packet
0:00:02.796875000  3920   00BCEE40 DEBUG     gstrtpjitterbuffer gstrtpjitterbuffer.c:1452:gst_rtp_jitter_buffer_loop:<rtpjitterbuffer0> Peeked buffer #47846, expect #47846, timestamp 0:00:01.252248913, now 128 left
0:00:02.796875000  3920   00AFA7F0 DEBUG           rtpssrcdemux gstrtpssrcdemux.c:499:gst_rtp_ssrc_demux_chain:<rtpssrcdemux0> received buffer of SSRC 02564c67
0:00:02.796875000  3920   00BCEE40 LOG       gstrtpjitterbuffer gstrtpjitterbuffer.c:1628:gst_rtp_jitter_buffer_loop:<rtpjitterbuffer0> rtp 185390684, ext 185390684
0:00:02.796875000  3920   00AFA7F0 DEBUG     gstrtpjitterbuffer gstrtpjitterbuffer.c:1125:gst_rtp_jitter_buffer_chain:<rtpjitterbuffer0> Received packet #48052 at time 0:00:02.173585645
0:00:02.796875000  3920   00BCEE40 DEBUG     gstrtpjitterbuffer gstrtpjitterbuffer.c:1672:gst_rtp_jitter_buffer_loop:<rtpjitterbuffer0> Pushing buffer 47846, timestamp 0:00:01.252248913
0:00:02.796875000  3920   00AFA7F0 DEBUG        rtpjitterbuffer rtpjitterbuffer.c:257:calculate_skew: extrtp 185468285, gstrtp 0:34:20.758722222, base 0:34:18.797888888, send_diff 0:00:01.960833334
0:00:02.796875000  3920   00BCEE40 DEBUG             rtpptdemux gstrtpptdemux.c:321:gst_rtp_pt_demux_chain:<rtpptdemux0> received buffer for pt 96
0:00:02.796875000  3920   00AFA7F0 DEBUG        rtpjitterbuffer rtpjitterbuffer.c:280:calculate_skew: time 0:00:02.173585645, base 0:00:00.252180149, recv_diff 0:00:01.921405496, slope 8
0:00:02.796875000  3920   00BCEE40 LOG         basertpdepayload gstbasertpdepayload.c:298:gst_base_rtp_depayload_chain:<rtpmp4vdepay0> discont 0, seqnum 47846, rtptime 185390684, timestamp 0:00:01.252248913
0:00:02.796875000  3920   00AFA7F0 DEBUG        rtpjitterbuffer rtpjitterbuffer.c:297:calculate_skew: filling 345, delta -39427838
0:00:02.812500000  3920   00AFA7F0 DEBUG        rtpjitterbuffer rtpjitterbuffer.c:390:calculate_skew: backwards timestamps, using previous time
0:00:02.812500000  3920   00AFA7F0 DEBUG        rtpjitterbuffer rtpjitterbuffer.c:413:calculate_skew: skew -98531238, out 0:00:02.114482245
0:00:02.812500000  3920   00AFA7F0 DEBUG     gstrtpjitterbuffer gstrtpjitterbuffer.c:1247:gst_rtp_jitter_buffer_chain:<rtpjitterbuffer0> Pushed packet #48052, now 128 packets, tail: 0
0:00:02.812500000  3920   00BCEE40 DEBUG     gstrtpjitterbuffer gstrtpjitterbuffer.c:1389:gst_rtp_jitter_buffer_loop:<rtpjitterbuffer0> Peeking item
0:00:02.812500000  3920   00AFA7F0 LOG               rtpsession gstrtpsession.c:1343:gst_rtp_session_chain_recv_rtp:<rtpsession0> received RTP packet
0:00:02.812500000  3920   00BCEE40 DEBUG     gstrtpjitterbuffer gstrtpjitterbuffer.c:1452:gst_rtp_jitter_buffer_loop:<rtpjitterbuffer0> Peeked buffer #47847, expect #47847, timestamp 0:00:01.252248913, now 128 left
0:00:02.812500000  3920   00AFA7F0 LOG                rtpsource rtpsource.c:1059:rtp_source_process_rtp: seq 48053, PC: 346, OC: 461146
0:00:02.812500000  3920   00BCEE40 LOG       gstrtpjitterbuffer gstrtpjitterbuffer.c:1628:gst_rtp_jitter_buffer_loop:<rtpjitterbuffer0> rtp 185390684, ext 185390684
0:00:02.812500000  3920   00AFA7F0 LOG                rtpsource rtpsource.c:894:calculate_jitter: SSRC 02564c67 got payload 96
0:00:02.812500000  3920   00BCEE40 DEBUG     gstrtpjitterbuffer gstrtpjitterbuffer.c:1672:gst_rtp_jitter_buffer_loop:<rtpjitterbuffer0> Pushing buffer 47847, timestamp 0:00:01.252248913
0:00:02.812500000  3920   00AFA7F0 LOG                rtpsource rtpsource.c:927:calculate_jitter: rtparrival 1487045367, rtptime 185468285, clock-rate 90000, diff 557, jitter: 940.625000
0:00:02.812500000  3920   00BCEE40 DEBUG             rtpptdemux gstrtpptdemux.c:321:gst_rtp_pt_demux_chain:<rtpptdemux0> received buffer for pt 96
0:00:02.812500000  3920   00AFA7F0 LOG                rtpsource rtpsource.c:835:push_packet: pushing new packet
0:00:02.812500000  3920   00BCEE40 LOG         basertpdepayload gstbasertpdepayload.c:298:gst_base_rtp_depayload_chain:<rtpmp4vdepay0> discont 0, seqnum 47847, rtptime 185390684, timestamp 0:00:01.252248913
0:00:02.812500000  3920   00AFA7F0 LOG               rtpsession rtpsession.c:929:source_push_rtp: source 02564c67 pushed receiver RTP packet
0:00:02.812500000  3920   00BCEE40 DEBUG     gstrtpjitterbuffer gstrtpjitterbuffer.c:1389:gst_rtp_jitter_buffer_loop:<rtpjitterbuffer0> Peeking item
0:00:02.812500000  3920   00AFA7F0 LOG               rtpsession gstrtpsession.c:959:gst_rtp_session_process_rtp:<rtpsession0> pushing received RTP packet
0:00:02.812500000  3920   00BCEE40 DEBUG     gstrtpjitterbuffer gstrtpjitterbuffer.c:1452:gst_rtp_jitter_buffer_loop:<rtpjitterbuffer0> Peeked buffer #47848, expect #47848, timestamp 0:00:01.252248913, now 127 left
0:00:02.812500000  3920   00AFA7F0 DEBUG           rtpssrcdemux gstrtpssrcdemux.c:499:gst_rtp_ssrc_demux_chain:<rtpssrcdemux0> received buffer of SSRC 02564c67
0:00:02.812500000  3920   00BCEE40 LOG       gstrtpjitterbuffer gstrtpjitterbuffer.c:1628:gst_rtp_jitter_buffer_loop:<rtpjitterbuffer0> rtp 185390684, ext 185390684
0:00:02.812500000  3920   00AFA7F0 DEBUG     gstrtpjitterbuffer gstrtpjitterbuffer.c:1125:gst_rtp_jitter_buffer_chain:<rtpjitterbuffer0> Received packet #48053 at time 0:00:02.179780073
0:00:02.812500000  3920   00BCEE40 DEBUG     gstrtpjitterbuffer gstrtpjitterbuffer.c:1672:gst_rtp_jitter_buffer_loop:<rtpjitterbuffer0> Pushing buffer 47848, timestamp 0:00:01.252248913
0:00:02.812500000  3920   00AFA7F0 DEBUG        rtpjitterbuffer rtpjitterbuffer.c:257:calculate_skew: extrtp 185468285, gstrtp 0:34:20.758722222, base 0:34:18.797888888, send_diff 0:00:01.960833334
0:00:02.812500000  3920   00BCEE40 DEBUG             rtpptdemux gstrtpptdemux.c:321:gst_rtp_pt_demux_chain:<rtpptdemux0> received buffer for pt 96
0:00:02.812500000  3920   00AFA7F0 DEBUG        rtpjitterbuffer rtpjitterbuffer.c:280:calculate_skew: time 0:00:02.179780073, base 0:00:00.252180149, recv_diff 0:00:01.927599924, slope 8
0:00:02.812500000  3920   00BCEE40 LOG         basertpdepayload gstbasertpdepayload.c:298:gst_base_rtp_depayload_chain:<rtpmp4vdepay0> discont 0, seqnum 47848, rtptime 185390684, timestamp 0:00:01.252248913
0:00:02.812500000  3920   00AFA7F0 DEBUG        rtpjitterbuffer rtpjitterbuffer.c:297:calculate_skew: filling 346, delta -33233410
0:00:02.812500000  3920   00BCEE40 DEBUG           rtpmp4vdepay gstrtpmp4vdepay.c:198:gst_rtp_mp4v_depay_process: gst_rtp_mp4v_depay_chain: pushing buffer of size 8577
0:00:02.812500000  3920   00AFA7F0 DEBUG        rtpjitterbuffer rtpjitterbuffer.c:390:calculate_skew: backwards timestamps, using previous time
0:00:02.812500000  3920   00BCEE40 LOG         basertpdepayload gstbasertpdepayload.c:521:gst_base_rtp_depayload_push_full:<rtpmp4vdepay0> Pushing buffer size 8577, timestamp 0:00:01.252248913
0:00:02.812500000  3920   00AFA7F0 DEBUG        rtpjitterbuffer rtpjitterbuffer.c:413:calculate_skew: skew -98531238, out 0:00:02.114482245
0:00:02.812500000  3920   00AFA7F0 DEBUG     gstrtpjitterbuffer gstrtpjitterbuffer.c:1247:gst_rtp_jitter_buffer_chain:<rtpjitterbuffer0> Pushed packet #48053, now 127 packets, tail: 0
0:00:02.812500000  3920   00AFA7F0 LOG               rtpsession gstrtpsession.c:1343:gst_rtp_session_chain_recv_rtp:<rtpsession0> received RTP packet
0:00:02.812500000  3920   00BCEE40 DEBUG     gstrtpjitterbuffer gstrtpjitterbuffer.c:1389:gst_rtp_jitter_buffer_loop:<rtpjitterbuffer0> Peeking item
0:00:02.812500000  3920   00AFA7F0 LOG                rtpsource rtpsource.c:1059:rtp_source_process_rtp: seq 48054, PC: 347, OC: 462534
0:00:02.812500000  3920   00BCEE40 DEBUG     gstrtpjitterbuffer gstrtpjitterbuffer.c:1452:gst_rtp_jitter_buffer_loop:<rtpjitterbuffer0> Peeked buffer #47849, expect #47849, timestamp 0:00:01.283871136, now 127 left
0:00:02.812500000  3920   00AFA7F0 LOG                rtpsource rtpsource.c:894:calculate_jitter: SSRC 02564c67 got payload 96
0:00:02.812500000  3920   00BCEE40 LOG       gstrtpjitterbuffer gstrtpjitterbuffer.c:1628:gst_rtp_jitter_buffer_loop:<rtpjitterbuffer0> rtp 185393530, ext 185390684
0:00:02.812500000  3920   00AFA7F0 LOG                rtpsource rtpsource.c:927:calculate_jitter: rtparrival 1487046011, rtptime 185468285, clock-rate 90000, diff 644, jitter: 922.062500
0:00:02.812500000  3920   00BCEE40 LOG       gstrtpjitterbuffer gstrtpjitterbuffer.c:1656:gst_rtp_jitter_buffer_loop:<rtpjitterbuffer0> elapsed 0:00:01.130222222, estimated 0:00:11.359457556
0:00:02.812500000  3920   00AFA7F0 LOG                rtpsource rtpsource.c:835:push_packet: pushing new packet
0:00:02.812500000  3920   00BCEE40 DEBUG     gstrtpjitterbuffer gstrtpjitterbuffer.c:1672:gst_rtp_jitter_buffer_loop:<rtpjitterbuffer0> Pushing buffer 47849, timestamp 0:00:01.283871136
0:00:02.812500000  3920   00AFA7F0 LOG               rtpsession rtpsession.c:929:source_push_rtp: source 02564c67 pushed receiver RTP packet
0:00:02.812500000  3920   00BCEE40 DEBUG             rtpptdemux gstrtpptdemux.c:321:gst_rtp_pt_demux_chain:<rtpptdemux0> received buffer for pt 96
0:00:02.812500000  3920   00AFA7F0 LOG               rtpsession gstrtpsession.c:959:gst_rtp_session_process_rtp:<rtpsession0> pushing received RTP packet
0:00:02.812500000  3920   00BCEE40 LOG         basertpdepayload gstbasertpdepayload.c:298:gst_base_rtp_depayload_chain:<rtpmp4vdepay0> discont 0, seqnum 47849, rtptime 185393530, timestamp 0:00:01.283871136
0:00:02.812500000  3920   00AFA7F0 DEBUG           rtpssrcdemux gstrtpssrcdemux.c:499:gst_rtp_ssrc_demux_chain:<rtpssrcdemux0> received buffer of SSRC 02564c67
0:00:02.812500000  3920   00BCEE40 DEBUG     gstrtpjitterbuffer gstrtpjitterbuffer.c:1389:gst_rtp_jitter_buffer_loop:<rtpjitterbuffer0> Peeking item
0:00:02.812500000  3920   00AFA7F0 DEBUG     gstrtpjitterbuffer gstrtpjitterbuffer.c:1125:gst_rtp_jitter_buffer_chain:<rtpjitterbuffer0> Received packet #48054 at time 0:00:02.186929429
0:00:02.812500000  3920   00BCEE40 DEBUG     gstrtpjitterbuffer gstrtpjitterbuffer.c:1452:gst_rtp_jitter_buffer_loop:<rtpjitterbuffer0> Peeked buffer #47850, expect #47850, timestamp 0:00:01.283871136, now 126 left
0:00:02.812500000  3920   00BCEE40 LOG       gstrtpjitterbuffer gstrtpjitterbuffer.c:1628:gst_rtp_jitter_buffer_loop:<rtpjitterbuffer0> rtp 185393530, ext 185393530
0:00:02.812500000  3920   00BCEE40 DEBUG     gstrtpjitterbuffer gstrtpjitterbuffer.c:1672:gst_rtp_jitter_buffer_loop:<rtpjitterbuffer0> Pushing buffer 47850, timestamp 0:00:01.283871136
0:00:02.812500000  3920   00AFA7F0 DEBUG        rtpjitterbuffer rtpjitterbuffer.c:257:calculate_skew: extrtp 185468285, gstrtp 0:34:20.758722222, base 0:34:18.797888888, send_diff 0:00:01.960833334
0:00:02.812500000  3920   00BCEE40 DEBUG             rtpptdemux gstrtpptdemux.c:321:gst_rtp_pt_demux_chain:<rtpptdemux0> received buffer for pt 96
0:00:02.812500000  3920   00AFA7F0 DEBUG        rtpjitterbuffer rtpjitterbuffer.c:280:calculate_skew: time 0:00:02.186929429, base 0:00:00.252180149, recv_diff 0:00:01.934749280, slope 8
0:00:02.812500000  3920   00BCEE40 LOG         basertpdepayload gstbasertpdepayload.c:298:gst_base_rtp_depayload_chain:<rtpmp4vdepay0> discont 0, seqnum 47850, rtptime 185393530, timestamp 0:00:01.283871136
0:00:02.812500000  3920   00AFA7F0 DEBUG        rtpjitterbuffer rtpjitterbuffer.c:297:calculate_skew: filling 347, delta -26084054
0:00:02.812500000  3920   00AFA7F0 DEBUG        rtpjitterbuffer rtpjitterbuffer.c:390:calculate_skew: backwards timestamps, using previous time
0:00:02.812500000  3920   00AFA7F0 DEBUG        rtpjitterbuffer rtpjitterbuffer.c:413:calculate_skew: skew -98531238, out 0:00:02.114482245
0:00:02.812500000  3920   00AFA7F0 DEBUG     gstrtpjitterbuffer gstrtpjitterbuffer.c:1247:gst_rtp_jitter_buffer_chain:<rtpjitterbuffer0> Pushed packet #48054, now 126 packets, tail: 0
0:00:02.812500000  3920   00BCEE40 DEBUG     gstrtpjitterbuffer gstrtpjitterbuffer.c:1389:gst_rtp_jitter_buffer_loop:<rtpjitterbuffer0> Peeking item
0:00:02.812500000  3920   00AFA7F0 LOG               rtpsession gstrtpsession.c:1343:gst_rtp_session_chain_recv_rtp:<rtpsession0> received RTP packet
0:00:02.812500000  3920   00BCEE40 DEBUG     gstrtpjitterbuffer gstrtpjitterbuffer.c:1452:gst_rtp_jitter_buffer_loop:<rtpjitterbuffer0> Peeked buffer #47851, expect #47851, timestamp 0:00:01.283871136, now 126 left
0:00:02.812500000  3920   00AFA7F0 LOG                rtpsource rtpsource.c:1059:rtp_source_process_rtp: seq 48056, PC: 348, OC: 462783
0:00:02.812500000  3920   00BCEE40 LOG       gstrtpjitterbuffer gstrtpjitterbuffer.c:1628:gst_rtp_jitter_buffer_loop:<rtpjitterbuffer0> rtp 185393530, ext 185393530
0:00:02.812500000  3920   00AFA7F0 LOG                rtpsource rtpsource.c:894:calculate_jitter: SSRC 02564c67 got payload 96
0:00:02.812500000  3920   00BCEE40 DEBUG     gstrtpjitterbuffer gstrtpjitterbuffer.c:1672:gst_rtp_jitter_buffer_loop:<rtpjitterbuffer0> Pushing buffer 47851, timestamp 0:00:01.283871136
0:00:02.828125000  3920   00AFA7F0 LOG                rtpsource rtpsource.c:927:calculate_jitter: rtparrival 1487046596, rtptime 185468285, clock-rate 90000, diff 585, jitter: 901.000000
0:00:02.828125000  3920   00BCEE40 DEBUG             rtpptdemux gstrtpptdemux.c:321:gst_rtp_pt_demux_chain:<rtpptdemux0> received buffer for pt 96
0:00:02.828125000  3920   00AFA7F0 LOG                rtpsource rtpsource.c:835:push_packet: pushing new packet
0:00:02.828125000  3920   00BCEE40 LOG         basertpdepayload gstbasertpdepayload.c:298:gst_base_rtp_depayload_chain:<rtpmp4vdepay0> discont 0, seqnum 47851, rtptime 185393530, timestamp 0:00:01.283871136
0:00:02.828125000  3920   00AFA7F0 LOG               rtpsession rtpsession.c:929:source_push_rtp: source 02564c67 pushed receiver RTP packet
0:00:02.828125000  3920   00BCEE40 DEBUG     gstrtpjitterbuffer gstrtpjitterbuffer.c:1389:gst_rtp_jitter_buffer_loop:<rtpjitterbuffer0> Peeking item
0:00:02.828125000  3920   00AFA7F0 LOG               rtpsession gstrtpsession.c:959:gst_rtp_session_process_rtp:<rtpsession0> pushing received RTP packet
0:00:02.828125000  3920   00BCEE40 DEBUG     gstrtpjitterbuffer gstrtpjitterbuffer.c:1452:gst_rtp_jitter_buffer_loop:<rtpjitterbuffer0> Peeked buffer #47852, expect #47852, timestamp 0:00:01.283871136, now 125 left
0:00:02.828125000  3920   00AFA7F0 DEBUG           rtpssrcdemux gstrtpssrcdemux.c:499:gst_rtp_ssrc_demux_chain:<rtpssrcdemux0> received buffer of SSRC 02564c67
0:00:02.828125000  3920   00BCEE40 LOG       gstrtpjitterbuffer gstrtpjitterbuffer.c:1628:gst_rtp_jitter_buffer_loop:<rtpjitterbuffer0> rtp 185393530, ext 185393530
0:00:02.828125000  3920   00AFA7F0 DEBUG     gstrtpjitterbuffer gstrtpjitterbuffer.c:1125:gst_rtp_jitter_buffer_chain:<rtpjitterbuffer0> Received packet #48056 at time 0:00:02.193431161
0:00:02.828125000  3920   00BCEE40 DEBUG     gstrtpjitterbuffer gstrtpjitterbuffer.c:1672:gst_rtp_jitter_buffer_loop:<rtpjitterbuffer0> Pushing buffer 47852, timestamp 0:00:01.283871136
0:00:02.828125000  3920   00AFA7F0 DEBUG     gstrtpjitterbuffer gstrtpjitterbuffer.c:1164:gst_rtp_jitter_buffer_chain:<rtpjitterbuffer0> expected #48055, got #48056, gap of 1
0:00:02.828125000  3920   00BCEE40 DEBUG             rtpptdemux gstrtpptdemux.c:321:gst_rtp_pt_demux_chain:<rtpptdemux0> received buffer for pt 96
0:00:02.828125000  3920   00AFA7F0 DEBUG     gstrtpjitterbuffer gstrtpjitterbuffer.c:1177:gst_rtp_jitter_buffer_chain:<rtpjitterbuffer0> tolerable gap
0:00:02.828125000  3920   00BCEE40 LOG         basertpdepayload gstbasertpdepayload.c:298:gst_base_rtp_depayload_chain:<rtpmp4vdepay0> discont 0, seqnum 47852, rtptime 185393530, timestamp 0:00:01.283871136
0:00:02.828125000  3920   00AFA7F0 DEBUG        rtpjitterbuffer rtpjitterbuffer.c:257:calculate_skew: extrtp 185468285, gstrtp 0:34:20.758722222, base 0:34:18.797888888, send_diff 0:00:01.960833334
0:00:02.828125000  3920   00AFA7F0 DEBUG        rtpjitterbuffer rtpjitterbuffer.c:280:calculate_skew: time 0:00:02.193431161, base 0:00:00.252180149, recv_diff 0:00:01.941251012, slope 8
0:00:02.828125000  3920   00AFA7F0 DEBUG        rtpjitterbuffer rtpjitterbuffer.c:297:calculate_skew: filling 348, delta -19582322
0:00:02.828125000  3920   00AFA7F0 DEBUG        rtpjitterbuffer rtpjitterbuffer.c:390:calculate_skew: backwards timestamps, using previous time
0:00:02.828125000  3920   00AFA7F0 DEBUG        rtpjitterbuffer rtpjitterbuffer.c:413:calculate_skew: skew -98531238, out 0:00:02.114482245
0:00:02.828125000  3920   00AFA7F0 DEBUG     gstrtpjitterbuffer gstrtpjitterbuffer.c:1247:gst_rtp_jitter_buffer_chain:<rtpjitterbuffer0> Pushed packet #48056, now 125 packets, tail: 0
0:00:02.828125000  3920   00BCEE40 DEBUG     gstrtpjitterbuffer gstrtpjitterbuffer.c:1389:gst_rtp_jitter_buffer_loop:<rtpjitterbuffer0> Peeking item
0:00:02.828125000  3920   00AFA7F0 LOG               rtpsession gstrtpsession.c:1343:gst_rtp_session_chain_recv_rtp:<rtpsession0> received RTP packet
0:00:02.828125000  3920   00BCEE40 DEBUG     gstrtpjitterbuffer gstrtpjitterbuffer.c:1452:gst_rtp_jitter_buffer_loop:<rtpjitterbuffer0> Peeked buffer #47853, expect #47853, timestamp 0:00:01.283871136, now 125 left
0:00:02.828125000  3920   00AFA7F0 LOG                rtpsource rtpsource.c:1059:rtp_source_process_rtp: seq 48057, PC: 349, OC: 464171
0:00:02.828125000  3920   00BCEE40 LOG       gstrtpjitterbuffer gstrtpjitterbuffer.c:1628:gst_rtp_jitter_buffer_loop:<rtpjitterbuffer0> rtp 185393530, ext 185393530
0:00:02.828125000  3920   00AFA7F0 LOG                rtpsource rtpsource.c:894:calculate_jitter: SSRC 02564c67 got payload 96
0:00:02.828125000  3920   00BCEE40 DEBUG     gstrtpjitterbuffer gstrtpjitterbuffer.c:1672:gst_rtp_jitter_buffer_loop:<rtpjitterbuffer0> Pushing buffer 47853, timestamp 0:00:01.283871136
0:00:02.828125000  3920   00AFA7F0 LOG                rtpsource rtpsource.c:927:calculate_jitter: rtparrival 1487047192, rtptime 185471580, clock-rate 90000, diff 2699, jitter: 1013.375000
0:00:02.828125000  3920   00BCEE40 DEBUG             rtpptdemux gstrtpptdemux.c:321:gst_rtp_pt_demux_chain:<rtpptdemux0> received buffer for pt 96
0:00:02.828125000  3920   00AFA7F0 LOG                rtpsource rtpsource.c:835:push_packet: pushing new packet
0:00:02.828125000  3920   00BCEE40 LOG         basertpdepayload gstbasertpdepayload.c:298:gst_base_rtp_depayload_chain:<rtpmp4vdepay0> discont 0, seqnum 47853, rtptime 185393530, timestamp 0:00:01.283871136
0:00:02.828125000  3920   00AFA7F0 LOG               rtpsession rtpsession.c:929:source_push_rtp: source 02564c67 pushed receiver RTP packet
0:00:02.828125000  3920   00BCEE40 DEBUG     gstrtpjitterbuffer gstrtpjitterbuffer.c:1389:gst_rtp_jitter_buffer_loop:<rtpjitterbuffer0> Peeking item
0:00:02.828125000  3920   00AFA7F0 LOG               rtpsession gstrtpsession.c:959:gst_rtp_session_process_rtp:<rtpsession0> pushing received RTP packet
0:00:02.828125000  3920   00BCEE40 DEBUG     gstrtpjitterbuffer gstrtpjitterbuffer.c:1452:gst_rtp_jitter_buffer_loop:<rtpjitterbuffer0> Peeked buffer #47854, expect #47854, timestamp 0:00:01.283871136, now 124 left
0:00:02.828125000  3920   00AFA7F0 DEBUG           rtpssrcdemux gstrtpssrcdemux.c:499:gst_rtp_ssrc_demux_chain:<rtpssrcdemux0> received buffer of SSRC 02564c67
0:00:02.828125000  3920   00BCEE40 LOG       gstrtpjitterbuffer gstrtpjitterbuffer.c:1628:gst_rtp_jitter_buffer_loop:<rtpjitterbuffer0> rtp 185393530, ext 185393530
0:00:02.828125000  3920   00AFA7F0 DEBUG     gstrtpjitterbuffer gstrtpjitterbuffer.c:1125:gst_rtp_jitter_buffer_chain:<rtpjitterbuffer0> Received packet #48057 at time 0:00:02.200054882
0:00:02.828125000  3920   00BCEE40 DEBUG     gstrtpjitterbuffer gstrtpjitterbuffer.c:1672:gst_rtp_jitter_buffer_loop:<rtpjitterbuffer0> Pushing buffer 47854, timestamp 0:00:01.283871136
