0:00:03.140625000  3920   00AFA7F0 LOG               rtpsession rtpsession.c:929:source_push_rtp: source 02564c67 pushed receiver RTP packet
0:00:03.140625000  3920   00BCEE40 DEBUG     gstrtpjitterbuffer gstrtpjitterbuffer.c:1389:gst_rtp_jitter_buffer_loop:<rtpjitterbuffer0> Peeking item
0:00:03.140625000  3920   00AFA7F0 LOG               rtpsession gstrtpsession.c:959:gst_rtp_session_process_rtp:<rtpsession0> pushing received RTP packet
0:00:03.140625000  3920   00BCEE40 DEBUG     gstrtpjitterbuffer gstrtpjitterbuffer.c:1452:gst_rtp_jitter_buffer_loop:<rtpjitterbuffer0> Peeked buffer #47910, expect #47910, timestamp 0:00:01.451993357, now 155 left
0:00:03.140625000  3920   00AFA7F0 DEBUG           rtpssrcdemux gstrtpssrcdemux.c:499:gst_rtp_ssrc_demux_chain:<rtpssrcdemux0> received buffer of SSRC 02564c67
0:00:03.140625000  3920   00BCEE40 LOG       gstrtpjitterbuffer gstrtpjitterbuffer.c:1628:gst_rtp_jitter_buffer_loop:<rtpjitterbuffer0> rtp 185408661, ext 185408661
0:00:03.140625000  3920   00AFA7F0 DEBUG     gstrtpjitterbuffer gstrtpjitterbuffer.c:1125:gst_rtp_jitter_buffer_chain:<rtpjitterbuffer0> Received packet #48123 at time 0:00:02.505413711
0:00:03.140625000  3920   00BCEE40 DEBUG     gstrtpjitterbuffer gstrtpjitterbuffer.c:1672:gst_rtp_jitter_buffer_loop:<rtpjitterbuffer0> Pushing buffer 47910, timestamp 0:00:01.451993357
0:00:03.140625000  3920   00AFA7F0 DEBUG        rtpjitterbuffer rtpjitterbuffer.c:257:calculate_skew: extrtp 185498097, gstrtp 0:34:21.089966666, base 0:34:18.797888888, send_diff 0:00:02.292077778
0:00:03.140625000  3920   00BCEE40 DEBUG             rtpptdemux gstrtpptdemux.c:321:gst_rtp_pt_demux_chain:<rtpptdemux0> received buffer for pt 96
0:00:03.140625000  3920   00AFA7F0 DEBUG        rtpjitterbuffer rtpjitterbuffer.c:280:calculate_skew: time 0:00:02.505413711, base 0:00:00.252180149, recv_diff 0:00:02.253233562, slope 8
0:00:03.140625000  3920   00BCEE40 LOG         basertpdepayload gstbasertpdepayload.c:298:gst_base_rtp_depayload_chain:<rtpmp4vdepay0> discont 0, seqnum 47910, rtptime 185408661, timestamp 0:00:01.451993357
0:00:03.140625000  3920   00AFA7F0 DEBUG        rtpjitterbuffer rtpjitterbuffer.c:359:calculate_skew: delta -38844216, new min: -98531239
0:00:03.140625000  3920   00AFA7F0 DEBUG        rtpjitterbuffer rtpjitterbuffer.c:390:calculate_skew: backwards timestamps, using previous time
0:00:03.140625000  3920   00AFA7F0 DEBUG        rtpjitterbuffer rtpjitterbuffer.c:413:calculate_skew: skew -98531239, out 0:00:02.445726688
0:00:03.140625000  3920   00AFA7F0 DEBUG     gstrtpjitterbuffer gstrtpjitterbuffer.c:1247:gst_rtp_jitter_buffer_chain:<rtpjitterbuffer0> Pushed packet #48123, now 155 packets, tail: 0
0:00:03.140625000  3920   00BCEE40 DEBUG     gstrtpjitterbuffer gstrtpjitterbuffer.c:1389:gst_rtp_jitter_buffer_loop:<rtpjitterbuffer0> Peeking item
0:00:03.140625000  3920   00AFA7F0 LOG               rtpsession gstrtpsession.c:1343:gst_rtp_session_chain_recv_rtp:<rtpsession0> received RTP packet
0:00:03.140625000  3920   00BCEE40 DEBUG     gstrtpjitterbuffer gstrtpjitterbuffer.c:1452:gst_rtp_jitter_buffer_loop:<rtpjitterbuffer0> Peeked buffer #47911, expect #47911, timestamp 0:00:01.451993357, now 155 left
0:00:03.140625000  3920   00AFA7F0 LOG                rtpsource rtpsource.c:1059:rtp_source_process_rtp: seq 48124, PC: 406, OC: 537376
0:00:03.140625000  3920   00BCEE40 LOG       gstrtpjitterbuffer gstrtpjitterbuffer.c:1628:gst_rtp_jitter_buffer_loop:<rtpjitterbuffer0> rtp 185408661, ext 185408661
0:00:03.140625000  3920   00AFA7F0 LOG                rtpsource rtpsource.c:894:calculate_jitter: SSRC 02564c67 got payload 96
0:00:03.140625000  3920   00BCEE40 DEBUG     gstrtpjitterbuffer gstrtpjitterbuffer.c:1672:gst_rtp_jitter_buffer_loop:<rtpjitterbuffer0> Pushing buffer 47911, timestamp 0:00:01.451993357
0:00:03.140625000  3920   00AFA7F0 LOG                rtpsource rtpsource.c:927:calculate_jitter: rtparrival 1487075263, rtptime 185498097, clock-rate 90000, diff 589, jitter: 816.812500
0:00:03.140625000  3920   00BCEE40 DEBUG             rtpptdemux gstrtpptdemux.c:321:gst_rtp_pt_demux_chain:<rtpptdemux0> received buffer for pt 96
0:00:03.140625000  3920   00AFA7F0 LOG                rtpsource rtpsource.c:835:push_packet: pushing new packet
0:00:03.140625000  3920   00BCEE40 LOG         basertpdepayload gstbasertpdepayload.c:298:gst_base_rtp_depayload_chain:<rtpmp4vdepay0> discont 0, seqnum 47911, rtptime 185408661, timestamp 0:00:01.451993357
0:00:03.140625000  3920   00AFA7F0 LOG               rtpsession rtpsession.c:929:source_push_rtp: source 02564c67 pushed receiver RTP packet
0:00:03.140625000  3920   00BCEE40 DEBUG     gstrtpjitterbuffer gstrtpjitterbuffer.c:1389:gst_rtp_jitter_buffer_loop:<rtpjitterbuffer0> Peeking item
0:00:03.140625000  3920   00AFA7F0 LOG               rtpsession gstrtpsession.c:959:gst_rtp_session_process_rtp:<rtpsession0> pushing received RTP packet
0:00:03.140625000  3920   00BCEE40 DEBUG     gstrtpjitterbuffer gstrtpjitterbuffer.c:1452:gst_rtp_jitter_buffer_loop:<rtpjitterbuffer0> Peeked buffer #47915, expect #47912, timestamp 0:00:01.483615579, now 154 left
0:00:03.140625000  3920   00AFA7F0 DEBUG           rtpssrcdemux gstrtpssrcdemux.c:499:gst_rtp_ssrc_demux_chain:<rtpssrcdemux0> received buffer of SSRC 02564c67
0:00:03.140625000  3920   00BCEE40 DEBUG     gstrtpjitterbuffer gstrtpjitterbuffer.c:1493:gst_rtp_jitter_buffer_loop:<rtpjitterbuffer0> Sequence number GAP detected: expected 47912 instead of 47915 (3 missing)
0:00:03.140625000  3920   00AFA7F0 DEBUG     gstrtpjitterbuffer gstrtpjitterbuffer.c:1125:gst_rtp_jitter_buffer_chain:<rtpjitterbuffer0> Received packet #48124 at time 0:00:02.511954528
0:00:03.140625000  3920   00BCEE40 DEBUG     gstrtpjitterbuffer gstrtpjitterbuffer.c:1498:gst_rtp_jitter_buffer_loop:<rtpjitterbuffer0> out_time 0:00:01.483615579, last 0:00:01.451993357
0:00:03.140625000  3920   00BCEE40 DEBUG     gstrtpjitterbuffer gstrtpjitterbuffer.c:1509:gst_rtp_jitter_buffer_loop:<rtpjitterbuffer0> duration 0:00:00.007905555
0:00:03.140625000  3920   00BCEE40 DEBUG     gstrtpjitterbuffer gstrtpjitterbuffer.c:1530:gst_rtp_jitter_buffer_loop:<rtpjitterbuffer0> sync to timestamp 0:00:01.459898912
0:00:03.140625000  3920   00AFA7F0 DEBUG        rtpjitterbuffer rtpjitterbuffer.c:257:calculate_skew: extrtp 185498097, gstrtp 0:34:21.089966666, base 0:34:18.797888888, send_diff 0:00:02.292077778
0:00:03.140625000  3920   00AFA7F0 DEBUG        rtpjitterbuffer rtpjitterbuffer.c:280:calculate_skew: time 0:00:02.511954528, base 0:00:00.252180149, recv_diff 0:00:02.259774379, slope 8
0:00:03.140625000  3920   00AFA7F0 DEBUG        rtpjitterbuffer rtpjitterbuffer.c:359:calculate_skew: delta -32303399, new min: -98531239
0:00:03.140625000  3920   00AFA7F0 DEBUG        rtpjitterbuffer rtpjitterbuffer.c:390:calculate_skew: backwards timestamps, using previous time
0:00:03.140625000  3920   00AFA7F0 DEBUG        rtpjitterbuffer rtpjitterbuffer.c:413:calculate_skew: skew -98531239, out 0:00:02.445726688
0:00:03.140625000  3920   00AFA7F0 DEBUG     gstrtpjitterbuffer gstrtpjitterbuffer.c:1247:gst_rtp_jitter_buffer_chain:<rtpjitterbuffer0> Pushed packet #48124, now 155 packets, tail: 0
0:00:03.140625000  3920   00AFA7F0 LOG               rtpsession gstrtpsession.c:1343:gst_rtp_session_chain_recv_rtp:<rtpsession0> received RTP packet
0:00:03.140625000  3920   00BCEE40 WARN      gstrtpjitterbuffer gstrtpjitterbuffer.c:1573:gst_rtp_jitter_buffer_loop:<rtpjitterbuffer0> Packet #47912 lost
0:00:03.140625000  3920   00AFA7F0 LOG                rtpsource rtpsource.c:1059:rtp_source_process_rtp: seq 48125, PC: 407, OC: 538764
0:00:03.140625000  3920   00BCEE40 DEBUG     gstrtpjitterbuffer gstrtpjitterbuffer.c:1389:gst_rtp_jitter_buffer_loop:<rtpjitterbuffer0> Peeking item
0:00:03.140625000  3920   00AFA7F0 LOG                rtpsource rtpsource.c:894:calculate_jitter: SSRC 02564c67 got payload 96
0:00:03.140625000  3920   00BCEE40 DEBUG     gstrtpjitterbuffer gstrtpjitterbuffer.c:1452:gst_rtp_jitter_buffer_loop:<rtpjitterbuffer0> Peeked buffer #47915, expect #47913, timestamp 0:00:01.483615579, now 155 left
0:00:03.140625000  3920   00AFA7F0 LOG                rtpsource rtpsource.c:927:calculate_jitter: rtparrival 1487075896, rtptime 185498097, clock-rate 90000, diff 633, jitter: 805.312500
0:00:03.140625000  3920   00BCEE40 DEBUG     gstrtpjitterbuffer gstrtpjitterbuffer.c:1493:gst_rtp_jitter_buffer_loop:<rtpjitterbuffer0> Sequence number GAP detected: expected 47913 instead of 47915 (2 missing)
0:00:03.140625000  3920   00AFA7F0 LOG                rtpsource rtpsource.c:835:push_packet: pushing new packet
0:00:03.140625000  3920   00BCEE40 DEBUG     gstrtpjitterbuffer gstrtpjitterbuffer.c:1498:gst_rtp_jitter_buffer_loop:<rtpjitterbuffer0> out_time 0:00:01.483615579, last 0:00:01.459898912
0:00:03.140625000  3920   00AFA7F0 LOG               rtpsession rtpsession.c:929:source_push_rtp: source 02564c67 pushed receiver RTP packet
0:00:03.140625000  3920   00BCEE40 DEBUG     gstrtpjitterbuffer gstrtpjitterbuffer.c:1509:gst_rtp_jitter_buffer_loop:<rtpjitterbuffer0> duration 0:00:00.007905555
0:00:03.140625000  3920   00AFA7F0 LOG               rtpsession gstrtpsession.c:959:gst_rtp_session_process_rtp:<rtpsession0> pushing received RTP packet
0:00:03.156250000  3920   00BCEE40 DEBUG     gstrtpjitterbuffer gstrtpjitterbuffer.c:1530:gst_rtp_jitter_buffer_loop:<rtpjitterbuffer0> sync to timestamp 0:00:01.467804467
0:00:03.156250000  3920   00AFA7F0 DEBUG           rtpssrcdemux gstrtpssrcdemux.c:499:gst_rtp_ssrc_demux_chain:<rtpssrcdemux0> received buffer of SSRC 02564c67
0:00:03.156250000  3920   00BCEE40 WARN      gstrtpjitterbuffer gstrtpjitterbuffer.c:1573:gst_rtp_jitter_buffer_loop:<rtpjitterbuffer0> Packet #47913 lost
0:00:03.156250000  3920   00AFA7F0 DEBUG     gstrtpjitterbuffer gstrtpjitterbuffer.c:1125:gst_rtp_jitter_buffer_chain:<rtpjitterbuffer0> Received packet #48125 at time 0:00:02.518990592
0:00:03.156250000  3920   00BCEE40 DEBUG     gstrtpjitterbuffer gstrtpjitterbuffer.c:1389:gst_rtp_jitter_buffer_loop:<rtpjitterbuffer0> Peeking item
0:00:03.156250000  3920   00BCEE40 DEBUG     gstrtpjitterbuffer gstrtpjitterbuffer.c:1452:gst_rtp_jitter_buffer_loop:<rtpjitterbuffer0> Peeked buffer #47915, expect #47914, timestamp 0:00:01.483615579, now 155 left
0:00:03.156250000  3920   00BCEE40 DEBUG     gstrtpjitterbuffer gstrtpjitterbuffer.c:1493:gst_rtp_jitter_buffer_loop:<rtpjitterbuffer0> Sequence number GAP detected: expected 47914 instead of 47915 (1 missing)
0:00:03.156250000  3920   00BCEE40 DEBUG     gstrtpjitterbuffer gstrtpjitterbuffer.c:1498:gst_rtp_jitter_buffer_loop:<rtpjitterbuffer0> out_time 0:00:01.483615579, last 0:00:01.467804467
0:00:03.156250000  3920   00BCEE40 DEBUG     gstrtpjitterbuffer gstrtpjitterbuffer.c:1509:gst_rtp_jitter_buffer_loop:<rtpjitterbuffer0> duration 0:00:00.007905556
0:00:03.156250000  3920   00BCEE40 DEBUG     gstrtpjitterbuffer gstrtpjitterbuffer.c:1530:gst_rtp_jitter_buffer_loop:<rtpjitterbuffer0> sync to timestamp 0:00:01.475710023
0:00:03.156250000  3920   00AFA7F0 DEBUG        rtpjitterbuffer rtpjitterbuffer.c:257:calculate_skew: extrtp 185498097, gstrtp 0:34:21.089966666, base 0:34:18.797888888, send_diff 0:00:02.292077778
0:00:03.156250000  3920   00AFA7F0 DEBUG        rtpjitterbuffer rtpjitterbuffer.c:280:calculate_skew: time 0:00:02.518990592, base 0:00:00.252180149, recv_diff 0:00:02.266810443, slope 8
0:00:03.156250000  3920   00AFA7F0 DEBUG        rtpjitterbuffer rtpjitterbuffer.c:359:calculate_skew: delta -25267335, new min: -98531239
0:00:03.156250000  3920   00AFA7F0 DEBUG        rtpjitterbuffer rtpjitterbuffer.c:390:calculate_skew: backwards timestamps, using previous time
0:00:03.156250000  3920   00AFA7F0 DEBUG        rtpjitterbuffer rtpjitterbuffer.c:413:calculate_skew: skew -98531239, out 0:00:02.445726688
0:00:03.156250000  3920   00AFA7F0 DEBUG     gstrtpjitterbuffer gstrtpjitterbuffer.c:1247:gst_rtp_jitter_buffer_chain:<rtpjitterbuffer0> Pushed packet #48125, now 156 packets, tail: 0
0:00:03.156250000  3920   00BCEE40 WARN      gstrtpjitterbuffer gstrtpjitterbuffer.c:1573:gst_rtp_jitter_buffer_loop:<rtpjitterbuffer0> Packet #47914 lost
0:00:03.156250000  3920   00AFA7F0 LOG               rtpsession gstrtpsession.c:1343:gst_rtp_session_chain_recv_rtp:<rtpsession0> received RTP packet
0:00:03.156250000  3920   00BCEE40 DEBUG     gstrtpjitterbuffer gstrtpjitterbuffer.c:1389:gst_rtp_jitter_buffer_loop:<rtpjitterbuffer0> Peeking item
0:00:03.156250000  3920   00AFA7F0 LOG                rtpsource rtpsource.c:1059:rtp_source_process_rtp: seq 48126, PC: 408, OC: 540152
0:00:03.156250000  3920   00BCEE40 DEBUG     gstrtpjitterbuffer gstrtpjitterbuffer.c:1452:gst_rtp_jitter_buffer_loop:<rtpjitterbuffer0> Peeked buffer #47915, expect #47915, timestamp 0:00:01.483615579, now 156 left
0:00:03.156250000  3920   00AFA7F0 LOG                rtpsource rtpsource.c:894:calculate_jitter: SSRC 02564c67 got payload 96
0:00:03.156250000  3920   00BCEE40 LOG       gstrtpjitterbuffer gstrtpjitterbuffer.c:1628:gst_rtp_jitter_buffer_loop:<rtpjitterbuffer0> rtp 185411507, ext 185408661
0:00:03.156250000  3920   00AFA7F0 LOG                rtpsource rtpsource.c:927:calculate_jitter: rtparrival 1487076672, rtptime 185498097, clock-rate 90000, diff 776, jitter: 803.500000
0:00:03.156250000  3920   00BCEE40 LOG       gstrtpjitterbuffer gstrtpjitterbuffer.c:1656:gst_rtp_jitter_buffer_loop:<rtpjitterbuffer0> elapsed 0:00:01.329966666, estimated 0:00:11.155283940
0:00:03.156250000  3920   00AFA7F0 LOG                rtpsource rtpsource.c:835:push_packet: pushing new packet
0:00:03.156250000  3920   00BCEE40 DEBUG     gstrtpjitterbuffer gstrtpjitterbuffer.c:1672:gst_rtp_jitter_buffer_loop:<rtpjitterbuffer0> Pushing buffer 47915, timestamp 0:00:01.483615579
0:00:03.156250000  3920   00AFA7F0 LOG               rtpsession rtpsession.c:929:source_push_rtp: source 02564c67 pushed receiver RTP packet
0:00:03.156250000  3920   00BCEE40 DEBUG             rtpptdemux gstrtpptdemux.c:321:gst_rtp_pt_demux_chain:<rtpptdemux0> received buffer for pt 96
0:00:03.156250000  3920   00AFA7F0 LOG               rtpsession gstrtpsession.c:959:gst_rtp_session_process_rtp:<rtpsession0> pushing received RTP packet
0:00:03.156250000  3920   00BCEE40 LOG         basertpdepayload gstbasertpdepayload.c:298:gst_base_rtp_depayload_chain:<rtpmp4vdepay0> discont 1, seqnum 47915, rtptime 185411507, timestamp 0:00:01.483615579
0:00:03.156250000  3920   00AFA7F0 DEBUG           rtpssrcdemux gstrtpssrcdemux.c:499:gst_rtp_ssrc_demux_chain:<rtpssrcdemux0> received buffer of SSRC 02564c67
0:00:03.156250000  3920   00BCEE40 LOG         basertpdepayload gstbasertpdepayload.c:309:gst_base_rtp_depayload_chain:<rtpmp4vdepay0> got packet 47915, expected 47912, gap -3
0:00:03.156250000  3920   00AFA7F0 DEBUG     gstrtpjitterbuffer gstrtpjitterbuffer.c:1125:gst_rtp_jitter_buffer_chain:<rtpjitterbuffer0> Received packet #48126 at time 0:00:02.527612260
0:00:03.156250000  3920   00BCEE40 LOG         basertpdepayload gstbasertpdepayload.c:313:gst_base_rtp_depayload_chain:<rtpmp4vdepay0> -3 missing packets
0:00:03.156250000  3920   00AFA7F0 DEBUG        rtpjitterbuffer rtpjitterbuffer.c:257:calculate_skew: extrtp 185498097, gstrtp 0:34:21.089966666, base 0:34:18.797888888, send_diff 0:00:02.292077778
0:00:03.156250000  3920   00AFA7F0 DEBUG        rtpjitterbuffer rtpjitterbuffer.c:280:calculate_skew: time 0:00:02.527612260, base 0:00:00.252180149, recv_diff 0:00:02.275432111, slope 8
0:00:03.156250000  3920   00AFA7F0 DEBUG        rtpjitterbuffer rtpjitterbuffer.c:359:calculate_skew: delta -16645667, new min: -98531239
0:00:03.156250000  3920   00AFA7F0 DEBUG        rtpjitterbuffer rtpjitterbuffer.c:390:calculate_skew: backwards timestamps, using previous time
0:00:03.156250000  3920   00AFA7F0 DEBUG        rtpjitterbuffer rtpjitterbuffer.c:413:calculate_skew: skew -98531239, out 0:00:02.445726688
0:00:03.156250000  3920   00AFA7F0 DEBUG     gstrtpjitterbuffer gstrtpjitterbuffer.c:1247:gst_rtp_jitter_buffer_chain:<rtpjitterbuffer0> Pushed packet #48126, now 156 packets, tail: 0
0:00:03.156250000  3920   00BCEE40 DEBUG     gstrtpjitterbuffer gstrtpjitterbuffer.c:1389:gst_rtp_jitter_buffer_loop:<rtpjitterbuffer0> Peeking item
0:00:03.156250000  3920   00AFA7F0 LOG               rtpsession gstrtpsession.c:1343:gst_rtp_session_chain_recv_rtp:<rtpsession0> received RTP packet
0:00:03.156250000  3920   00BCEE40 DEBUG     gstrtpjitterbuffer gstrtpjitterbuffer.c:1452:gst_rtp_jitter_buffer_loop:<rtpjitterbuffer0> Peeked buffer #47916, expect #47916, timestamp 0:00:01.483615579, now 156 left
0:00:03.156250000  3920   00AFA7F0 LOG                rtpsource rtpsource.c:1059:rtp_source_process_rtp: seq 48127, PC: 409, OC: 541540
0:00:03.156250000  3920   00BCEE40 LOG       gstrtpjitterbuffer gstrtpjitterbuffer.c:1628:gst_rtp_jitter_buffer_loop:<rtpjitterbuffer0> rtp 185411507, ext 185411507
0:00:03.156250000  3920   00AFA7F0 LOG                rtpsource rtpsource.c:894:calculate_jitter: SSRC 02564c67 got payload 96
0:00:03.156250000  3920   00BCEE40 DEBUG     gstrtpjitterbuffer gstrtpjitterbuffer.c:1672:gst_rtp_jitter_buffer_loop:<rtpjitterbuffer0> Pushing buffer 47916, timestamp 0:00:01.483615579
0:00:03.156250000  3920   00AFA7F0 LOG                rtpsource rtpsource.c:927:calculate_jitter: rtparrival 1487077185, rtptime 185498097, clock-rate 90000, diff 513, jitter: 785.312500
0:00:03.156250000  3920   00BCEE40 DEBUG             rtpptdemux gstrtpptdemux.c:321:gst_rtp_pt_demux_chain:<rtpptdemux0> received buffer for pt 96
0:00:03.156250000  3920   00AFA7F0 LOG                rtpsource rtpsource.c:835:push_packet: pushing new packet
0:00:03.156250000  3920   00BCEE40 LOG         basertpdepayload gstbasertpdepayload.c:298:gst_base_rtp_depayload_chain:<rtpmp4vdepay0> discont 0, seqnum 47916, rtptime 185411507, timestamp 0:00:01.483615579
0:00:03.156250000  3920   00AFA7F0 LOG               rtpsession rtpsession.c:929:source_push_rtp: source 02564c67 pushed receiver RTP packet
0:00:03.156250000  3920   00BCEE40 DEBUG     gstrtpjitterbuffer gstrtpjitterbuffer.c:1389:gst_rtp_jitter_buffer_loop:<rtpjitterbuffer0> Peeking item
0:00:03.156250000  3920   00AFA7F0 LOG               rtpsession gstrtpsession.c:959:gst_rtp_session_process_rtp:<rtpsession0> pushing received RTP packet
0:00:03.156250000  3920   00BCEE40 DEBUG     gstrtpjitterbuffer gstrtpjitterbuffer.c:1452:gst_rtp_jitter_buffer_loop:<rtpjitterbuffer0> Peeked buffer #47917, expect #47917, timestamp 0:00:01.483615579, now 155 left
0:00:03.156250000  3920   00AFA7F0 DEBUG           rtpssrcdemux gstrtpssrcdemux.c:499:gst_rtp_ssrc_demux_chain:<rtpssrcdemux0> received buffer of SSRC 02564c67
0:00:03.156250000  3920   00BCEE40 LOG       gstrtpjitterbuffer gstrtpjitterbuffer.c:1628:gst_rtp_jitter_buffer_loop:<rtpjitterbuffer0> rtp 185411507, ext 185411507
0:00:03.156250000  3920   00AFA7F0 DEBUG     gstrtpjitterbuffer gstrtpjitterbuffer.c:1125:gst_rtp_jitter_buffer_chain:<rtpjitterbuffer0> Received packet #48127 at time 0:00:02.533306175
0:00:03.156250000  3920   00BCEE40 DEBUG     gstrtpjitterbuffer gstrtpjitterbuffer.c:1672:gst_rtp_jitter_buffer_loop:<rtpjitterbuffer0> Pushing buffer 47917, timestamp 0:00:01.483615579
0:00:03.156250000  3920   00AFA7F0 DEBUG        rtpjitterbuffer rtpjitterbuffer.c:257:calculate_skew: extrtp 185498097, gstrtp 0:34:21.089966666, base 0:34:18.797888888, send_diff 0:00:02.292077778
0:00:03.156250000  3920   00BCEE40 DEBUG             rtpptdemux gstrtpptdemux.c:321:gst_rtp_pt_demux_chain:<rtpptdemux0> received buffer for pt 96
0:00:03.156250000  3920   00AFA7F0 DEBUG        rtpjitterbuffer rtpjitterbuffer.c:280:calculate_skew: time 0:00:02.533306175, base 0:00:00.252180149, recv_diff 0:00:02.281126026, slope 8
0:00:03.156250000  3920   00BCEE40 LOG         basertpdepayload gstbasertpdepayload.c:298:gst_base_rtp_depayload_chain:<rtpmp4vdepay0> discont 0, seqnum 47917, rtptime 185411507, timestamp 0:00:01.483615579
0:00:03.156250000  3920   00AFA7F0 DEBUG        rtpjitterbuffer rtpjitterbuffer.c:359:calculate_skew: delta -10951752, new min: -98531239
0:00:03.171875000  3920   00AFA7F0 DEBUG        rtpjitterbuffer rtpjitterbuffer.c:390:calculate_skew: backwards timestamps, using previous time
0:00:03.171875000  3920   00AFA7F0 DEBUG        rtpjitterbuffer rtpjitterbuffer.c:413:calculate_skew: skew -98531239, out 0:00:02.445726688
0:00:03.171875000  3920   00AFA7F0 DEBUG     gstrtpjitterbuffer gstrtpjitterbuffer.c:1247:gst_rtp_jitter_buffer_chain:<rtpjitterbuffer0> Pushed packet #48127, now 155 packets, tail: 0
0:00:03.171875000  3920   00BCEE40 DEBUG     gstrtpjitterbuffer gstrtpjitterbuffer.c:1389:gst_rtp_jitter_buffer_loop:<rtpjitterbuffer0> Peeking item
0:00:03.171875000  3920   00AFA7F0 LOG               rtpsession gstrtpsession.c:1343:gst_rtp_session_chain_recv_rtp:<rtpsession0> received RTP packet
0:00:03.171875000  3920   00BCEE40 DEBUG     gstrtpjitterbuffer gstrtpjitterbuffer.c:1452:gst_rtp_jitter_buffer_loop:<rtpjitterbuffer0> Peeked buffer #47918, expect #47918, timestamp 0:00:01.483615579, now 155 left
0:00:03.171875000  3920   00AFA7F0 LOG                rtpsource rtpsource.c:1059:rtp_source_process_rtp: seq 48136, PC: 410, OC: 542928
0:00:03.171875000  3920   00BCEE40 LOG       gstrtpjitterbuffer gstrtpjitterbuffer.c:1628:gst_rtp_jitter_buffer_loop:<rtpjitterbuffer0> rtp 185411507, ext 185411507
0:00:03.171875000  3920   00AFA7F0 LOG                rtpsource rtpsource.c:894:calculate_jitter: SSRC 02564c67 got payload 96
0:00:03.171875000  3920   00BCEE40 DEBUG     gstrtpjitterbuffer gstrtpjitterbuffer.c:1672:gst_rtp_jitter_buffer_loop:<rtpjitterbuffer0> Pushing buffer 47918, timestamp 0:00:01.483615579
0:00:03.171875000  3920   00AFA7F0 LOG                rtpsource rtpsource.c:927:calculate_jitter: rtparrival 1487077758, rtptime 185498097, clock-rate 90000, diff 573, jitter: 772.062500
0:00:03.171875000  3920   00BCEE40 DEBUG             rtpptdemux gstrtpptdemux.c:321:gst_rtp_pt_demux_chain:<rtpptdemux0> received buffer for pt 96
0:00:03.171875000  3920   00AFA7F0 LOG                rtpsource rtpsource.c:835:push_packet: pushing new packet
0:00:03.171875000  3920   00BCEE40 LOG         basertpdepayload gstbasertpdepayload.c:298:gst_base_rtp_depayload_chain:<rtpmp4vdepay0> discont 0, seqnum 47918, rtptime 185411507, timestamp 0:00:01.483615579
0:00:03.171875000  3920   00AFA7F0 LOG               rtpsession rtpsession.c:929:source_push_rtp: source 02564c67 pushed receiver RTP packet
0:00:03.171875000  3920   00BCEE40 DEBUG     gstrtpjitterbuffer gstrtpjitterbuffer.c:1389:gst_rtp_jitter_buffer_loop:<rtpjitterbuffer0> Peeking item
0:00:03.171875000  3920   00AFA7F0 LOG               rtpsession gstrtpsession.c:959:gst_rtp_session_process_rtp:<rtpsession0> pushing received RTP packet
0:00:03.171875000  3920   00BCEE40 DEBUG     gstrtpjitterbuffer gstrtpjitterbuffer.c:1452:gst_rtp_jitter_buffer_loop:<rtpjitterbuffer0> Peeked buffer #47919, expect #47919, timestamp 0:00:01.483615579, now 154 left
0:00:03.171875000  3920   00AFA7F0 DEBUG           rtpssrcdemux gstrtpssrcdemux.c:499:gst_rtp_ssrc_demux_chain:<rtpssrcdemux0> received buffer of SSRC 02564c67
0:00:03.171875000  3920   00BCEE40 LOG       gstrtpjitterbuffer gstrtpjitterbuffer.c:1628:gst_rtp_jitter_buffer_loop:<rtpjitterbuffer0> rtp 185411507, ext 185411507
0:00:03.171875000  3920   00AFA7F0 DEBUG     gstrtpjitterbuffer gstrtpjitterbuffer.c:1125:gst_rtp_jitter_buffer_chain:<rtpjitterbuffer0> Received packet #48136 at time 0:00:02.539682186
0:00:03.171875000  3920   00BCEE40 DEBUG     gstrtpjitterbuffer gstrtpjitterbuffer.c:1672:gst_rtp_jitter_buffer_loop:<rtpjitterbuffer0> Pushing buffer 47919, timestamp 0:00:01.483615579
0:00:03.171875000  3920   00AFA7F0 DEBUG     gstrtpjitterbuffer gstrtpjitterbuffer.c:1164:gst_rtp_jitter_buffer_chain:<rtpjitterbuffer0> expected #48128, got #48136, gap of 8
0:00:03.171875000  3920   00BCEE40 DEBUG             rtpptdemux gstrtpptdemux.c:321:gst_rtp_pt_demux_chain:<rtpptdemux0> received buffer for pt 96
0:00:03.171875000  3920   00AFA7F0 DEBUG     gstrtpjitterbuffer gstrtpjitterbuffer.c:1177:gst_rtp_jitter_buffer_chain:<rtpjitterbuffer0> tolerable gap
0:00:03.171875000  3920   00BCEE40 LOG         basertpdepayload gstbasertpdepayload.c:298:gst_base_rtp_depayload_chain:<rtpmp4vdepay0> discont 0, seqnum 47919, rtptime 185411507, timestamp 0:00:01.483615579
0:00:03.171875000  3920   00AFA7F0 DEBUG        rtpjitterbuffer rtpjitterbuffer.c:257:calculate_skew: extrtp 185498097, gstrtp 0:34:21.089966666, base 0:34:18.797888888, send_diff 0:00:02.292077778
0:00:03.171875000  3920   00AFA7F0 DEBUG        rtpjitterbuffer rtpjitterbuffer.c:280:calculate_skew: time 0:00:02.539682186, base 0:00:00.252180149, recv_diff 0:00:02.287502037, slope 8
0:00:03.171875000  3920   00AFA7F0 DEBUG        rtpjitterbuffer rtpjitterbuffer.c:359:calculate_skew: delta -4575741, new min: -98531239
0:00:03.171875000  3920   00AFA7F0 DEBUG        rtpjitterbuffer rtpjitterbuffer.c:390:calculate_skew: backwards timestamps, using previous time
0:00:03.171875000  3920   00AFA7F0 DEBUG        rtpjitterbuffer rtpjitterbuffer.c:413:calculate_skew: skew -98531239, out 0:00:02.445726688
0:00:03.171875000  3920   00AFA7F0 DEBUG     gstrtpjitterbuffer gstrtpjitterbuffer.c:1247:gst_rtp_jitter_buffer_chain:<rtpjitterbuffer0> Pushed packet #48136, now 154 packets, tail: 0
0:00:03.171875000  3920   00BCEE40 DEBUG     gstrtpjitterbuffer gstrtpjitterbuffer.c:1389:gst_rtp_jitter_buffer_loop:<rtpjitterbuffer0> Peeking item
0:00:03.171875000  3920   00AFA7F0 LOG               rtpsession gstrtpsession.c:1343:gst_rtp_session_chain_recv_rtp:<rtpsession0> received RTP packet
0:00:03.171875000  3920   00BCEE40 DEBUG     gstrtpjitterbuffer gstrtpjitterbuffer.c:1452:gst_rtp_jitter_buffer_loop:<rtpjitterbuffer0> Peeked buffer #47922, expect #47920, timestamp 0:00:01.515248912, now 154 left
0:00:03.171875000  3920   00AFA7F0 LOG                rtpsource rtpsource.c:1059:rtp_source_process_rtp: seq 48142, PC: 411, OC: 544316
0:00:03.171875000  3920   00BCEE40 DEBUG     gstrtpjitterbuffer gstrtpjitterbuffer.c:1493:gst_rtp_jitter_buffer_loop:<rtpjitterbuffer0> Sequence number GAP detected: expected 47920 instead of 47922 (2 missing)
0:00:03.171875000  3920   00AFA7F0 LOG                rtpsource rtpsource.c:894:calculate_jitter: SSRC 02564c67 got payload 96
0:00:03.171875000  3920   00BCEE40 DEBUG     gstrtpjitterbuffer gstrtpjitterbuffer.c:1498:gst_rtp_jitter_buffer_loop:<rtpjitterbuffer0> out_time 0:00:01.515248912, last 0:00:01.483615579
0:00:03.171875000  3920   00AFA7F0 LOG                rtpsource rtpsource.c:927:calculate_jitter: rtparrival 1487078351, rtptime 185498097, clock-rate 90000, diff 593, jitter: 760.875000
0:00:03.171875000  3920   00BCEE40 DEBUG     gstrtpjitterbuffer gstrtpjitterbuffer.c:1509:gst_rtp_jitter_buffer_loop:<rtpjitterbuffer0> duration 0:00:00.010544444
0:00:03.171875000  3920   00AFA7F0 LOG                rtpsource rtpsource.c:835:push_packet: pushing new packet
0:00:03.171875000  3920   00BCEE40 DEBUG     gstrtpjitterbuffer gstrtpjitterbuffer.c:1530:gst_rtp_jitter_buffer_loop:<rtpjitterbuffer0> sync to timestamp 0:00:01.494160023
0:00:03.171875000  3920   00AFA7F0 LOG               rtpsession rtpsession.c:929:source_push_rtp: source 02564c67 pushed receiver RTP packet
0:00:03.171875000  3920   00BCEE40 WARN      gstrtpjitterbuffer gstrtpjitterbuffer.c:1573:gst_rtp_jitter_buffer_loop:<rtpjitterbuffer0> Packet #47920 lost
0:00:03.171875000  3920   00AFA7F0 LOG               rtpsession gstrtpsession.c:959:gst_rtp_session_process_rtp:<rtpsession0> pushing received RTP packet
0:00:03.171875000  3920   00BCEE40 DEBUG     gstrtpjitterbuffer gstrtpjitterbuffer.c:1389:gst_rtp_jitter_buffer_loop:<rtpjitterbuffer0> Peeking item
0:00:03.171875000  3920   00AFA7F0 DEBUG           rtpssrcdemux gstrtpssrcdemux.c:499:gst_rtp_ssrc_demux_chain:<rtpssrcdemux0> received buffer of SSRC 02564c67
0:00:03.171875000  3920   00BCEE40 DEBUG     gstrtpjitterbuffer gstrtpjitterbuffer.c:1452:gst_rtp_jitter_buffer_loop:<rtpjitterbuffer0> Peeked buffer #47922, expect #47921, timestamp 0:00:01.515248912, now 154 left
0:00:03.171875000  3920   00AFA7F0 DEBUG     gstrtpjitterbuffer gstrtpjitterbuffer.c:1125:gst_rtp_jitter_buffer_chain:<rtpjitterbuffer0> Received packet #48142 at time 0:00:02.546271277
0:00:03.171875000  3920   00BCEE40 DEBUG     gstrtpjitterbuffer gstrtpjitterbuffer.c:1493:gst_rtp_jitter_buffer_loop:<rtpjitterbuffer0> Sequence number GAP detected: expected 47921 instead of 47922 (1 missing)
0:00:03.171875000  3920   00BCEE40 DEBUG     gstrtpjitterbuffer gstrtpjitterbuffer.c:1498:gst_rtp_jitter_buffer_loop:<rtpjitterbuffer0> out_time 0:00:01.515248912, last 0:00:01.494160023
0:00:03.171875000  3920   00BCEE40 DEBUG     gstrtpjitterbuffer gstrtpjitterbuffer.c:1509:gst_rtp_jitter_buffer_loop:<rtpjitterbuffer0> duration 0:00:00.010544444
0:00:03.171875000  3920   00BCEE40 DEBUG     gstrtpjitterbuffer gstrtpjitterbuffer.c:1530:gst_rtp_jitter_buffer_loop:<rtpjitterbuffer0> sync to timestamp 0:00:01.504704467
0:00:03.171875000  3920   00AFA7F0 DEBUG     gstrtpjitterbuffer gstrtpjitterbuffer.c:1164:gst_rtp_jitter_buffer_chain:<rtpjitterbuffer0> expected #48137, got #48142, gap of 5
0:00:03.171875000  3920   00AFA7F0 DEBUG     gstrtpjitterbuffer gstrtpjitterbuffer.c:1177:gst_rtp_jitter_buffer_chain:<rtpjitterbuffer0> tolerable gap
0:00:03.171875000  3920   00AFA7F0 DEBUG        rtpjitterbuffer rtpjitterbuffer.c:257:calculate_skew: extrtp 185498097, gstrtp 0:34:21.089966666, base 0:34:18.797888888, send_diff 0:00:02.292077778
0:00:03.171875000  3920   00AFA7F0 DEBUG        rtpjitterbuffer rtpjitterbuffer.c:280:calculate_skew: time 0:00:02.546271277, base 0:00:00.252180149, recv_diff 0:00:02.294091128, slope 7
0:00:03.171875000  3920   00AFA7F0 DEBUG        rtpjitterbuffer rtpjitterbuffer.c:359:calculate_skew: delta 2013350, new min: -98531239
0:00:03.171875000  3920   00AFA7F0 DEBUG        rtpjitterbuffer rtpjitterbuffer.c:390:calculate_skew: backwards timestamps, using previous time
0:00:03.171875000  3920   00AFA7F0 DEBUG        rtpjitterbuffer rtpjitterbuffer.c:413:calculate_skew: skew -98531239, out 0:00:02.445726688
0:00:03.171875000  3920   00AFA7F0 DEBUG     gstrtpjitterbuffer gstrtpjitterbuffer.c:1247:gst_rtp_jitter_buffer_chain:<rtpjitterbuffer0> Pushed packet #48142, now 155 packets, tail: 0
0:00:03.171875000  3920   00BCEE40 WARN      gstrtpjitterbuffer gstrtpjitterbuffer.c:1573:gst_rtp_jitter_buffer_loop:<rtpjitterbuffer0> Packet #47921 lost
0:00:03.171875000  3920   00AFA7F0 LOG               rtpsession gstrtpsession.c:1343:gst_rtp_session_chain_recv_rtp:<rtpsession0> received RTP packet
0:00:03.171875000  3920   00BCEE40 DEBUG     gstrtpjitterbuffer gstrtpjitterbuffer.c:1389:gst_rtp_jitter_buffer_loop:<rtpjitterbuffer0> Peeking item
0:00:03.171875000  3920   00AFA7F0 LOG                rtpsource rtpsource.c:1059:rtp_source_process_rtp: seq 48150, PC: 412, OC: 544524
0:00:03.171875000  3920   00BCEE40 DEBUG     gstrtpjitterbuffer gstrtpjitterbuffer.c:1452:gst_rtp_jitter_buffer_loop:<rtpjitterbuffer0> Peeked buffer #47922, expect #47922, timestamp 0:00:01.515248912, now 155 left
0:00:03.171875000  3920   00AFA7F0 LOG                rtpsource rtpsource.c:894:calculate_jitter: SSRC 02564c67 got payload 96
0:00:03.187500000  3920   00BCEE40 LOG       gstrtpjitterbuffer gstrtpjitterbuffer.c:1628:gst_rtp_jitter_buffer_loop:<rtpjitterbuffer0> rtp 185414354, ext 185411507
0:00:03.187500000  3920   00AFA7F0 LOG                rtpsource rtpsource.c:927:calculate_jitter: rtparrival 1487078970, rtptime 185498097, clock-rate 90000, diff 619, jitter: 752.000000
0:00:03.187500000  3920   00BCEE40 LOG       gstrtpjitterbuffer gstrtpjitterbuffer.c:1656:gst_rtp_jitter_buffer_loop:<rtpjitterbuffer0> elapsed 0:00:01.361600000, estimated 0:00:11.128443830
0:00:03.187500000  3920   00AFA7F0 LOG                rtpsource rtpsource.c:835:push_packet: pushing new packet
0:00:03.187500000  3920   00BCEE40 DEBUG     gstrtpjitterbuffer gstrtpjitterbuffer.c:1672:gst_rtp_jitter_buffer_loop:<rtpjitterbuffer0> Pushing buffer 47922, timestamp 0:00:01.515248912
0:00:03.187500000  3920   00AFA7F0 LOG               rtpsession rtpsession.c:929:source_push_rtp: source 02564c67 pushed receiver RTP packet
0:00:03.187500000  3920   00BCEE40 DEBUG             rtpptdemux gstrtpptdemux.c:321:gst_rtp_pt_demux_chain:<rtpptdemux0> received buffer for pt 96
0:00:03.187500000  3920   00AFA7F0 LOG               rtpsession gstrtpsession.c:959:gst_rtp_session_process_rtp:<rtpsession0> pushing received RTP packet
0:00:03.187500000  3920   00BCEE40 LOG         basertpdepayload gstbasertpdepayload.c:298:gst_base_rtp_depayload_chain:<rtpmp4vdepay0> discont 1, seqnum 47922, rtptime 185414354, timestamp 0:00:01.515248912
0:00:03.187500000  3920   00AFA7F0 DEBUG           rtpssrcdemux gstrtpssrcdemux.c:499:gst_rtp_ssrc_demux_chain:<rtpssrcdemux0> received buffer of SSRC 02564c67
0:00:03.187500000  3920   00BCEE40 LOG         basertpdepayload gstbasertpdepayload.c:309:gst_base_rtp_depayload_chain:<rtpmp4vdepay0> got packet 47922, expected 47920, gap -2
0:00:03.187500000  3920   00AFA7F0 DEBUG     gstrtpjitterbuffer gstrtpjitterbuffer.c:1125:gst_rtp_jitter_buffer_chain:<rtpjitterbuffer0> Received packet #48150 at time 0:00:02.553149448
0:00:03.187500000  3920   00BCEE40 LOG         basertpdepayload gstbasertpdepayload.c:313:gst_base_rtp_depayload_chain:<rtpmp4vdepay0> -2 missing packets
0:00:03.187500000  3920   00AFA7F0 DEBUG     gstrtpjitterbuffer gstrtpjitterbuffer.c:1164:gst_rtp_jitter_buffer_chain:<rtpjitterbuffer0> expected #48143, got #48150, gap of 7
0:00:03.187500000  3920   00AFA7F0 DEBUG     gstrtpjitterbuffer gstrtpjitterbuffer.c:1177:gst_rtp_jitter_buffer_chain:<rtpjitterbuffer0> tolerable gap
0:00:03.187500000  3920   00AFA7F0 DEBUG        rtpjitterbuffer rtpjitterbuffer.c:257:calculate_skew: extrtp 185498097, gstrtp 0:34:21.089966666, base 0:34:18.797888888, send_diff 0:00:02.292077778
0:00:03.187500000  3920   00AFA7F0 DEBUG        rtpjitterbuffer rtpjitterbuffer.c:280:calculate_skew: time 0:00:02.553149448, base 0:00:00.252180149, recv_diff 0:00:02.300969299, slope 7
0:00:03.187500000  3920   00AFA7F0 DEBUG        rtpjitterbuffer rtpjitterbuffer.c:359:calculate_skew: delta 8891521, new min: -98531239
0:00:03.187500000  3920   00AFA7F0 DEBUG        rtpjitterbuffer rtpjitterbuffer.c:390:calculate_skew: backwards timestamps, using previous time
0:00:03.187500000  3920   00AFA7F0 DEBUG        rtpjitterbuffer rtpjitterbuffer.c:413:calculate_skew: skew -98531239, out 0:00:02.445726688
0:00:03.187500000  3920   00AFA7F0 DEBUG     gstrtpjitterbuffer gstrtpjitterbuffer.c:1247:gst_rtp_jitter_buffer_chain:<rtpjitterbuffer0> Pushed packet #48150, now 155 packets, tail: 0
0:00:03.187500000  3920   00BCEE40 DEBUG     gstrtpjitterbuffer gstrtpjitterbuffer.c:1389:gst_rtp_jitter_buffer_loop:<rtpjitterbuffer0> Peeking item
0:00:03.187500000  3920   00AFA7F0 LOG               rtpsession gstrtpsession.c:1343:gst_rtp_session_chain_recv_rtp:<rtpsession0> received RTP packet
0:00:03.187500000  3920   00BCEE40 DEBUG     gstrtpjitterbuffer gstrtpjitterbuffer.c:1452:gst_rtp_jitter_buffer_loop:<rtpjitterbuffer0> Peeked buffer #47923, expect #47923, timestamp 0:00:01.515248912, now 155 left
0:00:03.187500000  3920   00AFA7F0 LOG                rtpsource rtpsource.c:1059:rtp_source_process_rtp: seq 48151, PC: 413, OC: 545912
0:00:03.187500000  3920   00BCEE40 LOG       gstrtpjitterbuffer gstrtpjitterbuffer.c:1628:gst_rtp_jitter_buffer_loop:<rtpjitterbuffer0> rtp 185414354, ext 185414354
0:00:03.187500000  3920   00AFA7F0 LOG                rtpsource rtpsource.c:894:calculate_jitter: SSRC 02564c67 got payload 96
0:00:03.187500000  3920   00BCEE40 DEBUG     gstrtpjitterbuffer gstrtpjitterbuffer.c:1672:gst_rtp_jitter_buffer_loop:<rtpjitterbuffer0> Pushing buffer 47923, timestamp 0:00:01.515248912
0:00:03.187500000  3920   00AFA7F0 LOG                rtpsource rtpsource.c:927:calculate_jitter: rtparrival 1487079527, rtptime 185501392, clock-rate 90000, diff 2738, jitter: 876.125000
0:00:03.187500000  3920   00BCEE40 DEBUG             rtpptdemux gstrtpptdemux.c:321:gst_rtp_pt_demux_chain:<rtpptdemux0> received buffer for pt 96
0:00:03.187500000  3920   00AFA7F0 LOG                rtpsource rtpsource.c:835:push_packet: pushing new packet
0:00:03.187500000  3920   00BCEE40 LOG         basertpdepayload gstbasertpdepayload.c:298:gst_base_rtp_depayload_chain:<rtpmp4vdepay0> discont 0, seqnum 47923, rtptime 185414354, timestamp 0:00:01.515248912
0:00:03.187500000  3920   00AFA7F0 LOG               rtpsession rtpsession.c:929:source_push_rtp: source 02564c67 pushed receiver RTP packet
0:00:03.187500000  3920   00BCEE40 DEBUG     gstrtpjitterbuffer gstrtpjitterbuffer.c:1389:gst_rtp_jitter_buffer_loop:<rtpjitterbuffer0> Peeking item
0:00:03.187500000  3920   00AFA7F0 LOG               rtpsession gstrtpsession.c:959:gst_rtp_session_process_rtp:<rtpsession0> pushing received RTP packet
0:00:03.187500000  3920   00BCEE40 DEBUG     gstrtpjitterbuffer gstrtpjitterbuffer.c:1452:gst_rtp_jitter_buffer_loop:<rtpjitterbuffer0> Peeked buffer #47924, expect #47924, timestamp 0:00:01.515248912, now 154 left
0:00:03.187500000  3920   00AFA7F0 DEBUG           rtpssrcdemux gstrtpssrcdemux.c:499:gst_rtp_ssrc_demux_chain:<rtpssrcdemux0> received buffer of SSRC 02564c67
0:00:03.187500000  3920   00BCEE40 LOG       gstrtpjitterbuffer gstrtpjitterbuffer.c:1628:gst_rtp_jitter_buffer_loop:<rtpjitterbuffer0> rtp 185414354, ext 185414354
0:00:03.187500000  3920   00AFA7F0 DEBUG     gstrtpjitterbuffer gstrtpjitterbuffer.c:1125:gst_rtp_jitter_buffer_chain:<rtpjitterbuffer0> Received packet #48151 at time 0:00:02.559330457
0:00:03.187500000  3920   00BCEE40 DEBUG     gstrtpjitterbuffer gstrtpjitterbuffer.c:1672:gst_rtp_jitter_buffer_loop:<rtpjitterbuffer0> Pushing buffer 47924, timestamp 0:00:01.515248912
0:00:03.187500000  3920   00AFA7F0 DEBUG        rtpjitterbuffer rtpjitterbuffer.c:257:calculate_skew: extrtp 185501392, gstrtp 0:34:21.126577777, base 0:34:18.797888888, send_diff 0:00:02.328688889
0:00:03.187500000  3920   00BCEE40 DEBUG             rtpptdemux gstrtpptdemux.c:321:gst_rtp_pt_demux_chain:<rtpptdemux0> received buffer for pt 96
0:00:03.187500000  3920   00AFA7F0 DEBUG        rtpjitterbuffer rtpjitterbuffer.c:280:calculate_skew: time 0:00:02.559330457, base 0:00:00.252180149, recv_diff 0:00:02.307150308, slope 8
0:00:03.187500000  3920   00BCEE40 LOG         basertpdepayload gstbasertpdepayload.c:298:gst_base_rtp_depayload_chain:<rtpmp4vdepay0> discont 0, seqnum 47924, rtptime 185414354, timestamp 0:00:01.515248912
0:00:03.187500000  3920   00AFA7F0 DEBUG        rtpjitterbuffer rtpjitterbuffer.c:359:calculate_skew: delta -21538581, new min: -98531239
0:00:03.187500000  3920   00AFA7F0 DEBUG        rtpjitterbuffer rtpjitterbuffer.c:413:calculate_skew: skew -98531239, out 0:00:02.482337799
0:00:03.187500000  3920   00AFA7F0 DEBUG     gstrtpjitterbuffer gstrtpjitterbuffer.c:1247:gst_rtp_jitter_buffer_chain:<rtpjitterbuffer0> Pushed packet #48151, now 154 packets, tail: 0
0:00:03.187500000  3920   00BCEE40 DEBUG     gstrtpjitterbuffer gstrtpjitterbuffer.c:1389:gst_rtp_jitter_buffer_loop:<rtpjitterbuffer0> Peeking item
0:00:03.187500000  3920   00AFA7F0 LOG               rtpsession gstrtpsession.c:1343:gst_rtp_session_chain_recv_rtp:<rtpsession0> received RTP packet
0:00:03.187500000  3920   00BCEE40 DEBUG     gstrtpjitterbuffer gstrtpjitterbuffer.c:1452:gst_rtp_jitter_buffer_loop:<rtpjitterbuffer0> Peeked buffer #47926, expect #47925, timestamp 0:00:01.515248912, now 154 left
0:00:03.187500000  3920   00AFA7F0 LOG                rtpsource rtpsource.c:1059:rtp_source_process_rtp: seq 48152, PC: 414, OC: 547300
0:00:03.187500000  3920   00BCEE40 DEBUG     gstrtpjitterbuffer gstrtpjitterbuffer.c:1493:gst_rtp_jitter_buffer_loop:<rtpjitterbuffer0> Sequence number GAP detected: expected 47925 instead of 47926 (1 missing)
0:00:03.187500000  3920   00AFA7F0 LOG                rtpsource rtpsource.c:894:calculate_jitter: SSRC 02564c67 got payload 96
0:00:03.187500000  3920   00BCEE40 DEBUG     gstrtpjitterbuffer gstrtpjitterbuffer.c:1498:gst_rtp_jitter_buffer_loop:<rtpjitterbuffer0> out_time 0:00:01.515248912, last 0:00:01.515248912
0:00:03.187500000  3920   00AFA7F0 LOG                rtpsource rtpsource.c:927:calculate_jitter: rtparrival 1487080121, rtptime 185501392, clock-rate 90000, diff 594, jitter: 858.500000
0:00:03.187500000  3920   00BCEE40 DEBUG     gstrtpjitterbuffer gstrtpjitterbuffer.c:1509:gst_rtp_jitter_buffer_loop:<rtpjitterbuffer0> duration 0:00:00.000000000
0:00:03.187500000  3920   00AFA7F0 LOG                rtpsource rtpsource.c:835:push_packet: pushing new packet
0:00:03.187500000  3920   00BCEE40 DEBUG     gstrtpjitterbuffer gstrtpjitterbuffer.c:1530:gst_rtp_jitter_buffer_loop:<rtpjitterbuffer0> sync to timestamp 0:00:01.515248912
0:00:03.187500000  3920   00AFA7F0 LOG               rtpsession rtpsession.c:929:source_push_rtp: source 02564c67 pushed receiver RTP packet
0:00:03.187500000  3920   00BCEE40 WARN      gstrtpjitterbuffer gstrtpjitterbuffer.c:1573:gst_rtp_jitter_buffer_loop:<rtpjitterbuffer0> Packet #47925 lost
0:00:03.187500000  3920   00AFA7F0 LOG               rtpsession gstrtpsession.c:959:gst_rtp_session_process_rtp:<rtpsession0> pushing received RTP packet
0:00:03.187500000  3920   00BCEE40 DEBUG     gstrtpjitterbuffer gstrtpjitterbuffer.c:1389:gst_rtp_jitter_buffer_loop:<rtpjitterbuffer0> Peeking item
0:00:03.187500000  3920   00AFA7F0 DEBUG           rtpssrcdemux gstrtpssrcdemux.c:499:gst_rtp_ssrc_demux_chain:<rtpssrcdemux0> received buffer of SSRC 02564c67
0:00:03.187500000  3920   00BCEE40 DEBUG     gstrtpjitterbuffer gstrtpjitterbuffer.c:1452:gst_rtp_jitter_buffer_loop:<rtpjitterbuffer0> Peeked buffer #47926, expect #47926, timestamp 0:00:01.515248912, now 154 left
0:00:03.187500000  3920   00AFA7F0 DEBUG     gstrtpjitterbuffer gstrtpjitterbuffer.c:1125:gst_rtp_jitter_buffer_chain:<rtpjitterbuffer0> Received packet #48152 at time 0:00:02.565929668
0:00:03.203125000  3920   00BCEE40 LOG       gstrtpjitterbuffer gstrtpjitterbuffer.c:1628:gst_rtp_jitter_buffer_loop:<rtpjitterbuffer0> rtp 185414354, ext 185414354
0:00:03.203125000  3920   00BCEE40 DEBUG     gstrtpjitterbuffer gstrtpjitterbuffer.c:1672:gst_rtp_jitter_buffer_loop:<rtpjitterbuffer0> Pushing buffer 47926, timestamp 0:00:01.515248912
0:00:03.203125000  3920   00AFA7F0 DEBUG        rtpjitterbuffer rtpjitterbuffer.c:257:calculate_skew: extrtp 185501392, gstrtp 0:34:21.126577777, base 0:34:18.797888888, send_diff 0:00:02.328688889
0:00:03.203125000  3920   00BCEE40 DEBUG             rtpptdemux gstrtpptdemux.c:321:gst_rtp_pt_demux_chain:<rtpptdemux0> received buffer for pt 96
0:00:03.203125000  3920   00AFA7F0 DEBUG        rtpjitterbuffer rtpjitterbuffer.c:280:calculate_skew: time 0:00:02.565929668, base 0:00:00.252180149, recv_diff 0:00:02.313749519, slope 8
0:00:03.203125000  3920   00BCEE40 LOG         basertpdepayload gstbasertpdepayload.c:298:gst_base_rtp_depayload_chain:<rtpmp4vdepay0> discont 1, seqnum 47926, rtptime 185414354, timestamp 0:00:01.515248912
0:00:03.203125000  3920   00AFA7F0 DEBUG        rtpjitterbuffer rtpjitterbuffer.c:359:calculate_skew: delta -14939370, new min: -98531239
0:00:03.203125000  3920   00BCEE40 LOG         basertpdepayload gstbasertpdepayload.c:309:gst_base_rtp_depayload_chain:<rtpmp4vdepay0> got packet 47926, expected 47925, gap -1
0:00:03.203125000  3920   00AFA7F0 DEBUG        rtpjitterbuffer rtpjitterbuffer.c:390:calculate_skew: backwards timestamps, using previous time
0:00:03.203125000  3920   00BCEE40 LOG         basertpdepayload gstbasertpdepayload.c:313:gst_base_rtp_depayload_chain:<rtpmp4vdepay0> -1 missing packets
0:00:03.203125000  3920   00AFA7F0 DEBUG        rtpjitterbuffer rtpjitterbuffer.c:413:calculate_skew: skew -98531239, out 0:00:02.482337799
0:00:03.203125000  3920   00AFA7F0 DEBUG     gstrtpjitterbuffer gstrtpjitterbuffer.c:1247:gst_rtp_jitter_buffer_chain:<rtpjitterbuffer0> Pushed packet #48152, now 154 packets, tail: 0
0:00:03.203125000  3920   00BCEE40 DEBUG     gstrtpjitterbuffer gstrtpjitterbuffer.c:1389:gst_rtp_jitter_buffer_loop:<rtpjitterbuffer0> Peeking item
0:00:03.203125000  3920   00AFA7F0 LOG               rtpsession gstrtpsession.c:1343:gst_rtp_session_chain_recv_rtp:<rtpsession0> received RTP packet
0:00:03.203125000  3920   00BCEE40 DEBUG     gstrtpjitterbuffer gstrtpjitterbuffer.c:1452:gst_rtp_jitter_buffer_loop:<rtpjitterbuffer0> Peeked buffer #47929, expect #47927, timestamp 0:00:01.551871135, now 154 left
0:00:03.203125000  3920   00AFA7F0 LOG                rtpsource rtpsource.c:1059:rtp_source_process_rtp: seq 48157, PC: 415, OC: 547888
0:00:03.203125000  3920   00BCEE40 DEBUG     gstrtpjitterbuffer gstrtpjitterbuffer.c:1493:gst_rtp_jitter_buffer_loop:<rtpjitterbuffer0> Sequence number GAP detected: expected 47927 instead of 47929 (2 missing)
0:00:03.203125000  3920   00AFA7F0 LOG                rtpsource rtpsource.c:894:calculate_jitter: SSRC 02564c67 got payload 96
0:00:03.203125000  3920   00BCEE40 DEBUG     gstrtpjitterbuffer gstrtpjitterbuffer.c:1498:gst_rtp_jitter_buffer_loop:<rtpjitterbuffer0> out_time 0:00:01.551871135, last 0:00:01.515248912
0:00:03.203125000  3920   00AFA7F0 LOG                rtpsource rtpsource.c:927:calculate_jitter: rtparrival 1487080733, rtptime 185501392, clock-rate 90000, diff 612, jitter: 843.062500
0:00:03.203125000  3920   00BCEE40 DEBUG     gstrtpjitterbuffer gstrtpjitterbuffer.c:1509:gst_rtp_jitter_buffer_loop:<rtpjitterbuffer0> duration 0:00:00.012207407
0:00:03.203125000  3920   00AFA7F0 LOG                rtpsource rtpsource.c:835:push_packet: pushing new packet
0:00:03.203125000  3920   00BCEE40 DEBUG     gstrtpjitterbuffer gstrtpjitterbuffer.c:1530:gst_rtp_jitter_buffer_loop:<rtpjitterbuffer0> sync to timestamp 0:00:01.527456319
0:00:03.203125000  3920   00AFA7F0 LOG               rtpsession rtpsession.c:929:source_push_rtp: source 02564c67 pushed receiver RTP packet
0:00:03.203125000  3920   00BCEE40 WARN      gstrtpjitterbuffer gstrtpjitterbuffer.c:1573:gst_rtp_jitter_buffer_loop:<rtpjitterbuffer0> Packet #47927 lost
0:00:03.203125000  3920   00AFA7F0 LOG               rtpsession gstrtpsession.c:959:gst_rtp_session_process_rtp:<rtpsession0> pushing received RTP packet
0:00:03.203125000  3920   00BCEE40 DEBUG     gstrtpjitterbuffer gstrtpjitterbuffer.c:1389:gst_rtp_jitter_buffer_loop:<rtpjitterbuffer0> Peeking item
0:00:03.203125000  3920   00AFA7F0 DEBUG           rtpssrcdemux gstrtpssrcdemux.c:499:gst_rtp_ssrc_demux_chain:<rtpssrcdemux0> received buffer of SSRC 02564c67
0:00:03.203125000  3920   00BCEE40 DEBUG     gstrtpjitterbuffer gstrtpjitterbuffer.c:1452:gst_rtp_jitter_buffer_loop:<rtpjitterbuffer0> Peeked buffer #47929, expect #47928, timestamp 0:00:01.551871135, now 154 left
0:00:03.203125000  3920   00AFA7F0 DEBUG     gstrtpjitterbuffer gstrtpjitterbuffer.c:1125:gst_rtp_jitter_buffer_chain:<rtpjitterbuffer0> Received packet #48157 at time 0:00:02.572731647
0:00:03.203125000  3920   00BCEE40 DEBUG     gstrtpjitterbuffer gstrtpjitterbuffer.c:1493:gst_rtp_jitter_buffer_loop:<rtpjitterbuffer0> Sequence number GAP detected: expected 47928 instead of 47929 (1 missing)
0:00:03.203125000  3920   00BCEE40 DEBUG     gstrtpjitterbuffer gstrtpjitterbuffer.c:1498:gst_rtp_jitter_buffer_loop:<rtpjitterbuffer0> out_time 0:00:01.551871135, last 0:00:01.527456319
0:00:03.203125000  3920   00BCEE40 DEBUG     gstrtpjitterbuffer gstrtpjitterbuffer.c:1509:gst_rtp_jitter_buffer_loop:<rtpjitterbuffer0> duration 0:00:00.012207408
0:00:03.203125000  3920   00BCEE40 DEBUG     gstrtpjitterbuffer gstrtpjitterbuffer.c:1530:gst_rtp_jitter_buffer_loop:<rtpjitterbuffer0> sync to timestamp 0:00:01.539663727
0:00:03.203125000  3920   00AFA7F0 DEBUG     gstrtpjitterbuffer gstrtpjitterbuffer.c:1164:gst_rtp_jitter_buffer_chain:<rtpjitterbuffer0> expected #48153, got #48157, gap of 4
0:00:03.203125000  3920   00AFA7F0 DEBUG     gstrtpjitterbuffer gstrtpjitterbuffer.c:1177:gst_rtp_jitter_buffer_chain:<rtpjitterbuffer0> tolerable gap
0:00:03.203125000  3920   00AFA7F0 DEBUG        rtpjitterbuffer rtpjitterbuffer.c:257:calculate_skew: extrtp 185501392, gstrtp 0:34:21.126577777, base 0:34:18.797888888, send_diff 0:00:02.328688889
0:00:03.203125000  3920   00AFA7F0 DEBUG        rtpjitterbuffer rtpjitterbuffer.c:280:calculate_skew: time 0:00:02.572731647, base 0:00:00.252180149, recv_diff 0:00:02.320551498, slope 8
0:00:03.203125000  3920   00AFA7F0 DEBUG        rtpjitterbuffer rtpjitterbuffer.c:359:calculate_skew: delta -8137391, new min: -98531239
0:00:03.203125000  3920   00AFA7F0 DEBUG        rtpjitterbuffer rtpjitterbuffer.c:390:calculate_skew: backwards timestamps, using previous time
0:00:03.203125000  3920   00AFA7F0 DEBUG        rtpjitterbuffer rtpjitterbuffer.c:413:calculate_skew: skew -98531239, out 0:00:02.482337799
0:00:03.203125000  3920   00AFA7F0 DEBUG     gstrtpjitterbuffer gstrtpjitterbuffer.c:1247:gst_rtp_jitter_buffer_chain:<rtpjitterbuffer0> Pushed packet #48157, now 155 packets, tail: 0
0:00:03.203125000  3920   00BCEE40 WARN      gstrtpjitterbuffer gstrtpjitterbuffer.c:1573:gst_rtp_jitter_buffer_loop:<rtpjitterbuffer0> Packet #47928 lost
0:00:03.203125000  3920   00AFA7F0 LOG               rtpsession gstrtpsession.c:1343:gst_rtp_session_chain_recv_rtp:<rtpsession0> received RTP packet
0:00:03.203125000  3920   00BCEE40 DEBUG     gstrtpjitterbuffer gstrtpjitterbuffer.c:1389:gst_rtp_jitter_buffer_loop:<rtpjitterbuffer0> Peeking item
0:00:03.203125000  3920   00AFA7F0 LOG                rtpsource rtpsource.c:1059:rtp_source_process_rtp: seq 48158, PC: 416, OC: 549276
