0:00:02.031250000  3920   00AFA7F0 DEBUG           rtpssrcdemux gstrtpssrcdemux.c:499:gst_rtp_ssrc_demux_chain:<rtpssrcdemux0> received buffer of SSRC 02564c67
0:00:02.031250000  3920   00BCEE40 LOG         basertpdepayload gstbasertpdepayload.c:309:gst_base_rtp_depayload_chain:<rtpmp4vdepay0> got packet 47624, expected 47622, gap -2
0:00:02.031250000  3920   00AFA7F0 DEBUG     gstrtpjitterbuffer gstrtpjitterbuffer.c:1125:gst_rtp_jitter_buffer_chain:<rtpjitterbuffer0> Received packet #47866 at time 0:00:01.402914242
0:00:02.031250000  3920   00BCEE40 LOG         basertpdepayload gstbasertpdepayload.c:313:gst_base_rtp_depayload_chain:<rtpmp4vdepay0> -2 missing packets
0:00:02.031250000  3920   00AFA7F0 DEBUG        rtpjitterbuffer rtpjitterbuffer.c:257:calculate_skew: extrtp 185399672, gstrtp 0:34:19.996355555, base 0:34:18.797888888, send_diff 0:00:01.198466667
0:00:02.031250000  3920   00AFA7F0 DEBUG        rtpjitterbuffer rtpjitterbuffer.c:280:calculate_skew: time 0:00:01.402914242, base 0:00:00.252180149, recv_diff 0:00:01.150734093, slope 8
0:00:02.031250000  3920   00AFA7F0 DEBUG        rtpjitterbuffer rtpjitterbuffer.c:297:calculate_skew: filling 233, delta -47732574
0:00:02.031250000  3920   00AFA7F0 DEBUG        rtpjitterbuffer rtpjitterbuffer.c:390:calculate_skew: backwards timestamps, using previous time
0:00:02.031250000  3920   00AFA7F0 DEBUG        rtpjitterbuffer rtpjitterbuffer.c:413:calculate_skew: skew -98531237, out 0:00:01.352115579
0:00:02.031250000  3920   00AFA7F0 DEBUG     gstrtpjitterbuffer gstrtpjitterbuffer.c:1247:gst_rtp_jitter_buffer_chain:<rtpjitterbuffer0> Pushed packet #47866, now 217 packets, tail: 0
0:00:02.031250000  3920   00BCEE40 DEBUG     gstrtpjitterbuffer gstrtpjitterbuffer.c:1389:gst_rtp_jitter_buffer_loop:<rtpjitterbuffer0> Peeking item
0:00:02.031250000  3920   00AFA7F0 LOG               rtpsession gstrtpsession.c:1343:gst_rtp_session_chain_recv_rtp:<rtpsession0> received RTP packet
0:00:02.031250000  3920   00BCEE40 DEBUG     gstrtpjitterbuffer gstrtpjitterbuffer.c:1452:gst_rtp_jitter_buffer_loop:<rtpjitterbuffer0> Peeked buffer #47625, expect #47625, timestamp 0:00:00.383497114, now 217 left
0:00:02.031250000  3920   00AFA7F0 LOG                rtpsource rtpsource.c:1059:rtp_source_process_rtp: seq 47867, PC: 234, OC: 307022
0:00:02.031250000  3920   00BCEE40 LOG       gstrtpjitterbuffer gstrtpjitterbuffer.c:1628:gst_rtp_jitter_buffer_loop:<rtpjitterbuffer0> rtp 185303645, ext 185303645
0:00:02.031250000  3920   00AFA7F0 LOG                rtpsource rtpsource.c:894:calculate_jitter: SSRC 02564c67 got payload 96
0:00:02.031250000  3920   00BCEE40 DEBUG     gstrtpjitterbuffer gstrtpjitterbuffer.c:1672:gst_rtp_jitter_buffer_loop:<rtpjitterbuffer0> Pushing buffer 47625, timestamp 0:00:00.383497114
0:00:02.031250000  3920   00AFA7F0 LOG                rtpsource rtpsource.c:927:calculate_jitter: rtparrival 1486975978, rtptime 185399672, clock-rate 90000, diff 529, jitter: 802.750000
0:00:02.031250000  3920   00BCEE40 DEBUG             rtpptdemux gstrtpptdemux.c:321:gst_rtp_pt_demux_chain:<rtpptdemux0> received buffer for pt 96
0:00:02.031250000  3920   00AFA7F0 LOG                rtpsource rtpsource.c:835:push_packet: pushing new packet
0:00:02.031250000  3920   00BCEE40 LOG         basertpdepayload gstbasertpdepayload.c:298:gst_base_rtp_depayload_chain:<rtpmp4vdepay0> discont 0, seqnum 47625, rtptime 185303645, timestamp 0:00:00.383497114
0:00:02.031250000  3920   00AFA7F0 LOG               rtpsession rtpsession.c:929:source_push_rtp: source 02564c67 pushed receiver RTP packet
0:00:02.031250000  3920   00BCEE40 DEBUG     gstrtpjitterbuffer gstrtpjitterbuffer.c:1389:gst_rtp_jitter_buffer_loop:<rtpjitterbuffer0> Peeking item
0:00:02.031250000  3920   00AFA7F0 LOG               rtpsession gstrtpsession.c:959:gst_rtp_session_process_rtp:<rtpsession0> pushing received RTP packet
0:00:02.031250000  3920   00BCEE40 DEBUG     gstrtpjitterbuffer gstrtpjitterbuffer.c:1452:gst_rtp_jitter_buffer_loop:<rtpjitterbuffer0> Peeked buffer #47626, expect #47626, timestamp 0:00:00.383497114, now 216 left
0:00:02.031250000  3920   00AFA7F0 DEBUG           rtpssrcdemux gstrtpssrcdemux.c:499:gst_rtp_ssrc_demux_chain:<rtpssrcdemux0> received buffer of SSRC 02564c67
0:00:02.031250000  3920   00BCEE40 LOG       gstrtpjitterbuffer gstrtpjitterbuffer.c:1628:gst_rtp_jitter_buffer_loop:<rtpjitterbuffer0> rtp 185303645, ext 185303645
0:00:02.031250000  3920   00AFA7F0 DEBUG     gstrtpjitterbuffer gstrtpjitterbuffer.c:1125:gst_rtp_jitter_buffer_chain:<rtpjitterbuffer0> Received packet #47867 at time 0:00:01.408784798
0:00:02.031250000  3920   00BCEE40 DEBUG     gstrtpjitterbuffer gstrtpjitterbuffer.c:1672:gst_rtp_jitter_buffer_loop:<rtpjitterbuffer0> Pushing buffer 47626, timestamp 0:00:00.383497114
0:00:02.031250000  3920   00AFA7F0 DEBUG        rtpjitterbuffer rtpjitterbuffer.c:257:calculate_skew: extrtp 185399672, gstrtp 0:34:19.996355555, base 0:34:18.797888888, send_diff 0:00:01.198466667
0:00:02.046875000  3920   00BCEE40 DEBUG             rtpptdemux gstrtpptdemux.c:321:gst_rtp_pt_demux_chain:<rtpptdemux0> received buffer for pt 96
0:00:02.046875000  3920   00AFA7F0 DEBUG        rtpjitterbuffer rtpjitterbuffer.c:280:calculate_skew: time 0:00:01.408784798, base 0:00:00.252180149, recv_diff 0:00:01.156604649, slope 8
0:00:02.046875000  3920   00BCEE40 LOG         basertpdepayload gstbasertpdepayload.c:298:gst_base_rtp_depayload_chain:<rtpmp4vdepay0> discont 0, seqnum 47626, rtptime 185303645, timestamp 0:00:00.383497114
0:00:02.046875000  3920   00AFA7F0 DEBUG        rtpjitterbuffer rtpjitterbuffer.c:297:calculate_skew: filling 234, delta -41862018
0:00:02.046875000  3920   00AFA7F0 DEBUG        rtpjitterbuffer rtpjitterbuffer.c:390:calculate_skew: backwards timestamps, using previous time
0:00:02.046875000  3920   00AFA7F0 DEBUG        rtpjitterbuffer rtpjitterbuffer.c:413:calculate_skew: skew -98531237, out 0:00:01.352115579
0:00:02.046875000  3920   00AFA7F0 DEBUG     gstrtpjitterbuffer gstrtpjitterbuffer.c:1247:gst_rtp_jitter_buffer_chain:<rtpjitterbuffer0> Pushed packet #47867, now 216 packets, tail: 0
0:00:02.046875000  3920   00BCEE40 DEBUG     gstrtpjitterbuffer gstrtpjitterbuffer.c:1389:gst_rtp_jitter_buffer_loop:<rtpjitterbuffer0> Peeking item
0:00:02.046875000  3920   00AFA7F0 LOG               rtpsession gstrtpsession.c:1343:gst_rtp_session_chain_recv_rtp:<rtpsession0> received RTP packet
0:00:02.046875000  3920   00BCEE40 DEBUG     gstrtpjitterbuffer gstrtpjitterbuffer.c:1452:gst_rtp_jitter_buffer_loop:<rtpjitterbuffer0> Peeked buffer #47627, expect #47627, timestamp 0:00:00.383497114, now 216 left
0:00:02.046875000  3920   00AFA7F0 LOG                rtpsource rtpsource.c:1059:rtp_source_process_rtp: seq 47870, PC: 235, OC: 308410
0:00:02.046875000  3920   00BCEE40 LOG       gstrtpjitterbuffer gstrtpjitterbuffer.c:1628:gst_rtp_jitter_buffer_loop:<rtpjitterbuffer0> rtp 185303645, ext 185303645
0:00:02.046875000  3920   00AFA7F0 LOG                rtpsource rtpsource.c:894:calculate_jitter: SSRC 02564c67 got payload 96
0:00:02.046875000  3920   00BCEE40 DEBUG     gstrtpjitterbuffer gstrtpjitterbuffer.c:1672:gst_rtp_jitter_buffer_loop:<rtpjitterbuffer0> Pushing buffer 47627, timestamp 0:00:00.383497114
0:00:02.046875000  3920   00AFA7F0 LOG                rtpsource rtpsource.c:927:calculate_jitter: rtparrival 1486976605, rtptime 185402519, clock-rate 90000, diff 2220, jitter: 891.312500
0:00:02.046875000  3920   00BCEE40 DEBUG             rtpptdemux gstrtpptdemux.c:321:gst_rtp_pt_demux_chain:<rtpptdemux0> received buffer for pt 96
0:00:02.046875000  3920   00AFA7F0 LOG                rtpsource rtpsource.c:835:push_packet: pushing new packet
0:00:02.046875000  3920   00BCEE40 LOG         basertpdepayload gstbasertpdepayload.c:298:gst_base_rtp_depayload_chain:<rtpmp4vdepay0> discont 0, seqnum 47627, rtptime 185303645, timestamp 0:00:00.383497114
0:00:02.046875000  3920   00AFA7F0 LOG               rtpsession rtpsession.c:929:source_push_rtp: source 02564c67 pushed receiver RTP packet
0:00:02.046875000  3920   00BCEE40 DEBUG     gstrtpjitterbuffer gstrtpjitterbuffer.c:1389:gst_rtp_jitter_buffer_loop:<rtpjitterbuffer0> Peeking item
0:00:02.046875000  3920   00AFA7F0 LOG               rtpsession gstrtpsession.c:959:gst_rtp_session_process_rtp:<rtpsession0> pushing received RTP packet
0:00:02.046875000  3920   00BCEE40 DEBUG     gstrtpjitterbuffer gstrtpjitterbuffer.c:1452:gst_rtp_jitter_buffer_loop:<rtpjitterbuffer0> Peeked buffer #47628, expect #47628, timestamp 0:00:00.383497114, now 215 left
0:00:02.046875000  3920   00AFA7F0 DEBUG           rtpssrcdemux gstrtpssrcdemux.c:499:gst_rtp_ssrc_demux_chain:<rtpssrcdemux0> received buffer of SSRC 02564c67
0:00:02.046875000  3920   00BCEE40 LOG       gstrtpjitterbuffer gstrtpjitterbuffer.c:1628:gst_rtp_jitter_buffer_loop:<rtpjitterbuffer0> rtp 185303645, ext 185303645
0:00:02.046875000  3920   00AFA7F0 DEBUG     gstrtpjitterbuffer gstrtpjitterbuffer.c:1125:gst_rtp_jitter_buffer_chain:<rtpjitterbuffer0> Received packet #47870 at time 0:00:01.415751301
0:00:02.046875000  3920   00BCEE40 DEBUG     gstrtpjitterbuffer gstrtpjitterbuffer.c:1672:gst_rtp_jitter_buffer_loop:<rtpjitterbuffer0> Pushing buffer 47628, timestamp 0:00:00.383497114
0:00:02.046875000  3920   00AFA7F0 DEBUG     gstrtpjitterbuffer gstrtpjitterbuffer.c:1164:gst_rtp_jitter_buffer_chain:<rtpjitterbuffer0> expected #47868, got #47870, gap of 2
0:00:02.046875000  3920   00BCEE40 DEBUG             rtpptdemux gstrtpptdemux.c:321:gst_rtp_pt_demux_chain:<rtpptdemux0> received buffer for pt 96
0:00:02.046875000  3920   00AFA7F0 DEBUG     gstrtpjitterbuffer gstrtpjitterbuffer.c:1177:gst_rtp_jitter_buffer_chain:<rtpjitterbuffer0> tolerable gap
0:00:02.046875000  3920   00BCEE40 LOG         basertpdepayload gstbasertpdepayload.c:298:gst_base_rtp_depayload_chain:<rtpmp4vdepay0> discont 0, seqnum 47628, rtptime 185303645, timestamp 0:00:00.383497114
0:00:02.046875000  3920   00AFA7F0 DEBUG        rtpjitterbuffer rtpjitterbuffer.c:257:calculate_skew: extrtp 185402519, gstrtp 0:34:20.027988888, base 0:34:18.797888888, send_diff 0:00:01.230100000
0:00:02.046875000  3920   00AFA7F0 DEBUG        rtpjitterbuffer rtpjitterbuffer.c:280:calculate_skew: time 0:00:01.415751301, base 0:00:00.252180149, recv_diff 0:00:01.163571152, slope 8
0:00:02.046875000  3920   00AFA7F0 DEBUG        rtpjitterbuffer rtpjitterbuffer.c:297:calculate_skew: filling 235, delta -66528848
0:00:02.046875000  3920   00AFA7F0 DEBUG        rtpjitterbuffer rtpjitterbuffer.c:413:calculate_skew: skew -98531237, out 0:00:01.383748912
0:00:02.046875000  3920   00AFA7F0 DEBUG     gstrtpjitterbuffer gstrtpjitterbuffer.c:1247:gst_rtp_jitter_buffer_chain:<rtpjitterbuffer0> Pushed packet #47870, now 215 packets, tail: 0
0:00:02.046875000  3920   00BCEE40 DEBUG     gstrtpjitterbuffer gstrtpjitterbuffer.c:1389:gst_rtp_jitter_buffer_loop:<rtpjitterbuffer0> Peeking item
0:00:02.046875000  3920   00AFA7F0 LOG               rtpsession gstrtpsession.c:1343:gst_rtp_session_chain_recv_rtp:<rtpsession0> received RTP packet
0:00:02.046875000  3920   00BCEE40 DEBUG     gstrtpjitterbuffer gstrtpjitterbuffer.c:1452:gst_rtp_jitter_buffer_loop:<rtpjitterbuffer0> Peeked buffer #47632, expect #47629, timestamp 0:00:00.383497114, now 215 left
0:00:02.046875000  3920   00AFA7F0 LOG                rtpsource rtpsource.c:1059:rtp_source_process_rtp: seq 47871, PC: 236, OC: 309798
0:00:02.046875000  3920   00BCEE40 DEBUG     gstrtpjitterbuffer gstrtpjitterbuffer.c:1493:gst_rtp_jitter_buffer_loop:<rtpjitterbuffer0> Sequence number GAP detected: expected 47629 instead of 47632 (3 missing)
0:00:02.046875000  3920   00AFA7F0 LOG                rtpsource rtpsource.c:894:calculate_jitter: SSRC 02564c67 got payload 96
0:00:02.046875000  3920   00BCEE40 DEBUG     gstrtpjitterbuffer gstrtpjitterbuffer.c:1498:gst_rtp_jitter_buffer_loop:<rtpjitterbuffer0> out_time 0:00:00.383497114, last 0:00:00.383497114
0:00:02.046875000  3920   00AFA7F0 LOG                rtpsource rtpsource.c:927:calculate_jitter: rtparrival 1486977208, rtptime 185402519, clock-rate 90000, diff 603, jitter: 873.312500
0:00:02.046875000  3920   00BCEE40 DEBUG     gstrtpjitterbuffer gstrtpjitterbuffer.c:1509:gst_rtp_jitter_buffer_loop:<rtpjitterbuffer0> duration 0:00:00.000000000
0:00:02.046875000  3920   00AFA7F0 LOG                rtpsource rtpsource.c:835:push_packet: pushing new packet
0:00:02.046875000  3920   00BCEE40 DEBUG     gstrtpjitterbuffer gstrtpjitterbuffer.c:1530:gst_rtp_jitter_buffer_loop:<rtpjitterbuffer0> sync to timestamp 0:00:00.383497114
0:00:02.046875000  3920   00AFA7F0 LOG               rtpsession rtpsession.c:929:source_push_rtp: source 02564c67 pushed receiver RTP packet
0:00:02.046875000  3920   00BCEE40 WARN      gstrtpjitterbuffer gstrtpjitterbuffer.c:1573:gst_rtp_jitter_buffer_loop:<rtpjitterbuffer0> Packet #47629 lost
0:00:02.046875000  3920   00AFA7F0 LOG               rtpsession gstrtpsession.c:959:gst_rtp_session_process_rtp:<rtpsession0> pushing received RTP packet
0:00:02.046875000  3920   00BCEE40 DEBUG     gstrtpjitterbuffer gstrtpjitterbuffer.c:1389:gst_rtp_jitter_buffer_loop:<rtpjitterbuffer0> Peeking item
0:00:02.046875000  3920   00AFA7F0 DEBUG           rtpssrcdemux gstrtpssrcdemux.c:499:gst_rtp_ssrc_demux_chain:<rtpssrcdemux0> received buffer of SSRC 02564c67
0:00:02.046875000  3920   00BCEE40 DEBUG     gstrtpjitterbuffer gstrtpjitterbuffer.c:1452:gst_rtp_jitter_buffer_loop:<rtpjitterbuffer0> Peeked buffer #47632, expect #47630, timestamp 0:00:00.383497114, now 215 left
0:00:02.046875000  3920   00AFA7F0 DEBUG     gstrtpjitterbuffer gstrtpjitterbuffer.c:1125:gst_rtp_jitter_buffer_chain:<rtpjitterbuffer0> Received packet #47871 at time 0:00:01.422459851
0:00:02.046875000  3920   00BCEE40 DEBUG     gstrtpjitterbuffer gstrtpjitterbuffer.c:1493:gst_rtp_jitter_buffer_loop:<rtpjitterbuffer0> Sequence number GAP detected: expected 47630 instead of 47632 (2 missing)
0:00:02.046875000  3920   00BCEE40 DEBUG     gstrtpjitterbuffer gstrtpjitterbuffer.c:1498:gst_rtp_jitter_buffer_loop:<rtpjitterbuffer0> out_time 0:00:00.383497114, last 0:00:00.383497114
0:00:02.046875000  3920   00BCEE40 DEBUG     gstrtpjitterbuffer gstrtpjitterbuffer.c:1509:gst_rtp_jitter_buffer_loop:<rtpjitterbuffer0> duration 0:00:00.000000000
0:00:02.046875000  3920   00BCEE40 DEBUG     gstrtpjitterbuffer gstrtpjitterbuffer.c:1530:gst_rtp_jitter_buffer_loop:<rtpjitterbuffer0> sync to timestamp 0:00:00.383497114
0:00:02.046875000  3920   00AFA7F0 DEBUG        rtpjitterbuffer rtpjitterbuffer.c:257:calculate_skew: extrtp 185402519, gstrtp 0:34:20.027988888, base 0:34:18.797888888, send_diff 0:00:01.230100000
0:00:02.046875000  3920   00AFA7F0 DEBUG        rtpjitterbuffer rtpjitterbuffer.c:280:calculate_skew: time 0:00:01.422459851, base 0:00:00.252180149, recv_diff 0:00:01.170279702, slope 8
0:00:02.046875000  3920   00AFA7F0 DEBUG        rtpjitterbuffer rtpjitterbuffer.c:297:calculate_skew: filling 236, delta -59820298
0:00:02.046875000  3920   00AFA7F0 DEBUG        rtpjitterbuffer rtpjitterbuffer.c:390:calculate_skew: backwards timestamps, using previous time
0:00:02.046875000  3920   00AFA7F0 DEBUG        rtpjitterbuffer rtpjitterbuffer.c:413:calculate_skew: skew -98531237, out 0:00:01.383748912
0:00:02.046875000  3920   00AFA7F0 DEBUG     gstrtpjitterbuffer gstrtpjitterbuffer.c:1247:gst_rtp_jitter_buffer_chain:<rtpjitterbuffer0> Pushed packet #47871, now 216 packets, tail: 0
0:00:02.062500000  3920   00BCEE40 WARN      gstrtpjitterbuffer gstrtpjitterbuffer.c:1573:gst_rtp_jitter_buffer_loop:<rtpjitterbuffer0> Packet #47630 lost
0:00:02.062500000  3920   00AFA7F0 LOG               rtpsession gstrtpsession.c:1343:gst_rtp_session_chain_recv_rtp:<rtpsession0> received RTP packet
0:00:02.062500000  3920   00BCEE40 DEBUG     gstrtpjitterbuffer gstrtpjitterbuffer.c:1389:gst_rtp_jitter_buffer_loop:<rtpjitterbuffer0> Peeking item
0:00:02.062500000  3920   00AFA7F0 LOG                rtpsource rtpsource.c:1059:rtp_source_process_rtp: seq 47872, PC: 237, OC: 311186
0:00:02.062500000  3920   00BCEE40 DEBUG     gstrtpjitterbuffer gstrtpjitterbuffer.c:1452:gst_rtp_jitter_buffer_loop:<rtpjitterbuffer0> Peeked buffer #47632, expect #47631, timestamp 0:00:00.383497114, now 216 left
0:00:02.062500000  3920   00AFA7F0 LOG                rtpsource rtpsource.c:894:calculate_jitter: SSRC 02564c67 got payload 96
0:00:02.062500000  3920   00BCEE40 DEBUG     gstrtpjitterbuffer gstrtpjitterbuffer.c:1493:gst_rtp_jitter_buffer_loop:<rtpjitterbuffer0> Sequence number GAP detected: expected 47631 instead of 47632 (1 missing)
0:00:02.062500000  3920   00AFA7F0 LOG                rtpsource rtpsource.c:927:calculate_jitter: rtparrival 1486977823, rtptime 185402519, clock-rate 90000, diff 615, jitter: 857.187500
0:00:02.062500000  3920   00BCEE40 DEBUG     gstrtpjitterbuffer gstrtpjitterbuffer.c:1498:gst_rtp_jitter_buffer_loop:<rtpjitterbuffer0> out_time 0:00:00.383497114, last 0:00:00.383497114
0:00:02.062500000  3920   00AFA7F0 LOG                rtpsource rtpsource.c:835:push_packet: pushing new packet
0:00:02.062500000  3920   00BCEE40 DEBUG     gstrtpjitterbuffer gstrtpjitterbuffer.c:1509:gst_rtp_jitter_buffer_loop:<rtpjitterbuffer0> duration 0:00:00.000000000
0:00:02.062500000  3920   00AFA7F0 LOG               rtpsession rtpsession.c:929:source_push_rtp: source 02564c67 pushed receiver RTP packet
0:00:02.062500000  3920   00BCEE40 DEBUG     gstrtpjitterbuffer gstrtpjitterbuffer.c:1530:gst_rtp_jitter_buffer_loop:<rtpjitterbuffer0> sync to timestamp 0:00:00.383497114
0:00:02.062500000  3920   00AFA7F0 LOG               rtpsession gstrtpsession.c:959:gst_rtp_session_process_rtp:<rtpsession0> pushing received RTP packet
0:00:02.062500000  3920   00BCEE40 WARN      gstrtpjitterbuffer gstrtpjitterbuffer.c:1573:gst_rtp_jitter_buffer_loop:<rtpjitterbuffer0> Packet #47631 lost
0:00:02.062500000  3920   00AFA7F0 DEBUG           rtpssrcdemux gstrtpssrcdemux.c:499:gst_rtp_ssrc_demux_chain:<rtpssrcdemux0> received buffer of SSRC 02564c67
0:00:02.062500000  3920   00BCEE40 DEBUG     gstrtpjitterbuffer gstrtpjitterbuffer.c:1389:gst_rtp_jitter_buffer_loop:<rtpjitterbuffer0> Peeking item
0:00:02.062500000  3920   00AFA7F0 DEBUG     gstrtpjitterbuffer gstrtpjitterbuffer.c:1125:gst_rtp_jitter_buffer_chain:<rtpjitterbuffer0> Received packet #47872 at time 0:00:01.429286569
0:00:02.062500000  3920   00BCEE40 DEBUG     gstrtpjitterbuffer gstrtpjitterbuffer.c:1452:gst_rtp_jitter_buffer_loop:<rtpjitterbuffer0> Peeked buffer #47632, expect #47632, timestamp 0:00:00.383497114, now 216 left
0:00:02.062500000  3920   00BCEE40 LOG       gstrtpjitterbuffer gstrtpjitterbuffer.c:1628:gst_rtp_jitter_buffer_loop:<rtpjitterbuffer0> rtp 185303645, ext 185303645
0:00:02.062500000  3920   00BCEE40 DEBUG     gstrtpjitterbuffer gstrtpjitterbuffer.c:1672:gst_rtp_jitter_buffer_loop:<rtpjitterbuffer0> Pushing buffer 47632, timestamp 0:00:00.383497114
0:00:02.062500000  3920   00AFA7F0 DEBUG        rtpjitterbuffer rtpjitterbuffer.c:257:calculate_skew: extrtp 185402519, gstrtp 0:34:20.027988888, base 0:34:18.797888888, send_diff 0:00:01.230100000
0:00:02.062500000  3920   00BCEE40 DEBUG             rtpptdemux gstrtpptdemux.c:321:gst_rtp_pt_demux_chain:<rtpptdemux0> received buffer for pt 96
0:00:02.062500000  3920   00AFA7F0 DEBUG        rtpjitterbuffer rtpjitterbuffer.c:280:calculate_skew: time 0:00:01.429286569, base 0:00:00.252180149, recv_diff 0:00:01.177106420, slope 8
0:00:02.062500000  3920   00BCEE40 LOG         basertpdepayload gstbasertpdepayload.c:298:gst_base_rtp_depayload_chain:<rtpmp4vdepay0> discont 1, seqnum 47632, rtptime 185303645, timestamp 0:00:00.383497114
0:00:02.062500000  3920   00AFA7F0 DEBUG        rtpjitterbuffer rtpjitterbuffer.c:297:calculate_skew: filling 237, delta -52993580
0:00:02.062500000  3920   00BCEE40 LOG         basertpdepayload gstbasertpdepayload.c:309:gst_base_rtp_depayload_chain:<rtpmp4vdepay0> got packet 47632, expected 47629, gap -3
0:00:02.062500000  3920   00AFA7F0 DEBUG        rtpjitterbuffer rtpjitterbuffer.c:390:calculate_skew: backwards timestamps, using previous time
0:00:02.062500000  3920   00BCEE40 LOG         basertpdepayload gstbasertpdepayload.c:313:gst_base_rtp_depayload_chain:<rtpmp4vdepay0> -3 missing packets
0:00:02.062500000  3920   00AFA7F0 DEBUG        rtpjitterbuffer rtpjitterbuffer.c:413:calculate_skew: skew -98531237, out 0:00:01.383748912
0:00:02.062500000  3920   00AFA7F0 DEBUG     gstrtpjitterbuffer gstrtpjitterbuffer.c:1247:gst_rtp_jitter_buffer_chain:<rtpjitterbuffer0> Pushed packet #47872, now 216 packets, tail: 0
0:00:02.062500000  3920   00BCEE40 DEBUG     gstrtpjitterbuffer gstrtpjitterbuffer.c:1389:gst_rtp_jitter_buffer_loop:<rtpjitterbuffer0> Peeking item
0:00:02.062500000  3920   00AFA7F0 LOG               rtpsession gstrtpsession.c:1343:gst_rtp_session_chain_recv_rtp:<rtpsession0> received RTP packet
0:00:02.062500000  3920   00BCEE40 DEBUG     gstrtpjitterbuffer gstrtpjitterbuffer.c:1452:gst_rtp_jitter_buffer_loop:<rtpjitterbuffer0> Peeked buffer #47636, expect #47633, timestamp 0:00:00.383497114, now 216 left
0:00:02.062500000  3920   00AFA7F0 LOG                rtpsource rtpsource.c:1059:rtp_source_process_rtp: seq 47873, PC: 238, OC: 312574
0:00:02.062500000  3920   00BCEE40 DEBUG     gstrtpjitterbuffer gstrtpjitterbuffer.c:1493:gst_rtp_jitter_buffer_loop:<rtpjitterbuffer0> Sequence number GAP detected: expected 47633 instead of 47636 (3 missing)
0:00:02.062500000  3920   00AFA7F0 LOG                rtpsource rtpsource.c:894:calculate_jitter: SSRC 02564c67 got payload 96
0:00:02.062500000  3920   00BCEE40 DEBUG     gstrtpjitterbuffer gstrtpjitterbuffer.c:1498:gst_rtp_jitter_buffer_loop:<rtpjitterbuffer0> out_time 0:00:00.383497114, last 0:00:00.383497114
0:00:02.062500000  3920   00AFA7F0 LOG                rtpsource rtpsource.c:927:calculate_jitter: rtparrival 1486978500, rtptime 185402519, clock-rate 90000, diff 677, jitter: 845.937500
0:00:02.062500000  3920   00BCEE40 DEBUG     gstrtpjitterbuffer gstrtpjitterbuffer.c:1509:gst_rtp_jitter_buffer_loop:<rtpjitterbuffer0> duration 0:00:00.000000000
0:00:02.062500000  3920   00AFA7F0 LOG                rtpsource rtpsource.c:835:push_packet: pushing new packet
0:00:02.062500000  3920   00BCEE40 DEBUG     gstrtpjitterbuffer gstrtpjitterbuffer.c:1530:gst_rtp_jitter_buffer_loop:<rtpjitterbuffer0> sync to timestamp 0:00:00.383497114
0:00:02.062500000  3920   00AFA7F0 LOG               rtpsession rtpsession.c:929:source_push_rtp: source 02564c67 pushed receiver RTP packet
0:00:02.062500000  3920   00BCEE40 WARN      gstrtpjitterbuffer gstrtpjitterbuffer.c:1573:gst_rtp_jitter_buffer_loop:<rtpjitterbuffer0> Packet #47633 lost
0:00:02.062500000  3920   00AFA7F0 LOG               rtpsession gstrtpsession.c:959:gst_rtp_session_process_rtp:<rtpsession0> pushing received RTP packet
0:00:02.062500000  3920   00BCEE40 DEBUG     gstrtpjitterbuffer gstrtpjitterbuffer.c:1389:gst_rtp_jitter_buffer_loop:<rtpjitterbuffer0> Peeking item
0:00:02.062500000  3920   00AFA7F0 DEBUG           rtpssrcdemux gstrtpssrcdemux.c:499:gst_rtp_ssrc_demux_chain:<rtpssrcdemux0> received buffer of SSRC 02564c67
0:00:02.062500000  3920   00BCEE40 DEBUG     gstrtpjitterbuffer gstrtpjitterbuffer.c:1452:gst_rtp_jitter_buffer_loop:<rtpjitterbuffer0> Peeked buffer #47636, expect #47634, timestamp 0:00:00.383497114, now 216 left
0:00:02.062500000  3920   00AFA7F0 DEBUG     gstrtpjitterbuffer gstrtpjitterbuffer.c:1125:gst_rtp_jitter_buffer_chain:<rtpjitterbuffer0> Received packet #47873 at time 0:00:01.436812210
0:00:02.062500000  3920   00BCEE40 DEBUG     gstrtpjitterbuffer gstrtpjitterbuffer.c:1493:gst_rtp_jitter_buffer_loop:<rtpjitterbuffer0> Sequence number GAP detected: expected 47634 instead of 47636 (2 missing)
0:00:02.062500000  3920   00BCEE40 DEBUG     gstrtpjitterbuffer gstrtpjitterbuffer.c:1498:gst_rtp_jitter_buffer_loop:<rtpjitterbuffer0> out_time 0:00:00.383497114, last 0:00:00.383497114
0:00:02.062500000  3920   00BCEE40 DEBUG     gstrtpjitterbuffer gstrtpjitterbuffer.c:1509:gst_rtp_jitter_buffer_loop:<rtpjitterbuffer0> duration 0:00:00.000000000
0:00:02.062500000  3920   00BCEE40 DEBUG     gstrtpjitterbuffer gstrtpjitterbuffer.c:1530:gst_rtp_jitter_buffer_loop:<rtpjitterbuffer0> sync to timestamp 0:00:00.383497114
0:00:02.062500000  3920   00AFA7F0 DEBUG        rtpjitterbuffer rtpjitterbuffer.c:257:calculate_skew: extrtp 185402519, gstrtp 0:34:20.027988888, base 0:34:18.797888888, send_diff 0:00:01.230100000
0:00:02.062500000  3920   00AFA7F0 DEBUG        rtpjitterbuffer rtpjitterbuffer.c:280:calculate_skew: time 0:00:01.436812210, base 0:00:00.252180149, recv_diff 0:00:01.184632061, slope 8
0:00:02.062500000  3920   00AFA7F0 DEBUG        rtpjitterbuffer rtpjitterbuffer.c:297:calculate_skew: filling 238, delta -45467939
0:00:02.062500000  3920   00AFA7F0 DEBUG        rtpjitterbuffer rtpjitterbuffer.c:390:calculate_skew: backwards timestamps, using previous time
0:00:02.062500000  3920   00AFA7F0 DEBUG        rtpjitterbuffer rtpjitterbuffer.c:413:calculate_skew: skew -98531237, out 0:00:01.383748912
0:00:02.062500000  3920   00AFA7F0 DEBUG     gstrtpjitterbuffer gstrtpjitterbuffer.c:1247:gst_rtp_jitter_buffer_chain:<rtpjitterbuffer0> Pushed packet #47873, now 217 packets, tail: 0
0:00:02.062500000  3920   00BCEE40 WARN      gstrtpjitterbuffer gstrtpjitterbuffer.c:1573:gst_rtp_jitter_buffer_loop:<rtpjitterbuffer0> Packet #47634 lost
0:00:02.062500000  3920   00AFA7F0 LOG               rtpsession gstrtpsession.c:1343:gst_rtp_session_chain_recv_rtp:<rtpsession0> received RTP packet
0:00:02.062500000  3920   00BCEE40 DEBUG     gstrtpjitterbuffer gstrtpjitterbuffer.c:1389:gst_rtp_jitter_buffer_loop:<rtpjitterbuffer0> Peeking item
0:00:02.062500000  3920   00AFA7F0 LOG                rtpsource rtpsource.c:1059:rtp_source_process_rtp: seq 47874, PC: 239, OC: 313962
0:00:02.062500000  3920   00BCEE40 DEBUG     gstrtpjitterbuffer gstrtpjitterbuffer.c:1452:gst_rtp_jitter_buffer_loop:<rtpjitterbuffer0> Peeked buffer #47636, expect #47635, timestamp 0:00:00.383497114, now 217 left
0:00:02.062500000  3920   00AFA7F0 LOG                rtpsource rtpsource.c:894:calculate_jitter: SSRC 02564c67 got payload 96
0:00:02.062500000  3920   00BCEE40 DEBUG     gstrtpjitterbuffer gstrtpjitterbuffer.c:1493:gst_rtp_jitter_buffer_loop:<rtpjitterbuffer0> Sequence number GAP detected: expected 47635 instead of 47636 (1 missing)
0:00:02.062500000  3920   00AFA7F0 LOG                rtpsource rtpsource.c:927:calculate_jitter: rtparrival 1486979089, rtptime 185402519, clock-rate 90000, diff 589, jitter: 829.875000
0:00:02.078125000  3920   00BCEE40 DEBUG     gstrtpjitterbuffer gstrtpjitterbuffer.c:1498:gst_rtp_jitter_buffer_loop:<rtpjitterbuffer0> out_time 0:00:00.383497114, last 0:00:00.383497114
0:00:02.078125000  3920   00AFA7F0 LOG                rtpsource rtpsource.c:835:push_packet: pushing new packet
0:00:02.078125000  3920   00BCEE40 DEBUG     gstrtpjitterbuffer gstrtpjitterbuffer.c:1509:gst_rtp_jitter_buffer_loop:<rtpjitterbuffer0> duration 0:00:00.000000000
0:00:02.078125000  3920   00AFA7F0 LOG               rtpsession rtpsession.c:929:source_push_rtp: source 02564c67 pushed receiver RTP packet
0:00:02.078125000  3920   00BCEE40 DEBUG     gstrtpjitterbuffer gstrtpjitterbuffer.c:1530:gst_rtp_jitter_buffer_loop:<rtpjitterbuffer0> sync to timestamp 0:00:00.383497114
0:00:02.078125000  3920   00AFA7F0 LOG               rtpsession gstrtpsession.c:959:gst_rtp_session_process_rtp:<rtpsession0> pushing received RTP packet
0:00:02.078125000  3920   00BCEE40 WARN      gstrtpjitterbuffer gstrtpjitterbuffer.c:1573:gst_rtp_jitter_buffer_loop:<rtpjitterbuffer0> Packet #47635 lost
0:00:02.078125000  3920   00AFA7F0 DEBUG           rtpssrcdemux gstrtpssrcdemux.c:499:gst_rtp_ssrc_demux_chain:<rtpssrcdemux0> received buffer of SSRC 02564c67
0:00:02.078125000  3920   00BCEE40 DEBUG     gstrtpjitterbuffer gstrtpjitterbuffer.c:1389:gst_rtp_jitter_buffer_loop:<rtpjitterbuffer0> Peeking item
0:00:02.078125000  3920   00AFA7F0 DEBUG     gstrtpjitterbuffer gstrtpjitterbuffer.c:1125:gst_rtp_jitter_buffer_chain:<rtpjitterbuffer0> Received packet #47874 at time 0:00:01.443358430
0:00:02.078125000  3920   00BCEE40 DEBUG     gstrtpjitterbuffer gstrtpjitterbuffer.c:1452:gst_rtp_jitter_buffer_loop:<rtpjitterbuffer0> Peeked buffer #47636, expect #47636, timestamp 0:00:00.383497114, now 217 left
0:00:02.078125000  3920   00BCEE40 LOG       gstrtpjitterbuffer gstrtpjitterbuffer.c:1628:gst_rtp_jitter_buffer_loop:<rtpjitterbuffer0> rtp 185303645, ext 185303645
0:00:02.078125000  3920   00BCEE40 DEBUG     gstrtpjitterbuffer gstrtpjitterbuffer.c:1672:gst_rtp_jitter_buffer_loop:<rtpjitterbuffer0> Pushing buffer 47636, timestamp 0:00:00.383497114
0:00:02.078125000  3920   00AFA7F0 DEBUG        rtpjitterbuffer rtpjitterbuffer.c:257:calculate_skew: extrtp 185402519, gstrtp 0:34:20.027988888, base 0:34:18.797888888, send_diff 0:00:01.230100000
0:00:02.078125000  3920   00BCEE40 DEBUG             rtpptdemux gstrtpptdemux.c:321:gst_rtp_pt_demux_chain:<rtpptdemux0> received buffer for pt 96
0:00:02.078125000  3920   00AFA7F0 DEBUG        rtpjitterbuffer rtpjitterbuffer.c:280:calculate_skew: time 0:00:01.443358430, base 0:00:00.252180149, recv_diff 0:00:01.191178281, slope 8
0:00:02.078125000  3920   00BCEE40 LOG         basertpdepayload gstbasertpdepayload.c:298:gst_base_rtp_depayload_chain:<rtpmp4vdepay0> discont 1, seqnum 47636, rtptime 185303645, timestamp 0:00:00.383497114
0:00:02.078125000  3920   00AFA7F0 DEBUG        rtpjitterbuffer rtpjitterbuffer.c:297:calculate_skew: filling 239, delta -38921719
0:00:02.078125000  3920   00BCEE40 LOG         basertpdepayload gstbasertpdepayload.c:309:gst_base_rtp_depayload_chain:<rtpmp4vdepay0> got packet 47636, expected 47633, gap -3
0:00:02.078125000  3920   00AFA7F0 DEBUG        rtpjitterbuffer rtpjitterbuffer.c:390:calculate_skew: backwards timestamps, using previous time
0:00:02.078125000  3920   00BCEE40 LOG         basertpdepayload gstbasertpdepayload.c:313:gst_base_rtp_depayload_chain:<rtpmp4vdepay0> -3 missing packets
0:00:02.078125000  3920   00AFA7F0 DEBUG        rtpjitterbuffer rtpjitterbuffer.c:413:calculate_skew: skew -98531237, out 0:00:01.383748912
0:00:02.078125000  3920   00AFA7F0 DEBUG     gstrtpjitterbuffer gstrtpjitterbuffer.c:1247:gst_rtp_jitter_buffer_chain:<rtpjitterbuffer0> Pushed packet #47874, now 217 packets, tail: 0
0:00:02.078125000  3920   00BCEE40 DEBUG     gstrtpjitterbuffer gstrtpjitterbuffer.c:1389:gst_rtp_jitter_buffer_loop:<rtpjitterbuffer0> Peeking item
0:00:02.078125000  3920   00AFA7F0 LOG               rtpsession gstrtpsession.c:1343:gst_rtp_session_chain_recv_rtp:<rtpsession0> received RTP packet
0:00:02.078125000  3920   00BCEE40 DEBUG     gstrtpjitterbuffer gstrtpjitterbuffer.c:1452:gst_rtp_jitter_buffer_loop:<rtpjitterbuffer0> Peeked buffer #47641, expect #47637, timestamp 0:00:00.383497114, now 217 left
0:00:02.078125000  3920   00AFA7F0 LOG                rtpsource rtpsource.c:1059:rtp_source_process_rtp: seq 47875, PC: 240, OC: 315350
0:00:02.078125000  3920   00BCEE40 DEBUG     gstrtpjitterbuffer gstrtpjitterbuffer.c:1493:gst_rtp_jitter_buffer_loop:<rtpjitterbuffer0> Sequence number GAP detected: expected 47637 instead of 47641 (4 missing)
0:00:02.078125000  3920   00AFA7F0 LOG                rtpsource rtpsource.c:894:calculate_jitter: SSRC 02564c67 got payload 96
0:00:02.078125000  3920   00BCEE40 DEBUG     gstrtpjitterbuffer gstrtpjitterbuffer.c:1498:gst_rtp_jitter_buffer_loop:<rtpjitterbuffer0> out_time 0:00:00.383497114, last 0:00:00.383497114
0:00:02.078125000  3920   00AFA7F0 LOG                rtpsource rtpsource.c:927:calculate_jitter: rtparrival 1486979729, rtptime 185402519, clock-rate 90000, diff 640, jitter: 818.000000
0:00:02.078125000  3920   00BCEE40 DEBUG     gstrtpjitterbuffer gstrtpjitterbuffer.c:1509:gst_rtp_jitter_buffer_loop:<rtpjitterbuffer0> duration 0:00:00.000000000
0:00:02.078125000  3920   00AFA7F0 LOG                rtpsource rtpsource.c:835:push_packet: pushing new packet
0:00:02.078125000  3920   00BCEE40 DEBUG     gstrtpjitterbuffer gstrtpjitterbuffer.c:1530:gst_rtp_jitter_buffer_loop:<rtpjitterbuffer0> sync to timestamp 0:00:00.383497114
0:00:02.078125000  3920   00AFA7F0 LOG               rtpsession rtpsession.c:929:source_push_rtp: source 02564c67 pushed receiver RTP packet
0:00:02.078125000  3920   00BCEE40 WARN      gstrtpjitterbuffer gstrtpjitterbuffer.c:1573:gst_rtp_jitter_buffer_loop:<rtpjitterbuffer0> Packet #47637 lost
0:00:02.078125000  3920   00AFA7F0 LOG               rtpsession gstrtpsession.c:959:gst_rtp_session_process_rtp:<rtpsession0> pushing received RTP packet
0:00:02.078125000  3920   00BCEE40 DEBUG     gstrtpjitterbuffer gstrtpjitterbuffer.c:1389:gst_rtp_jitter_buffer_loop:<rtpjitterbuffer0> Peeking item
0:00:02.078125000  3920   00AFA7F0 DEBUG           rtpssrcdemux gstrtpssrcdemux.c:499:gst_rtp_ssrc_demux_chain:<rtpssrcdemux0> received buffer of SSRC 02564c67
0:00:02.078125000  3920   00BCEE40 DEBUG     gstrtpjitterbuffer gstrtpjitterbuffer.c:1452:gst_rtp_jitter_buffer_loop:<rtpjitterbuffer0> Peeked buffer #47641, expect #47638, timestamp 0:00:00.383497114, now 217 left
0:00:02.078125000  3920   00AFA7F0 DEBUG     gstrtpjitterbuffer gstrtpjitterbuffer.c:1125:gst_rtp_jitter_buffer_chain:<rtpjitterbuffer0> Received packet #47875 at time 0:00:01.450469813
0:00:02.078125000  3920   00BCEE40 DEBUG     gstrtpjitterbuffer gstrtpjitterbuffer.c:1493:gst_rtp_jitter_buffer_loop:<rtpjitterbuffer0> Sequence number GAP detected: expected 47638 instead of 47641 (3 missing)
0:00:02.078125000  3920   00BCEE40 DEBUG     gstrtpjitterbuffer gstrtpjitterbuffer.c:1498:gst_rtp_jitter_buffer_loop:<rtpjitterbuffer0> out_time 0:00:00.383497114, last 0:00:00.383497114
0:00:02.078125000  3920   00BCEE40 DEBUG     gstrtpjitterbuffer gstrtpjitterbuffer.c:1509:gst_rtp_jitter_buffer_loop:<rtpjitterbuffer0> duration 0:00:00.000000000
0:00:02.078125000  3920   00BCEE40 DEBUG     gstrtpjitterbuffer gstrtpjitterbuffer.c:1530:gst_rtp_jitter_buffer_loop:<rtpjitterbuffer0> sync to timestamp 0:00:00.383497114
0:00:02.078125000  3920   00AFA7F0 DEBUG        rtpjitterbuffer rtpjitterbuffer.c:257:calculate_skew: extrtp 185402519, gstrtp 0:34:20.027988888, base 0:34:18.797888888, send_diff 0:00:01.230100000
0:00:02.078125000  3920   00AFA7F0 DEBUG        rtpjitterbuffer rtpjitterbuffer.c:280:calculate_skew: time 0:00:01.450469813, base 0:00:00.252180149, recv_diff 0:00:01.198289664, slope 8
0:00:02.078125000  3920   00AFA7F0 DEBUG        rtpjitterbuffer rtpjitterbuffer.c:297:calculate_skew: filling 240, delta -31810336
0:00:02.078125000  3920   00AFA7F0 DEBUG        rtpjitterbuffer rtpjitterbuffer.c:390:calculate_skew: backwards timestamps, using previous time
0:00:02.078125000  3920   00AFA7F0 DEBUG        rtpjitterbuffer rtpjitterbuffer.c:413:calculate_skew: skew -98531237, out 0:00:01.383748912
0:00:02.078125000  3920   00AFA7F0 DEBUG     gstrtpjitterbuffer gstrtpjitterbuffer.c:1247:gst_rtp_jitter_buffer_chain:<rtpjitterbuffer0> Pushed packet #47875, now 218 packets, tail: 0
0:00:02.078125000  3920   00BCEE40 WARN      gstrtpjitterbuffer gstrtpjitterbuffer.c:1573:gst_rtp_jitter_buffer_loop:<rtpjitterbuffer0> Packet #47638 lost
0:00:02.078125000  3920   00AFA7F0 LOG               rtpsession gstrtpsession.c:1343:gst_rtp_session_chain_recv_rtp:<rtpsession0> received RTP packet
0:00:02.078125000  3920   00BCEE40 DEBUG     gstrtpjitterbuffer gstrtpjitterbuffer.c:1389:gst_rtp_jitter_buffer_loop:<rtpjitterbuffer0> Peeking item
0:00:02.078125000  3920   00AFA7F0 LOG                rtpsource rtpsource.c:1059:rtp_source_process_rtp: seq 47876, PC: 241, OC: 316738
0:00:02.078125000  3920   00BCEE40 DEBUG     gstrtpjitterbuffer gstrtpjitterbuffer.c:1452:gst_rtp_jitter_buffer_loop:<rtpjitterbuffer0> Peeked buffer #47641, expect #47639, timestamp 0:00:00.383497114, now 218 left
0:00:02.078125000  3920   00AFA7F0 LOG                rtpsource rtpsource.c:894:calculate_jitter: SSRC 02564c67 got payload 96
0:00:02.078125000  3920   00BCEE40 DEBUG     gstrtpjitterbuffer gstrtpjitterbuffer.c:1493:gst_rtp_jitter_buffer_loop:<rtpjitterbuffer0> Sequence number GAP detected: expected 47639 instead of 47641 (2 missing)
0:00:02.078125000  3920   00AFA7F0 LOG                rtpsource rtpsource.c:927:calculate_jitter: rtparrival 1486980323, rtptime 185402519, clock-rate 90000, diff 594, jitter: 804.000000
0:00:02.078125000  3920   00BCEE40 DEBUG     gstrtpjitterbuffer gstrtpjitterbuffer.c:1498:gst_rtp_jitter_buffer_loop:<rtpjitterbuffer0> out_time 0:00:00.383497114, last 0:00:00.383497114
0:00:02.078125000  3920   00AFA7F0 LOG                rtpsource rtpsource.c:835:push_packet: pushing new packet
0:00:02.078125000  3920   00BCEE40 DEBUG     gstrtpjitterbuffer gstrtpjitterbuffer.c:1509:gst_rtp_jitter_buffer_loop:<rtpjitterbuffer0> duration 0:00:00.000000000
0:00:02.078125000  3920   00AFA7F0 LOG               rtpsession rtpsession.c:929:source_push_rtp: source 02564c67 pushed receiver RTP packet
0:00:02.078125000  3920   00BCEE40 DEBUG     gstrtpjitterbuffer gstrtpjitterbuffer.c:1530:gst_rtp_jitter_buffer_loop:<rtpjitterbuffer0> sync to timestamp 0:00:00.383497114
0:00:02.078125000  3920   00AFA7F0 LOG               rtpsession gstrtpsession.c:959:gst_rtp_session_process_rtp:<rtpsession0> pushing received RTP packet
0:00:02.078125000  3920   00BCEE40 WARN      gstrtpjitterbuffer gstrtpjitterbuffer.c:1573:gst_rtp_jitter_buffer_loop:<rtpjitterbuffer0> Packet #47639 lost
0:00:02.078125000  3920   00AFA7F0 DEBUG           rtpssrcdemux gstrtpssrcdemux.c:499:gst_rtp_ssrc_demux_chain:<rtpssrcdemux0> received buffer of SSRC 02564c67
0:00:02.093750000  3920   00BCEE40 DEBUG     gstrtpjitterbuffer gstrtpjitterbuffer.c:1389:gst_rtp_jitter_buffer_loop:<rtpjitterbuffer0> Peeking item
0:00:02.093750000  3920   00AFA7F0 DEBUG     gstrtpjitterbuffer gstrtpjitterbuffer.c:1125:gst_rtp_jitter_buffer_chain:<rtpjitterbuffer0> Received packet #47876 at time 0:00:01.457067452
0:00:02.093750000  3920   00BCEE40 DEBUG     gstrtpjitterbuffer gstrtpjitterbuffer.c:1452:gst_rtp_jitter_buffer_loop:<rtpjitterbuffer0> Peeked buffer #47641, expect #47640, timestamp 0:00:00.383497114, now 218 left
0:00:02.093750000  3920   00BCEE40 DEBUG     gstrtpjitterbuffer gstrtpjitterbuffer.c:1493:gst_rtp_jitter_buffer_loop:<rtpjitterbuffer0> Sequence number GAP detected: expected 47640 instead of 47641 (1 missing)
0:00:02.093750000  3920   00BCEE40 DEBUG     gstrtpjitterbuffer gstrtpjitterbuffer.c:1498:gst_rtp_jitter_buffer_loop:<rtpjitterbuffer0> out_time 0:00:00.383497114, last 0:00:00.383497114
0:00:02.093750000  3920   00BCEE40 DEBUG     gstrtpjitterbuffer gstrtpjitterbuffer.c:1509:gst_rtp_jitter_buffer_loop:<rtpjitterbuffer0> duration 0:00:00.000000000
0:00:02.093750000  3920   00BCEE40 DEBUG     gstrtpjitterbuffer gstrtpjitterbuffer.c:1530:gst_rtp_jitter_buffer_loop:<rtpjitterbuffer0> sync to timestamp 0:00:00.383497114
0:00:02.093750000  3920   00AFA7F0 DEBUG        rtpjitterbuffer rtpjitterbuffer.c:257:calculate_skew: extrtp 185402519, gstrtp 0:34:20.027988888, base 0:34:18.797888888, send_diff 0:00:01.230100000
0:00:02.093750000  3920   00AFA7F0 DEBUG        rtpjitterbuffer rtpjitterbuffer.c:280:calculate_skew: time 0:00:01.457067452, base 0:00:00.252180149, recv_diff 0:00:01.204887303, slope 8
0:00:02.093750000  3920   00AFA7F0 DEBUG        rtpjitterbuffer rtpjitterbuffer.c:297:calculate_skew: filling 241, delta -25212697
0:00:02.093750000  3920   00AFA7F0 DEBUG        rtpjitterbuffer rtpjitterbuffer.c:390:calculate_skew: backwards timestamps, using previous time
0:00:02.093750000  3920   00AFA7F0 DEBUG        rtpjitterbuffer rtpjitterbuffer.c:413:calculate_skew: skew -98531237, out 0:00:01.383748912
0:00:02.093750000  3920   00AFA7F0 DEBUG     gstrtpjitterbuffer gstrtpjitterbuffer.c:1247:gst_rtp_jitter_buffer_chain:<rtpjitterbuffer0> Pushed packet #47876, now 219 packets, tail: 0
0:00:02.093750000  3920   00BCEE40 WARN      gstrtpjitterbuffer gstrtpjitterbuffer.c:1573:gst_rtp_jitter_buffer_loop:<rtpjitterbuffer0> Packet #47640 lost
0:00:02.093750000  3920   00AFA7F0 LOG               rtpsession gstrtpsession.c:1343:gst_rtp_session_chain_recv_rtp:<rtpsession0> received RTP packet
0:00:02.093750000  3920   00BCEE40 DEBUG     gstrtpjitterbuffer gstrtpjitterbuffer.c:1389:gst_rtp_jitter_buffer_loop:<rtpjitterbuffer0> Peeking item
0:00:02.093750000  3920   00AFA7F0 LOG                rtpsource rtpsource.c:1059:rtp_source_process_rtp: seq 47879, PC: 242, OC: 318126
0:00:02.093750000  3920   00BCEE40 DEBUG     gstrtpjitterbuffer gstrtpjitterbuffer.c:1452:gst_rtp_jitter_buffer_loop:<rtpjitterbuffer0> Peeked buffer #47641, expect #47641, timestamp 0:00:00.383497114, now 219 left
0:00:02.093750000  3920   00AFA7F0 LOG                rtpsource rtpsource.c:894:calculate_jitter: SSRC 02564c67 got payload 96
0:00:02.093750000  3920   00BCEE40 LOG       gstrtpjitterbuffer gstrtpjitterbuffer.c:1628:gst_rtp_jitter_buffer_loop:<rtpjitterbuffer0> rtp 185303645, ext 185303645
0:00:02.093750000  3920   00AFA7F0 LOG                rtpsource rtpsource.c:927:calculate_jitter: rtparrival 1486980919, rtptime 185402519, clock-rate 90000, diff 596, jitter: 791.000000
0:00:02.093750000  3920   00BCEE40 DEBUG     gstrtpjitterbuffer gstrtpjitterbuffer.c:1672:gst_rtp_jitter_buffer_loop:<rtpjitterbuffer0> Pushing buffer 47641, timestamp 0:00:00.383497114
0:00:02.093750000  3920   00AFA7F0 LOG                rtpsource rtpsource.c:835:push_packet: pushing new packet
0:00:02.093750000  3920   00BCEE40 DEBUG             rtpptdemux gstrtpptdemux.c:321:gst_rtp_pt_demux_chain:<rtpptdemux0> received buffer for pt 96
0:00:02.093750000  3920   00AFA7F0 LOG               rtpsession rtpsession.c:929:source_push_rtp: source 02564c67 pushed receiver RTP packet
0:00:02.093750000  3920   00BCEE40 LOG         basertpdepayload gstbasertpdepayload.c:298:gst_base_rtp_depayload_chain:<rtpmp4vdepay0> discont 1, seqnum 47641, rtptime 185303645, timestamp 0:00:00.383497114
0:00:02.093750000  3920   00AFA7F0 LOG               rtpsession gstrtpsession.c:959:gst_rtp_session_process_rtp:<rtpsession0> pushing received RTP packet
0:00:02.093750000  3920   00BCEE40 LOG         basertpdepayload gstbasertpdepayload.c:309:gst_base_rtp_depayload_chain:<rtpmp4vdepay0> got packet 47641, expected 47637, gap -4
0:00:02.093750000  3920   00AFA7F0 DEBUG           rtpssrcdemux gstrtpssrcdemux.c:499:gst_rtp_ssrc_demux_chain:<rtpssrcdemux0> received buffer of SSRC 02564c67
0:00:02.093750000  3920   00BCEE40 LOG         basertpdepayload gstbasertpdepayload.c:313:gst_base_rtp_depayload_chain:<rtpmp4vdepay0> -4 missing packets
0:00:02.093750000  3920   00AFA7F0 DEBUG     gstrtpjitterbuffer gstrtpjitterbuffer.c:1125:gst_rtp_jitter_buffer_chain:<rtpjitterbuffer0> Received packet #47879 at time 0:00:01.463687800
0:00:02.093750000  3920   00BCEE40 DEBUG     gstrtpjitterbuffer gstrtpjitterbuffer.c:1389:gst_rtp_jitter_buffer_loop:<rtpjitterbuffer0> Peeking item
0:00:02.093750000  3920   00BCEE40 DEBUG     gstrtpjitterbuffer gstrtpjitterbuffer.c:1452:gst_rtp_jitter_buffer_loop:<rtpjitterbuffer0> Peeked buffer #47645, expect #47642, timestamp 0:00:00.383497114, now 218 left
0:00:02.093750000  3920   00BCEE40 DEBUG     gstrtpjitterbuffer gstrtpjitterbuffer.c:1493:gst_rtp_jitter_buffer_loop:<rtpjitterbuffer0> Sequence number GAP detected: expected 47642 instead of 47645 (3 missing)
0:00:02.093750000  3920   00BCEE40 DEBUG     gstrtpjitterbuffer gstrtpjitterbuffer.c:1498:gst_rtp_jitter_buffer_loop:<rtpjitterbuffer0> out_time 0:00:00.383497114, last 0:00:00.383497114
0:00:02.093750000  3920   00BCEE40 DEBUG     gstrtpjitterbuffer gstrtpjitterbuffer.c:1509:gst_rtp_jitter_buffer_loop:<rtpjitterbuffer0> duration 0:00:00.000000000
0:00:02.093750000  3920   00BCEE40 DEBUG     gstrtpjitterbuffer gstrtpjitterbuffer.c:1530:gst_rtp_jitter_buffer_loop:<rtpjitterbuffer0> sync to timestamp 0:00:00.383497114
0:00:02.093750000  3920   00AFA7F0 DEBUG     gstrtpjitterbuffer gstrtpjitterbuffer.c:1164:gst_rtp_jitter_buffer_chain:<rtpjitterbuffer0> expected #47877, got #47879, gap of 2
0:00:02.093750000  3920   00AFA7F0 DEBUG     gstrtpjitterbuffer gstrtpjitterbuffer.c:1177:gst_rtp_jitter_buffer_chain:<rtpjitterbuffer0> tolerable gap
0:00:02.093750000  3920   00AFA7F0 DEBUG        rtpjitterbuffer rtpjitterbuffer.c:257:calculate_skew: extrtp 185402519, gstrtp 0:34:20.027988888, base 0:34:18.797888888, send_diff 0:00:01.230100000
0:00:02.093750000  3920   00AFA7F0 DEBUG        rtpjitterbuffer rtpjitterbuffer.c:280:calculate_skew: time 0:00:01.463687800, base 0:00:00.252180149, recv_diff 0:00:01.211507651, slope 8
0:00:02.093750000  3920   00AFA7F0 DEBUG        rtpjitterbuffer rtpjitterbuffer.c:297:calculate_skew: filling 242, delta -18592349
0:00:02.093750000  3920   00AFA7F0 DEBUG        rtpjitterbuffer rtpjitterbuffer.c:390:calculate_skew: backwards timestamps, using previous time
0:00:02.093750000  3920   00AFA7F0 DEBUG        rtpjitterbuffer rtpjitterbuffer.c:413:calculate_skew: skew -98531237, out 0:00:01.383748912
0:00:02.093750000  3920   00AFA7F0 DEBUG     gstrtpjitterbuffer gstrtpjitterbuffer.c:1247:gst_rtp_jitter_buffer_chain:<rtpjitterbuffer0> Pushed packet #47879, now 219 packets, tail: 0
0:00:02.093750000  3920   00BCEE40 WARN      gstrtpjitterbuffer gstrtpjitterbuffer.c:1573:gst_rtp_jitter_buffer_loop:<rtpjitterbuffer0> Packet #47642 lost
0:00:02.093750000  3920   00AFA7F0 LOG               rtpsession gstrtpsession.c:1343:gst_rtp_session_chain_recv_rtp:<rtpsession0> received RTP packet
0:00:02.093750000  3920   00BCEE40 DEBUG     gstrtpjitterbuffer gstrtpjitterbuffer.c:1389:gst_rtp_jitter_buffer_loop:<rtpjitterbuffer0> Peeking item
0:00:02.093750000  3920   00AFA7F0 LOG                rtpsource rtpsource.c:1059:rtp_source_process_rtp: seq 47887, PC: 243, OC: 319514
0:00:02.093750000  3920   00BCEE40 DEBUG     gstrtpjitterbuffer gstrtpjitterbuffer.c:1452:gst_rtp_jitter_buffer_loop:<rtpjitterbuffer0> Peeked buffer #47645, expect #47643, timestamp 0:00:00.383497114, now 219 left
0:00:02.093750000  3920   00AFA7F0 LOG                rtpsource rtpsource.c:894:calculate_jitter: SSRC 02564c67 got payload 96
0:00:02.093750000  3920   00BCEE40 DEBUG     gstrtpjitterbuffer gstrtpjitterbuffer.c:1493:gst_rtp_jitter_buffer_loop:<rtpjitterbuffer0> Sequence number GAP detected: expected 47643 instead of 47645 (2 missing)
0:00:02.093750000  3920   00AFA7F0 LOG                rtpsource rtpsource.c:927:calculate_jitter: rtparrival 1486981585, rtptime 185402519, clock-rate 90000, diff 666, jitter: 783.187500
0:00:02.093750000  3920   00BCEE40 DEBUG     gstrtpjitterbuffer gstrtpjitterbuffer.c:1498:gst_rtp_jitter_buffer_loop:<rtpjitterbuffer0> out_time 0:00:00.383497114, last 0:00:00.383497114
0:00:02.093750000  3920   00AFA7F0 LOG                rtpsource rtpsource.c:835:push_packet: pushing new packet
0:00:02.093750000  3920   00BCEE40 DEBUG     gstrtpjitterbuffer gstrtpjitterbuffer.c:1509:gst_rtp_jitter_buffer_loop:<rtpjitterbuffer0> duration 0:00:00.000000000
0:00:02.093750000  3920   00AFA7F0 LOG               rtpsession rtpsession.c:929:source_push_rtp: source 02564c67 pushed receiver RTP packet
0:00:02.093750000  3920   00BCEE40 DEBUG     gstrtpjitterbuffer gstrtpjitterbuffer.c:1530:gst_rtp_jitter_buffer_loop:<rtpjitterbuffer0> sync to timestamp 0:00:00.383497114
0:00:02.093750000  3920   00AFA7F0 LOG               rtpsession gstrtpsession.c:959:gst_rtp_session_process_rtp:<rtpsession0> pushing received RTP packet
0:00:02.093750000  3920   00BCEE40 WARN      gstrtpjitterbuffer gstrtpjitterbuffer.c:1573:gst_rtp_jitter_buffer_loop:<rtpjitterbuffer0> Packet #47643 lost
0:00:02.093750000  3920   00AFA7F0 DEBUG           rtpssrcdemux gstrtpssrcdemux.c:499:gst_rtp_ssrc_demux_chain:<rtpssrcdemux0> received buffer of SSRC 02564c67
0:00:02.093750000  3920   00BCEE40 DEBUG     gstrtpjitterbuffer gstrtpjitterbuffer.c:1389:gst_rtp_jitter_buffer_loop:<rtpjitterbuffer0> Peeking item
0:00:02.093750000  3920   00B744C8 DEBUG             rtpsession gstrtpsession.c:797:rtcp_thread:<rtpsession0> unlocked 0, current 0:00:01.491116465
0:00:02.093750000  3920   00AFA7F0 DEBUG     gstrtpjitterbuffer gstrtpjitterbuffer.c:1125:gst_rtp_jitter_buffer_chain:<rtpjitterbuffer0> Received packet #47887 at time 0:00:01.471087830
0:00:02.093750000  3920   00BCEE40 DEBUG     gstrtpjitterbuffer gstrtpjitterbuffer.c:1452:gst_rtp_jitter_buffer_loop:<rtpjitterbuffer0> Peeked buffer #47645, expect #47644, timestamp 0:00:00.383497114, now 219 left
0:00:02.093750000  3920   00B744C8 DEBUG             rtpsession rtpsession.c:2415:rtp_session_on_timeout: reporting at 0:00:01.491116465, NTP time 965841:59:17.427395907
0:00:02.093750000  3920   00BCEE40 DEBUG     gstrtpjitterbuffer gstrtpjitterbuffer.c:1493:gst_rtp_jitter_buffer_loop:<rtpjitterbuffer0> Sequence number GAP detected: expected 47644 instead of 47645 (1 missing)
0:00:02.093750000  3920   00B744C8 DEBUG             rtpsession rtpsession.c:2001:calculate_rtcp_interval: next deterministic interval: 0:00:02.500000000, first 1
0:00:02.109375000  3920   00BCEE40 DEBUG     gstrtpjitterbuffer gstrtpjitterbuffer.c:1498:gst_rtp_jitter_buffer_loop:<rtpjitterbuffer0> out_time 0:00:00.383497114, last 0:00:00.383497114
0:00:02.109375000  3920   00B744C8 DEBUG             rtpsession rtpsession.c:2006:calculate_rtcp_interval: next interval: 0:00:02.500000000
0:00:02.109375000  3920   00BCEE40 DEBUG     gstrtpjitterbuffer gstrtpjitterbuffer.c:1509:gst_rtp_jitter_buffer_loop:<rtpjitterbuffer0> duration 0:00:00.000000000
0:00:02.109375000  3920   00B744C8 DEBUG             rtpsession rtpsession.c:2363:is_rtcp_time: forward reconsideration 0:00:01.864811482, elapsed 0:00:01.491116465
0:00:02.109375000  3920   00BCEE40 DEBUG     gstrtpjitterbuffer gstrtpjitterbuffer.c:1530:gst_rtp_jitter_buffer_loop:<rtpjitterbuffer0> sync to timestamp 0:00:00.383497114
