0:00:02.546875000  3920   00BCEE40 DEBUG             rtpptdemux gstrtpptdemux.c:321:gst_rtp_pt_demux_chain:<rtpptdemux0> received buffer for pt 96
0:00:02.546875000  3920   00AFA7F0 LOG                rtpsource rtpsource.c:835:push_packet: pushing new packet
0:00:02.546875000  3920   00BCEE40 LOG         basertpdepayload gstbasertpdepayload.c:298:gst_base_rtp_depayload_chain:<rtpmp4vdepay0> discont 0, seqnum 47769, rtptime 185354729, timestamp 0:00:00.853668929
0:00:02.546875000  3920   00AFA7F0 LOG               rtpsession rtpsession.c:929:source_push_rtp: source 02564c67 pushed receiver RTP packet
0:00:02.546875000  3920   00BCEE40 DEBUG     gstrtpjitterbuffer gstrtpjitterbuffer.c:1389:gst_rtp_jitter_buffer_loop:<rtpjitterbuffer0> Peeking item
0:00:02.546875000  3920   00AFA7F0 LOG               rtpsession gstrtpsession.c:959:gst_rtp_session_process_rtp:<rtpsession0> pushing received RTP packet
0:00:02.546875000  3920   00BCEE40 DEBUG     gstrtpjitterbuffer gstrtpjitterbuffer.c:1452:gst_rtp_jitter_buffer_loop:<rtpjitterbuffer0> Peeked buffer #47770, expect #47770, timestamp 0:00:00.853668929, now 166 left
0:00:02.546875000  3920   00AFA7F0 DEBUG           rtpssrcdemux gstrtpssrcdemux.c:499:gst_rtp_ssrc_demux_chain:<rtpssrcdemux0> received buffer of SSRC 02564c67
0:00:02.546875000  3920   00BCEE40 LOG       gstrtpjitterbuffer gstrtpjitterbuffer.c:1628:gst_rtp_jitter_buffer_loop:<rtpjitterbuffer0> rtp 185354729, ext 185354729
0:00:02.546875000  3920   00AFA7F0 DEBUG     gstrtpjitterbuffer gstrtpjitterbuffer.c:1125:gst_rtp_jitter_buffer_chain:<rtpjitterbuffer0> Received packet #47996 at time 0:00:01.919392624
0:00:02.546875000  3920   00BCEE40 DEBUG     gstrtpjitterbuffer gstrtpjitterbuffer.c:1672:gst_rtp_jitter_buffer_loop:<rtpjitterbuffer0> Pushing buffer 47770, timestamp 0:00:00.853668929
0:00:02.546875000  3920   00AFA7F0 DEBUG        rtpjitterbuffer rtpjitterbuffer.c:257:calculate_skew: extrtp 185444615, gstrtp 0:34:20.495722222, base 0:34:18.797888888, send_diff 0:00:01.697833334
0:00:02.546875000  3920   00BCEE40 DEBUG             rtpptdemux gstrtpptdemux.c:321:gst_rtp_pt_demux_chain:<rtpptdemux0> received buffer for pt 96
0:00:02.546875000  3920   00AFA7F0 DEBUG        rtpjitterbuffer rtpjitterbuffer.c:280:calculate_skew: time 0:00:01.919392624, base 0:00:00.252180149, recv_diff 0:00:01.667212475, slope 8
0:00:02.546875000  3920   00BCEE40 LOG         basertpdepayload gstbasertpdepayload.c:298:gst_base_rtp_depayload_chain:<rtpmp4vdepay0> discont 0, seqnum 47770, rtptime 185354729, timestamp 0:00:00.853668929
0:00:02.546875000  3920   00AFA7F0 DEBUG        rtpjitterbuffer rtpjitterbuffer.c:297:calculate_skew: filling 307, delta -30620859
0:00:02.546875000  3920   00BCEE40 DEBUG           rtpmp4vdepay gstrtpmp4vdepay.c:198:gst_rtp_mp4v_depay_process: gst_rtp_mp4v_depay_chain: pushing buffer of size 9087
0:00:02.546875000  3920   00AFA7F0 DEBUG        rtpjitterbuffer rtpjitterbuffer.c:390:calculate_skew: backwards timestamps, using previous time
0:00:02.546875000  3920   00BCEE40 LOG         basertpdepayload gstbasertpdepayload.c:521:gst_base_rtp_depayload_push_full:<rtpmp4vdepay0> Pushing buffer size 9087, timestamp 0:00:00.853668929
0:00:02.546875000  3920   00AFA7F0 DEBUG        rtpjitterbuffer rtpjitterbuffer.c:413:calculate_skew: skew -98531238, out 0:00:01.851482245
0:00:02.546875000  3920   00AFA7F0 DEBUG     gstrtpjitterbuffer gstrtpjitterbuffer.c:1247:gst_rtp_jitter_buffer_chain:<rtpjitterbuffer0> Pushed packet #47996, now 166 packets, tail: 0
0:00:02.546875000  3920   00BCEE40 DEBUG     gstrtpjitterbuffer gstrtpjitterbuffer.c:1389:gst_rtp_jitter_buffer_loop:<rtpjitterbuffer0> Peeking item
0:00:02.546875000  3920   00AFA7F0 LOG               rtpsession gstrtpsession.c:1343:gst_rtp_session_chain_recv_rtp:<rtpsession0> received RTP packet
0:00:02.546875000  3920   00BCEE40 DEBUG     gstrtpjitterbuffer gstrtpjitterbuffer.c:1452:gst_rtp_jitter_buffer_loop:<rtpjitterbuffer0> Peeked buffer #47771, expect #47771, timestamp 0:00:00.884754320, now 166 left
0:00:02.546875000  3920   00AFA7F0 LOG                rtpsource rtpsource.c:1059:rtp_source_process_rtp: seq 47997, PC: 308, OC: 409003
0:00:02.546875000  3920   00BCEE40 LOG       gstrtpjitterbuffer gstrtpjitterbuffer.c:1628:gst_rtp_jitter_buffer_loop:<rtpjitterbuffer0> rtp 185357575, ext 185354729
0:00:02.546875000  3920   00AFA7F0 LOG                rtpsource rtpsource.c:894:calculate_jitter: SSRC 02564c67 got payload 96
0:00:02.546875000  3920   00BCEE40 LOG       gstrtpjitterbuffer gstrtpjitterbuffer.c:1656:gst_rtp_jitter_buffer_loop:<rtpjitterbuffer0> elapsed 0:00:00.730722222, estimated 0:00:12.107943256
0:00:02.546875000  3920   00AFA7F0 LOG                rtpsource rtpsource.c:927:calculate_jitter: rtparrival 1487022535, rtptime 185444615, clock-rate 90000, diff 603, jitter: 949.312500
0:00:02.546875000  3920   00BCEE40 DEBUG     gstrtpjitterbuffer gstrtpjitterbuffer.c:1672:gst_rtp_jitter_buffer_loop:<rtpjitterbuffer0> Pushing buffer 47771, timestamp 0:00:00.884754320
0:00:02.546875000  3920   00AFA7F0 LOG                rtpsource rtpsource.c:835:push_packet: pushing new packet
0:00:02.546875000  3920   00BCEE40 DEBUG             rtpptdemux gstrtpptdemux.c:321:gst_rtp_pt_demux_chain:<rtpptdemux0> received buffer for pt 96
0:00:02.546875000  3920   00AFA7F0 LOG               rtpsession rtpsession.c:929:source_push_rtp: source 02564c67 pushed receiver RTP packet
0:00:02.546875000  3920   00BCEE40 LOG         basertpdepayload gstbasertpdepayload.c:298:gst_base_rtp_depayload_chain:<rtpmp4vdepay0> discont 0, seqnum 47771, rtptime 185357575, timestamp 0:00:00.884754320
0:00:02.546875000  3920   00AFA7F0 LOG               rtpsession gstrtpsession.c:959:gst_rtp_session_process_rtp:<rtpsession0> pushing received RTP packet
0:00:02.562500000  3920   00BCEE40 DEBUG     gstrtpjitterbuffer gstrtpjitterbuffer.c:1389:gst_rtp_jitter_buffer_loop:<rtpjitterbuffer0> Peeking item
0:00:02.562500000  3920   00AFA7F0 DEBUG           rtpssrcdemux gstrtpssrcdemux.c:499:gst_rtp_ssrc_demux_chain:<rtpssrcdemux0> received buffer of SSRC 02564c67
0:00:02.562500000  3920   00BCEE40 DEBUG     gstrtpjitterbuffer gstrtpjitterbuffer.c:1452:gst_rtp_jitter_buffer_loop:<rtpjitterbuffer0> Peeked buffer #47772, expect #47772, timestamp 0:00:00.884754320, now 165 left
0:00:02.562500000  3920   00AFA7F0 DEBUG     gstrtpjitterbuffer gstrtpjitterbuffer.c:1125:gst_rtp_jitter_buffer_chain:<rtpjitterbuffer0> Received packet #47997 at time 0:00:01.926084492
0:00:02.562500000  3920   00BCEE40 LOG       gstrtpjitterbuffer gstrtpjitterbuffer.c:1628:gst_rtp_jitter_buffer_loop:<rtpjitterbuffer0> rtp 185357575, ext 185357575
0:00:02.562500000  3920   00BCEE40 DEBUG     gstrtpjitterbuffer gstrtpjitterbuffer.c:1672:gst_rtp_jitter_buffer_loop:<rtpjitterbuffer0> Pushing buffer 47772, timestamp 0:00:00.884754320
0:00:02.562500000  3920   00AFA7F0 DEBUG        rtpjitterbuffer rtpjitterbuffer.c:257:calculate_skew: extrtp 185444615, gstrtp 0:34:20.495722222, base 0:34:18.797888888, send_diff 0:00:01.697833334
0:00:02.562500000  3920   00BCEE40 DEBUG             rtpptdemux gstrtpptdemux.c:321:gst_rtp_pt_demux_chain:<rtpptdemux0> received buffer for pt 96
0:00:02.562500000  3920   00AFA7F0 DEBUG        rtpjitterbuffer rtpjitterbuffer.c:280:calculate_skew: time 0:00:01.926084492, base 0:00:00.252180149, recv_diff 0:00:01.673904343, slope 8
0:00:02.562500000  3920   00BCEE40 LOG         basertpdepayload gstbasertpdepayload.c:298:gst_base_rtp_depayload_chain:<rtpmp4vdepay0> discont 0, seqnum 47772, rtptime 185357575, timestamp 0:00:00.884754320
0:00:02.562500000  3920   00AFA7F0 DEBUG        rtpjitterbuffer rtpjitterbuffer.c:297:calculate_skew: filling 308, delta -23928991
0:00:02.562500000  3920   00AFA7F0 DEBUG        rtpjitterbuffer rtpjitterbuffer.c:390:calculate_skew: backwards timestamps, using previous time
0:00:02.562500000  3920   00AFA7F0 DEBUG        rtpjitterbuffer rtpjitterbuffer.c:413:calculate_skew: skew -98531238, out 0:00:01.851482245
0:00:02.562500000  3920   00AFA7F0 DEBUG     gstrtpjitterbuffer gstrtpjitterbuffer.c:1247:gst_rtp_jitter_buffer_chain:<rtpjitterbuffer0> Pushed packet #47997, now 165 packets, tail: 0
0:00:02.562500000  3920   00BCEE40 DEBUG     gstrtpjitterbuffer gstrtpjitterbuffer.c:1389:gst_rtp_jitter_buffer_loop:<rtpjitterbuffer0> Peeking item
0:00:02.562500000  3920   00AFA7F0 LOG               rtpsession gstrtpsession.c:1343:gst_rtp_session_chain_recv_rtp:<rtpsession0> received RTP packet
0:00:02.562500000  3920   00BCEE40 DEBUG     gstrtpjitterbuffer gstrtpjitterbuffer.c:1452:gst_rtp_jitter_buffer_loop:<rtpjitterbuffer0> Peeked buffer #47773, expect #47773, timestamp 0:00:00.884754320, now 165 left
0:00:02.562500000  3920   00AFA7F0 LOG                rtpsource rtpsource.c:1059:rtp_source_process_rtp: seq 47998, PC: 309, OC: 410391
0:00:02.562500000  3920   00BCEE40 LOG       gstrtpjitterbuffer gstrtpjitterbuffer.c:1628:gst_rtp_jitter_buffer_loop:<rtpjitterbuffer0> rtp 185357575, ext 185357575
0:00:02.562500000  3920   00AFA7F0 LOG                rtpsource rtpsource.c:894:calculate_jitter: SSRC 02564c67 got payload 96
0:00:02.562500000  3920   00BCEE40 DEBUG     gstrtpjitterbuffer gstrtpjitterbuffer.c:1672:gst_rtp_jitter_buffer_loop:<rtpjitterbuffer0> Pushing buffer 47773, timestamp 0:00:00.884754320
0:00:02.562500000  3920   00AFA7F0 LOG                rtpsource rtpsource.c:927:calculate_jitter: rtparrival 1487023151, rtptime 185444615, clock-rate 90000, diff 616, jitter: 928.500000
0:00:02.562500000  3920   00BCEE40 DEBUG             rtpptdemux gstrtpptdemux.c:321:gst_rtp_pt_demux_chain:<rtpptdemux0> received buffer for pt 96
0:00:02.562500000  3920   00AFA7F0 LOG                rtpsource rtpsource.c:835:push_packet: pushing new packet
0:00:02.562500000  3920   00BCEE40 LOG         basertpdepayload gstbasertpdepayload.c:298:gst_base_rtp_depayload_chain:<rtpmp4vdepay0> discont 0, seqnum 47773, rtptime 185357575, timestamp 0:00:00.884754320
0:00:02.562500000  3920   00AFA7F0 LOG               rtpsession rtpsession.c:929:source_push_rtp: source 02564c67 pushed receiver RTP packet
0:00:02.562500000  3920   00BCEE40 DEBUG     gstrtpjitterbuffer gstrtpjitterbuffer.c:1389:gst_rtp_jitter_buffer_loop:<rtpjitterbuffer0> Peeking item
0:00:02.562500000  3920   00AFA7F0 LOG               rtpsession gstrtpsession.c:959:gst_rtp_session_process_rtp:<rtpsession0> pushing received RTP packet
0:00:02.562500000  3920   00BCEE40 DEBUG     gstrtpjitterbuffer gstrtpjitterbuffer.c:1452:gst_rtp_jitter_buffer_loop:<rtpjitterbuffer0> Peeked buffer #47774, expect #47774, timestamp 0:00:00.884754320, now 164 left
0:00:02.562500000  3920   00AFA7F0 DEBUG           rtpssrcdemux gstrtpssrcdemux.c:499:gst_rtp_ssrc_demux_chain:<rtpssrcdemux0> received buffer of SSRC 02564c67
0:00:02.562500000  3920   00BCEE40 LOG       gstrtpjitterbuffer gstrtpjitterbuffer.c:1628:gst_rtp_jitter_buffer_loop:<rtpjitterbuffer0> rtp 185357575, ext 185357575
0:00:02.562500000  3920   00AFA7F0 DEBUG     gstrtpjitterbuffer gstrtpjitterbuffer.c:1125:gst_rtp_jitter_buffer_chain:<rtpjitterbuffer0> Received packet #47998 at time 0:00:01.932931204
0:00:02.562500000  3920   00BCEE40 DEBUG     gstrtpjitterbuffer gstrtpjitterbuffer.c:1672:gst_rtp_jitter_buffer_loop:<rtpjitterbuffer0> Pushing buffer 47774, timestamp 0:00:00.884754320
0:00:02.562500000  3920   00AFA7F0 DEBUG        rtpjitterbuffer rtpjitterbuffer.c:257:calculate_skew: extrtp 185444615, gstrtp 0:34:20.495722222, base 0:34:18.797888888, send_diff 0:00:01.697833334
0:00:02.562500000  3920   00BCEE40 DEBUG             rtpptdemux gstrtpptdemux.c:321:gst_rtp_pt_demux_chain:<rtpptdemux0> received buffer for pt 96
0:00:02.562500000  3920   00AFA7F0 DEBUG        rtpjitterbuffer rtpjitterbuffer.c:280:calculate_skew: time 0:00:01.932931204, base 0:00:00.252180149, recv_diff 0:00:01.680751055, slope 8
0:00:02.562500000  3920   00BCEE40 LOG         basertpdepayload gstbasertpdepayload.c:298:gst_base_rtp_depayload_chain:<rtpmp4vdepay0> discont 0, seqnum 47774, rtptime 185357575, timestamp 0:00:00.884754320
0:00:02.562500000  3920   00AFA7F0 DEBUG        rtpjitterbuffer rtpjitterbuffer.c:297:calculate_skew: filling 309, delta -17082279
0:00:02.562500000  3920   00AFA7F0 DEBUG        rtpjitterbuffer rtpjitterbuffer.c:390:calculate_skew: backwards timestamps, using previous time
0:00:02.562500000  3920   00AFA7F0 DEBUG        rtpjitterbuffer rtpjitterbuffer.c:413:calculate_skew: skew -98531238, out 0:00:01.851482245
0:00:02.562500000  3920   00AFA7F0 DEBUG     gstrtpjitterbuffer gstrtpjitterbuffer.c:1247:gst_rtp_jitter_buffer_chain:<rtpjitterbuffer0> Pushed packet #47998, now 164 packets, tail: 0
0:00:02.562500000  3920   00BCEE40 DEBUG     gstrtpjitterbuffer gstrtpjitterbuffer.c:1389:gst_rtp_jitter_buffer_loop:<rtpjitterbuffer0> Peeking item
0:00:02.562500000  3920   00AFA7F0 LOG               rtpsession gstrtpsession.c:1343:gst_rtp_session_chain_recv_rtp:<rtpsession0> received RTP packet
0:00:02.562500000  3920   00BCEE40 DEBUG     gstrtpjitterbuffer gstrtpjitterbuffer.c:1452:gst_rtp_jitter_buffer_loop:<rtpjitterbuffer0> Peeked buffer #47775, expect #47775, timestamp 0:00:00.884754320, now 164 left
0:00:02.562500000  3920   00AFA7F0 LOG                rtpsource rtpsource.c:1059:rtp_source_process_rtp: seq 48001, PC: 310, OC: 411779
0:00:02.562500000  3920   00BCEE40 LOG       gstrtpjitterbuffer gstrtpjitterbuffer.c:1628:gst_rtp_jitter_buffer_loop:<rtpjitterbuffer0> rtp 185357575, ext 185357575
0:00:02.562500000  3920   00AFA7F0 LOG                rtpsource rtpsource.c:894:calculate_jitter: SSRC 02564c67 got payload 96
0:00:02.562500000  3920   00BCEE40 DEBUG     gstrtpjitterbuffer gstrtpjitterbuffer.c:1672:gst_rtp_jitter_buffer_loop:<rtpjitterbuffer0> Pushing buffer 47775, timestamp 0:00:00.884754320
0:00:02.562500000  3920   00AFA7F0 LOG                rtpsource rtpsource.c:927:calculate_jitter: rtparrival 1487023722, rtptime 185447461, clock-rate 90000, diff 2275, jitter: 1012.625000
0:00:02.562500000  3920   00BCEE40 DEBUG             rtpptdemux gstrtpptdemux.c:321:gst_rtp_pt_demux_chain:<rtpptdemux0> received buffer for pt 96
0:00:02.562500000  3920   00AFA7F0 LOG                rtpsource rtpsource.c:835:push_packet: pushing new packet
0:00:02.562500000  3920   00BCEE40 LOG         basertpdepayload gstbasertpdepayload.c:298:gst_base_rtp_depayload_chain:<rtpmp4vdepay0> discont 0, seqnum 47775, rtptime 185357575, timestamp 0:00:00.884754320
0:00:02.562500000  3920   00AFA7F0 LOG               rtpsession rtpsession.c:929:source_push_rtp: source 02564c67 pushed receiver RTP packet
0:00:02.562500000  3920   00BCEE40 DEBUG     gstrtpjitterbuffer gstrtpjitterbuffer.c:1389:gst_rtp_jitter_buffer_loop:<rtpjitterbuffer0> Peeking item
0:00:02.562500000  3920   00AFA7F0 LOG               rtpsession gstrtpsession.c:959:gst_rtp_session_process_rtp:<rtpsession0> pushing received RTP packet
0:00:02.562500000  3920   00BCEE40 DEBUG     gstrtpjitterbuffer gstrtpjitterbuffer.c:1452:gst_rtp_jitter_buffer_loop:<rtpjitterbuffer0> Peeked buffer #47776, expect #47776, timestamp 0:00:00.884754320, now 163 left
0:00:02.562500000  3920   00AFA7F0 DEBUG           rtpssrcdemux gstrtpssrcdemux.c:499:gst_rtp_ssrc_demux_chain:<rtpssrcdemux0> received buffer of SSRC 02564c67
0:00:02.562500000  3920   00BCEE40 LOG       gstrtpjitterbuffer gstrtpjitterbuffer.c:1628:gst_rtp_jitter_buffer_loop:<rtpjitterbuffer0> rtp 185357575, ext 185357575
0:00:02.562500000  3920   00AFA7F0 DEBUG     gstrtpjitterbuffer gstrtpjitterbuffer.c:1125:gst_rtp_jitter_buffer_chain:<rtpjitterbuffer0> Received packet #48001 at time 0:00:01.939274750
0:00:02.562500000  3920   00BCEE40 DEBUG     gstrtpjitterbuffer gstrtpjitterbuffer.c:1672:gst_rtp_jitter_buffer_loop:<rtpjitterbuffer0> Pushing buffer 47776, timestamp 0:00:00.884754320
0:00:02.562500000  3920   00AFA7F0 DEBUG     gstrtpjitterbuffer gstrtpjitterbuffer.c:1164:gst_rtp_jitter_buffer_chain:<rtpjitterbuffer0> expected #47999, got #48001, gap of 2
0:00:02.562500000  3920   00BCEE40 DEBUG             rtpptdemux gstrtpptdemux.c:321:gst_rtp_pt_demux_chain:<rtpptdemux0> received buffer for pt 96
0:00:02.562500000  3920   00AFA7F0 DEBUG     gstrtpjitterbuffer gstrtpjitterbuffer.c:1177:gst_rtp_jitter_buffer_chain:<rtpjitterbuffer0> tolerable gap
0:00:02.562500000  3920   00BCEE40 LOG         basertpdepayload gstbasertpdepayload.c:298:gst_base_rtp_depayload_chain:<rtpmp4vdepay0> discont 0, seqnum 47776, rtptime 185357575, timestamp 0:00:00.884754320
0:00:02.562500000  3920   00AFA7F0 DEBUG        rtpjitterbuffer rtpjitterbuffer.c:257:calculate_skew: extrtp 185447461, gstrtp 0:34:20.527344444, base 0:34:18.797888888, send_diff 0:00:01.729455556
0:00:02.578125000  3920   00AFA7F0 DEBUG        rtpjitterbuffer rtpjitterbuffer.c:280:calculate_skew: time 0:00:01.939274750, base 0:00:00.252180149, recv_diff 0:00:01.687094601, slope 8
0:00:02.578125000  3920   00AFA7F0 DEBUG        rtpjitterbuffer rtpjitterbuffer.c:297:calculate_skew: filling 310, delta -42360955
0:00:02.578125000  3920   00AFA7F0 DEBUG        rtpjitterbuffer rtpjitterbuffer.c:413:calculate_skew: skew -98531238, out 0:00:01.883104467
0:00:02.578125000  3920   00AFA7F0 DEBUG     gstrtpjitterbuffer gstrtpjitterbuffer.c:1247:gst_rtp_jitter_buffer_chain:<rtpjitterbuffer0> Pushed packet #48001, now 163 packets, tail: 0
0:00:02.578125000  3920   00AFA7F0 LOG               rtpsession gstrtpsession.c:1343:gst_rtp_session_chain_recv_rtp:<rtpsession0> received RTP packet
0:00:02.578125000  3920   00BCEE40 DEBUG     gstrtpjitterbuffer gstrtpjitterbuffer.c:1389:gst_rtp_jitter_buffer_loop:<rtpjitterbuffer0> Peeking item
0:00:02.578125000  3920   00AFA7F0 LOG                rtpsource rtpsource.c:1059:rtp_source_process_rtp: seq 48002, PC: 311, OC: 413167
0:00:02.578125000  3920   00BCEE40 DEBUG     gstrtpjitterbuffer gstrtpjitterbuffer.c:1452:gst_rtp_jitter_buffer_loop:<rtpjitterbuffer0> Peeked buffer #47777, expect #47777, timestamp 0:00:00.884754320, now 163 left
0:00:02.578125000  3920   00AFA7F0 LOG                rtpsource rtpsource.c:894:calculate_jitter: SSRC 02564c67 got payload 96
0:00:02.578125000  3920   00BCEE40 LOG       gstrtpjitterbuffer gstrtpjitterbuffer.c:1628:gst_rtp_jitter_buffer_loop:<rtpjitterbuffer0> rtp 185357575, ext 185357575
0:00:02.578125000  3920   00AFA7F0 LOG                rtpsource rtpsource.c:927:calculate_jitter: rtparrival 1487024306, rtptime 185447461, clock-rate 90000, diff 584, jitter: 985.812500
0:00:02.578125000  3920   00BCEE40 DEBUG     gstrtpjitterbuffer gstrtpjitterbuffer.c:1672:gst_rtp_jitter_buffer_loop:<rtpjitterbuffer0> Pushing buffer 47777, timestamp 0:00:00.884754320
0:00:02.578125000  3920   00AFA7F0 LOG                rtpsource rtpsource.c:835:push_packet: pushing new packet
0:00:02.578125000  3920   00BCEE40 DEBUG             rtpptdemux gstrtpptdemux.c:321:gst_rtp_pt_demux_chain:<rtpptdemux0> received buffer for pt 96
0:00:02.578125000  3920   00AFA7F0 LOG               rtpsession rtpsession.c:929:source_push_rtp: source 02564c67 pushed receiver RTP packet
0:00:02.578125000  3920   00BCEE40 LOG         basertpdepayload gstbasertpdepayload.c:298:gst_base_rtp_depayload_chain:<rtpmp4vdepay0> discont 0, seqnum 47777, rtptime 185357575, timestamp 0:00:00.884754320
0:00:02.578125000  3920   00AFA7F0 LOG               rtpsession gstrtpsession.c:959:gst_rtp_session_process_rtp:<rtpsession0> pushing received RTP packet
0:00:02.578125000  3920   00BCEE40 DEBUG           rtpmp4vdepay gstrtpmp4vdepay.c:198:gst_rtp_mp4v_depay_process: gst_rtp_mp4v_depay_chain: pushing buffer of size 8875
0:00:02.578125000  3920   00AFA7F0 DEBUG           rtpssrcdemux gstrtpssrcdemux.c:499:gst_rtp_ssrc_demux_chain:<rtpssrcdemux0> received buffer of SSRC 02564c67
0:00:02.578125000  3920   00BCEE40 LOG         basertpdepayload gstbasertpdepayload.c:521:gst_base_rtp_depayload_push_full:<rtpmp4vdepay0> Pushing buffer size 8875, timestamp 0:00:00.884754320
0:00:02.578125000  3920   00AFA7F0 DEBUG     gstrtpjitterbuffer gstrtpjitterbuffer.c:1125:gst_rtp_jitter_buffer_chain:<rtpjitterbuffer0> Received packet #48002 at time 0:00:01.945770447
0:00:02.578125000  3920   00BCEE40 DEBUG     gstrtpjitterbuffer gstrtpjitterbuffer.c:1389:gst_rtp_jitter_buffer_loop:<rtpjitterbuffer0> Peeking item
0:00:02.578125000  3920   00BCEE40 DEBUG     gstrtpjitterbuffer gstrtpjitterbuffer.c:1452:gst_rtp_jitter_buffer_loop:<rtpjitterbuffer0> Peeked buffer #47778, expect #47778, timestamp 0:00:00.921135916, now 162 left
0:00:02.578125000  3920   00BCEE40 LOG       gstrtpjitterbuffer gstrtpjitterbuffer.c:1628:gst_rtp_jitter_buffer_loop:<rtpjitterbuffer0> rtp 185360871, ext 185357575
0:00:02.578125000  3920   00BCEE40 LOG       gstrtpjitterbuffer gstrtpjitterbuffer.c:1656:gst_rtp_jitter_buffer_loop:<rtpjitterbuffer0> elapsed 0:00:00.767344444, estimated 0:00:12.004203890
0:00:02.578125000  3920   00BCEE40 DEBUG     gstrtpjitterbuffer gstrtpjitterbuffer.c:1672:gst_rtp_jitter_buffer_loop:<rtpjitterbuffer0> Pushing buffer 47778, timestamp 0:00:00.921135916
0:00:02.578125000  3920   00AFA7F0 DEBUG        rtpjitterbuffer rtpjitterbuffer.c:257:calculate_skew: extrtp 185447461, gstrtp 0:34:20.527344444, base 0:34:18.797888888, send_diff 0:00:01.729455556
0:00:02.578125000  3920   00BCEE40 DEBUG             rtpptdemux gstrtpptdemux.c:321:gst_rtp_pt_demux_chain:<rtpptdemux0> received buffer for pt 96
0:00:02.578125000  3920   00AFA7F0 DEBUG        rtpjitterbuffer rtpjitterbuffer.c:280:calculate_skew: time 0:00:01.945770447, base 0:00:00.252180149, recv_diff 0:00:01.693590298, slope 8
0:00:02.578125000  3920   00BCEE40 LOG         basertpdepayload gstbasertpdepayload.c:298:gst_base_rtp_depayload_chain:<rtpmp4vdepay0> discont 0, seqnum 47778, rtptime 185360871, timestamp 0:00:00.921135916
0:00:02.578125000  3920   00AFA7F0 DEBUG        rtpjitterbuffer rtpjitterbuffer.c:297:calculate_skew: filling 311, delta -35865258
0:00:02.578125000  3920   00AFA7F0 DEBUG        rtpjitterbuffer rtpjitterbuffer.c:390:calculate_skew: backwards timestamps, using previous time
0:00:02.578125000  3920   00AFA7F0 DEBUG        rtpjitterbuffer rtpjitterbuffer.c:413:calculate_skew: skew -98531238, out 0:00:01.883104467
0:00:02.578125000  3920   00AFA7F0 DEBUG     gstrtpjitterbuffer gstrtpjitterbuffer.c:1247:gst_rtp_jitter_buffer_chain:<rtpjitterbuffer0> Pushed packet #48002, now 162 packets, tail: 0
0:00:02.578125000  3920   00BCEE40 DEBUG     gstrtpjitterbuffer gstrtpjitterbuffer.c:1389:gst_rtp_jitter_buffer_loop:<rtpjitterbuffer0> Peeking item
0:00:02.578125000  3920   00AFA7F0 LOG               rtpsession gstrtpsession.c:1343:gst_rtp_session_chain_recv_rtp:<rtpsession0> received RTP packet
0:00:02.578125000  3920   00BCEE40 DEBUG     gstrtpjitterbuffer gstrtpjitterbuffer.c:1452:gst_rtp_jitter_buffer_loop:<rtpjitterbuffer0> Peeked buffer #47779, expect #47779, timestamp 0:00:00.921135916, now 162 left
0:00:02.578125000  3920   00AFA7F0 LOG                rtpsource rtpsource.c:1059:rtp_source_process_rtp: seq 48003, PC: 312, OC: 414555
0:00:02.578125000  3920   00BCEE40 LOG       gstrtpjitterbuffer gstrtpjitterbuffer.c:1628:gst_rtp_jitter_buffer_loop:<rtpjitterbuffer0> rtp 185360871, ext 185360871
0:00:02.578125000  3920   00AFA7F0 LOG                rtpsource rtpsource.c:894:calculate_jitter: SSRC 02564c67 got payload 96
0:00:02.578125000  3920   00BCEE40 DEBUG     gstrtpjitterbuffer gstrtpjitterbuffer.c:1672:gst_rtp_jitter_buffer_loop:<rtpjitterbuffer0> Pushing buffer 47779, timestamp 0:00:00.921135916
0:00:02.578125000  3920   00AFA7F0 LOG                rtpsource rtpsource.c:927:calculate_jitter: rtparrival 1487024966, rtptime 185447461, clock-rate 90000, diff 660, jitter: 965.437500
0:00:02.578125000  3920   00BCEE40 DEBUG             rtpptdemux gstrtpptdemux.c:321:gst_rtp_pt_demux_chain:<rtpptdemux0> received buffer for pt 96
0:00:02.578125000  3920   00AFA7F0 LOG                rtpsource rtpsource.c:835:push_packet: pushing new packet
0:00:02.578125000  3920   00BCEE40 LOG         basertpdepayload gstbasertpdepayload.c:298:gst_base_rtp_depayload_chain:<rtpmp4vdepay0> discont 0, seqnum 47779, rtptime 185360871, timestamp 0:00:00.921135916
0:00:02.578125000  3920   00AFA7F0 LOG               rtpsession rtpsession.c:929:source_push_rtp: source 02564c67 pushed receiver RTP packet
0:00:02.578125000  3920   00BCEE40 DEBUG     gstrtpjitterbuffer gstrtpjitterbuffer.c:1389:gst_rtp_jitter_buffer_loop:<rtpjitterbuffer0> Peeking item
0:00:02.578125000  3920   00AFA7F0 LOG               rtpsession gstrtpsession.c:959:gst_rtp_session_process_rtp:<rtpsession0> pushing received RTP packet
0:00:02.578125000  3920   00BCEE40 DEBUG     gstrtpjitterbuffer gstrtpjitterbuffer.c:1452:gst_rtp_jitter_buffer_loop:<rtpjitterbuffer0> Peeked buffer #47780, expect #47780, timestamp 0:00:00.921135916, now 161 left
0:00:02.578125000  3920   00AFA7F0 DEBUG           rtpssrcdemux gstrtpssrcdemux.c:499:gst_rtp_ssrc_demux_chain:<rtpssrcdemux0> received buffer of SSRC 02564c67
0:00:02.578125000  3920   00BCEE40 LOG       gstrtpjitterbuffer gstrtpjitterbuffer.c:1628:gst_rtp_jitter_buffer_loop:<rtpjitterbuffer0> rtp 185360871, ext 185360871
0:00:02.578125000  3920   00AFA7F0 DEBUG     gstrtpjitterbuffer gstrtpjitterbuffer.c:1125:gst_rtp_jitter_buffer_chain:<rtpjitterbuffer0> Received packet #48003 at time 0:00:01.953099165
0:00:02.578125000  3920   00BCEE40 DEBUG     gstrtpjitterbuffer gstrtpjitterbuffer.c:1672:gst_rtp_jitter_buffer_loop:<rtpjitterbuffer0> Pushing buffer 47780, timestamp 0:00:00.921135916
0:00:02.578125000  3920   00AFA7F0 DEBUG        rtpjitterbuffer rtpjitterbuffer.c:257:calculate_skew: extrtp 185447461, gstrtp 0:34:20.527344444, base 0:34:18.797888888, send_diff 0:00:01.729455556
0:00:02.578125000  3920   00BCEE40 DEBUG             rtpptdemux gstrtpptdemux.c:321:gst_rtp_pt_demux_chain:<rtpptdemux0> received buffer for pt 96
0:00:02.578125000  3920   00AFA7F0 DEBUG        rtpjitterbuffer rtpjitterbuffer.c:280:calculate_skew: time 0:00:01.953099165, base 0:00:00.252180149, recv_diff 0:00:01.700919016, slope 8
0:00:02.578125000  3920   00BCEE40 LOG         basertpdepayload gstbasertpdepayload.c:298:gst_base_rtp_depayload_chain:<rtpmp4vdepay0> discont 0, seqnum 47780, rtptime 185360871, timestamp 0:00:00.921135916
0:00:02.578125000  3920   00AFA7F0 DEBUG        rtpjitterbuffer rtpjitterbuffer.c:297:calculate_skew: filling 312, delta -28536540
0:00:02.578125000  3920   00AFA7F0 DEBUG        rtpjitterbuffer rtpjitterbuffer.c:390:calculate_skew: backwards timestamps, using previous time
0:00:02.578125000  3920   00AFA7F0 DEBUG        rtpjitterbuffer rtpjitterbuffer.c:413:calculate_skew: skew -98531238, out 0:00:01.883104467
0:00:02.578125000  3920   00AFA7F0 DEBUG     gstrtpjitterbuffer gstrtpjitterbuffer.c:1247:gst_rtp_jitter_buffer_chain:<rtpjitterbuffer0> Pushed packet #48003, now 161 packets, tail: 0
0:00:02.578125000  3920   00BCEE40 DEBUG     gstrtpjitterbuffer gstrtpjitterbuffer.c:1389:gst_rtp_jitter_buffer_loop:<rtpjitterbuffer0> Peeking item
0:00:02.578125000  3920   00AFA7F0 LOG               rtpsession gstrtpsession.c:1343:gst_rtp_session_chain_recv_rtp:<rtpsession0> received RTP packet
0:00:02.578125000  3920   00BCEE40 DEBUG     gstrtpjitterbuffer gstrtpjitterbuffer.c:1452:gst_rtp_jitter_buffer_loop:<rtpjitterbuffer0> Peeked buffer #47781, expect #47781, timestamp 0:00:00.921135916, now 161 left
0:00:02.578125000  3920   00AFA7F0 LOG                rtpsource rtpsource.c:1059:rtp_source_process_rtp: seq 48004, PC: 313, OC: 415943
0:00:02.578125000  3920   00BCEE40 LOG       gstrtpjitterbuffer gstrtpjitterbuffer.c:1628:gst_rtp_jitter_buffer_loop:<rtpjitterbuffer0> rtp 185360871, ext 185360871
0:00:02.593750000  3920   00AFA7F0 LOG                rtpsource rtpsource.c:894:calculate_jitter: SSRC 02564c67 got payload 96
0:00:02.593750000  3920   00BCEE40 DEBUG     gstrtpjitterbuffer gstrtpjitterbuffer.c:1672:gst_rtp_jitter_buffer_loop:<rtpjitterbuffer0> Pushing buffer 47781, timestamp 0:00:00.921135916
0:00:02.593750000  3920   00AFA7F0 LOG                rtpsource rtpsource.c:927:calculate_jitter: rtparrival 1487025521, rtptime 185447461, clock-rate 90000, diff 555, jitter: 939.812500
0:00:02.593750000  3920   00BCEE40 DEBUG             rtpptdemux gstrtpptdemux.c:321:gst_rtp_pt_demux_chain:<rtpptdemux0> received buffer for pt 96
0:00:02.593750000  3920   00AFA7F0 LOG                rtpsource rtpsource.c:835:push_packet: pushing new packet
0:00:02.593750000  3920   00BCEE40 LOG         basertpdepayload gstbasertpdepayload.c:298:gst_base_rtp_depayload_chain:<rtpmp4vdepay0> discont 0, seqnum 47781, rtptime 185360871, timestamp 0:00:00.921135916
0:00:02.593750000  3920   00AFA7F0 LOG               rtpsession rtpsession.c:929:source_push_rtp: source 02564c67 pushed receiver RTP packet
0:00:02.593750000  3920   00BCEE40 DEBUG     gstrtpjitterbuffer gstrtpjitterbuffer.c:1389:gst_rtp_jitter_buffer_loop:<rtpjitterbuffer0> Peeking item
0:00:02.593750000  3920   00AFA7F0 LOG               rtpsession gstrtpsession.c:959:gst_rtp_session_process_rtp:<rtpsession0> pushing received RTP packet
0:00:02.593750000  3920   00BCEE40 DEBUG     gstrtpjitterbuffer gstrtpjitterbuffer.c:1452:gst_rtp_jitter_buffer_loop:<rtpjitterbuffer0> Peeked buffer #47782, expect #47782, timestamp 0:00:00.921135916, now 160 left
0:00:02.593750000  3920   00AFA7F0 DEBUG           rtpssrcdemux gstrtpssrcdemux.c:499:gst_rtp_ssrc_demux_chain:<rtpssrcdemux0> received buffer of SSRC 02564c67
0:00:02.593750000  3920   00BCEE40 LOG       gstrtpjitterbuffer gstrtpjitterbuffer.c:1628:gst_rtp_jitter_buffer_loop:<rtpjitterbuffer0> rtp 185360871, ext 185360871
0:00:02.593750000  3920   00AFA7F0 DEBUG     gstrtpjitterbuffer gstrtpjitterbuffer.c:1125:gst_rtp_jitter_buffer_chain:<rtpjitterbuffer0> Received packet #48004 at time 0:00:01.959265310
0:00:02.593750000  3920   00BCEE40 DEBUG     gstrtpjitterbuffer gstrtpjitterbuffer.c:1672:gst_rtp_jitter_buffer_loop:<rtpjitterbuffer0> Pushing buffer 47782, timestamp 0:00:00.921135916
0:00:02.593750000  3920   00AFA7F0 DEBUG        rtpjitterbuffer rtpjitterbuffer.c:257:calculate_skew: extrtp 185447461, gstrtp 0:34:20.527344444, base 0:34:18.797888888, send_diff 0:00:01.729455556
0:00:02.593750000  3920   00BCEE40 DEBUG             rtpptdemux gstrtpptdemux.c:321:gst_rtp_pt_demux_chain:<rtpptdemux0> received buffer for pt 96
0:00:02.593750000  3920   00AFA7F0 DEBUG        rtpjitterbuffer rtpjitterbuffer.c:280:calculate_skew: time 0:00:01.959265310, base 0:00:00.252180149, recv_diff 0:00:01.707085161, slope 8
0:00:02.593750000  3920   00BCEE40 LOG         basertpdepayload gstbasertpdepayload.c:298:gst_base_rtp_depayload_chain:<rtpmp4vdepay0> discont 0, seqnum 47782, rtptime 185360871, timestamp 0:00:00.921135916
0:00:02.593750000  3920   00AFA7F0 DEBUG        rtpjitterbuffer rtpjitterbuffer.c:297:calculate_skew: filling 313, delta -22370395
0:00:02.593750000  3920   00AFA7F0 DEBUG        rtpjitterbuffer rtpjitterbuffer.c:390:calculate_skew: backwards timestamps, using previous time
0:00:02.593750000  3920   00AFA7F0 DEBUG        rtpjitterbuffer rtpjitterbuffer.c:413:calculate_skew: skew -98531238, out 0:00:01.883104467
0:00:02.593750000  3920   00AFA7F0 DEBUG     gstrtpjitterbuffer gstrtpjitterbuffer.c:1247:gst_rtp_jitter_buffer_chain:<rtpjitterbuffer0> Pushed packet #48004, now 160 packets, tail: 0
0:00:02.593750000  3920   00BCEE40 DEBUG     gstrtpjitterbuffer gstrtpjitterbuffer.c:1389:gst_rtp_jitter_buffer_loop:<rtpjitterbuffer0> Peeking item
0:00:02.593750000  3920   00AFA7F0 LOG               rtpsession gstrtpsession.c:1343:gst_rtp_session_chain_recv_rtp:<rtpsession0> received RTP packet
0:00:02.593750000  3920   00BCEE40 DEBUG     gstrtpjitterbuffer gstrtpjitterbuffer.c:1452:gst_rtp_jitter_buffer_loop:<rtpjitterbuffer0> Peeked buffer #47783, expect #47783, timestamp 0:00:00.921135916, now 160 left
0:00:02.593750000  3920   00AFA7F0 LOG                rtpsource rtpsource.c:1059:rtp_source_process_rtp: seq 48008, PC: 314, OC: 417331
0:00:02.593750000  3920   00BCEE40 LOG       gstrtpjitterbuffer gstrtpjitterbuffer.c:1628:gst_rtp_jitter_buffer_loop:<rtpjitterbuffer0> rtp 185360871, ext 185360871
0:00:02.593750000  3920   00AFA7F0 LOG                rtpsource rtpsource.c:894:calculate_jitter: SSRC 02564c67 got payload 96
0:00:02.593750000  3920   00BCEE40 DEBUG     gstrtpjitterbuffer gstrtpjitterbuffer.c:1672:gst_rtp_jitter_buffer_loop:<rtpjitterbuffer0> Pushing buffer 47783, timestamp 0:00:00.921135916
0:00:02.593750000  3920   00AFA7F0 LOG                rtpsource rtpsource.c:927:calculate_jitter: rtparrival 1487026117, rtptime 185450308, clock-rate 90000, diff 2251, jitter: 1021.750000
0:00:02.593750000  3920   00BCEE40 DEBUG             rtpptdemux gstrtpptdemux.c:321:gst_rtp_pt_demux_chain:<rtpptdemux0> received buffer for pt 96
0:00:02.593750000  3920   00AFA7F0 LOG                rtpsource rtpsource.c:835:push_packet: pushing new packet
0:00:02.593750000  3920   00BCEE40 LOG         basertpdepayload gstbasertpdepayload.c:298:gst_base_rtp_depayload_chain:<rtpmp4vdepay0> discont 0, seqnum 47783, rtptime 185360871, timestamp 0:00:00.921135916
0:00:02.593750000  3920   00AFA7F0 LOG               rtpsession rtpsession.c:929:source_push_rtp: source 02564c67 pushed receiver RTP packet
0:00:02.593750000  3920   00BCEE40 DEBUG     gstrtpjitterbuffer gstrtpjitterbuffer.c:1389:gst_rtp_jitter_buffer_loop:<rtpjitterbuffer0> Peeking item
0:00:02.593750000  3920   00AFA7F0 LOG               rtpsession gstrtpsession.c:959:gst_rtp_session_process_rtp:<rtpsession0> pushing received RTP packet
0:00:02.593750000  3920   00BCEE40 DEBUG     gstrtpjitterbuffer gstrtpjitterbuffer.c:1452:gst_rtp_jitter_buffer_loop:<rtpjitterbuffer0> Peeked buffer #47784, expect #47784, timestamp 0:00:00.921135916, now 159 left
0:00:02.593750000  3920   00AFA7F0 DEBUG           rtpssrcdemux gstrtpssrcdemux.c:499:gst_rtp_ssrc_demux_chain:<rtpssrcdemux0> received buffer of SSRC 02564c67
0:00:02.593750000  3920   00BCEE40 LOG       gstrtpjitterbuffer gstrtpjitterbuffer.c:1628:gst_rtp_jitter_buffer_loop:<rtpjitterbuffer0> rtp 185360871, ext 185360871
0:00:02.593750000  3920   00AFA7F0 DEBUG     gstrtpjitterbuffer gstrtpjitterbuffer.c:1125:gst_rtp_jitter_buffer_chain:<rtpjitterbuffer0> Received packet #48008 at time 0:00:01.965886291
0:00:02.593750000  3920   00BCEE40 DEBUG     gstrtpjitterbuffer gstrtpjitterbuffer.c:1672:gst_rtp_jitter_buffer_loop:<rtpjitterbuffer0> Pushing buffer 47784, timestamp 0:00:00.921135916
0:00:02.593750000  3920   00AFA7F0 DEBUG     gstrtpjitterbuffer gstrtpjitterbuffer.c:1164:gst_rtp_jitter_buffer_chain:<rtpjitterbuffer0> expected #48005, got #48008, gap of 3
0:00:02.593750000  3920   00BCEE40 DEBUG             rtpptdemux gstrtpptdemux.c:321:gst_rtp_pt_demux_chain:<rtpptdemux0> received buffer for pt 96
0:00:02.593750000  3920   00AFA7F0 DEBUG     gstrtpjitterbuffer gstrtpjitterbuffer.c:1177:gst_rtp_jitter_buffer_chain:<rtpjitterbuffer0> tolerable gap
0:00:02.593750000  3920   00BCEE40 LOG         basertpdepayload gstbasertpdepayload.c:298:gst_base_rtp_depayload_chain:<rtpmp4vdepay0> discont 0, seqnum 47784, rtptime 185360871, timestamp 0:00:00.921135916
0:00:02.593750000  3920   00AFA7F0 DEBUG        rtpjitterbuffer rtpjitterbuffer.c:257:calculate_skew: extrtp 185450308, gstrtp 0:34:20.558977777, base 0:34:18.797888888, send_diff 0:00:01.761088889
0:00:02.593750000  3920   00BCEE40 DEBUG           rtpmp4vdepay gstrtpmp4vdepay.c:198:gst_rtp_mp4v_depay_process: gst_rtp_mp4v_depay_chain: pushing buffer of size 8473
0:00:02.593750000  3920   00AFA7F0 DEBUG        rtpjitterbuffer rtpjitterbuffer.c:280:calculate_skew: time 0:00:01.965886291, base 0:00:00.252180149, recv_diff 0:00:01.713706142, slope 8
0:00:02.593750000  3920   00BCEE40 LOG         basertpdepayload gstbasertpdepayload.c:521:gst_base_rtp_depayload_push_full:<rtpmp4vdepay0> Pushing buffer size 8473, timestamp 0:00:00.921135916
0:00:02.593750000  3920   00AFA7F0 DEBUG        rtpjitterbuffer rtpjitterbuffer.c:297:calculate_skew: filling 314, delta -47382747
0:00:02.593750000  3920   00AFA7F0 DEBUG        rtpjitterbuffer rtpjitterbuffer.c:413:calculate_skew: skew -98531238, out 0:00:01.914737800
0:00:02.593750000  3920   00AFA7F0 DEBUG     gstrtpjitterbuffer gstrtpjitterbuffer.c:1247:gst_rtp_jitter_buffer_chain:<rtpjitterbuffer0> Pushed packet #48008, now 159 packets, tail: 0
0:00:02.593750000  3920   00BCEE40 DEBUG     gstrtpjitterbuffer gstrtpjitterbuffer.c:1389:gst_rtp_jitter_buffer_loop:<rtpjitterbuffer0> Peeking item
0:00:02.593750000  3920   00AFA7F0 LOG               rtpsession gstrtpsession.c:1343:gst_rtp_session_chain_recv_rtp:<rtpsession0> received RTP packet
0:00:02.593750000  3920   00BCEE40 DEBUG     gstrtpjitterbuffer gstrtpjitterbuffer.c:1452:gst_rtp_jitter_buffer_loop:<rtpjitterbuffer0> Peeked buffer #47785, expect #47785, timestamp 0:00:00.952674111, now 159 left
0:00:02.593750000  3920   00AFA7F0 LOG                rtpsource rtpsource.c:1059:rtp_source_process_rtp: seq 48009, PC: 315, OC: 418719
0:00:02.593750000  3920   00BCEE40 LOG       gstrtpjitterbuffer gstrtpjitterbuffer.c:1628:gst_rtp_jitter_buffer_loop:<rtpjitterbuffer0> rtp 185363718, ext 185360871
0:00:02.593750000  3920   00AFA7F0 LOG                rtpsource rtpsource.c:894:calculate_jitter: SSRC 02564c67 got payload 96
0:00:02.593750000  3920   00BCEE40 LOG       gstrtpjitterbuffer gstrtpjitterbuffer.c:1656:gst_rtp_jitter_buffer_loop:<rtpjitterbuffer0> elapsed 0:00:00.798977777, estimated 0:00:11.923662189
0:00:02.593750000  3920   00AFA7F0 LOG                rtpsource rtpsource.c:927:calculate_jitter: rtparrival 1487026766, rtptime 185450308, clock-rate 90000, diff 649, jitter: 998.437500
0:00:02.593750000  3920   00BCEE40 DEBUG     gstrtpjitterbuffer gstrtpjitterbuffer.c:1672:gst_rtp_jitter_buffer_loop:<rtpjitterbuffer0> Pushing buffer 47785, timestamp 0:00:00.952674111
0:00:02.593750000  3920   00AFA7F0 LOG                rtpsource rtpsource.c:835:push_packet: pushing new packet
0:00:02.593750000  3920   00BCEE40 DEBUG             rtpptdemux gstrtpptdemux.c:321:gst_rtp_pt_demux_chain:<rtpptdemux0> received buffer for pt 96
0:00:02.593750000  3920   00AFA7F0 LOG               rtpsession rtpsession.c:929:source_push_rtp: source 02564c67 pushed receiver RTP packet
0:00:02.593750000  3920   00BCEE40 LOG         basertpdepayload gstbasertpdepayload.c:298:gst_base_rtp_depayload_chain:<rtpmp4vdepay0> discont 0, seqnum 47785, rtptime 185363718, timestamp 0:00:00.952674111
0:00:02.593750000  3920   00AFA7F0 LOG               rtpsession gstrtpsession.c:959:gst_rtp_session_process_rtp:<rtpsession0> pushing received RTP packet
0:00:02.609375000  3920   00BCEE40 DEBUG     gstrtpjitterbuffer gstrtpjitterbuffer.c:1389:gst_rtp_jitter_buffer_loop:<rtpjitterbuffer0> Peeking item
0:00:02.609375000  3920   00AFA7F0 DEBUG           rtpssrcdemux gstrtpssrcdemux.c:499:gst_rtp_ssrc_demux_chain:<rtpssrcdemux0> received buffer of SSRC 02564c67
0:00:02.609375000  3920   00BCEE40 DEBUG     gstrtpjitterbuffer gstrtpjitterbuffer.c:1452:gst_rtp_jitter_buffer_loop:<rtpjitterbuffer0> Peeked buffer #47786, expect #47786, timestamp 0:00:00.952674111, now 158 left
0:00:02.609375000  3920   00AFA7F0 DEBUG     gstrtpjitterbuffer gstrtpjitterbuffer.c:1125:gst_rtp_jitter_buffer_chain:<rtpjitterbuffer0> Received packet #48009 at time 0:00:01.973097411
0:00:02.609375000  3920   00BCEE40 LOG       gstrtpjitterbuffer gstrtpjitterbuffer.c:1628:gst_rtp_jitter_buffer_loop:<rtpjitterbuffer0> rtp 185363718, ext 185363718
0:00:02.609375000  3920   00BCEE40 DEBUG     gstrtpjitterbuffer gstrtpjitterbuffer.c:1672:gst_rtp_jitter_buffer_loop:<rtpjitterbuffer0> Pushing buffer 47786, timestamp 0:00:00.952674111
0:00:02.609375000  3920   00AFA7F0 DEBUG        rtpjitterbuffer rtpjitterbuffer.c:257:calculate_skew: extrtp 185450308, gstrtp 0:34:20.558977777, base 0:34:18.797888888, send_diff 0:00:01.761088889
0:00:02.609375000  3920   00BCEE40 DEBUG             rtpptdemux gstrtpptdemux.c:321:gst_rtp_pt_demux_chain:<rtpptdemux0> received buffer for pt 96
0:00:02.609375000  3920   00AFA7F0 DEBUG        rtpjitterbuffer rtpjitterbuffer.c:280:calculate_skew: time 0:00:01.973097411, base 0:00:00.252180149, recv_diff 0:00:01.720917262, slope 8
0:00:02.609375000  3920   00BCEE40 LOG         basertpdepayload gstbasertpdepayload.c:298:gst_base_rtp_depayload_chain:<rtpmp4vdepay0> discont 0, seqnum 47786, rtptime 185363718, timestamp 0:00:00.952674111
0:00:02.609375000  3920   00AFA7F0 DEBUG        rtpjitterbuffer rtpjitterbuffer.c:297:calculate_skew: filling 315, delta -40171627
0:00:02.609375000  3920   00AFA7F0 DEBUG        rtpjitterbuffer rtpjitterbuffer.c:390:calculate_skew: backwards timestamps, using previous time
0:00:02.609375000  3920   00AFA7F0 DEBUG        rtpjitterbuffer rtpjitterbuffer.c:413:calculate_skew: skew -98531238, out 0:00:01.914737800
0:00:02.609375000  3920   00AFA7F0 DEBUG     gstrtpjitterbuffer gstrtpjitterbuffer.c:1247:gst_rtp_jitter_buffer_chain:<rtpjitterbuffer0> Pushed packet #48009, now 158 packets, tail: 0
0:00:02.609375000  3920   00BCEE40 DEBUG     gstrtpjitterbuffer gstrtpjitterbuffer.c:1389:gst_rtp_jitter_buffer_loop:<rtpjitterbuffer0> Peeking item
0:00:02.609375000  3920   00AFA7F0 LOG               rtpsession gstrtpsession.c:1343:gst_rtp_session_chain_recv_rtp:<rtpsession0> received RTP packet
0:00:02.609375000  3920   00BCEE40 DEBUG     gstrtpjitterbuffer gstrtpjitterbuffer.c:1452:gst_rtp_jitter_buffer_loop:<rtpjitterbuffer0> Peeked buffer #47787, expect #47787, timestamp 0:00:00.952674111, now 158 left
0:00:02.609375000  3920   00AFA7F0 LOG                rtpsource rtpsource.c:1059:rtp_source_process_rtp: seq 48010, PC: 316, OC: 420107
0:00:02.609375000  3920   00BCEE40 LOG       gstrtpjitterbuffer gstrtpjitterbuffer.c:1628:gst_rtp_jitter_buffer_loop:<rtpjitterbuffer0> rtp 185363718, ext 185363718
0:00:02.609375000  3920   00AFA7F0 LOG                rtpsource rtpsource.c:894:calculate_jitter: SSRC 02564c67 got payload 96
0:00:02.609375000  3920   00BCEE40 DEBUG     gstrtpjitterbuffer gstrtpjitterbuffer.c:1672:gst_rtp_jitter_buffer_loop:<rtpjitterbuffer0> Pushing buffer 47787, timestamp 0:00:00.952674111
0:00:02.609375000  3920   00AFA7F0 LOG                rtpsource rtpsource.c:927:calculate_jitter: rtparrival 1487027358, rtptime 185450308, clock-rate 90000, diff 592, jitter: 973.062500
0:00:02.609375000  3920   00BCEE40 DEBUG             rtpptdemux gstrtpptdemux.c:321:gst_rtp_pt_demux_chain:<rtpptdemux0> received buffer for pt 96
0:00:02.609375000  3920   00AFA7F0 LOG                rtpsource rtpsource.c:835:push_packet: pushing new packet
0:00:02.609375000  3920   00BCEE40 LOG         basertpdepayload gstbasertpdepayload.c:298:gst_base_rtp_depayload_chain:<rtpmp4vdepay0> discont 0, seqnum 47787, rtptime 185363718, timestamp 0:00:00.952674111
0:00:02.609375000  3920   00AFA7F0 LOG               rtpsession rtpsession.c:929:source_push_rtp: source 02564c67 pushed receiver RTP packet
0:00:02.609375000  3920   00BCEE40 DEBUG     gstrtpjitterbuffer gstrtpjitterbuffer.c:1389:gst_rtp_jitter_buffer_loop:<rtpjitterbuffer0> Peeking item
0:00:02.609375000  3920   00AFA7F0 LOG               rtpsession gstrtpsession.c:959:gst_rtp_session_process_rtp:<rtpsession0> pushing received RTP packet
0:00:02.609375000  3920   00BCEE40 DEBUG     gstrtpjitterbuffer gstrtpjitterbuffer.c:1452:gst_rtp_jitter_buffer_loop:<rtpjitterbuffer0> Peeked buffer #47788, expect #47788, timestamp 0:00:00.952674111, now 157 left
0:00:02.609375000  3920   00AFA7F0 DEBUG           rtpssrcdemux gstrtpssrcdemux.c:499:gst_rtp_ssrc_demux_chain:<rtpssrcdemux0> received buffer of SSRC 02564c67
0:00:02.609375000  3920   00BCEE40 LOG       gstrtpjitterbuffer gstrtpjitterbuffer.c:1628:gst_rtp_jitter_buffer_loop:<rtpjitterbuffer0> rtp 185363718, ext 185363718
0:00:02.609375000  3920   00AFA7F0 DEBUG     gstrtpjitterbuffer gstrtpjitterbuffer.c:1125:gst_rtp_jitter_buffer_chain:<rtpjitterbuffer0> Received packet #48010 at time 0:00:01.979675655
0:00:02.609375000  3920   00BCEE40 DEBUG     gstrtpjitterbuffer gstrtpjitterbuffer.c:1672:gst_rtp_jitter_buffer_loop:<rtpjitterbuffer0> Pushing buffer 47788, timestamp 0:00:00.952674111
0:00:02.609375000  3920   00AFA7F0 DEBUG        rtpjitterbuffer rtpjitterbuffer.c:257:calculate_skew: extrtp 185450308, gstrtp 0:34:20.558977777, base 0:34:18.797888888, send_diff 0:00:01.761088889
0:00:02.609375000  3920   00BCEE40 DEBUG             rtpptdemux gstrtpptdemux.c:321:gst_rtp_pt_demux_chain:<rtpptdemux0> received buffer for pt 96
0:00:02.609375000  3920   00AFA7F0 DEBUG        rtpjitterbuffer rtpjitterbuffer.c:280:calculate_skew: time 0:00:01.979675655, base 0:00:00.252180149, recv_diff 0:00:01.727495506, slope 8
0:00:02.609375000  3920   00BCEE40 LOG         basertpdepayload gstbasertpdepayload.c:298:gst_base_rtp_depayload_chain:<rtpmp4vdepay0> discont 0, seqnum 47788, rtptime 185363718, timestamp 0:00:00.952674111
0:00:02.609375000  3920   00AFA7F0 DEBUG        rtpjitterbuffer rtpjitterbuffer.c:297:calculate_skew: filling 316, delta -33593383
0:00:02.609375000  3920   00AFA7F0 DEBUG        rtpjitterbuffer rtpjitterbuffer.c:390:calculate_skew: backwards timestamps, using previous time
0:00:02.609375000  3920   00AFA7F0 DEBUG        rtpjitterbuffer rtpjitterbuffer.c:413:calculate_skew: skew -98531238, out 0:00:01.914737800
0:00:02.609375000  3920   00AFA7F0 DEBUG     gstrtpjitterbuffer gstrtpjitterbuffer.c:1247:gst_rtp_jitter_buffer_chain:<rtpjitterbuffer0> Pushed packet #48010, now 157 packets, tail: 0
0:00:02.609375000  3920   00BCEE40 DEBUG     gstrtpjitterbuffer gstrtpjitterbuffer.c:1389:gst_rtp_jitter_buffer_loop:<rtpjitterbuffer0> Peeking item
0:00:02.609375000  3920   00AFA7F0 LOG               rtpsession gstrtpsession.c:1343:gst_rtp_session_chain_recv_rtp:<rtpsession0> received RTP packet
0:00:02.609375000  3920   00BCEE40 DEBUG     gstrtpjitterbuffer gstrtpjitterbuffer.c:1452:gst_rtp_jitter_buffer_loop:<rtpjitterbuffer0> Peeked buffer #47789, expect #47789, timestamp 0:00:00.952674111, now 157 left
0:00:02.609375000  3920   00AFA7F0 LOG                rtpsource rtpsource.c:1059:rtp_source_process_rtp: seq 48011, PC: 317, OC: 421495
0:00:02.609375000  3920   00BCEE40 LOG       gstrtpjitterbuffer gstrtpjitterbuffer.c:1628:gst_rtp_jitter_buffer_loop:<rtpjitterbuffer0> rtp 185363718, ext 185363718
0:00:02.609375000  3920   00AFA7F0 LOG                rtpsource rtpsource.c:894:calculate_jitter: SSRC 02564c67 got payload 96
0:00:02.609375000  3920   00BCEE40 DEBUG     gstrtpjitterbuffer gstrtpjitterbuffer.c:1672:gst_rtp_jitter_buffer_loop:<rtpjitterbuffer0> Pushing buffer 47789, timestamp 0:00:00.952674111
0:00:02.609375000  3920   00AFA7F0 LOG                rtpsource rtpsource.c:927:calculate_jitter: rtparrival 1487027958, rtptime 185450308, clock-rate 90000, diff 600, jitter: 949.750000
0:00:02.609375000  3920   00BCEE40 DEBUG             rtpptdemux gstrtpptdemux.c:321:gst_rtp_pt_demux_chain:<rtpptdemux0> received buffer for pt 96
0:00:02.609375000  3920   00AFA7F0 LOG                rtpsource rtpsource.c:835:push_packet: pushing new packet
0:00:02.609375000  3920   00BCEE40 LOG         basertpdepayload gstbasertpdepayload.c:298:gst_base_rtp_depayload_chain:<rtpmp4vdepay0> discont 0, seqnum 47789, rtptime 185363718, timestamp 0:00:00.952674111
0:00:02.609375000  3920   00AFA7F0 LOG               rtpsession rtpsession.c:929:source_push_rtp: source 02564c67 pushed receiver RTP packet
0:00:02.609375000  3920   00BCEE40 DEBUG     gstrtpjitterbuffer gstrtpjitterbuffer.c:1389:gst_rtp_jitter_buffer_loop:<rtpjitterbuffer0> Peeking item
0:00:02.609375000  3920   00AFA7F0 LOG               rtpsession gstrtpsession.c:959:gst_rtp_session_process_rtp:<rtpsession0> pushing received RTP packet
0:00:02.609375000  3920   00BCEE40 DEBUG     gstrtpjitterbuffer gstrtpjitterbuffer.c:1452:gst_rtp_jitter_buffer_loop:<rtpjitterbuffer0> Peeked buffer #47790, expect #47790, timestamp 0:00:00.952674111, now 156 left
0:00:02.609375000  3920   00AFA7F0 DEBUG           rtpssrcdemux gstrtpssrcdemux.c:499:gst_rtp_ssrc_demux_chain:<rtpssrcdemux0> received buffer of SSRC 02564c67
0:00:02.609375000  3920   00BCEE40 LOG       gstrtpjitterbuffer gstrtpjitterbuffer.c:1628:gst_rtp_jitter_buffer_loop:<rtpjitterbuffer0> rtp 185363718, ext 185363718
0:00:02.609375000  3920   00AFA7F0 DEBUG     gstrtpjitterbuffer gstrtpjitterbuffer.c:1125:gst_rtp_jitter_buffer_chain:<rtpjitterbuffer0> Received packet #48011 at time 0:00:01.986341085
0:00:02.609375000  3920   00BCEE40 DEBUG     gstrtpjitterbuffer gstrtpjitterbuffer.c:1672:gst_rtp_jitter_buffer_loop:<rtpjitterbuffer0> Pushing buffer 47790, timestamp 0:00:00.952674111
0:00:02.609375000  3920   00AFA7F0 DEBUG        rtpjitterbuffer rtpjitterbuffer.c:257:calculate_skew: extrtp 185450308, gstrtp 0:34:20.558977777, base 0:34:18.797888888, send_diff 0:00:01.761088889
0:00:02.609375000  3920   00BCEE40 DEBUG             rtpptdemux gstrtpptdemux.c:321:gst_rtp_pt_demux_chain:<rtpptdemux0> received buffer for pt 96
0:00:02.609375000  3920   00AFA7F0 DEBUG        rtpjitterbuffer rtpjitterbuffer.c:280:calculate_skew: time 0:00:01.986341085, base 0:00:00.252180149, recv_diff 0:00:01.734160936, slope 8
0:00:02.609375000  3920   00BCEE40 LOG         basertpdepayload gstbasertpdepayload.c:298:gst_base_rtp_depayload_chain:<rtpmp4vdepay0> discont 0, seqnum 47790, rtptime 185363718, timestamp 0:00:00.952674111
0:00:02.609375000  3920   00AFA7F0 DEBUG        rtpjitterbuffer rtpjitterbuffer.c:297:calculate_skew: filling 317, delta -26927953
0:00:02.625000000  3920   00BCEE40 DEBUG           rtpmp4vdepay gstrtpmp4vdepay.c:198:gst_rtp_mp4v_depay_process: gst_rtp_mp4v_depay_chain: pushing buffer of size 8225
0:00:02.625000000  3920   00AFA7F0 DEBUG        rtpjitterbuffer rtpjitterbuffer.c:390:calculate_skew: backwards timestamps, using previous time
0:00:02.625000000  3920   00BCEE40 LOG         basertpdepayload gstbasertpdepayload.c:521:gst_base_rtp_depayload_push_full:<rtpmp4vdepay0> Pushing buffer size 8225, timestamp 0:00:00.952674111
