0:00:02.390625000  3920   00BCEE40 LOG       gstrtpjitterbuffer gstrtpjitterbuffer.c:1628:gst_rtp_jitter_buffer_loop:<rtpjitterbuffer0> rtp 185336752, ext 185336752
0:00:02.390625000  3920   00AFA7F0 LOG                rtpsource rtpsource.c:894:calculate_jitter: SSRC 02564c67 got payload 96
0:00:02.390625000  3920   00BCEE40 DEBUG     gstrtpjitterbuffer gstrtpjitterbuffer.c:1672:gst_rtp_jitter_buffer_loop:<rtpjitterbuffer0> Pushing buffer 47727, timestamp 0:00:00.681939779
0:00:02.390625000  3920   00AFA7F0 LOG                rtpsource rtpsource.c:927:calculate_jitter: rtparrival 1487008351, rtptime 185429484, clock-rate 90000, diff 827, jitter: 911.750000
0:00:02.390625000  3920   00BCEE40 DEBUG             rtpptdemux gstrtpptdemux.c:321:gst_rtp_pt_demux_chain:<rtpptdemux0> received buffer for pt 96
0:00:02.390625000  3920   00AFA7F0 LOG                rtpsource rtpsource.c:835:push_packet: pushing new packet
0:00:02.390625000  3920   00BCEE40 LOG         basertpdepayload gstbasertpdepayload.c:298:gst_base_rtp_depayload_chain:<rtpmp4vdepay0> discont 0, seqnum 47727, rtptime 185336752, timestamp 0:00:00.681939779
0:00:02.390625000  3920   00AFA7F0 LOG               rtpsession rtpsession.c:929:source_push_rtp: source 02564c67 pushed receiver RTP packet
0:00:02.390625000  3920   00BCEE40 DEBUG           rtpmp4vdepay gstrtpmp4vdepay.c:198:gst_rtp_mp4v_depay_process: gst_rtp_mp4v_depay_chain: pushing buffer of size 9650
0:00:02.390625000  3920   00AFA7F0 LOG               rtpsession gstrtpsession.c:959:gst_rtp_session_process_rtp:<rtpsession0> pushing received RTP packet
0:00:02.406250000  3920   00BCEE40 LOG         basertpdepayload gstbasertpdepayload.c:521:gst_base_rtp_depayload_push_full:<rtpmp4vdepay0> Pushing buffer size 9650, timestamp 0:00:00.681939779
0:00:02.406250000  3920   00AFA7F0 DEBUG           rtpssrcdemux gstrtpssrcdemux.c:499:gst_rtp_ssrc_demux_chain:<rtpssrcdemux0> received buffer of SSRC 02564c67
0:00:02.406250000  3920   00BCEE40 DEBUG     gstrtpjitterbuffer gstrtpjitterbuffer.c:1389:gst_rtp_jitter_buffer_loop:<rtpjitterbuffer0> Peeking item
0:00:02.406250000  3920   00AFA7F0 DEBUG     gstrtpjitterbuffer gstrtpjitterbuffer.c:1125:gst_rtp_jitter_buffer_chain:<rtpjitterbuffer0> Received packet #47964 at time 0:00:01.768487108
0:00:02.406250000  3920   00BCEE40 DEBUG     gstrtpjitterbuffer gstrtpjitterbuffer.c:1452:gst_rtp_jitter_buffer_loop:<rtpjitterbuffer0> Peeked buffer #47728, expect #47728, timestamp 0:00:00.705788178, now 187 left
0:00:02.406250000  3920   00BCEE40 LOG       gstrtpjitterbuffer gstrtpjitterbuffer.c:1628:gst_rtp_jitter_buffer_loop:<rtpjitterbuffer0> rtp 185339598, ext 185336752
0:00:02.406250000  3920   00BCEE40 LOG       gstrtpjitterbuffer gstrtpjitterbuffer.c:1656:gst_rtp_jitter_buffer_loop:<rtpjitterbuffer0> elapsed 0:00:00.530977777, estimated 0:00:13.292235731
0:00:02.406250000  3920   00BCEE40 DEBUG     gstrtpjitterbuffer gstrtpjitterbuffer.c:1672:gst_rtp_jitter_buffer_loop:<rtpjitterbuffer0> Pushing buffer 47728, timestamp 0:00:00.705788178
0:00:02.406250000  3920   00AFA7F0 DEBUG     gstrtpjitterbuffer gstrtpjitterbuffer.c:1164:gst_rtp_jitter_buffer_chain:<rtpjitterbuffer0> expected #47963, got #47964, gap of 1
0:00:02.406250000  3920   00BCEE40 DEBUG             rtpptdemux gstrtpptdemux.c:321:gst_rtp_pt_demux_chain:<rtpptdemux0> received buffer for pt 96
0:00:02.406250000  3920   00AFA7F0 DEBUG     gstrtpjitterbuffer gstrtpjitterbuffer.c:1177:gst_rtp_jitter_buffer_chain:<rtpjitterbuffer0> tolerable gap
0:00:02.406250000  3920   00BCEE40 LOG         basertpdepayload gstbasertpdepayload.c:298:gst_base_rtp_depayload_chain:<rtpmp4vdepay0> discont 0, seqnum 47728, rtptime 185339598, timestamp 0:00:00.705788178
0:00:02.406250000  3920   00AFA7F0 DEBUG        rtpjitterbuffer rtpjitterbuffer.c:257:calculate_skew: extrtp 185429484, gstrtp 0:34:20.327600000, base 0:34:18.797888888, send_diff 0:00:01.529711112
0:00:02.406250000  3920   00AFA7F0 DEBUG        rtpjitterbuffer rtpjitterbuffer.c:280:calculate_skew: time 0:00:01.768487108, base 0:00:00.252180149, recv_diff 0:00:01.516306959, slope 8
0:00:02.406250000  3920   00AFA7F0 DEBUG        rtpjitterbuffer rtpjitterbuffer.c:297:calculate_skew: filling 286, delta -13404153
0:00:02.406250000  3920   00AFA7F0 DEBUG        rtpjitterbuffer rtpjitterbuffer.c:390:calculate_skew: backwards timestamps, using previous time
0:00:02.406250000  3920   00AFA7F0 DEBUG        rtpjitterbuffer rtpjitterbuffer.c:413:calculate_skew: skew -98531238, out 0:00:01.683360023
0:00:02.406250000  3920   00AFA7F0 DEBUG     gstrtpjitterbuffer gstrtpjitterbuffer.c:1247:gst_rtp_jitter_buffer_chain:<rtpjitterbuffer0> Pushed packet #47964, now 187 packets, tail: 0
0:00:02.406250000  3920   00BCEE40 DEBUG     gstrtpjitterbuffer gstrtpjitterbuffer.c:1389:gst_rtp_jitter_buffer_loop:<rtpjitterbuffer0> Peeking item
0:00:02.406250000  3920   00AFA7F0 LOG               rtpsession gstrtpsession.c:1343:gst_rtp_session_chain_recv_rtp:<rtpsession0> received RTP packet
0:00:02.406250000  3920   00BCEE40 DEBUG     gstrtpjitterbuffer gstrtpjitterbuffer.c:1452:gst_rtp_jitter_buffer_loop:<rtpjitterbuffer0> Peeked buffer #47729, expect #47729, timestamp 0:00:00.705788178, now 187 left
0:00:02.406250000  3920   00AFA7F0 LOG                rtpsource rtpsource.c:1059:rtp_source_process_rtp: seq 47966, PC: 287, OC: 380586
0:00:02.406250000  3920   00BCEE40 LOG       gstrtpjitterbuffer gstrtpjitterbuffer.c:1628:gst_rtp_jitter_buffer_loop:<rtpjitterbuffer0> rtp 185339598, ext 185339598
0:00:02.406250000  3920   00AFA7F0 LOG                rtpsource rtpsource.c:894:calculate_jitter: SSRC 02564c67 got payload 96
0:00:02.406250000  3920   00BCEE40 DEBUG     gstrtpjitterbuffer gstrtpjitterbuffer.c:1672:gst_rtp_jitter_buffer_loop:<rtpjitterbuffer0> Pushing buffer 47729, timestamp 0:00:00.705788178
0:00:02.406250000  3920   00AFA7F0 LOG                rtpsource rtpsource.c:927:calculate_jitter: rtparrival 1487009359, rtptime 185432330, clock-rate 90000, diff 1838, jitter: 969.625000
0:00:02.406250000  3920   00BCEE40 DEBUG             rtpptdemux gstrtpptdemux.c:321:gst_rtp_pt_demux_chain:<rtpptdemux0> received buffer for pt 96
0:00:02.406250000  3920   00AFA7F0 LOG                rtpsource rtpsource.c:835:push_packet: pushing new packet
0:00:02.406250000  3920   00BCEE40 LOG         basertpdepayload gstbasertpdepayload.c:298:gst_base_rtp_depayload_chain:<rtpmp4vdepay0> discont 0, seqnum 47729, rtptime 185339598, timestamp 0:00:00.705788178
0:00:02.406250000  3920   00AFA7F0 LOG               rtpsession rtpsession.c:929:source_push_rtp: source 02564c67 pushed receiver RTP packet
0:00:02.406250000  3920   00BCEE40 DEBUG     gstrtpjitterbuffer gstrtpjitterbuffer.c:1389:gst_rtp_jitter_buffer_loop:<rtpjitterbuffer0> Peeking item
0:00:02.406250000  3920   00AFA7F0 LOG               rtpsession gstrtpsession.c:959:gst_rtp_session_process_rtp:<rtpsession0> pushing received RTP packet
0:00:02.406250000  3920   00BCEE40 DEBUG     gstrtpjitterbuffer gstrtpjitterbuffer.c:1452:gst_rtp_jitter_buffer_loop:<rtpjitterbuffer0> Peeked buffer #47730, expect #47730, timestamp 0:00:00.705788178, now 186 left
0:00:02.406250000  3920   00AFA7F0 DEBUG           rtpssrcdemux gstrtpssrcdemux.c:499:gst_rtp_ssrc_demux_chain:<rtpssrcdemux0> received buffer of SSRC 02564c67
0:00:02.406250000  3920   00BCEE40 LOG       gstrtpjitterbuffer gstrtpjitterbuffer.c:1628:gst_rtp_jitter_buffer_loop:<rtpjitterbuffer0> rtp 185339598, ext 185339598
0:00:02.406250000  3920   00AFA7F0 DEBUG     gstrtpjitterbuffer gstrtpjitterbuffer.c:1125:gst_rtp_jitter_buffer_chain:<rtpjitterbuffer0> Received packet #47966 at time 0:00:01.779690394
0:00:02.406250000  3920   00BCEE40 DEBUG     gstrtpjitterbuffer gstrtpjitterbuffer.c:1672:gst_rtp_jitter_buffer_loop:<rtpjitterbuffer0> Pushing buffer 47730, timestamp 0:00:00.705788178
0:00:02.406250000  3920   00BCEE40 DEBUG             rtpptdemux gstrtpptdemux.c:321:gst_rtp_pt_demux_chain:<rtpptdemux0> received buffer for pt 96
0:00:02.406250000  3920   00AFA7F0 DEBUG     gstrtpjitterbuffer gstrtpjitterbuffer.c:1164:gst_rtp_jitter_buffer_chain:<rtpjitterbuffer0> expected #47965, got #47966, gap of 1
0:00:02.406250000  3920   00BCEE40 LOG         basertpdepayload gstbasertpdepayload.c:298:gst_base_rtp_depayload_chain:<rtpmp4vdepay0> discont 0, seqnum 47730, rtptime 185339598, timestamp 0:00:00.705788178
0:00:02.406250000  3920   00AFA7F0 DEBUG     gstrtpjitterbuffer gstrtpjitterbuffer.c:1177:gst_rtp_jitter_buffer_chain:<rtpjitterbuffer0> tolerable gap
0:00:02.406250000  3920   00AFA7F0 DEBUG        rtpjitterbuffer rtpjitterbuffer.c:257:calculate_skew: extrtp 185432330, gstrtp 0:34:20.359222222, base 0:34:18.797888888, send_diff 0:00:01.561333334
0:00:02.421875000  3920   00AFA7F0 DEBUG        rtpjitterbuffer rtpjitterbuffer.c:280:calculate_skew: time 0:00:01.779690394, base 0:00:00.252180149, recv_diff 0:00:01.527510245, slope 8
0:00:02.421875000  3920   00AFA7F0 DEBUG        rtpjitterbuffer rtpjitterbuffer.c:297:calculate_skew: filling 287, delta -33823089
0:00:02.421875000  3920   00AFA7F0 DEBUG        rtpjitterbuffer rtpjitterbuffer.c:413:calculate_skew: skew -98531238, out 0:00:01.714982245
0:00:02.421875000  3920   00AFA7F0 DEBUG     gstrtpjitterbuffer gstrtpjitterbuffer.c:1247:gst_rtp_jitter_buffer_chain:<rtpjitterbuffer0> Pushed packet #47966, now 186 packets, tail: 0
0:00:02.421875000  3920   00BCEE40 DEBUG     gstrtpjitterbuffer gstrtpjitterbuffer.c:1389:gst_rtp_jitter_buffer_loop:<rtpjitterbuffer0> Peeking item
0:00:02.421875000  3920   00AFA7F0 LOG               rtpsession gstrtpsession.c:1343:gst_rtp_session_chain_recv_rtp:<rtpsession0> received RTP packet
0:00:02.421875000  3920   00BCEE40 DEBUG     gstrtpjitterbuffer gstrtpjitterbuffer.c:1452:gst_rtp_jitter_buffer_loop:<rtpjitterbuffer0> Peeked buffer #47731, expect #47731, timestamp 0:00:00.705788178, now 186 left
0:00:02.421875000  3920   00AFA7F0 LOG                rtpsource rtpsource.c:1059:rtp_source_process_rtp: seq 47967, PC: 288, OC: 381974
0:00:02.421875000  3920   00BCEE40 LOG       gstrtpjitterbuffer gstrtpjitterbuffer.c:1628:gst_rtp_jitter_buffer_loop:<rtpjitterbuffer0> rtp 185339598, ext 185339598
0:00:02.421875000  3920   00AFA7F0 LOG                rtpsource rtpsource.c:894:calculate_jitter: SSRC 02564c67 got payload 96
0:00:02.421875000  3920   00BCEE40 DEBUG     gstrtpjitterbuffer gstrtpjitterbuffer.c:1672:gst_rtp_jitter_buffer_loop:<rtpjitterbuffer0> Pushing buffer 47731, timestamp 0:00:00.705788178
0:00:02.421875000  3920   00AFA7F0 LOG                rtpsource rtpsource.c:927:calculate_jitter: rtparrival 1487010267, rtptime 185432330, clock-rate 90000, diff 908, jitter: 965.750000
0:00:02.421875000  3920   00BCEE40 DEBUG             rtpptdemux gstrtpptdemux.c:321:gst_rtp_pt_demux_chain:<rtpptdemux0> received buffer for pt 96
0:00:02.421875000  3920   00AFA7F0 LOG                rtpsource rtpsource.c:835:push_packet: pushing new packet
0:00:02.421875000  3920   00BCEE40 LOG         basertpdepayload gstbasertpdepayload.c:298:gst_base_rtp_depayload_chain:<rtpmp4vdepay0> discont 0, seqnum 47731, rtptime 185339598, timestamp 0:00:00.705788178
0:00:02.421875000  3920   00AFA7F0 LOG               rtpsession rtpsession.c:929:source_push_rtp: source 02564c67 pushed receiver RTP packet
0:00:02.421875000  3920   00BCEE40 DEBUG     gstrtpjitterbuffer gstrtpjitterbuffer.c:1389:gst_rtp_jitter_buffer_loop:<rtpjitterbuffer0> Peeking item
0:00:02.421875000  3920   00AFA7F0 LOG               rtpsession gstrtpsession.c:959:gst_rtp_session_process_rtp:<rtpsession0> pushing received RTP packet
0:00:02.421875000  3920   00BCEE40 DEBUG     gstrtpjitterbuffer gstrtpjitterbuffer.c:1452:gst_rtp_jitter_buffer_loop:<rtpjitterbuffer0> Peeked buffer #47732, expect #47732, timestamp 0:00:00.705788178, now 185 left
0:00:02.421875000  3920   00AFA7F0 DEBUG           rtpssrcdemux gstrtpssrcdemux.c:499:gst_rtp_ssrc_demux_chain:<rtpssrcdemux0> received buffer of SSRC 02564c67
0:00:02.421875000  3920   00BCEE40 LOG       gstrtpjitterbuffer gstrtpjitterbuffer.c:1628:gst_rtp_jitter_buffer_loop:<rtpjitterbuffer0> rtp 185339598, ext 185339598
0:00:02.421875000  3920   00AFA7F0 DEBUG     gstrtpjitterbuffer gstrtpjitterbuffer.c:1125:gst_rtp_jitter_buffer_chain:<rtpjitterbuffer0> Received packet #47967 at time 0:00:01.789782048
0:00:02.421875000  3920   00BCEE40 DEBUG     gstrtpjitterbuffer gstrtpjitterbuffer.c:1672:gst_rtp_jitter_buffer_loop:<rtpjitterbuffer0> Pushing buffer 47732, timestamp 0:00:00.705788178
0:00:02.421875000  3920   00BCEE40 DEBUG             rtpptdemux gstrtpptdemux.c:321:gst_rtp_pt_demux_chain:<rtpptdemux0> received buffer for pt 96
0:00:02.421875000  3920   00BCEE40 LOG         basertpdepayload gstbasertpdepayload.c:298:gst_base_rtp_depayload_chain:<rtpmp4vdepay0> discont 0, seqnum 47732, rtptime 185339598, timestamp 0:00:00.705788178
0:00:02.421875000  3920   00AFA7F0 DEBUG        rtpjitterbuffer rtpjitterbuffer.c:257:calculate_skew: extrtp 185432330, gstrtp 0:34:20.359222222, base 0:34:18.797888888, send_diff 0:00:01.561333334
0:00:02.421875000  3920   00AFA7F0 DEBUG        rtpjitterbuffer rtpjitterbuffer.c:280:calculate_skew: time 0:00:01.789782048, base 0:00:00.252180149, recv_diff 0:00:01.537601899, slope 8
0:00:02.421875000  3920   00AFA7F0 DEBUG        rtpjitterbuffer rtpjitterbuffer.c:297:calculate_skew: filling 288, delta -23731435
0:00:02.421875000  3920   00AFA7F0 DEBUG        rtpjitterbuffer rtpjitterbuffer.c:390:calculate_skew: backwards timestamps, using previous time
0:00:02.421875000  3920   00AFA7F0 DEBUG        rtpjitterbuffer rtpjitterbuffer.c:413:calculate_skew: skew -98531238, out 0:00:01.714982245
0:00:02.421875000  3920   00AFA7F0 DEBUG     gstrtpjitterbuffer gstrtpjitterbuffer.c:1247:gst_rtp_jitter_buffer_chain:<rtpjitterbuffer0> Pushed packet #47967, now 185 packets, tail: 0
0:00:02.421875000  3920   00BCEE40 DEBUG     gstrtpjitterbuffer gstrtpjitterbuffer.c:1389:gst_rtp_jitter_buffer_loop:<rtpjitterbuffer0> Peeking item
0:00:02.421875000  3920   00AFA7F0 LOG               rtpsession gstrtpsession.c:1343:gst_rtp_session_chain_recv_rtp:<rtpsession0> received RTP packet
0:00:02.421875000  3920   00BCEE40 DEBUG     gstrtpjitterbuffer gstrtpjitterbuffer.c:1452:gst_rtp_jitter_buffer_loop:<rtpjitterbuffer0> Peeked buffer #47733, expect #47733, timestamp 0:00:00.705788178, now 185 left
0:00:02.421875000  3920   00AFA7F0 LOG                rtpsource rtpsource.c:1059:rtp_source_process_rtp: seq 47968, PC: 289, OC: 383362
0:00:02.421875000  3920   00BCEE40 LOG       gstrtpjitterbuffer gstrtpjitterbuffer.c:1628:gst_rtp_jitter_buffer_loop:<rtpjitterbuffer0> rtp 185339598, ext 185339598
0:00:02.421875000  3920   00AFA7F0 LOG                rtpsource rtpsource.c:894:calculate_jitter: SSRC 02564c67 got payload 96
0:00:02.421875000  3920   00BCEE40 DEBUG     gstrtpjitterbuffer gstrtpjitterbuffer.c:1672:gst_rtp_jitter_buffer_loop:<rtpjitterbuffer0> Pushing buffer 47733, timestamp 0:00:00.705788178
0:00:02.421875000  3920   00AFA7F0 LOG                rtpsource rtpsource.c:927:calculate_jitter: rtparrival 1487011004, rtptime 185432330, clock-rate 90000, diff 737, jitter: 951.437500
0:00:02.421875000  3920   00BCEE40 DEBUG             rtpptdemux gstrtpptdemux.c:321:gst_rtp_pt_demux_chain:<rtpptdemux0> received buffer for pt 96
0:00:02.421875000  3920   00AFA7F0 LOG                rtpsource rtpsource.c:835:push_packet: pushing new packet
0:00:02.421875000  3920   00BCEE40 LOG         basertpdepayload gstbasertpdepayload.c:298:gst_base_rtp_depayload_chain:<rtpmp4vdepay0> discont 0, seqnum 47733, rtptime 185339598, timestamp 0:00:00.705788178
0:00:02.421875000  3920   00AFA7F0 LOG               rtpsession rtpsession.c:929:source_push_rtp: source 02564c67 pushed receiver RTP packet
0:00:02.421875000  3920   00BCEE40 DEBUG     gstrtpjitterbuffer gstrtpjitterbuffer.c:1389:gst_rtp_jitter_buffer_loop:<rtpjitterbuffer0> Peeking item
0:00:02.421875000  3920   00AFA7F0 LOG               rtpsession gstrtpsession.c:959:gst_rtp_session_process_rtp:<rtpsession0> pushing received RTP packet
0:00:02.421875000  3920   00BCEE40 DEBUG     gstrtpjitterbuffer gstrtpjitterbuffer.c:1452:gst_rtp_jitter_buffer_loop:<rtpjitterbuffer0> Peeked buffer #47734, expect #47734, timestamp 0:00:00.705788178, now 184 left
0:00:02.421875000  3920   00AFA7F0 DEBUG           rtpssrcdemux gstrtpssrcdemux.c:499:gst_rtp_ssrc_demux_chain:<rtpssrcdemux0> received buffer of SSRC 02564c67
0:00:02.421875000  3920   00BCEE40 LOG       gstrtpjitterbuffer gstrtpjitterbuffer.c:1628:gst_rtp_jitter_buffer_loop:<rtpjitterbuffer0> rtp 185339598, ext 185339598
0:00:02.421875000  3920   00AFA7F0 DEBUG     gstrtpjitterbuffer gstrtpjitterbuffer.c:1125:gst_rtp_jitter_buffer_chain:<rtpjitterbuffer0> Received packet #47968 at time 0:00:01.797967447
0:00:02.421875000  3920   00BCEE40 DEBUG     gstrtpjitterbuffer gstrtpjitterbuffer.c:1672:gst_rtp_jitter_buffer_loop:<rtpjitterbuffer0> Pushing buffer 47734, timestamp 0:00:00.705788178
0:00:02.421875000  3920   00AFA7F0 DEBUG        rtpjitterbuffer rtpjitterbuffer.c:257:calculate_skew: extrtp 185432330, gstrtp 0:34:20.359222222, base 0:34:18.797888888, send_diff 0:00:01.561333334
0:00:02.421875000  3920   00BCEE40 DEBUG             rtpptdemux gstrtpptdemux.c:321:gst_rtp_pt_demux_chain:<rtpptdemux0> received buffer for pt 96
0:00:02.421875000  3920   00AFA7F0 DEBUG        rtpjitterbuffer rtpjitterbuffer.c:280:calculate_skew: time 0:00:01.797967447, base 0:00:00.252180149, recv_diff 0:00:01.545787298, slope 8
0:00:02.421875000  3920   00BCEE40 LOG         basertpdepayload gstbasertpdepayload.c:298:gst_base_rtp_depayload_chain:<rtpmp4vdepay0> discont 0, seqnum 47734, rtptime 185339598, timestamp 0:00:00.705788178
0:00:02.421875000  3920   00AFA7F0 DEBUG        rtpjitterbuffer rtpjitterbuffer.c:297:calculate_skew: filling 289, delta -15546036
0:00:02.421875000  3920   00AFA7F0 DEBUG        rtpjitterbuffer rtpjitterbuffer.c:390:calculate_skew: backwards timestamps, using previous time
0:00:02.421875000  3920   00AFA7F0 DEBUG        rtpjitterbuffer rtpjitterbuffer.c:413:calculate_skew: skew -98531238, out 0:00:01.714982245
0:00:02.421875000  3920   00AFA7F0 DEBUG     gstrtpjitterbuffer gstrtpjitterbuffer.c:1247:gst_rtp_jitter_buffer_chain:<rtpjitterbuffer0> Pushed packet #47968, now 184 packets, tail: 0
0:00:02.421875000  3920   00BCEE40 DEBUG     gstrtpjitterbuffer gstrtpjitterbuffer.c:1389:gst_rtp_jitter_buffer_loop:<rtpjitterbuffer0> Peeking item
0:00:02.437500000  3920   00AFA7F0 LOG               rtpsession gstrtpsession.c:1343:gst_rtp_session_chain_recv_rtp:<rtpsession0> received RTP packet
0:00:02.437500000  3920   00BCEE40 DEBUG     gstrtpjitterbuffer gstrtpjitterbuffer.c:1452:gst_rtp_jitter_buffer_loop:<rtpjitterbuffer0> Peeked buffer #47735, expect #47735, timestamp 0:00:00.705788178, now 184 left
0:00:02.437500000  3920   00AFA7F0 LOG                rtpsource rtpsource.c:1059:rtp_source_process_rtp: seq 47970, PC: 290, OC: 384750
0:00:02.437500000  3920   00BCEE40 LOG       gstrtpjitterbuffer gstrtpjitterbuffer.c:1628:gst_rtp_jitter_buffer_loop:<rtpjitterbuffer0> rtp 185339598, ext 185339598
0:00:02.437500000  3920   00AFA7F0 LOG                rtpsource rtpsource.c:894:calculate_jitter: SSRC 02564c67 got payload 96
0:00:02.437500000  3920   00BCEE40 DEBUG     gstrtpjitterbuffer gstrtpjitterbuffer.c:1672:gst_rtp_jitter_buffer_loop:<rtpjitterbuffer0> Pushing buffer 47735, timestamp 0:00:00.705788178
0:00:02.437500000  3920   00AFA7F0 LOG                rtpsource rtpsource.c:927:calculate_jitter: rtparrival 1487011560, rtptime 185432330, clock-rate 90000, diff 556, jitter: 926.750000
0:00:02.437500000  3920   00BCEE40 DEBUG             rtpptdemux gstrtpptdemux.c:321:gst_rtp_pt_demux_chain:<rtpptdemux0> received buffer for pt 96
0:00:02.437500000  3920   00AFA7F0 LOG                rtpsource rtpsource.c:835:push_packet: pushing new packet
0:00:02.437500000  3920   00BCEE40 LOG         basertpdepayload gstbasertpdepayload.c:298:gst_base_rtp_depayload_chain:<rtpmp4vdepay0> discont 0, seqnum 47735, rtptime 185339598, timestamp 0:00:00.705788178
0:00:02.437500000  3920   00AFA7F0 LOG               rtpsession rtpsession.c:929:source_push_rtp: source 02564c67 pushed receiver RTP packet
0:00:02.437500000  3920   00BCEE40 DEBUG           rtpmp4vdepay gstrtpmp4vdepay.c:198:gst_rtp_mp4v_depay_process: gst_rtp_mp4v_depay_chain: pushing buffer of size 9739
0:00:02.437500000  3920   00AFA7F0 LOG               rtpsession gstrtpsession.c:959:gst_rtp_session_process_rtp:<rtpsession0> pushing received RTP packet
0:00:02.437500000  3920   00BCEE40 LOG         basertpdepayload gstbasertpdepayload.c:521:gst_base_rtp_depayload_push_full:<rtpmp4vdepay0> Pushing buffer size 9739, timestamp 0:00:00.705788178
0:00:02.437500000  3920   00AFA7F0 DEBUG           rtpssrcdemux gstrtpssrcdemux.c:499:gst_rtp_ssrc_demux_chain:<rtpssrcdemux0> received buffer of SSRC 02564c67
0:00:02.437500000  3920   00BCEE40 DEBUG     gstrtpjitterbuffer gstrtpjitterbuffer.c:1389:gst_rtp_jitter_buffer_loop:<rtpjitterbuffer0> Peeking item
0:00:02.437500000  3920   00AFA7F0 DEBUG     gstrtpjitterbuffer gstrtpjitterbuffer.c:1125:gst_rtp_jitter_buffer_chain:<rtpjitterbuffer0> Received packet #47970 at time 0:00:01.804140717
0:00:02.437500000  3920   00BCEE40 DEBUG     gstrtpjitterbuffer gstrtpjitterbuffer.c:1452:gst_rtp_jitter_buffer_loop:<rtpjitterbuffer0> Peeked buffer #47736, expect #47736, timestamp 0:00:00.735536693, now 183 left
0:00:02.437500000  3920   00BCEE40 LOG       gstrtpjitterbuffer gstrtpjitterbuffer.c:1628:gst_rtp_jitter_buffer_loop:<rtpjitterbuffer0> rtp 185342895, ext 185339598
0:00:02.437500000  3920   00BCEE40 LOG       gstrtpjitterbuffer gstrtpjitterbuffer.c:1656:gst_rtp_jitter_buffer_loop:<rtpjitterbuffer0> elapsed 0:00:00.567611111, estimated 0:00:12.958461854
0:00:02.437500000  3920   00BCEE40 DEBUG     gstrtpjitterbuffer gstrtpjitterbuffer.c:1672:gst_rtp_jitter_buffer_loop:<rtpjitterbuffer0> Pushing buffer 47736, timestamp 0:00:00.735536693
0:00:02.437500000  3920   00AFA7F0 DEBUG     gstrtpjitterbuffer gstrtpjitterbuffer.c:1164:gst_rtp_jitter_buffer_chain:<rtpjitterbuffer0> expected #47969, got #47970, gap of 1
0:00:02.437500000  3920   00BCEE40 DEBUG             rtpptdemux gstrtpptdemux.c:321:gst_rtp_pt_demux_chain:<rtpptdemux0> received buffer for pt 96
0:00:02.437500000  3920   00AFA7F0 DEBUG     gstrtpjitterbuffer gstrtpjitterbuffer.c:1177:gst_rtp_jitter_buffer_chain:<rtpjitterbuffer0> tolerable gap
0:00:02.437500000  3920   00BCEE40 LOG         basertpdepayload gstbasertpdepayload.c:298:gst_base_rtp_depayload_chain:<rtpmp4vdepay0> discont 0, seqnum 47736, rtptime 185342895, timestamp 0:00:00.735536693
0:00:02.437500000  3920   00AFA7F0 DEBUG        rtpjitterbuffer rtpjitterbuffer.c:257:calculate_skew: extrtp 185432330, gstrtp 0:34:20.359222222, base 0:34:18.797888888, send_diff 0:00:01.561333334
0:00:02.437500000  3920   00AFA7F0 DEBUG        rtpjitterbuffer rtpjitterbuffer.c:280:calculate_skew: time 0:00:01.804140717, base 0:00:00.252180149, recv_diff 0:00:01.551960568, slope 8
0:00:02.437500000  3920   00AFA7F0 DEBUG        rtpjitterbuffer rtpjitterbuffer.c:297:calculate_skew: filling 290, delta -9372766
0:00:02.437500000  3920   00AFA7F0 DEBUG        rtpjitterbuffer rtpjitterbuffer.c:390:calculate_skew: backwards timestamps, using previous time
0:00:02.437500000  3920   00AFA7F0 DEBUG        rtpjitterbuffer rtpjitterbuffer.c:413:calculate_skew: skew -98531238, out 0:00:01.714982245
0:00:02.437500000  3920   00AFA7F0 DEBUG     gstrtpjitterbuffer gstrtpjitterbuffer.c:1247:gst_rtp_jitter_buffer_chain:<rtpjitterbuffer0> Pushed packet #47970, now 183 packets, tail: 0
0:00:02.437500000  3920   00BCEE40 DEBUG     gstrtpjitterbuffer gstrtpjitterbuffer.c:1389:gst_rtp_jitter_buffer_loop:<rtpjitterbuffer0> Peeking item
0:00:02.437500000  3920   00AFA7F0 LOG               rtpsession gstrtpsession.c:1343:gst_rtp_session_chain_recv_rtp:<rtpsession0> received RTP packet
0:00:02.437500000  3920   00BCEE40 DEBUG     gstrtpjitterbuffer gstrtpjitterbuffer.c:1452:gst_rtp_jitter_buffer_loop:<rtpjitterbuffer0> Peeked buffer #47737, expect #47737, timestamp 0:00:00.735536693, now 183 left
0:00:02.437500000  3920   00AFA7F0 LOG                rtpsource rtpsource.c:1059:rtp_source_process_rtp: seq 47973, PC: 291, OC: 386138
0:00:02.437500000  3920   00BCEE40 LOG       gstrtpjitterbuffer gstrtpjitterbuffer.c:1628:gst_rtp_jitter_buffer_loop:<rtpjitterbuffer0> rtp 185342895, ext 185342895
0:00:02.437500000  3920   00AFA7F0 LOG                rtpsource rtpsource.c:894:calculate_jitter: SSRC 02564c67 got payload 96
0:00:02.437500000  3920   00BCEE40 DEBUG     gstrtpjitterbuffer gstrtpjitterbuffer.c:1672:gst_rtp_jitter_buffer_loop:<rtpjitterbuffer0> Pushing buffer 47737, timestamp 0:00:00.735536693
0:00:02.437500000  3920   00AFA7F0 LOG                rtpsource rtpsource.c:927:calculate_jitter: rtparrival 1487012244, rtptime 185435627, clock-rate 90000, diff 2613, jitter: 1032.125000
0:00:02.437500000  3920   00BCEE40 DEBUG             rtpptdemux gstrtpptdemux.c:321:gst_rtp_pt_demux_chain:<rtpptdemux0> received buffer for pt 96
0:00:02.437500000  3920   00AFA7F0 LOG                rtpsource rtpsource.c:835:push_packet: pushing new packet
0:00:02.437500000  3920   00BCEE40 LOG         basertpdepayload gstbasertpdepayload.c:298:gst_base_rtp_depayload_chain:<rtpmp4vdepay0> discont 0, seqnum 47737, rtptime 185342895, timestamp 0:00:00.735536693
0:00:02.437500000  3920   00AFA7F0 LOG               rtpsession rtpsession.c:929:source_push_rtp: source 02564c67 pushed receiver RTP packet
0:00:02.437500000  3920   00BCEE40 DEBUG     gstrtpjitterbuffer gstrtpjitterbuffer.c:1389:gst_rtp_jitter_buffer_loop:<rtpjitterbuffer0> Peeking item
0:00:02.437500000  3920   00AFA7F0 LOG               rtpsession gstrtpsession.c:959:gst_rtp_session_process_rtp:<rtpsession0> pushing received RTP packet
0:00:02.437500000  3920   00BCEE40 DEBUG     gstrtpjitterbuffer gstrtpjitterbuffer.c:1452:gst_rtp_jitter_buffer_loop:<rtpjitterbuffer0> Peeked buffer #47738, expect #47738, timestamp 0:00:00.735536693, now 182 left
0:00:02.437500000  3920   00AFA7F0 DEBUG           rtpssrcdemux gstrtpssrcdemux.c:499:gst_rtp_ssrc_demux_chain:<rtpssrcdemux0> received buffer of SSRC 02564c67
0:00:02.437500000  3920   00BCEE40 LOG       gstrtpjitterbuffer gstrtpjitterbuffer.c:1628:gst_rtp_jitter_buffer_loop:<rtpjitterbuffer0> rtp 185342895, ext 185342895
0:00:02.437500000  3920   00AFA7F0 DEBUG     gstrtpjitterbuffer gstrtpjitterbuffer.c:1125:gst_rtp_jitter_buffer_chain:<rtpjitterbuffer0> Received packet #47973 at time 0:00:01.811740088
0:00:02.437500000  3920   00BCEE40 DEBUG     gstrtpjitterbuffer gstrtpjitterbuffer.c:1672:gst_rtp_jitter_buffer_loop:<rtpjitterbuffer0> Pushing buffer 47738, timestamp 0:00:00.735536693
0:00:02.437500000  3920   00AFA7F0 DEBUG     gstrtpjitterbuffer gstrtpjitterbuffer.c:1164:gst_rtp_jitter_buffer_chain:<rtpjitterbuffer0> expected #47971, got #47973, gap of 2
0:00:02.437500000  3920   00BCEE40 DEBUG             rtpptdemux gstrtpptdemux.c:321:gst_rtp_pt_demux_chain:<rtpptdemux0> received buffer for pt 96
0:00:02.437500000  3920   00AFA7F0 DEBUG     gstrtpjitterbuffer gstrtpjitterbuffer.c:1177:gst_rtp_jitter_buffer_chain:<rtpjitterbuffer0> tolerable gap
0:00:02.437500000  3920   00BCEE40 LOG         basertpdepayload gstbasertpdepayload.c:298:gst_base_rtp_depayload_chain:<rtpmp4vdepay0> discont 0, seqnum 47738, rtptime 185342895, timestamp 0:00:00.735536693
0:00:02.437500000  3920   00AFA7F0 DEBUG        rtpjitterbuffer rtpjitterbuffer.c:257:calculate_skew: extrtp 185435627, gstrtp 0:34:20.395855555, base 0:34:18.797888888, send_diff 0:00:01.597966667
0:00:02.437500000  3920   00AFA7F0 DEBUG        rtpjitterbuffer rtpjitterbuffer.c:280:calculate_skew: time 0:00:01.811740088, base 0:00:00.252180149, recv_diff 0:00:01.559559939, slope 8
0:00:02.437500000  3920   00AFA7F0 DEBUG        rtpjitterbuffer rtpjitterbuffer.c:297:calculate_skew: filling 291, delta -38406728
0:00:02.437500000  3920   00AFA7F0 DEBUG        rtpjitterbuffer rtpjitterbuffer.c:413:calculate_skew: skew -98531238, out 0:00:01.751615578
0:00:02.437500000  3920   00AFA7F0 DEBUG     gstrtpjitterbuffer gstrtpjitterbuffer.c:1247:gst_rtp_jitter_buffer_chain:<rtpjitterbuffer0> Pushed packet #47973, now 182 packets, tail: 0
0:00:02.437500000  3920   00BCEE40 DEBUG     gstrtpjitterbuffer gstrtpjitterbuffer.c:1389:gst_rtp_jitter_buffer_loop:<rtpjitterbuffer0> Peeking item
0:00:02.437500000  3920   00AFA7F0 LOG               rtpsession gstrtpsession.c:1343:gst_rtp_session_chain_recv_rtp:<rtpsession0> received RTP packet
0:00:02.437500000  3920   00BCEE40 DEBUG     gstrtpjitterbuffer gstrtpjitterbuffer.c:1452:gst_rtp_jitter_buffer_loop:<rtpjitterbuffer0> Peeked buffer #47739, expect #47739, timestamp 0:00:00.735536693, now 182 left
0:00:02.437500000  3920   00AFA7F0 LOG                rtpsource rtpsource.c:1059:rtp_source_process_rtp: seq 47974, PC: 292, OC: 387526
0:00:02.437500000  3920   00BCEE40 LOG       gstrtpjitterbuffer gstrtpjitterbuffer.c:1628:gst_rtp_jitter_buffer_loop:<rtpjitterbuffer0> rtp 185342895, ext 185342895
0:00:02.437500000  3920   00AFA7F0 LOG                rtpsource rtpsource.c:894:calculate_jitter: SSRC 02564c67 got payload 96
0:00:02.437500000  3920   00BCEE40 DEBUG     gstrtpjitterbuffer gstrtpjitterbuffer.c:1672:gst_rtp_jitter_buffer_loop:<rtpjitterbuffer0> Pushing buffer 47739, timestamp 0:00:00.735536693
0:00:02.453125000  3920   00AFA7F0 LOG                rtpsource rtpsource.c:927:calculate_jitter: rtparrival 1487012843, rtptime 185435627, clock-rate 90000, diff 599, jitter: 1005.062500
0:00:02.453125000  3920   00BCEE40 DEBUG             rtpptdemux gstrtpptdemux.c:321:gst_rtp_pt_demux_chain:<rtpptdemux0> received buffer for pt 96
0:00:02.453125000  3920   00AFA7F0 LOG                rtpsource rtpsource.c:835:push_packet: pushing new packet
0:00:02.453125000  3920   00BCEE40 LOG         basertpdepayload gstbasertpdepayload.c:298:gst_base_rtp_depayload_chain:<rtpmp4vdepay0> discont 0, seqnum 47739, rtptime 185342895, timestamp 0:00:00.735536693
0:00:02.453125000  3920   00AFA7F0 LOG               rtpsession rtpsession.c:929:source_push_rtp: source 02564c67 pushed receiver RTP packet
0:00:02.453125000  3920   00BCEE40 DEBUG     gstrtpjitterbuffer gstrtpjitterbuffer.c:1389:gst_rtp_jitter_buffer_loop:<rtpjitterbuffer0> Peeking item
0:00:02.453125000  3920   00AFA7F0 LOG               rtpsession gstrtpsession.c:959:gst_rtp_session_process_rtp:<rtpsession0> pushing received RTP packet
0:00:02.453125000  3920   00BCEE40 DEBUG     gstrtpjitterbuffer gstrtpjitterbuffer.c:1452:gst_rtp_jitter_buffer_loop:<rtpjitterbuffer0> Peeked buffer #47740, expect #47740, timestamp 0:00:00.735536693, now 181 left
0:00:02.453125000  3920   00AFA7F0 DEBUG           rtpssrcdemux gstrtpssrcdemux.c:499:gst_rtp_ssrc_demux_chain:<rtpssrcdemux0> received buffer of SSRC 02564c67
0:00:02.453125000  3920   00BCEE40 LOG       gstrtpjitterbuffer gstrtpjitterbuffer.c:1628:gst_rtp_jitter_buffer_loop:<rtpjitterbuffer0> rtp 185342895, ext 185342895
0:00:02.453125000  3920   00AFA7F0 DEBUG     gstrtpjitterbuffer gstrtpjitterbuffer.c:1125:gst_rtp_jitter_buffer_chain:<rtpjitterbuffer0> Received packet #47974 at time 0:00:01.818394739
0:00:02.453125000  3920   00BCEE40 DEBUG     gstrtpjitterbuffer gstrtpjitterbuffer.c:1672:gst_rtp_jitter_buffer_loop:<rtpjitterbuffer0> Pushing buffer 47740, timestamp 0:00:00.735536693
0:00:02.453125000  3920   00AFA7F0 DEBUG        rtpjitterbuffer rtpjitterbuffer.c:257:calculate_skew: extrtp 185435627, gstrtp 0:34:20.395855555, base 0:34:18.797888888, send_diff 0:00:01.597966667
0:00:02.453125000  3920   00BCEE40 DEBUG             rtpptdemux gstrtpptdemux.c:321:gst_rtp_pt_demux_chain:<rtpptdemux0> received buffer for pt 96
0:00:02.453125000  3920   00AFA7F0 DEBUG        rtpjitterbuffer rtpjitterbuffer.c:280:calculate_skew: time 0:00:01.818394739, base 0:00:00.252180149, recv_diff 0:00:01.566214590, slope 8
0:00:02.453125000  3920   00BCEE40 LOG         basertpdepayload gstbasertpdepayload.c:298:gst_base_rtp_depayload_chain:<rtpmp4vdepay0> discont 0, seqnum 47740, rtptime 185342895, timestamp 0:00:00.735536693
0:00:02.453125000  3920   00AFA7F0 DEBUG        rtpjitterbuffer rtpjitterbuffer.c:297:calculate_skew: filling 292, delta -31752077
0:00:02.453125000  3920   00AFA7F0 DEBUG        rtpjitterbuffer rtpjitterbuffer.c:390:calculate_skew: backwards timestamps, using previous time
0:00:02.453125000  3920   00AFA7F0 DEBUG        rtpjitterbuffer rtpjitterbuffer.c:413:calculate_skew: skew -98531238, out 0:00:01.751615578
0:00:02.453125000  3920   00AFA7F0 DEBUG     gstrtpjitterbuffer gstrtpjitterbuffer.c:1247:gst_rtp_jitter_buffer_chain:<rtpjitterbuffer0> Pushed packet #47974, now 181 packets, tail: 0
0:00:02.453125000  3920   00BCEE40 DEBUG     gstrtpjitterbuffer gstrtpjitterbuffer.c:1389:gst_rtp_jitter_buffer_loop:<rtpjitterbuffer0> Peeking item
0:00:02.453125000  3920   00AFA7F0 LOG               rtpsession gstrtpsession.c:1343:gst_rtp_session_chain_recv_rtp:<rtpsession0> received RTP packet
0:00:02.453125000  3920   00BCEE40 DEBUG     gstrtpjitterbuffer gstrtpjitterbuffer.c:1452:gst_rtp_jitter_buffer_loop:<rtpjitterbuffer0> Peeked buffer #47741, expect #47741, timestamp 0:00:00.735536693, now 181 left
0:00:02.453125000  3920   00AFA7F0 LOG                rtpsource rtpsource.c:1059:rtp_source_process_rtp: seq 47975, PC: 293, OC: 388914
0:00:02.453125000  3920   00BCEE40 LOG       gstrtpjitterbuffer gstrtpjitterbuffer.c:1628:gst_rtp_jitter_buffer_loop:<rtpjitterbuffer0> rtp 185342895, ext 185342895
0:00:02.453125000  3920   00AFA7F0 LOG                rtpsource rtpsource.c:894:calculate_jitter: SSRC 02564c67 got payload 96
0:00:02.453125000  3920   00BCEE40 DEBUG     gstrtpjitterbuffer gstrtpjitterbuffer.c:1672:gst_rtp_jitter_buffer_loop:<rtpjitterbuffer0> Pushing buffer 47741, timestamp 0:00:00.735536693
0:00:02.453125000  3920   00AFA7F0 LOG                rtpsource rtpsource.c:927:calculate_jitter: rtparrival 1487013415, rtptime 185435627, clock-rate 90000, diff 572, jitter: 978.000000
0:00:02.453125000  3920   00BCEE40 DEBUG             rtpptdemux gstrtpptdemux.c:321:gst_rtp_pt_demux_chain:<rtpptdemux0> received buffer for pt 96
0:00:02.453125000  3920   00AFA7F0 LOG                rtpsource rtpsource.c:835:push_packet: pushing new packet
0:00:02.453125000  3920   00BCEE40 LOG         basertpdepayload gstbasertpdepayload.c:298:gst_base_rtp_depayload_chain:<rtpmp4vdepay0> discont 0, seqnum 47741, rtptime 185342895, timestamp 0:00:00.735536693
0:00:02.453125000  3920   00AFA7F0 LOG               rtpsession rtpsession.c:929:source_push_rtp: source 02564c67 pushed receiver RTP packet
0:00:02.453125000  3920   00BCEE40 DEBUG     gstrtpjitterbuffer gstrtpjitterbuffer.c:1389:gst_rtp_jitter_buffer_loop:<rtpjitterbuffer0> Peeking item
0:00:02.453125000  3920   00AFA7F0 LOG               rtpsession gstrtpsession.c:959:gst_rtp_session_process_rtp:<rtpsession0> pushing received RTP packet
0:00:02.453125000  3920   00BCEE40 DEBUG     gstrtpjitterbuffer gstrtpjitterbuffer.c:1452:gst_rtp_jitter_buffer_loop:<rtpjitterbuffer0> Peeked buffer #47742, expect #47742, timestamp 0:00:00.735536693, now 180 left
0:00:02.453125000  3920   00AFA7F0 DEBUG           rtpssrcdemux gstrtpssrcdemux.c:499:gst_rtp_ssrc_demux_chain:<rtpssrcdemux0> received buffer of SSRC 02564c67
0:00:02.453125000  3920   00BCEE40 LOG       gstrtpjitterbuffer gstrtpjitterbuffer.c:1628:gst_rtp_jitter_buffer_loop:<rtpjitterbuffer0> rtp 185342895, ext 185342895
0:00:02.453125000  3920   00AFA7F0 DEBUG     gstrtpjitterbuffer gstrtpjitterbuffer.c:1125:gst_rtp_jitter_buffer_chain:<rtpjitterbuffer0> Received packet #47975 at time 0:00:01.824757781
0:00:02.453125000  3920   00BCEE40 DEBUG     gstrtpjitterbuffer gstrtpjitterbuffer.c:1672:gst_rtp_jitter_buffer_loop:<rtpjitterbuffer0> Pushing buffer 47742, timestamp 0:00:00.735536693
0:00:02.453125000  3920   00AFA7F0 DEBUG        rtpjitterbuffer rtpjitterbuffer.c:257:calculate_skew: extrtp 185435627, gstrtp 0:34:20.395855555, base 0:34:18.797888888, send_diff 0:00:01.597966667
0:00:02.453125000  3920   00BCEE40 DEBUG             rtpptdemux gstrtpptdemux.c:321:gst_rtp_pt_demux_chain:<rtpptdemux0> received buffer for pt 96
0:00:02.453125000  3920   00AFA7F0 DEBUG        rtpjitterbuffer rtpjitterbuffer.c:280:calculate_skew: time 0:00:01.824757781, base 0:00:00.252180149, recv_diff 0:00:01.572577632, slope 8
0:00:02.453125000  3920   00BCEE40 LOG         basertpdepayload gstbasertpdepayload.c:298:gst_base_rtp_depayload_chain:<rtpmp4vdepay0> discont 0, seqnum 47742, rtptime 185342895, timestamp 0:00:00.735536693
0:00:02.453125000  3920   00AFA7F0 DEBUG        rtpjitterbuffer rtpjitterbuffer.c:297:calculate_skew: filling 293, delta -25389035
0:00:02.453125000  3920   00BCEE40 DEBUG           rtpmp4vdepay gstrtpmp4vdepay.c:198:gst_rtp_mp4v_depay_process: gst_rtp_mp4v_depay_chain: pushing buffer of size 9438
0:00:02.453125000  3920   00AFA7F0 DEBUG        rtpjitterbuffer rtpjitterbuffer.c:390:calculate_skew: backwards timestamps, using previous time
0:00:02.453125000  3920   00BCEE40 LOG         basertpdepayload gstbasertpdepayload.c:521:gst_base_rtp_depayload_push_full:<rtpmp4vdepay0> Pushing buffer size 9438, timestamp 0:00:00.735536693
0:00:02.453125000  3920   00AFA7F0 DEBUG        rtpjitterbuffer rtpjitterbuffer.c:413:calculate_skew: skew -98531238, out 0:00:01.751615578
0:00:02.453125000  3920   00AFA7F0 DEBUG     gstrtpjitterbuffer gstrtpjitterbuffer.c:1247:gst_rtp_jitter_buffer_chain:<rtpjitterbuffer0> Pushed packet #47975, now 180 packets, tail: 0
0:00:02.453125000  3920   00BCEE40 DEBUG     gstrtpjitterbuffer gstrtpjitterbuffer.c:1389:gst_rtp_jitter_buffer_loop:<rtpjitterbuffer0> Peeking item
0:00:02.453125000  3920   00AFA7F0 LOG               rtpsession gstrtpsession.c:1343:gst_rtp_session_chain_recv_rtp:<rtpsession0> received RTP packet
0:00:02.453125000  3920   00BCEE40 DEBUG     gstrtpjitterbuffer gstrtpjitterbuffer.c:1452:gst_rtp_jitter_buffer_loop:<rtpjitterbuffer0> Peeked buffer #47743, expect #47743, timestamp 0:00:00.760894041, now 180 left
0:00:02.453125000  3920   00AFA7F0 LOG                rtpsource rtpsource.c:1059:rtp_source_process_rtp: seq 47977, PC: 294, OC: 390302
0:00:02.453125000  3920   00BCEE40 LOG       gstrtpjitterbuffer gstrtpjitterbuffer.c:1628:gst_rtp_jitter_buffer_loop:<rtpjitterbuffer0> rtp 185345741, ext 185342895
0:00:02.453125000  3920   00AFA7F0 LOG                rtpsource rtpsource.c:894:calculate_jitter: SSRC 02564c67 got payload 96
0:00:02.453125000  3920   00BCEE40 LOG       gstrtpjitterbuffer gstrtpjitterbuffer.c:1656:gst_rtp_jitter_buffer_loop:<rtpjitterbuffer0> elapsed 0:00:00.599233333, estimated 0:00:12.697792313
0:00:02.453125000  3920   00AFA7F0 LOG                rtpsource rtpsource.c:927:calculate_jitter: rtparrival 1487014034, rtptime 185435627, clock-rate 90000, diff 619, jitter: 955.562500
0:00:02.453125000  3920   00BCEE40 DEBUG     gstrtpjitterbuffer gstrtpjitterbuffer.c:1672:gst_rtp_jitter_buffer_loop:<rtpjitterbuffer0> Pushing buffer 47743, timestamp 0:00:00.760894041
0:00:02.453125000  3920   00AFA7F0 LOG                rtpsource rtpsource.c:835:push_packet: pushing new packet
0:00:02.453125000  3920   00BCEE40 DEBUG             rtpptdemux gstrtpptdemux.c:321:gst_rtp_pt_demux_chain:<rtpptdemux0> received buffer for pt 96
0:00:02.453125000  3920   00AFA7F0 LOG               rtpsession rtpsession.c:929:source_push_rtp: source 02564c67 pushed receiver RTP packet
0:00:02.453125000  3920   00BCEE40 LOG         basertpdepayload gstbasertpdepayload.c:298:gst_base_rtp_depayload_chain:<rtpmp4vdepay0> discont 0, seqnum 47743, rtptime 185345741, timestamp 0:00:00.760894041
0:00:02.453125000  3920   00AFA7F0 LOG               rtpsession gstrtpsession.c:959:gst_rtp_session_process_rtp:<rtpsession0> pushing received RTP packet
0:00:02.453125000  3920   00BCEE40 DEBUG     gstrtpjitterbuffer gstrtpjitterbuffer.c:1389:gst_rtp_jitter_buffer_loop:<rtpjitterbuffer0> Peeking item
0:00:02.453125000  3920   00AFA7F0 DEBUG           rtpssrcdemux gstrtpssrcdemux.c:499:gst_rtp_ssrc_demux_chain:<rtpssrcdemux0> received buffer of SSRC 02564c67
0:00:02.453125000  3920   00BCEE40 DEBUG     gstrtpjitterbuffer gstrtpjitterbuffer.c:1452:gst_rtp_jitter_buffer_loop:<rtpjitterbuffer0> Peeked buffer #47744, expect #47744, timestamp 0:00:00.760894041, now 179 left
0:00:02.453125000  3920   00AFA7F0 DEBUG     gstrtpjitterbuffer gstrtpjitterbuffer.c:1125:gst_rtp_jitter_buffer_chain:<rtpjitterbuffer0> Received packet #47977 at time 0:00:01.831632171
0:00:02.468750000  3920   00BCEE40 LOG       gstrtpjitterbuffer gstrtpjitterbuffer.c:1628:gst_rtp_jitter_buffer_loop:<rtpjitterbuffer0> rtp 185345741, ext 185345741
0:00:02.468750000  3920   00BCEE40 DEBUG     gstrtpjitterbuffer gstrtpjitterbuffer.c:1672:gst_rtp_jitter_buffer_loop:<rtpjitterbuffer0> Pushing buffer 47744, timestamp 0:00:00.760894041
0:00:02.468750000  3920   00AFA7F0 DEBUG     gstrtpjitterbuffer gstrtpjitterbuffer.c:1164:gst_rtp_jitter_buffer_chain:<rtpjitterbuffer0> expected #47976, got #47977, gap of 1
0:00:02.468750000  3920   00BCEE40 DEBUG             rtpptdemux gstrtpptdemux.c:321:gst_rtp_pt_demux_chain:<rtpptdemux0> received buffer for pt 96
0:00:02.468750000  3920   00AFA7F0 DEBUG     gstrtpjitterbuffer gstrtpjitterbuffer.c:1177:gst_rtp_jitter_buffer_chain:<rtpjitterbuffer0> tolerable gap
0:00:02.468750000  3920   00BCEE40 LOG         basertpdepayload gstbasertpdepayload.c:298:gst_base_rtp_depayload_chain:<rtpmp4vdepay0> discont 0, seqnum 47744, rtptime 185345741, timestamp 0:00:00.760894041
0:00:02.468750000  3920   00AFA7F0 DEBUG        rtpjitterbuffer rtpjitterbuffer.c:257:calculate_skew: extrtp 185435627, gstrtp 0:34:20.395855555, base 0:34:18.797888888, send_diff 0:00:01.597966667
0:00:02.468750000  3920   00AFA7F0 DEBUG        rtpjitterbuffer rtpjitterbuffer.c:280:calculate_skew: time 0:00:01.831632171, base 0:00:00.252180149, recv_diff 0:00:01.579452022, slope 8
0:00:02.468750000  3920   00AFA7F0 DEBUG        rtpjitterbuffer rtpjitterbuffer.c:297:calculate_skew: filling 294, delta -18514645
0:00:02.468750000  3920   00AFA7F0 DEBUG        rtpjitterbuffer rtpjitterbuffer.c:390:calculate_skew: backwards timestamps, using previous time
0:00:02.468750000  3920   00AFA7F0 DEBUG        rtpjitterbuffer rtpjitterbuffer.c:413:calculate_skew: skew -98531238, out 0:00:01.751615578
0:00:02.468750000  3920   00AFA7F0 DEBUG     gstrtpjitterbuffer gstrtpjitterbuffer.c:1247:gst_rtp_jitter_buffer_chain:<rtpjitterbuffer0> Pushed packet #47977, now 179 packets, tail: 0
0:00:02.468750000  3920   00BCEE40 DEBUG     gstrtpjitterbuffer gstrtpjitterbuffer.c:1389:gst_rtp_jitter_buffer_loop:<rtpjitterbuffer0> Peeking item
0:00:02.468750000  3920   00AFA7F0 LOG               rtpsession gstrtpsession.c:1343:gst_rtp_session_chain_recv_rtp:<rtpsession0> received RTP packet
0:00:02.468750000  3920   00BCEE40 DEBUG     gstrtpjitterbuffer gstrtpjitterbuffer.c:1452:gst_rtp_jitter_buffer_loop:<rtpjitterbuffer0> Peeked buffer #47745, expect #47745, timestamp 0:00:00.760894041, now 179 left
0:00:02.468750000  3920   00AFA7F0 LOG                rtpsource rtpsource.c:1059:rtp_source_process_rtp: seq 47980, PC: 295, OC: 391690
0:00:02.468750000  3920   00BCEE40 LOG       gstrtpjitterbuffer gstrtpjitterbuffer.c:1628:gst_rtp_jitter_buffer_loop:<rtpjitterbuffer0> rtp 185345741, ext 185345741
0:00:02.468750000  3920   00AFA7F0 LOG                rtpsource rtpsource.c:894:calculate_jitter: SSRC 02564c67 got payload 96
0:00:02.468750000  3920   00BCEE40 DEBUG     gstrtpjitterbuffer gstrtpjitterbuffer.c:1672:gst_rtp_jitter_buffer_loop:<rtpjitterbuffer0> Pushing buffer 47745, timestamp 0:00:00.760894041
0:00:02.468750000  3920   00AFA7F0 LOG                rtpsource rtpsource.c:927:calculate_jitter: rtparrival 1487014664, rtptime 185438473, clock-rate 90000, diff 2216, jitter: 1034.312500
0:00:02.468750000  3920   00BCEE40 DEBUG             rtpptdemux gstrtpptdemux.c:321:gst_rtp_pt_demux_chain:<rtpptdemux0> received buffer for pt 96
0:00:02.468750000  3920   00AFA7F0 LOG                rtpsource rtpsource.c:835:push_packet: pushing new packet
0:00:02.468750000  3920   00BCEE40 LOG         basertpdepayload gstbasertpdepayload.c:298:gst_base_rtp_depayload_chain:<rtpmp4vdepay0> discont 0, seqnum 47745, rtptime 185345741, timestamp 0:00:00.760894041
0:00:02.468750000  3920   00AFA7F0 LOG               rtpsession rtpsession.c:929:source_push_rtp: source 02564c67 pushed receiver RTP packet
0:00:02.468750000  3920   00BCEE40 DEBUG     gstrtpjitterbuffer gstrtpjitterbuffer.c:1389:gst_rtp_jitter_buffer_loop:<rtpjitterbuffer0> Peeking item
0:00:02.468750000  3920   00AFA7F0 LOG               rtpsession gstrtpsession.c:959:gst_rtp_session_process_rtp:<rtpsession0> pushing received RTP packet
0:00:02.468750000  3920   00BCEE40 DEBUG     gstrtpjitterbuffer gstrtpjitterbuffer.c:1452:gst_rtp_jitter_buffer_loop:<rtpjitterbuffer0> Peeked buffer #47746, expect #47746, timestamp 0:00:00.760894041, now 178 left
0:00:02.468750000  3920   00AFA7F0 DEBUG           rtpssrcdemux gstrtpssrcdemux.c:499:gst_rtp_ssrc_demux_chain:<rtpssrcdemux0> received buffer of SSRC 02564c67
0:00:02.468750000  3920   00BCEE40 LOG       gstrtpjitterbuffer gstrtpjitterbuffer.c:1628:gst_rtp_jitter_buffer_loop:<rtpjitterbuffer0> rtp 185345741, ext 185345741
0:00:02.468750000  3920   00AFA7F0 DEBUG     gstrtpjitterbuffer gstrtpjitterbuffer.c:1125:gst_rtp_jitter_buffer_chain:<rtpjitterbuffer0> Received packet #47980 at time 0:00:01.838634732
0:00:02.468750000  3920   00BCEE40 DEBUG     gstrtpjitterbuffer gstrtpjitterbuffer.c:1672:gst_rtp_jitter_buffer_loop:<rtpjitterbuffer0> Pushing buffer 47746, timestamp 0:00:00.760894041
0:00:02.468750000  3920   00AFA7F0 DEBUG     gstrtpjitterbuffer gstrtpjitterbuffer.c:1164:gst_rtp_jitter_buffer_chain:<rtpjitterbuffer0> expected #47978, got #47980, gap of 2
0:00:02.468750000  3920   00BCEE40 DEBUG             rtpptdemux gstrtpptdemux.c:321:gst_rtp_pt_demux_chain:<rtpptdemux0> received buffer for pt 96
0:00:02.468750000  3920   00AFA7F0 DEBUG     gstrtpjitterbuffer gstrtpjitterbuffer.c:1177:gst_rtp_jitter_buffer_chain:<rtpjitterbuffer0> tolerable gap
0:00:02.468750000  3920   00BCEE40 LOG         basertpdepayload gstbasertpdepayload.c:298:gst_base_rtp_depayload_chain:<rtpmp4vdepay0> discont 0, seqnum 47746, rtptime 185345741, timestamp 0:00:00.760894041
0:00:02.468750000  3920   00AFA7F0 DEBUG        rtpjitterbuffer rtpjitterbuffer.c:257:calculate_skew: extrtp 185438473, gstrtp 0:34:20.427477777, base 0:34:18.797888888, send_diff 0:00:01.629588889
0:00:02.468750000  3920   00AFA7F0 DEBUG        rtpjitterbuffer rtpjitterbuffer.c:280:calculate_skew: time 0:00:01.838634732, base 0:00:00.252180149, recv_diff 0:00:01.586454583, slope 8
0:00:02.468750000  3920   00AFA7F0 DEBUG        rtpjitterbuffer rtpjitterbuffer.c:297:calculate_skew: filling 295, delta -43134306
0:00:02.468750000  3920   00AFA7F0 DEBUG        rtpjitterbuffer rtpjitterbuffer.c:413:calculate_skew: skew -98531238, out 0:00:01.783237800
0:00:02.468750000  3920   00AFA7F0 DEBUG     gstrtpjitterbuffer gstrtpjitterbuffer.c:1247:gst_rtp_jitter_buffer_chain:<rtpjitterbuffer0> Pushed packet #47980, now 178 packets, tail: 0
0:00:02.468750000  3920   00BCEE40 DEBUG     gstrtpjitterbuffer gstrtpjitterbuffer.c:1389:gst_rtp_jitter_buffer_loop:<rtpjitterbuffer0> Peeking item
0:00:02.468750000  3920   00AFA7F0 LOG               rtpsession gstrtpsession.c:1343:gst_rtp_session_chain_recv_rtp:<rtpsession0> received RTP packet
0:00:02.468750000  3920   00BCEE40 DEBUG     gstrtpjitterbuffer gstrtpjitterbuffer.c:1452:gst_rtp_jitter_buffer_loop:<rtpjitterbuffer0> Peeked buffer #47747, expect #47747, timestamp 0:00:00.760894041, now 178 left
0:00:02.468750000  3920   00AFA7F0 LOG                rtpsource rtpsource.c:1059:rtp_source_process_rtp: seq 47981, PC: 296, OC: 393078
0:00:02.468750000  3920   00BCEE40 LOG       gstrtpjitterbuffer gstrtpjitterbuffer.c:1628:gst_rtp_jitter_buffer_loop:<rtpjitterbuffer0> rtp 185345741, ext 185345741
0:00:02.468750000  3920   00AFA7F0 LOG                rtpsource rtpsource.c:894:calculate_jitter: SSRC 02564c67 got payload 96
0:00:02.468750000  3920   00BCEE40 DEBUG     gstrtpjitterbuffer gstrtpjitterbuffer.c:1672:gst_rtp_jitter_buffer_loop:<rtpjitterbuffer0> Pushing buffer 47747, timestamp 0:00:00.760894041
0:00:02.468750000  3920   00AFA7F0 LOG                rtpsource rtpsource.c:927:calculate_jitter: rtparrival 1487015240, rtptime 185438473, clock-rate 90000, diff 576, jitter: 1005.687500
0:00:02.468750000  3920   00BCEE40 DEBUG             rtpptdemux gstrtpptdemux.c:321:gst_rtp_pt_demux_chain:<rtpptdemux0> received buffer for pt 96
0:00:02.468750000  3920   00AFA7F0 LOG                rtpsource rtpsource.c:835:push_packet: pushing new packet
0:00:02.468750000  3920   00BCEE40 LOG         basertpdepayload gstbasertpdepayload.c:298:gst_base_rtp_depayload_chain:<rtpmp4vdepay0> discont 0, seqnum 47747, rtptime 185345741, timestamp 0:00:00.760894041
0:00:02.468750000  3920   00AFA7F0 LOG               rtpsession rtpsession.c:929:source_push_rtp: source 02564c67 pushed receiver RTP packet
0:00:02.468750000  3920   00BCEE40 DEBUG     gstrtpjitterbuffer gstrtpjitterbuffer.c:1389:gst_rtp_jitter_buffer_loop:<rtpjitterbuffer0> Peeking item
0:00:02.468750000  3920   00AFA7F0 LOG               rtpsession gstrtpsession.c:959:gst_rtp_session_process_rtp:<rtpsession0> pushing received RTP packet
0:00:02.468750000  3920   00BCEE40 DEBUG     gstrtpjitterbuffer gstrtpjitterbuffer.c:1452:gst_rtp_jitter_buffer_loop:<rtpjitterbuffer0> Peeked buffer #47748, expect #47748, timestamp 0:00:00.760894041, now 177 left
0:00:02.468750000  3920   00AFA7F0 DEBUG           rtpssrcdemux gstrtpssrcdemux.c:499:gst_rtp_ssrc_demux_chain:<rtpssrcdemux0> received buffer of SSRC 02564c67
