0:00:03.921875000  3920   00AFA7F0 DEBUG        rtpjitterbuffer rtpjitterbuffer.c:257:calculate_skew: extrtp 185570005, gstrtp 0:34:21.888944444, base 0:34:18.797888888, send_diff 0:00:03.091055556
0:00:03.921875000  3920   00BCEE40 DEBUG             rtpptdemux gstrtpptdemux.c:321:gst_rtp_pt_demux_chain:<rtpptdemux0> received buffer for pt 96
0:00:03.921875000  3920   00AFA7F0 DEBUG        rtpjitterbuffer rtpjitterbuffer.c:280:calculate_skew: time 0:00:03.287673289, base 0:00:00.252180149, recv_diff 0:00:03.035493140, slope 8
0:00:03.921875000  3920   00BCEE40 LOG         basertpdepayload gstbasertpdepayload.c:298:gst_base_rtp_depayload_chain:<rtpmp4vdepay0> discont 0, seqnum 48097, rtptime 185486262, timestamp 0:00:02.314226688
0:00:03.921875000  3920   00AFA7F0 DEBUG        rtpjitterbuffer rtpjitterbuffer.c:359:calculate_skew: delta -55562416, new min: -86741768
0:00:03.921875000  3920   00AFA7F0 DEBUG        rtpjitterbuffer rtpjitterbuffer.c:390:calculate_skew: backwards timestamps, using previous time
0:00:03.921875000  3920   00AFA7F0 DEBUG        rtpjitterbuffer rtpjitterbuffer.c:413:calculate_skew: skew -94925836, out 0:00:03.248243868
0:00:03.921875000  3920   00AFA7F0 DEBUG     gstrtpjitterbuffer gstrtpjitterbuffer.c:1247:gst_rtp_jitter_buffer_chain:<rtpjitterbuffer0> Pushed packet #48306, now 156 packets, tail: 0
0:00:03.921875000  3920   00BCEE40 DEBUG     gstrtpjitterbuffer gstrtpjitterbuffer.c:1389:gst_rtp_jitter_buffer_loop:<rtpjitterbuffer0> Peeking item
0:00:03.921875000  3920   00AFA7F0 LOG               rtpsession gstrtpsession.c:1343:gst_rtp_session_chain_recv_rtp:<rtpsession0> received RTP packet
0:00:03.921875000  3920   00BCEE40 DEBUG     gstrtpjitterbuffer gstrtpjitterbuffer.c:1452:gst_rtp_jitter_buffer_loop:<rtpjitterbuffer0> Peeked buffer #48098, expect #48098, timestamp 0:00:02.314226688, now 156 left
0:00:03.921875000  3920   00AFA7F0 LOG                rtpsource rtpsource.c:1059:rtp_source_process_rtp: seq 48307, PC: 541, OC: 718887
0:00:03.921875000  3920   00BCEE40 LOG       gstrtpjitterbuffer gstrtpjitterbuffer.c:1628:gst_rtp_jitter_buffer_loop:<rtpjitterbuffer0> rtp 185486262, ext 185486262
0:00:03.921875000  3920   00AFA7F0 LOG                rtpsource rtpsource.c:894:calculate_jitter: SSRC 02564c67 got payload 96
0:00:03.921875000  3920   00BCEE40 DEBUG     gstrtpjitterbuffer gstrtpjitterbuffer.c:1672:gst_rtp_jitter_buffer_loop:<rtpjitterbuffer0> Pushing buffer 48098, timestamp 0:00:02.314226688
0:00:03.921875000  3920   00AFA7F0 LOG                rtpsource rtpsource.c:927:calculate_jitter: rtparrival 1487145627, rtptime 185570005, clock-rate 90000, diff 549, jitter: 857.750000
0:00:03.921875000  3920   00BCEE40 DEBUG             rtpptdemux gstrtpptdemux.c:321:gst_rtp_pt_demux_chain:<rtpptdemux0> received buffer for pt 96
0:00:03.921875000  3920   00AFA7F0 LOG                rtpsource rtpsource.c:835:push_packet: pushing new packet
0:00:03.921875000  3920   00BCEE40 LOG         basertpdepayload gstbasertpdepayload.c:298:gst_base_rtp_depayload_chain:<rtpmp4vdepay0> discont 0, seqnum 48098, rtptime 185486262, timestamp 0:00:02.314226688
0:00:03.921875000  3920   00AFA7F0 LOG               rtpsession rtpsession.c:929:source_push_rtp: source 02564c67 pushed receiver RTP packet
0:00:03.921875000  3920   00BCEE40 DEBUG           rtpmp4vdepay gstrtpmp4vdepay.c:198:gst_rtp_mp4v_depay_process: gst_rtp_mp4v_depay_chain: pushing buffer of size 8544
0:00:03.921875000  3920   00AFA7F0 LOG               rtpsession gstrtpsession.c:959:gst_rtp_session_process_rtp:<rtpsession0> pushing received RTP packet
0:00:03.921875000  3920   00BCEE40 LOG         basertpdepayload gstbasertpdepayload.c:521:gst_base_rtp_depayload_push_full:<rtpmp4vdepay0> Pushing buffer size 8544, timestamp 0:00:02.314226688
0:00:03.921875000  3920   00AFA7F0 DEBUG           rtpssrcdemux gstrtpssrcdemux.c:499:gst_rtp_ssrc_demux_chain:<rtpssrcdemux0> received buffer of SSRC 02564c67
0:00:03.921875000  3920   00BCEE40 DEBUG     gstrtpjitterbuffer gstrtpjitterbuffer.c:1389:gst_rtp_jitter_buffer_loop:<rtpjitterbuffer0> Peeking item
0:00:03.921875000  3920   00AFA7F0 DEBUG     gstrtpjitterbuffer gstrtpjitterbuffer.c:1125:gst_rtp_jitter_buffer_chain:<rtpjitterbuffer0> Received packet #48307 at time 0:00:03.293773016
0:00:03.921875000  3920   00BCEE40 DEBUG     gstrtpjitterbuffer gstrtpjitterbuffer.c:1452:gst_rtp_jitter_buffer_loop:<rtpjitterbuffer0> Peeked buffer #48099, expect #48099, timestamp 0:00:02.345848910, now 155 left
0:00:03.921875000  3920   00BCEE40 LOG       gstrtpjitterbuffer gstrtpjitterbuffer.c:1628:gst_rtp_jitter_buffer_loop:<rtpjitterbuffer0> rtp 185489108, ext 185486262
0:00:03.921875000  3920   00BCEE40 LOG       gstrtpjitterbuffer gstrtpjitterbuffer.c:1656:gst_rtp_jitter_buffer_loop:<rtpjitterbuffer0> elapsed 0:00:02.192200000, estimated 0:00:10.700889106
0:00:03.921875000  3920   00BCEE40 DEBUG     gstrtpjitterbuffer gstrtpjitterbuffer.c:1672:gst_rtp_jitter_buffer_loop:<rtpjitterbuffer0> Pushing buffer 48099, timestamp 0:00:02.345848910
0:00:03.921875000  3920   00AFA7F0 DEBUG        rtpjitterbuffer rtpjitterbuffer.c:257:calculate_skew: extrtp 185570005, gstrtp 0:34:21.888944444, base 0:34:18.797888888, send_diff 0:00:03.091055556
0:00:03.921875000  3920   00BCEE40 DEBUG             rtpptdemux gstrtpptdemux.c:321:gst_rtp_pt_demux_chain:<rtpptdemux0> received buffer for pt 96
0:00:03.921875000  3920   00AFA7F0 DEBUG        rtpjitterbuffer rtpjitterbuffer.c:280:calculate_skew: time 0:00:03.293773016, base 0:00:00.252180149, recv_diff 0:00:03.041592867, slope 8
0:00:03.921875000  3920   00BCEE40 LOG         basertpdepayload gstbasertpdepayload.c:298:gst_base_rtp_depayload_chain:<rtpmp4vdepay0> discont 0, seqnum 48099, rtptime 185489108, timestamp 0:00:02.345848910
0:00:03.921875000  3920   00AFA7F0 DEBUG        rtpjitterbuffer rtpjitterbuffer.c:359:calculate_skew: delta -49462689, new min: -83779183
0:00:03.921875000  3920   00AFA7F0 DEBUG        rtpjitterbuffer rtpjitterbuffer.c:390:calculate_skew: backwards timestamps, using previous time
0:00:03.921875000  3920   00AFA7F0 DEBUG        rtpjitterbuffer rtpjitterbuffer.c:413:calculate_skew: skew -94836662, out 0:00:03.248243868
0:00:03.921875000  3920   00AFA7F0 DEBUG     gstrtpjitterbuffer gstrtpjitterbuffer.c:1247:gst_rtp_jitter_buffer_chain:<rtpjitterbuffer0> Pushed packet #48307, now 155 packets, tail: 0
0:00:03.921875000  3920   00BCEE40 DEBUG     gstrtpjitterbuffer gstrtpjitterbuffer.c:1389:gst_rtp_jitter_buffer_loop:<rtpjitterbuffer0> Peeking item
0:00:03.921875000  3920   00AFA7F0 LOG               rtpsession gstrtpsession.c:1343:gst_rtp_session_chain_recv_rtp:<rtpsession0> received RTP packet
0:00:03.921875000  3920   00BCEE40 DEBUG     gstrtpjitterbuffer gstrtpjitterbuffer.c:1452:gst_rtp_jitter_buffer_loop:<rtpjitterbuffer0> Peeked buffer #48100, expect #48100, timestamp 0:00:02.345848910, now 155 left
0:00:03.921875000  3920   00AFA7F0 LOG                rtpsource rtpsource.c:1059:rtp_source_process_rtp: seq 48308, PC: 542, OC: 720275
0:00:03.921875000  3920   00BCEE40 LOG       gstrtpjitterbuffer gstrtpjitterbuffer.c:1628:gst_rtp_jitter_buffer_loop:<rtpjitterbuffer0> rtp 185489108, ext 185489108
0:00:03.921875000  3920   00AFA7F0 LOG                rtpsource rtpsource.c:894:calculate_jitter: SSRC 02564c67 got payload 96
0:00:03.921875000  3920   00BCEE40 DEBUG     gstrtpjitterbuffer gstrtpjitterbuffer.c:1672:gst_rtp_jitter_buffer_loop:<rtpjitterbuffer0> Pushing buffer 48100, timestamp 0:00:02.345848910
0:00:03.921875000  3920   00AFA7F0 LOG                rtpsource rtpsource.c:927:calculate_jitter: rtparrival 1487146260, rtptime 185570005, clock-rate 90000, diff 633, jitter: 843.687500
0:00:03.921875000  3920   00BCEE40 DEBUG             rtpptdemux gstrtpptdemux.c:321:gst_rtp_pt_demux_chain:<rtpptdemux0> received buffer for pt 96
0:00:03.921875000  3920   00AFA7F0 LOG                rtpsource rtpsource.c:835:push_packet: pushing new packet
0:00:03.921875000  3920   00BCEE40 LOG         basertpdepayload gstbasertpdepayload.c:298:gst_base_rtp_depayload_chain:<rtpmp4vdepay0> discont 0, seqnum 48100, rtptime 185489108, timestamp 0:00:02.345848910
0:00:03.921875000  3920   00AFA7F0 LOG               rtpsession rtpsession.c:929:source_push_rtp: source 02564c67 pushed receiver RTP packet
0:00:03.921875000  3920   00BCEE40 DEBUG     gstrtpjitterbuffer gstrtpjitterbuffer.c:1389:gst_rtp_jitter_buffer_loop:<rtpjitterbuffer0> Peeking item
0:00:03.921875000  3920   00AFA7F0 LOG               rtpsession gstrtpsession.c:959:gst_rtp_session_process_rtp:<rtpsession0> pushing received RTP packet
0:00:03.937500000  3920   00BCEE40 DEBUG     gstrtpjitterbuffer gstrtpjitterbuffer.c:1452:gst_rtp_jitter_buffer_loop:<rtpjitterbuffer0> Peeked buffer #48101, expect #48101, timestamp 0:00:02.345848910, now 154 left
0:00:03.937500000  3920   00AFA7F0 DEBUG           rtpssrcdemux gstrtpssrcdemux.c:499:gst_rtp_ssrc_demux_chain:<rtpssrcdemux0> received buffer of SSRC 02564c67
0:00:03.937500000  3920   00BCEE40 LOG       gstrtpjitterbuffer gstrtpjitterbuffer.c:1628:gst_rtp_jitter_buffer_loop:<rtpjitterbuffer0> rtp 185489108, ext 185489108
0:00:03.937500000  3920   00AFA7F0 DEBUG     gstrtpjitterbuffer gstrtpjitterbuffer.c:1125:gst_rtp_jitter_buffer_chain:<rtpjitterbuffer0> Received packet #48308 at time 0:00:03.300815287
0:00:03.937500000  3920   00BCEE40 DEBUG     gstrtpjitterbuffer gstrtpjitterbuffer.c:1672:gst_rtp_jitter_buffer_loop:<rtpjitterbuffer0> Pushing buffer 48101, timestamp 0:00:02.345848910
0:00:03.937500000  3920   00AFA7F0 DEBUG        rtpjitterbuffer rtpjitterbuffer.c:257:calculate_skew: extrtp 185570005, gstrtp 0:34:21.888944444, base 0:34:18.797888888, send_diff 0:00:03.091055556
0:00:03.937500000  3920   00BCEE40 DEBUG             rtpptdemux gstrtpptdemux.c:321:gst_rtp_pt_demux_chain:<rtpptdemux0> received buffer for pt 96
0:00:03.937500000  3920   00AFA7F0 DEBUG        rtpjitterbuffer rtpjitterbuffer.c:280:calculate_skew: time 0:00:03.300815287, base 0:00:00.252180149, recv_diff 0:00:03.048635138, slope 8
0:00:03.937500000  3920   00BCEE40 LOG         basertpdepayload gstbasertpdepayload.c:298:gst_base_rtp_depayload_chain:<rtpmp4vdepay0> discont 0, seqnum 48101, rtptime 185489108, timestamp 0:00:02.345848910
0:00:03.937500000  3920   00AFA7F0 DEBUG        rtpjitterbuffer rtpjitterbuffer.c:359:calculate_skew: delta -42420418, new min: -83779183
0:00:03.937500000  3920   00AFA7F0 DEBUG        rtpjitterbuffer rtpjitterbuffer.c:390:calculate_skew: backwards timestamps, using previous time
0:00:03.937500000  3920   00AFA7F0 DEBUG        rtpjitterbuffer rtpjitterbuffer.c:413:calculate_skew: skew -94748202, out 0:00:03.248243868
0:00:03.937500000  3920   00AFA7F0 DEBUG     gstrtpjitterbuffer gstrtpjitterbuffer.c:1247:gst_rtp_jitter_buffer_chain:<rtpjitterbuffer0> Pushed packet #48308, now 154 packets, tail: 0
0:00:03.937500000  3920   00BCEE40 DEBUG     gstrtpjitterbuffer gstrtpjitterbuffer.c:1389:gst_rtp_jitter_buffer_loop:<rtpjitterbuffer0> Peeking item
0:00:03.937500000  3920   00AFA7F0 LOG               rtpsession gstrtpsession.c:1343:gst_rtp_session_chain_recv_rtp:<rtpsession0> received RTP packet
0:00:03.937500000  3920   00BCEE40 DEBUG     gstrtpjitterbuffer gstrtpjitterbuffer.c:1452:gst_rtp_jitter_buffer_loop:<rtpjitterbuffer0> Peeked buffer #48102, expect #48102, timestamp 0:00:02.345848910, now 154 left
0:00:03.937500000  3920   00AFA7F0 LOG                rtpsource rtpsource.c:1059:rtp_source_process_rtp: seq 48309, PC: 543, OC: 721663
0:00:03.937500000  3920   00BCEE40 LOG       gstrtpjitterbuffer gstrtpjitterbuffer.c:1628:gst_rtp_jitter_buffer_loop:<rtpjitterbuffer0> rtp 185489108, ext 185489108
0:00:03.937500000  3920   00AFA7F0 LOG                rtpsource rtpsource.c:894:calculate_jitter: SSRC 02564c67 got payload 96
0:00:03.937500000  3920   00BCEE40 DEBUG     gstrtpjitterbuffer gstrtpjitterbuffer.c:1672:gst_rtp_jitter_buffer_loop:<rtpjitterbuffer0> Pushing buffer 48102, timestamp 0:00:02.345848910
0:00:03.937500000  3920   00AFA7F0 LOG                rtpsource rtpsource.c:927:calculate_jitter: rtparrival 1487146847, rtptime 185570005, clock-rate 90000, diff 587, jitter: 827.625000
0:00:03.937500000  3920   00BCEE40 DEBUG             rtpptdemux gstrtpptdemux.c:321:gst_rtp_pt_demux_chain:<rtpptdemux0> received buffer for pt 96
0:00:03.937500000  3920   00AFA7F0 LOG                rtpsource rtpsource.c:835:push_packet: pushing new packet
0:00:03.937500000  3920   00BCEE40 LOG         basertpdepayload gstbasertpdepayload.c:298:gst_base_rtp_depayload_chain:<rtpmp4vdepay0> discont 0, seqnum 48102, rtptime 185489108, timestamp 0:00:02.345848910
0:00:03.937500000  3920   00AFA7F0 LOG               rtpsession rtpsession.c:929:source_push_rtp: source 02564c67 pushed receiver RTP packet
0:00:03.937500000  3920   00BCEE40 DEBUG     gstrtpjitterbuffer gstrtpjitterbuffer.c:1389:gst_rtp_jitter_buffer_loop:<rtpjitterbuffer0> Peeking item
0:00:03.937500000  3920   00AFA7F0 LOG               rtpsession gstrtpsession.c:959:gst_rtp_session_process_rtp:<rtpsession0> pushing received RTP packet
0:00:03.937500000  3920   00BCEE40 DEBUG     gstrtpjitterbuffer gstrtpjitterbuffer.c:1452:gst_rtp_jitter_buffer_loop:<rtpjitterbuffer0> Peeked buffer #48103, expect #48103, timestamp 0:00:02.345848910, now 153 left
0:00:03.937500000  3920   00AFA7F0 DEBUG           rtpssrcdemux gstrtpssrcdemux.c:499:gst_rtp_ssrc_demux_chain:<rtpssrcdemux0> received buffer of SSRC 02564c67
0:00:03.937500000  3920   00BCEE40 LOG       gstrtpjitterbuffer gstrtpjitterbuffer.c:1628:gst_rtp_jitter_buffer_loop:<rtpjitterbuffer0> rtp 185489108, ext 185489108
0:00:03.937500000  3920   00AFA7F0 DEBUG     gstrtpjitterbuffer gstrtpjitterbuffer.c:1125:gst_rtp_jitter_buffer_chain:<rtpjitterbuffer0> Received packet #48309 at time 0:00:03.307331504
0:00:03.937500000  3920   00BCEE40 DEBUG     gstrtpjitterbuffer gstrtpjitterbuffer.c:1672:gst_rtp_jitter_buffer_loop:<rtpjitterbuffer0> Pushing buffer 48103, timestamp 0:00:02.345848910
0:00:03.937500000  3920   00AFA7F0 DEBUG        rtpjitterbuffer rtpjitterbuffer.c:257:calculate_skew: extrtp 185570005, gstrtp 0:34:21.888944444, base 0:34:18.797888888, send_diff 0:00:03.091055556
0:00:03.937500000  3920   00BCEE40 DEBUG             rtpptdemux gstrtpptdemux.c:321:gst_rtp_pt_demux_chain:<rtpptdemux0> received buffer for pt 96
0:00:03.937500000  3920   00AFA7F0 DEBUG        rtpjitterbuffer rtpjitterbuffer.c:280:calculate_skew: time 0:00:03.307331504, base 0:00:00.252180149, recv_diff 0:00:03.055151355, slope 8
0:00:03.937500000  3920   00BCEE40 LOG         basertpdepayload gstbasertpdepayload.c:298:gst_base_rtp_depayload_chain:<rtpmp4vdepay0> discont 0, seqnum 48103, rtptime 185489108, timestamp 0:00:02.345848910
0:00:03.937500000  3920   00AFA7F0 DEBUG        rtpjitterbuffer rtpjitterbuffer.c:359:calculate_skew: delta -35904201, new min: -83779183
0:00:03.937500000  3920   00AFA7F0 DEBUG        rtpjitterbuffer rtpjitterbuffer.c:390:calculate_skew: backwards timestamps, using previous time
0:00:03.937500000  3920   00AFA7F0 DEBUG        rtpjitterbuffer rtpjitterbuffer.c:413:calculate_skew: skew -94660449, out 0:00:03.248243868
0:00:03.937500000  3920   00AFA7F0 DEBUG     gstrtpjitterbuffer gstrtpjitterbuffer.c:1247:gst_rtp_jitter_buffer_chain:<rtpjitterbuffer0> Pushed packet #48309, now 153 packets, tail: 0
0:00:03.937500000  3920   00BCEE40 DEBUG     gstrtpjitterbuffer gstrtpjitterbuffer.c:1389:gst_rtp_jitter_buffer_loop:<rtpjitterbuffer0> Peeking item
0:00:03.937500000  3920   00AFA7F0 LOG               rtpsession gstrtpsession.c:1343:gst_rtp_session_chain_recv_rtp:<rtpsession0> received RTP packet
0:00:03.937500000  3920   00BCEE40 DEBUG     gstrtpjitterbuffer gstrtpjitterbuffer.c:1452:gst_rtp_jitter_buffer_loop:<rtpjitterbuffer0> Peeked buffer #48104, expect #48104, timestamp 0:00:02.345848910, now 153 left
0:00:03.937500000  3920   00AFA7F0 LOG                rtpsource rtpsource.c:1059:rtp_source_process_rtp: seq 48312, PC: 544, OC: 723051
0:00:03.937500000  3920   00BCEE40 LOG       gstrtpjitterbuffer gstrtpjitterbuffer.c:1628:gst_rtp_jitter_buffer_loop:<rtpjitterbuffer0> rtp 185489108, ext 185489108
0:00:03.937500000  3920   00AFA7F0 LOG                rtpsource rtpsource.c:894:calculate_jitter: SSRC 02564c67 got payload 96
0:00:03.937500000  3920   00BCEE40 DEBUG     gstrtpjitterbuffer gstrtpjitterbuffer.c:1672:gst_rtp_jitter_buffer_loop:<rtpjitterbuffer0> Pushing buffer 48104, timestamp 0:00:02.345848910
0:00:03.937500000  3920   00AFA7F0 LOG                rtpsource rtpsource.c:927:calculate_jitter: rtparrival 1487147409, rtptime 185573300, clock-rate 90000, diff 2733, jitter: 946.687500
0:00:03.937500000  3920   00BCEE40 DEBUG             rtpptdemux gstrtpptdemux.c:321:gst_rtp_pt_demux_chain:<rtpptdemux0> received buffer for pt 96
0:00:03.937500000  3920   00AFA7F0 LOG                rtpsource rtpsource.c:835:push_packet: pushing new packet
0:00:03.937500000  3920   00BCEE40 LOG         basertpdepayload gstbasertpdepayload.c:298:gst_base_rtp_depayload_chain:<rtpmp4vdepay0> discont 0, seqnum 48104, rtptime 185489108, timestamp 0:00:02.345848910
0:00:03.937500000  3920   00AFA7F0 LOG               rtpsession rtpsession.c:929:source_push_rtp: source 02564c67 pushed receiver RTP packet
0:00:03.937500000  3920   00BCEE40 DEBUG     gstrtpjitterbuffer gstrtpjitterbuffer.c:1389:gst_rtp_jitter_buffer_loop:<rtpjitterbuffer0> Peeking item
0:00:03.937500000  3920   00AFA7F0 LOG               rtpsession gstrtpsession.c:959:gst_rtp_session_process_rtp:<rtpsession0> pushing received RTP packet
0:00:03.937500000  3920   00BCEE40 DEBUG     gstrtpjitterbuffer gstrtpjitterbuffer.c:1452:gst_rtp_jitter_buffer_loop:<rtpjitterbuffer0> Peeked buffer #48105, expect #48105, timestamp 0:00:02.345848910, now 152 left
0:00:03.937500000  3920   00AFA7F0 DEBUG           rtpssrcdemux gstrtpssrcdemux.c:499:gst_rtp_ssrc_demux_chain:<rtpssrcdemux0> received buffer of SSRC 02564c67
0:00:03.937500000  3920   00BCEE40 LOG       gstrtpjitterbuffer gstrtpjitterbuffer.c:1628:gst_rtp_jitter_buffer_loop:<rtpjitterbuffer0> rtp 185489108, ext 185489108
0:00:03.937500000  3920   00AFA7F0 DEBUG     gstrtpjitterbuffer gstrtpjitterbuffer.c:1125:gst_rtp_jitter_buffer_chain:<rtpjitterbuffer0> Received packet #48312 at time 0:00:03.313580251
0:00:03.937500000  3920   00BCEE40 DEBUG     gstrtpjitterbuffer gstrtpjitterbuffer.c:1672:gst_rtp_jitter_buffer_loop:<rtpjitterbuffer0> Pushing buffer 48105, timestamp 0:00:02.345848910
0:00:03.937500000  3920   00AFA7F0 DEBUG     gstrtpjitterbuffer gstrtpjitterbuffer.c:1164:gst_rtp_jitter_buffer_chain:<rtpjitterbuffer0> expected #48310, got #48312, gap of 2
0:00:03.937500000  3920   00BCEE40 DEBUG             rtpptdemux gstrtpptdemux.c:321:gst_rtp_pt_demux_chain:<rtpptdemux0> received buffer for pt 96
0:00:03.937500000  3920   00AFA7F0 DEBUG     gstrtpjitterbuffer gstrtpjitterbuffer.c:1177:gst_rtp_jitter_buffer_chain:<rtpjitterbuffer0> tolerable gap
0:00:03.937500000  3920   00BCEE40 LOG         basertpdepayload gstbasertpdepayload.c:298:gst_base_rtp_depayload_chain:<rtpmp4vdepay0> discont 0, seqnum 48105, rtptime 185489108, timestamp 0:00:02.345848910
0:00:03.937500000  3920   00AFA7F0 DEBUG        rtpjitterbuffer rtpjitterbuffer.c:257:calculate_skew: extrtp 185573300, gstrtp 0:34:21.925555555, base 0:34:18.797888888, send_diff 0:00:03.127666667
0:00:03.937500000  3920   00BCEE40 DEBUG           rtpmp4vdepay gstrtpmp4vdepay.c:198:gst_rtp_mp4v_depay_process: gst_rtp_mp4v_depay_chain: pushing buffer of size 8604
0:00:03.937500000  3920   00AFA7F0 DEBUG        rtpjitterbuffer rtpjitterbuffer.c:280:calculate_skew: time 0:00:03.313580251, base 0:00:00.252180149, recv_diff 0:00:03.061400102, slope 8
0:00:03.953125000  3920   00BCEE40 LOG         basertpdepayload gstbasertpdepayload.c:521:gst_base_rtp_depayload_push_full:<rtpmp4vdepay0> Pushing buffer size 8604, timestamp 0:00:02.345848910
0:00:03.953125000  3920   00AFA7F0 DEBUG        rtpjitterbuffer rtpjitterbuffer.c:359:calculate_skew: delta -66266565, new min: -83779183
0:00:03.953125000  3920   00AFA7F0 DEBUG        rtpjitterbuffer rtpjitterbuffer.c:413:calculate_skew: skew -94573398, out 0:00:03.285273418
0:00:03.953125000  3920   00AFA7F0 DEBUG     gstrtpjitterbuffer gstrtpjitterbuffer.c:1247:gst_rtp_jitter_buffer_chain:<rtpjitterbuffer0> Pushed packet #48312, now 152 packets, tail: 0
0:00:03.953125000  3920   00BCEE40 DEBUG     gstrtpjitterbuffer gstrtpjitterbuffer.c:1389:gst_rtp_jitter_buffer_loop:<rtpjitterbuffer0> Peeking item
0:00:03.953125000  3920   00AFA7F0 LOG               rtpsession gstrtpsession.c:1343:gst_rtp_session_chain_recv_rtp:<rtpsession0> received RTP packet
0:00:03.953125000  3920   00BCEE40 DEBUG     gstrtpjitterbuffer gstrtpjitterbuffer.c:1452:gst_rtp_jitter_buffer_loop:<rtpjitterbuffer0> Peeked buffer #48106, expect #48106, timestamp 0:00:02.382471133, now 152 left
0:00:03.953125000  3920   00AFA7F0 LOG                rtpsource rtpsource.c:1059:rtp_source_process_rtp: seq 48313, PC: 545, OC: 724439
0:00:03.953125000  3920   00BCEE40 LOG       gstrtpjitterbuffer gstrtpjitterbuffer.c:1628:gst_rtp_jitter_buffer_loop:<rtpjitterbuffer0> rtp 185492404, ext 185489108
0:00:03.953125000  3920   00AFA7F0 LOG                rtpsource rtpsource.c:894:calculate_jitter: SSRC 02564c67 got payload 96
0:00:03.953125000  3920   00BCEE40 LOG       gstrtpjitterbuffer gstrtpjitterbuffer.c:1656:gst_rtp_jitter_buffer_loop:<rtpjitterbuffer0> elapsed 0:00:02.228822222, estimated 0:00:10.689372662
0:00:03.953125000  3920   00AFA7F0 LOG                rtpsource rtpsource.c:927:calculate_jitter: rtparrival 1487148055, rtptime 185573300, clock-rate 90000, diff 646, jitter: 927.875000
0:00:03.953125000  3920   00BCEE40 DEBUG     gstrtpjitterbuffer gstrtpjitterbuffer.c:1672:gst_rtp_jitter_buffer_loop:<rtpjitterbuffer0> Pushing buffer 48106, timestamp 0:00:02.382471133
0:00:03.953125000  3920   00AFA7F0 LOG                rtpsource rtpsource.c:835:push_packet: pushing new packet
0:00:03.953125000  3920   00BCEE40 DEBUG             rtpptdemux gstrtpptdemux.c:321:gst_rtp_pt_demux_chain:<rtpptdemux0> received buffer for pt 96
0:00:03.953125000  3920   00AFA7F0 LOG               rtpsession rtpsession.c:929:source_push_rtp: source 02564c67 pushed receiver RTP packet
0:00:03.953125000  3920   00BCEE40 LOG         basertpdepayload gstbasertpdepayload.c:298:gst_base_rtp_depayload_chain:<rtpmp4vdepay0> discont 0, seqnum 48106, rtptime 185492404, timestamp 0:00:02.382471133
0:00:03.953125000  3920   00AFA7F0 LOG               rtpsession gstrtpsession.c:959:gst_rtp_session_process_rtp:<rtpsession0> pushing received RTP packet
0:00:03.953125000  3920   00BCEE40 DEBUG     gstrtpjitterbuffer gstrtpjitterbuffer.c:1389:gst_rtp_jitter_buffer_loop:<rtpjitterbuffer0> Peeking item
0:00:03.953125000  3920   00AFA7F0 DEBUG           rtpssrcdemux gstrtpssrcdemux.c:499:gst_rtp_ssrc_demux_chain:<rtpssrcdemux0> received buffer of SSRC 02564c67
0:00:03.953125000  3920   00BCEE40 DEBUG     gstrtpjitterbuffer gstrtpjitterbuffer.c:1452:gst_rtp_jitter_buffer_loop:<rtpjitterbuffer0> Peeked buffer #48107, expect #48107, timestamp 0:00:02.382471133, now 151 left
0:00:03.953125000  3920   00AFA7F0 DEBUG     gstrtpjitterbuffer gstrtpjitterbuffer.c:1125:gst_rtp_jitter_buffer_chain:<rtpjitterbuffer0> Received packet #48313 at time 0:00:03.320757205
0:00:03.953125000  3920   00BCEE40 LOG       gstrtpjitterbuffer gstrtpjitterbuffer.c:1628:gst_rtp_jitter_buffer_loop:<rtpjitterbuffer0> rtp 185492404, ext 185492404
0:00:03.953125000  3920   00BCEE40 DEBUG     gstrtpjitterbuffer gstrtpjitterbuffer.c:1672:gst_rtp_jitter_buffer_loop:<rtpjitterbuffer0> Pushing buffer 48107, timestamp 0:00:02.382471133
0:00:03.953125000  3920   00AFA7F0 DEBUG        rtpjitterbuffer rtpjitterbuffer.c:257:calculate_skew: extrtp 185573300, gstrtp 0:34:21.925555555, base 0:34:18.797888888, send_diff 0:00:03.127666667
0:00:03.953125000  3920   00BCEE40 DEBUG             rtpptdemux gstrtpptdemux.c:321:gst_rtp_pt_demux_chain:<rtpptdemux0> received buffer for pt 96
0:00:03.953125000  3920   00AFA7F0 DEBUG        rtpjitterbuffer rtpjitterbuffer.c:280:calculate_skew: time 0:00:03.320757205, base 0:00:00.252180149, recv_diff 0:00:03.068577056, slope 8
0:00:03.953125000  3920   00BCEE40 LOG         basertpdepayload gstbasertpdepayload.c:298:gst_base_rtp_depayload_chain:<rtpmp4vdepay0> discont 0, seqnum 48107, rtptime 185492404, timestamp 0:00:02.382471133
0:00:03.953125000  3920   00AFA7F0 DEBUG        rtpjitterbuffer rtpjitterbuffer.c:359:calculate_skew: delta -59089611, new min: -83779183
0:00:03.953125000  3920   00AFA7F0 DEBUG        rtpjitterbuffer rtpjitterbuffer.c:390:calculate_skew: backwards timestamps, using previous time
0:00:03.953125000  3920   00AFA7F0 DEBUG        rtpjitterbuffer rtpjitterbuffer.c:413:calculate_skew: skew -94487044, out 0:00:03.285273418
0:00:03.953125000  3920   00AFA7F0 DEBUG     gstrtpjitterbuffer gstrtpjitterbuffer.c:1247:gst_rtp_jitter_buffer_chain:<rtpjitterbuffer0> Pushed packet #48313, now 151 packets, tail: 0
0:00:03.953125000  3920   00BCEE40 DEBUG     gstrtpjitterbuffer gstrtpjitterbuffer.c:1389:gst_rtp_jitter_buffer_loop:<rtpjitterbuffer0> Peeking item
0:00:03.953125000  3920   00AFA7F0 LOG               rtpsession gstrtpsession.c:1343:gst_rtp_session_chain_recv_rtp:<rtpsession0> received RTP packet
0:00:03.953125000  3920   00BCEE40 DEBUG     gstrtpjitterbuffer gstrtpjitterbuffer.c:1452:gst_rtp_jitter_buffer_loop:<rtpjitterbuffer0> Peeked buffer #48108, expect #48108, timestamp 0:00:02.382471133, now 151 left
0:00:03.953125000  3920   00AFA7F0 LOG                rtpsource rtpsource.c:1059:rtp_source_process_rtp: seq 48314, PC: 546, OC: 725827
0:00:03.953125000  3920   00BCEE40 LOG       gstrtpjitterbuffer gstrtpjitterbuffer.c:1628:gst_rtp_jitter_buffer_loop:<rtpjitterbuffer0> rtp 185492404, ext 185492404
0:00:03.953125000  3920   00AFA7F0 LOG                rtpsource rtpsource.c:894:calculate_jitter: SSRC 02564c67 got payload 96
0:00:03.953125000  3920   00BCEE40 DEBUG     gstrtpjitterbuffer gstrtpjitterbuffer.c:1672:gst_rtp_jitter_buffer_loop:<rtpjitterbuffer0> Pushing buffer 48108, timestamp 0:00:02.382471133
0:00:03.953125000  3920   00AFA7F0 LOG                rtpsource rtpsource.c:927:calculate_jitter: rtparrival 1487148631, rtptime 185573300, clock-rate 90000, diff 576, jitter: 905.875000
0:00:03.953125000  3920   00BCEE40 DEBUG             rtpptdemux gstrtpptdemux.c:321:gst_rtp_pt_demux_chain:<rtpptdemux0> received buffer for pt 96
0:00:03.953125000  3920   00AFA7F0 LOG                rtpsource rtpsource.c:835:push_packet: pushing new packet
0:00:03.953125000  3920   00BCEE40 LOG         basertpdepayload gstbasertpdepayload.c:298:gst_base_rtp_depayload_chain:<rtpmp4vdepay0> discont 0, seqnum 48108, rtptime 185492404, timestamp 0:00:02.382471133
0:00:03.953125000  3920   00AFA7F0 LOG               rtpsession rtpsession.c:929:source_push_rtp: source 02564c67 pushed receiver RTP packet
0:00:03.953125000  3920   00BCEE40 DEBUG     gstrtpjitterbuffer gstrtpjitterbuffer.c:1389:gst_rtp_jitter_buffer_loop:<rtpjitterbuffer0> Peeking item
0:00:03.953125000  3920   00AFA7F0 LOG               rtpsession gstrtpsession.c:959:gst_rtp_session_process_rtp:<rtpsession0> pushing received RTP packet
0:00:03.953125000  3920   00BCEE40 DEBUG     gstrtpjitterbuffer gstrtpjitterbuffer.c:1452:gst_rtp_jitter_buffer_loop:<rtpjitterbuffer0> Peeked buffer #48109, expect #48109, timestamp 0:00:02.382471133, now 150 left
0:00:03.953125000  3920   00AFA7F0 DEBUG           rtpssrcdemux gstrtpssrcdemux.c:499:gst_rtp_ssrc_demux_chain:<rtpssrcdemux0> received buffer of SSRC 02564c67
0:00:03.953125000  3920   00BCEE40 LOG       gstrtpjitterbuffer gstrtpjitterbuffer.c:1628:gst_rtp_jitter_buffer_loop:<rtpjitterbuffer0> rtp 185492404, ext 185492404
0:00:03.953125000  3920   00AFA7F0 DEBUG     gstrtpjitterbuffer gstrtpjitterbuffer.c:1125:gst_rtp_jitter_buffer_chain:<rtpjitterbuffer0> Received packet #48314 at time 0:00:03.327151410
0:00:03.953125000  3920   00BCEE40 DEBUG     gstrtpjitterbuffer gstrtpjitterbuffer.c:1672:gst_rtp_jitter_buffer_loop:<rtpjitterbuffer0> Pushing buffer 48109, timestamp 0:00:02.382471133
0:00:03.953125000  3920   00AFA7F0 DEBUG        rtpjitterbuffer rtpjitterbuffer.c:257:calculate_skew: extrtp 185573300, gstrtp 0:34:21.925555555, base 0:34:18.797888888, send_diff 0:00:03.127666667
0:00:03.953125000  3920   00BCEE40 DEBUG             rtpptdemux gstrtpptdemux.c:321:gst_rtp_pt_demux_chain:<rtpptdemux0> received buffer for pt 96
0:00:03.953125000  3920   00AFA7F0 DEBUG        rtpjitterbuffer rtpjitterbuffer.c:280:calculate_skew: time 0:00:03.327151410, base 0:00:00.252180149, recv_diff 0:00:03.074971261, slope 8
0:00:03.953125000  3920   00BCEE40 LOG         basertpdepayload gstbasertpdepayload.c:298:gst_base_rtp_depayload_chain:<rtpmp4vdepay0> discont 0, seqnum 48109, rtptime 185492404, timestamp 0:00:02.382471133
0:00:03.953125000  3920   00AFA7F0 DEBUG        rtpjitterbuffer rtpjitterbuffer.c:359:calculate_skew: delta -52695406, new min: -83779183
0:00:03.953125000  3920   00AFA7F0 DEBUG        rtpjitterbuffer rtpjitterbuffer.c:390:calculate_skew: backwards timestamps, using previous time
0:00:03.953125000  3920   00AFA7F0 DEBUG        rtpjitterbuffer rtpjitterbuffer.c:413:calculate_skew: skew -94401381, out 0:00:03.285273418
0:00:03.953125000  3920   00AFA7F0 DEBUG     gstrtpjitterbuffer gstrtpjitterbuffer.c:1247:gst_rtp_jitter_buffer_chain:<rtpjitterbuffer0> Pushed packet #48314, now 150 packets, tail: 0
0:00:03.953125000  3920   00BCEE40 DEBUG     gstrtpjitterbuffer gstrtpjitterbuffer.c:1389:gst_rtp_jitter_buffer_loop:<rtpjitterbuffer0> Peeking item
0:00:03.953125000  3920   00AFA7F0 LOG               rtpsession gstrtpsession.c:1343:gst_rtp_session_chain_recv_rtp:<rtpsession0> received RTP packet
0:00:03.953125000  3920   00BCEE40 DEBUG     gstrtpjitterbuffer gstrtpjitterbuffer.c:1452:gst_rtp_jitter_buffer_loop:<rtpjitterbuffer0> Peeked buffer #48110, expect #48110, timestamp 0:00:02.382471133, now 150 left
0:00:03.953125000  3920   00AFA7F0 LOG                rtpsource rtpsource.c:1059:rtp_source_process_rtp: seq 48315, PC: 547, OC: 727215
0:00:03.953125000  3920   00BCEE40 LOG       gstrtpjitterbuffer gstrtpjitterbuffer.c:1628:gst_rtp_jitter_buffer_loop:<rtpjitterbuffer0> rtp 185492404, ext 185492404
0:00:03.953125000  3920   00AFA7F0 LOG                rtpsource rtpsource.c:894:calculate_jitter: SSRC 02564c67 got payload 96
0:00:03.953125000  3920   00BCEE40 DEBUG     gstrtpjitterbuffer gstrtpjitterbuffer.c:1672:gst_rtp_jitter_buffer_loop:<rtpjitterbuffer0> Pushing buffer 48110, timestamp 0:00:02.382471133
0:00:03.953125000  3920   00AFA7F0 LOG                rtpsource rtpsource.c:927:calculate_jitter: rtparrival 1487149220, rtptime 185573300, clock-rate 90000, diff 589, jitter: 886.062500
0:00:03.968750000  3920   00BCEE40 DEBUG             rtpptdemux gstrtpptdemux.c:321:gst_rtp_pt_demux_chain:<rtpptdemux0> received buffer for pt 96
0:00:03.968750000  3920   00AFA7F0 LOG                rtpsource rtpsource.c:835:push_packet: pushing new packet
0:00:03.968750000  3920   00BCEE40 LOG         basertpdepayload gstbasertpdepayload.c:298:gst_base_rtp_depayload_chain:<rtpmp4vdepay0> discont 0, seqnum 48110, rtptime 185492404, timestamp 0:00:02.382471133
0:00:03.968750000  3920   00AFA7F0 LOG               rtpsession rtpsession.c:929:source_push_rtp: source 02564c67 pushed receiver RTP packet
0:00:03.968750000  3920   00BCEE40 DEBUG     gstrtpjitterbuffer gstrtpjitterbuffer.c:1389:gst_rtp_jitter_buffer_loop:<rtpjitterbuffer0> Peeking item
0:00:03.968750000  3920   00AFA7F0 LOG               rtpsession gstrtpsession.c:959:gst_rtp_session_process_rtp:<rtpsession0> pushing received RTP packet
0:00:03.968750000  3920   00BCEE40 DEBUG     gstrtpjitterbuffer gstrtpjitterbuffer.c:1452:gst_rtp_jitter_buffer_loop:<rtpjitterbuffer0> Peeked buffer #48111, expect #48111, timestamp 0:00:02.382471133, now 149 left
0:00:03.968750000  3920   00AFA7F0 DEBUG           rtpssrcdemux gstrtpssrcdemux.c:499:gst_rtp_ssrc_demux_chain:<rtpssrcdemux0> received buffer of SSRC 02564c67
0:00:03.968750000  3920   00BCEE40 LOG       gstrtpjitterbuffer gstrtpjitterbuffer.c:1628:gst_rtp_jitter_buffer_loop:<rtpjitterbuffer0> rtp 185492404, ext 185492404
0:00:03.968750000  3920   00AFA7F0 DEBUG     gstrtpjitterbuffer gstrtpjitterbuffer.c:1125:gst_rtp_jitter_buffer_chain:<rtpjitterbuffer0> Received packet #48315 at time 0:00:03.333704914
0:00:03.968750000  3920   00BCEE40 DEBUG     gstrtpjitterbuffer gstrtpjitterbuffer.c:1672:gst_rtp_jitter_buffer_loop:<rtpjitterbuffer0> Pushing buffer 48111, timestamp 0:00:02.382471133
0:00:03.968750000  3920   00AFA7F0 DEBUG        rtpjitterbuffer rtpjitterbuffer.c:257:calculate_skew: extrtp 185573300, gstrtp 0:34:21.925555555, base 0:34:18.797888888, send_diff 0:00:03.127666667
0:00:03.968750000  3920   00BCEE40 DEBUG             rtpptdemux gstrtpptdemux.c:321:gst_rtp_pt_demux_chain:<rtpptdemux0> received buffer for pt 96
0:00:03.968750000  3920   00AFA7F0 DEBUG        rtpjitterbuffer rtpjitterbuffer.c:280:calculate_skew: time 0:00:03.333704914, base 0:00:00.252180149, recv_diff 0:00:03.081524765, slope 8
0:00:03.968750000  3920   00BCEE40 LOG         basertpdepayload gstbasertpdepayload.c:298:gst_base_rtp_depayload_chain:<rtpmp4vdepay0> discont 0, seqnum 48111, rtptime 185492404, timestamp 0:00:02.382471133
0:00:03.968750000  3920   00AFA7F0 DEBUG        rtpjitterbuffer rtpjitterbuffer.c:359:calculate_skew: delta -46141902, new min: -83082230
0:00:03.968750000  3920   00AFA7F0 DEBUG        rtpjitterbuffer rtpjitterbuffer.c:390:calculate_skew: backwards timestamps, using previous time
0:00:03.968750000  3920   00AFA7F0 DEBUG        rtpjitterbuffer rtpjitterbuffer.c:413:calculate_skew: skew -94310827, out 0:00:03.285273418
0:00:03.968750000  3920   00AFA7F0 DEBUG     gstrtpjitterbuffer gstrtpjitterbuffer.c:1247:gst_rtp_jitter_buffer_chain:<rtpjitterbuffer0> Pushed packet #48315, now 149 packets, tail: 0
0:00:03.968750000  3920   00BCEE40 DEBUG     gstrtpjitterbuffer gstrtpjitterbuffer.c:1389:gst_rtp_jitter_buffer_loop:<rtpjitterbuffer0> Peeking item
0:00:03.968750000  3920   00AFA7F0 LOG               rtpsession gstrtpsession.c:1343:gst_rtp_session_chain_recv_rtp:<rtpsession0> received RTP packet
0:00:03.968750000  3920   00BCEE40 DEBUG     gstrtpjitterbuffer gstrtpjitterbuffer.c:1452:gst_rtp_jitter_buffer_loop:<rtpjitterbuffer0> Peeked buffer #48113, expect #48112, timestamp 0:00:02.414104466, now 149 left
0:00:03.968750000  3920   00AFA7F0 LOG                rtpsource rtpsource.c:1059:rtp_source_process_rtp: seq 48316, PC: 548, OC: 728603
0:00:03.968750000  3920   00BCEE40 DEBUG     gstrtpjitterbuffer gstrtpjitterbuffer.c:1493:gst_rtp_jitter_buffer_loop:<rtpjitterbuffer0> Sequence number GAP detected: expected 48112 instead of 48113 (1 missing)
0:00:03.968750000  3920   00AFA7F0 LOG                rtpsource rtpsource.c:894:calculate_jitter: SSRC 02564c67 got payload 96
0:00:03.968750000  3920   00BCEE40 DEBUG     gstrtpjitterbuffer gstrtpjitterbuffer.c:1498:gst_rtp_jitter_buffer_loop:<rtpjitterbuffer0> out_time 0:00:02.414104466, last 0:00:02.382471133
0:00:03.968750000  3920   00AFA7F0 LOG                rtpsource rtpsource.c:927:calculate_jitter: rtparrival 1487149784, rtptime 185573300, clock-rate 90000, diff 564, jitter: 865.937500
0:00:03.968750000  3920   00BCEE40 DEBUG     gstrtpjitterbuffer gstrtpjitterbuffer.c:1509:gst_rtp_jitter_buffer_loop:<rtpjitterbuffer0> duration 0:00:00.015816666
0:00:03.968750000  3920   00AFA7F0 LOG                rtpsource rtpsource.c:835:push_packet: pushing new packet
0:00:03.968750000  3920   00BCEE40 DEBUG     gstrtpjitterbuffer gstrtpjitterbuffer.c:1530:gst_rtp_jitter_buffer_loop:<rtpjitterbuffer0> sync to timestamp 0:00:02.398287799
0:00:03.968750000  3920   00AFA7F0 LOG               rtpsession rtpsession.c:929:source_push_rtp: source 02564c67 pushed receiver RTP packet
0:00:03.968750000  3920   00AFA7F0 LOG               rtpsession gstrtpsession.c:959:gst_rtp_session_process_rtp:<rtpsession0> pushing received RTP packet
0:00:03.968750000  3920   00AFA7F0 DEBUG           rtpssrcdemux gstrtpssrcdemux.c:499:gst_rtp_ssrc_demux_chain:<rtpssrcdemux0> received buffer of SSRC 02564c67
0:00:03.968750000  3920   00AFA7F0 DEBUG     gstrtpjitterbuffer gstrtpjitterbuffer.c:1125:gst_rtp_jitter_buffer_chain:<rtpjitterbuffer0> Received packet #48316 at time 0:00:03.339970848
0:00:03.968750000  3920   00AFA7F0 DEBUG        rtpjitterbuffer rtpjitterbuffer.c:257:calculate_skew: extrtp 185573300, gstrtp 0:34:21.925555555, base 0:34:18.797888888, send_diff 0:00:03.127666667
0:00:03.968750000  3920   00AFA7F0 DEBUG        rtpjitterbuffer rtpjitterbuffer.c:280:calculate_skew: time 0:00:03.339970848, base 0:00:00.252180149, recv_diff 0:00:03.087790699, slope 8
0:00:03.968750000  3920   00AFA7F0 DEBUG        rtpjitterbuffer rtpjitterbuffer.c:359:calculate_skew: delta -39875968, new min: -83082230
0:00:03.968750000  3920   00AFA7F0 DEBUG        rtpjitterbuffer rtpjitterbuffer.c:390:calculate_skew: backwards timestamps, using previous time
0:00:03.968750000  3920   00AFA7F0 DEBUG        rtpjitterbuffer rtpjitterbuffer.c:413:calculate_skew: skew -94220998, out 0:00:03.285273418
0:00:03.968750000  3920   00AFA7F0 DEBUG     gstrtpjitterbuffer gstrtpjitterbuffer.c:1247:gst_rtp_jitter_buffer_chain:<rtpjitterbuffer0> Pushed packet #48316, now 150 packets, tail: 0
0:00:03.968750000  3920   00AFA7F0 LOG               rtpsession gstrtpsession.c:1343:gst_rtp_session_chain_recv_rtp:<rtpsession0> received RTP packet
0:00:03.968750000  3920   00AFA7F0 LOG                rtpsource rtpsource.c:1059:rtp_source_process_rtp: seq 48319, PC: 549, OC: 729991
0:00:03.968750000  3920   00AFA7F0 LOG                rtpsource rtpsource.c:894:calculate_jitter: SSRC 02564c67 got payload 96
0:00:03.968750000  3920   00AFA7F0 LOG                rtpsource rtpsource.c:927:calculate_jitter: rtparrival 1487150224, rtptime 185576147, clock-rate 90000, diff 2407, jitter: 962.250000
0:00:03.968750000  3920   00AFA7F0 LOG                rtpsource rtpsource.c:835:push_packet: pushing new packet
0:00:03.968750000  3920   00AFA7F0 LOG               rtpsession rtpsession.c:929:source_push_rtp: source 02564c67 pushed receiver RTP packet
0:00:03.968750000  3920   00AFA7F0 LOG               rtpsession gstrtpsession.c:959:gst_rtp_session_process_rtp:<rtpsession0> pushing received RTP packet
0:00:03.968750000  3920   00AFA7F0 DEBUG           rtpssrcdemux gstrtpssrcdemux.c:499:gst_rtp_ssrc_demux_chain:<rtpssrcdemux0> received buffer of SSRC 02564c67
0:00:03.968750000  3920   00AFA7F0 DEBUG     gstrtpjitterbuffer gstrtpjitterbuffer.c:1125:gst_rtp_jitter_buffer_chain:<rtpjitterbuffer0> Received packet #48319 at time 0:00:03.344850749
0:00:03.968750000  3920   00AFA7F0 DEBUG     gstrtpjitterbuffer gstrtpjitterbuffer.c:1164:gst_rtp_jitter_buffer_chain:<rtpjitterbuffer0> expected #48317, got #48319, gap of 2
0:00:03.968750000  3920   00AFA7F0 DEBUG     gstrtpjitterbuffer gstrtpjitterbuffer.c:1177:gst_rtp_jitter_buffer_chain:<rtpjitterbuffer0> tolerable gap
0:00:03.968750000  3920   00AFA7F0 DEBUG        rtpjitterbuffer rtpjitterbuffer.c:257:calculate_skew: extrtp 185576147, gstrtp 0:34:21.957188888, base 0:34:18.797888888, send_diff 0:00:03.159300000
0:00:03.968750000  3920   00AFA7F0 DEBUG        rtpjitterbuffer rtpjitterbuffer.c:280:calculate_skew: time 0:00:03.344850749, base 0:00:00.252180149, recv_diff 0:00:03.092670600, slope 8
0:00:03.968750000  3920   00AFA7F0 DEBUG        rtpjitterbuffer rtpjitterbuffer.c:359:calculate_skew: delta -66629400, new min: -83082230
0:00:03.968750000  3920   00AFA7F0 DEBUG        rtpjitterbuffer rtpjitterbuffer.c:413:calculate_skew: skew -94131887, out 0:00:03.317348262
0:00:03.968750000  3920   00AFA7F0 DEBUG     gstrtpjitterbuffer gstrtpjitterbuffer.c:1247:gst_rtp_jitter_buffer_chain:<rtpjitterbuffer0> Pushed packet #48319, now 151 packets, tail: 0
0:00:03.968750000  3920   00AFA7F0 LOG               rtpsession gstrtpsession.c:1343:gst_rtp_session_chain_recv_rtp:<rtpsession0> received RTP packet
0:00:03.968750000  3920   00AFA7F0 LOG                rtpsource rtpsource.c:1059:rtp_source_process_rtp: seq 48320, PC: 550, OC: 731379
0:00:03.968750000  3920   00AFA7F0 LOG                rtpsource rtpsource.c:894:calculate_jitter: SSRC 02564c67 got payload 96
0:00:03.968750000  3920   00AFA7F0 LOG                rtpsource rtpsource.c:927:calculate_jitter: rtparrival 1487150554, rtptime 185576147, clock-rate 90000, diff 330, jitter: 922.750000
0:00:03.968750000  3920   00AFA7F0 LOG                rtpsource rtpsource.c:835:push_packet: pushing new packet
0:00:03.968750000  3920   00AFA7F0 LOG               rtpsession rtpsession.c:929:source_push_rtp: source 02564c67 pushed receiver RTP packet
0:00:03.968750000  3920   00AFA7F0 LOG               rtpsession gstrtpsession.c:959:gst_rtp_session_process_rtp:<rtpsession0> pushing received RTP packet
0:00:03.968750000  3920   00AFA7F0 DEBUG           rtpssrcdemux gstrtpssrcdemux.c:499:gst_rtp_ssrc_demux_chain:<rtpssrcdemux0> received buffer of SSRC 02564c67
0:00:03.968750000  3920   00AFA7F0 DEBUG     gstrtpjitterbuffer gstrtpjitterbuffer.c:1125:gst_rtp_jitter_buffer_chain:<rtpjitterbuffer0> Received packet #48320 at time 0:00:03.348525682
0:00:03.968750000  3920   00AFA7F0 DEBUG        rtpjitterbuffer rtpjitterbuffer.c:257:calculate_skew: extrtp 185576147, gstrtp 0:34:21.957188888, base 0:34:18.797888888, send_diff 0:00:03.159300000
0:00:03.968750000  3920   00AFA7F0 DEBUG        rtpjitterbuffer rtpjitterbuffer.c:280:calculate_skew: time 0:00:03.348525682, base 0:00:00.252180149, recv_diff 0:00:03.096345533, slope 8
0:00:03.984375000  3920   00AFA7F0 DEBUG        rtpjitterbuffer rtpjitterbuffer.c:359:calculate_skew: delta -62954467, new min: -83082230
0:00:03.984375000  3920   00AFA7F0 DEBUG        rtpjitterbuffer rtpjitterbuffer.c:390:calculate_skew: backwards timestamps, using previous time
0:00:03.984375000  3920   00AFA7F0 DEBUG        rtpjitterbuffer rtpjitterbuffer.c:413:calculate_skew: skew -94043489, out 0:00:03.317348262
0:00:03.984375000  3920   00AFA7F0 DEBUG     gstrtpjitterbuffer gstrtpjitterbuffer.c:1247:gst_rtp_jitter_buffer_chain:<rtpjitterbuffer0> Pushed packet #48320, now 152 packets, tail: 0
0:00:03.984375000  3920   00AFA7F0 LOG               rtpsession gstrtpsession.c:1343:gst_rtp_session_chain_recv_rtp:<rtpsession0> received RTP packet
0:00:03.984375000  3920   00AFA7F0 LOG                rtpsource rtpsource.c:1059:rtp_source_process_rtp: seq 48321, PC: 551, OC: 732767
0:00:03.984375000  3920   00AFA7F0 LOG                rtpsource rtpsource.c:894:calculate_jitter: SSRC 02564c67 got payload 96
0:00:03.984375000  3920   00AFA7F0 LOG                rtpsource rtpsource.c:927:calculate_jitter: rtparrival 1487150851, rtptime 185576147, clock-rate 90000, diff 297, jitter: 883.625000
0:00:03.984375000  3920   00AFA7F0 LOG                rtpsource rtpsource.c:835:push_packet: pushing new packet
0:00:03.984375000  3920   00AFA7F0 LOG               rtpsession rtpsession.c:929:source_push_rtp: source 02564c67 pushed receiver RTP packet
0:00:03.984375000  3920   00AFA7F0 LOG               rtpsession gstrtpsession.c:959:gst_rtp_session_process_rtp:<rtpsession0> pushing received RTP packet
0:00:03.984375000  3920   00AFA7F0 DEBUG           rtpssrcdemux gstrtpssrcdemux.c:499:gst_rtp_ssrc_demux_chain:<rtpssrcdemux0> received buffer of SSRC 02564c67
0:00:03.984375000  3920   00AFA7F0 DEBUG     gstrtpjitterbuffer gstrtpjitterbuffer.c:1125:gst_rtp_jitter_buffer_chain:<rtpjitterbuffer0> Received packet #48321 at time 0:00:03.351819179
0:00:03.984375000  3920   00AFA7F0 DEBUG        rtpjitterbuffer rtpjitterbuffer.c:257:calculate_skew: extrtp 185576147, gstrtp 0:34:21.957188888, base 0:34:18.797888888, send_diff 0:00:03.159300000
0:00:03.984375000  3920   00AFA7F0 DEBUG        rtpjitterbuffer rtpjitterbuffer.c:280:calculate_skew: time 0:00:03.351819179, base 0:00:00.252180149, recv_diff 0:00:03.099639030, slope 8
0:00:03.984375000  3920   00AFA7F0 DEBUG        rtpjitterbuffer rtpjitterbuffer.c:359:calculate_skew: delta -59660970, new min: -83082230
0:00:03.984375000  3920   00AFA7F0 DEBUG        rtpjitterbuffer rtpjitterbuffer.c:390:calculate_skew: backwards timestamps, using previous time
0:00:03.984375000  3920   00AFA7F0 DEBUG        rtpjitterbuffer rtpjitterbuffer.c:413:calculate_skew: skew -93955798, out 0:00:03.317348262
0:00:03.984375000  3920   00AFA7F0 DEBUG     gstrtpjitterbuffer gstrtpjitterbuffer.c:1247:gst_rtp_jitter_buffer_chain:<rtpjitterbuffer0> Pushed packet #48321, now 153 packets, tail: 0
0:00:03.984375000  3920   00AFA7F0 LOG               rtpsession gstrtpsession.c:1343:gst_rtp_session_chain_recv_rtp:<rtpsession0> received RTP packet
0:00:03.984375000  3920   00AFA7F0 LOG                rtpsource rtpsource.c:1059:rtp_source_process_rtp: seq 48322, PC: 552, OC: 734155
0:00:03.984375000  3920   00AFA7F0 LOG                rtpsource rtpsource.c:894:calculate_jitter: SSRC 02564c67 got payload 96
0:00:03.984375000  3920   00AFA7F0 LOG                rtpsource rtpsource.c:927:calculate_jitter: rtparrival 1487151144, rtptime 185576147, clock-rate 90000, diff 293, jitter: 846.687500
0:00:03.984375000  3920   00AFA7F0 LOG                rtpsource rtpsource.c:835:push_packet: pushing new packet
0:00:03.984375000  3920   00AFA7F0 LOG               rtpsession rtpsession.c:929:source_push_rtp: source 02564c67 pushed receiver RTP packet
0:00:03.984375000  3920   00AFA7F0 LOG               rtpsession gstrtpsession.c:959:gst_rtp_session_process_rtp:<rtpsession0> pushing received RTP packet
0:00:03.984375000  3920   00AFA7F0 DEBUG           rtpssrcdemux gstrtpssrcdemux.c:499:gst_rtp_ssrc_demux_chain:<rtpssrcdemux0> received buffer of SSRC 02564c67
0:00:03.984375000  3920   00AFA7F0 DEBUG     gstrtpjitterbuffer gstrtpjitterbuffer.c:1125:gst_rtp_jitter_buffer_chain:<rtpjitterbuffer0> Received packet #48322 at time 0:00:03.355076124
0:00:03.984375000  3920   00AFA7F0 DEBUG        rtpjitterbuffer rtpjitterbuffer.c:257:calculate_skew: extrtp 185576147, gstrtp 0:34:21.957188888, base 0:34:18.797888888, send_diff 0:00:03.159300000
0:00:03.984375000  3920   00AFA7F0 DEBUG        rtpjitterbuffer rtpjitterbuffer.c:280:calculate_skew: time 0:00:03.355076124, base 0:00:00.252180149, recv_diff 0:00:03.102895975, slope 8
0:00:03.984375000  3920   00AFA7F0 DEBUG        rtpjitterbuffer rtpjitterbuffer.c:359:calculate_skew: delta -56404025, new min: -83082230
0:00:03.984375000  3920   00AFA7F0 DEBUG        rtpjitterbuffer rtpjitterbuffer.c:390:calculate_skew: backwards timestamps, using previous time
0:00:03.984375000  3920   00AFA7F0 DEBUG        rtpjitterbuffer rtpjitterbuffer.c:413:calculate_skew: skew -93868809, out 0:00:03.317348262
0:00:03.984375000  3920   00AFA7F0 DEBUG     gstrtpjitterbuffer gstrtpjitterbuffer.c:1247:gst_rtp_jitter_buffer_chain:<rtpjitterbuffer0> Pushed packet #48322, now 154 packets, tail: 0
0:00:03.984375000  3920   00AFA7F0 LOG               rtpsession gstrtpsession.c:1343:gst_rtp_session_chain_recv_rtp:<rtpsession0> received RTP packet
0:00:03.984375000  3920   00AFA7F0 LOG                rtpsource rtpsource.c:1059:rtp_source_process_rtp: seq 48323, PC: 553, OC: 735543
0:00:03.984375000  3920   00AFA7F0 LOG                rtpsource rtpsource.c:894:calculate_jitter: SSRC 02564c67 got payload 96
0:00:03.984375000  3920   00AFA7F0 LOG                rtpsource rtpsource.c:927:calculate_jitter: rtparrival 1487151444, rtptime 185576147, clock-rate 90000, diff 300, jitter: 812.500000
0:00:03.984375000  3920   00AFA7F0 LOG                rtpsource rtpsource.c:835:push_packet: pushing new packet
0:00:03.984375000  3920   00AFA7F0 LOG               rtpsession rtpsession.c:929:source_push_rtp: source 02564c67 pushed receiver RTP packet
0:00:03.984375000  3920   00AFA7F0 LOG               rtpsession gstrtpsession.c:959:gst_rtp_session_process_rtp:<rtpsession0> pushing received RTP packet
0:00:03.984375000  3920   00AFA7F0 DEBUG           rtpssrcdemux gstrtpssrcdemux.c:499:gst_rtp_ssrc_demux_chain:<rtpssrcdemux0> received buffer of SSRC 02564c67
0:00:03.984375000  3920   00AFA7F0 DEBUG     gstrtpjitterbuffer gstrtpjitterbuffer.c:1125:gst_rtp_jitter_buffer_chain:<rtpjitterbuffer0> Received packet #48323 at time 0:00:03.358410400
0:00:03.984375000  3920   00AFA7F0 DEBUG        rtpjitterbuffer rtpjitterbuffer.c:257:calculate_skew: extrtp 185576147, gstrtp 0:34:21.957188888, base 0:34:18.797888888, send_diff 0:00:03.159300000
0:00:03.984375000  3920   00AFA7F0 DEBUG        rtpjitterbuffer rtpjitterbuffer.c:280:calculate_skew: time 0:00:03.358410400, base 0:00:00.252180149, recv_diff 0:00:03.106230251, slope 8
0:00:03.984375000  3920   00AFA7F0 DEBUG        rtpjitterbuffer rtpjitterbuffer.c:359:calculate_skew: delta -53069749, new min: -83082230
0:00:03.984375000  3920   00AFA7F0 DEBUG        rtpjitterbuffer rtpjitterbuffer.c:390:calculate_skew: backwards timestamps, using previous time
0:00:03.984375000  3920   00AFA7F0 DEBUG        rtpjitterbuffer rtpjitterbuffer.c:413:calculate_skew: skew -93782516, out 0:00:03.317348262
0:00:03.984375000  3920   00AFA7F0 DEBUG     gstrtpjitterbuffer gstrtpjitterbuffer.c:1247:gst_rtp_jitter_buffer_chain:<rtpjitterbuffer0> Pushed packet #48323, now 155 packets, tail: 0
0:00:03.984375000  3920   00AFA7F0 LOG               rtpsession gstrtpsession.c:1343:gst_rtp_session_chain_recv_rtp:<rtpsession0> received RTP packet
0:00:03.984375000  3920   00AFA7F0 LOG                rtpsource rtpsource.c:1059:rtp_source_process_rtp: seq 48326, PC: 554, OC: 736931
0:00:03.984375000  3920   00AFA7F0 LOG                rtpsource rtpsource.c:894:calculate_jitter: SSRC 02564c67 got payload 96
0:00:04.000000000  3920   00AFA7F0 LOG                rtpsource rtpsource.c:927:calculate_jitter: rtparrival 1487152111, rtptime 185578993, clock-rate 90000, diff 2179, jitter: 897.875000
