0:00:02.687500000  3920   00BCEE40 DEBUG     gstrtpjitterbuffer gstrtpjitterbuffer.c:1389:gst_rtp_jitter_buffer_loop:<rtpjitterbuffer0> Peeking item
0:00:02.687500000  3920   00AFA7F0 LOG               rtpsession gstrtpsession.c:959:gst_rtp_session_process_rtp:<rtpsession0> pushing received RTP packet
0:00:02.687500000  3920   00BCEE40 DEBUG     gstrtpjitterbuffer gstrtpjitterbuffer.c:1452:gst_rtp_jitter_buffer_loop:<rtpjitterbuffer0> Peeked buffer #47812, expect #47812, timestamp 0:00:01.084127129, now 145 left
0:00:02.687500000  3920   00AFA7F0 DEBUG           rtpssrcdemux gstrtpssrcdemux.c:499:gst_rtp_ssrc_demux_chain:<rtpssrcdemux0> received buffer of SSRC 02564c67
0:00:02.687500000  3920   00BCEE40 LOG       gstrtpjitterbuffer gstrtpjitterbuffer.c:1628:gst_rtp_jitter_buffer_loop:<rtpjitterbuffer0> rtp 185375553, ext 185375553
0:00:02.687500000  3920   00AFA7F0 DEBUG     gstrtpjitterbuffer gstrtpjitterbuffer.c:1125:gst_rtp_jitter_buffer_chain:<rtpjitterbuffer0> Received packet #48029 at time 0:00:02.060479930
0:00:02.687500000  3920   00BCEE40 DEBUG     gstrtpjitterbuffer gstrtpjitterbuffer.c:1672:gst_rtp_jitter_buffer_loop:<rtpjitterbuffer0> Pushing buffer 47812, timestamp 0:00:01.084127129
0:00:02.687500000  3920   00AFA7F0 DEBUG     gstrtpjitterbuffer gstrtpjitterbuffer.c:1164:gst_rtp_jitter_buffer_chain:<rtpjitterbuffer0> expected #48027, got #48029, gap of 2
0:00:02.687500000  3920   00BCEE40 DEBUG             rtpptdemux gstrtpptdemux.c:321:gst_rtp_pt_demux_chain:<rtpptdemux0> received buffer for pt 96
0:00:02.687500000  3920   00AFA7F0 DEBUG     gstrtpjitterbuffer gstrtpjitterbuffer.c:1177:gst_rtp_jitter_buffer_chain:<rtpjitterbuffer0> tolerable gap
0:00:02.687500000  3920   00BCEE40 LOG         basertpdepayload gstbasertpdepayload.c:298:gst_base_rtp_depayload_chain:<rtpmp4vdepay0> discont 0, seqnum 47812, rtptime 185375553, timestamp 0:00:01.084127129
0:00:02.687500000  3920   00AFA7F0 DEBUG        rtpjitterbuffer rtpjitterbuffer.c:257:calculate_skew: extrtp 185459296, gstrtp 0:34:20.658844444, base 0:34:18.797888888, send_diff 0:00:01.860955556
0:00:02.687500000  3920   00AFA7F0 DEBUG        rtpjitterbuffer rtpjitterbuffer.c:280:calculate_skew: time 0:00:02.060479930, base 0:00:00.252180149, recv_diff 0:00:01.808299781, slope 8
0:00:02.687500000  3920   00AFA7F0 DEBUG        rtpjitterbuffer rtpjitterbuffer.c:297:calculate_skew: filling 328, delta -52655775
0:00:02.687500000  3920   00AFA7F0 DEBUG        rtpjitterbuffer rtpjitterbuffer.c:413:calculate_skew: skew -98531238, out 0:00:02.014604467
0:00:02.687500000  3920   00AFA7F0 DEBUG     gstrtpjitterbuffer gstrtpjitterbuffer.c:1247:gst_rtp_jitter_buffer_chain:<rtpjitterbuffer0> Pushed packet #48029, now 145 packets, tail: 0
0:00:02.687500000  3920   00BCEE40 DEBUG     gstrtpjitterbuffer gstrtpjitterbuffer.c:1389:gst_rtp_jitter_buffer_loop:<rtpjitterbuffer0> Peeking item
0:00:02.687500000  3920   00AFA7F0 LOG               rtpsession gstrtpsession.c:1343:gst_rtp_session_chain_recv_rtp:<rtpsession0> received RTP packet
0:00:02.687500000  3920   00BCEE40 DEBUG     gstrtpjitterbuffer gstrtpjitterbuffer.c:1452:gst_rtp_jitter_buffer_loop:<rtpjitterbuffer0> Peeked buffer #47813, expect #47813, timestamp 0:00:01.084127129, now 145 left
0:00:02.687500000  3920   00AFA7F0 LOG                rtpsource rtpsource.c:1059:rtp_source_process_rtp: seq 48030, PC: 329, OC: 438151
0:00:02.687500000  3920   00BCEE40 LOG       gstrtpjitterbuffer gstrtpjitterbuffer.c:1628:gst_rtp_jitter_buffer_loop:<rtpjitterbuffer0> rtp 185375553, ext 185375553
0:00:02.687500000  3920   00AFA7F0 LOG                rtpsource rtpsource.c:894:calculate_jitter: SSRC 02564c67 got payload 96
0:00:02.687500000  3920   00BCEE40 DEBUG     gstrtpjitterbuffer gstrtpjitterbuffer.c:1672:gst_rtp_jitter_buffer_loop:<rtpjitterbuffer0> Pushing buffer 47813, timestamp 0:00:01.084127129
0:00:02.687500000  3920   00AFA7F0 LOG                rtpsource rtpsource.c:927:calculate_jitter: rtparrival 1487035214, rtptime 185459296, clock-rate 90000, diff 584, jitter: 996.000000
0:00:02.687500000  3920   00BCEE40 DEBUG             rtpptdemux gstrtpptdemux.c:321:gst_rtp_pt_demux_chain:<rtpptdemux0> received buffer for pt 96
0:00:02.687500000  3920   00AFA7F0 LOG                rtpsource rtpsource.c:835:push_packet: pushing new packet
0:00:02.687500000  3920   00BCEE40 LOG         basertpdepayload gstbasertpdepayload.c:298:gst_base_rtp_depayload_chain:<rtpmp4vdepay0> discont 0, seqnum 47813, rtptime 185375553, timestamp 0:00:01.084127129
0:00:02.687500000  3920   00AFA7F0 LOG               rtpsession rtpsession.c:929:source_push_rtp: source 02564c67 pushed receiver RTP packet
0:00:02.687500000  3920   00BCEE40 DEBUG     gstrtpjitterbuffer gstrtpjitterbuffer.c:1389:gst_rtp_jitter_buffer_loop:<rtpjitterbuffer0> Peeking item
0:00:02.703125000  3920   00AFA7F0 LOG               rtpsession gstrtpsession.c:959:gst_rtp_session_process_rtp:<rtpsession0> pushing received RTP packet
0:00:02.703125000  3920   00BCEE40 DEBUG     gstrtpjitterbuffer gstrtpjitterbuffer.c:1452:gst_rtp_jitter_buffer_loop:<rtpjitterbuffer0> Peeked buffer #47814, expect #47814, timestamp 0:00:01.084127129, now 144 left
0:00:02.703125000  3920   00AFA7F0 DEBUG           rtpssrcdemux gstrtpssrcdemux.c:499:gst_rtp_ssrc_demux_chain:<rtpssrcdemux0> received buffer of SSRC 02564c67
0:00:02.703125000  3920   00BCEE40 LOG       gstrtpjitterbuffer gstrtpjitterbuffer.c:1628:gst_rtp_jitter_buffer_loop:<rtpjitterbuffer0> rtp 185375553, ext 185375553
0:00:02.703125000  3920   00AFA7F0 DEBUG     gstrtpjitterbuffer gstrtpjitterbuffer.c:1125:gst_rtp_jitter_buffer_chain:<rtpjitterbuffer0> Received packet #48030 at time 0:00:02.066966863
0:00:02.703125000  3920   00BCEE40 DEBUG     gstrtpjitterbuffer gstrtpjitterbuffer.c:1672:gst_rtp_jitter_buffer_loop:<rtpjitterbuffer0> Pushing buffer 47814, timestamp 0:00:01.084127129
0:00:02.703125000  3920   00AFA7F0 DEBUG        rtpjitterbuffer rtpjitterbuffer.c:257:calculate_skew: extrtp 185459296, gstrtp 0:34:20.658844444, base 0:34:18.797888888, send_diff 0:00:01.860955556
0:00:02.703125000  3920   00BCEE40 DEBUG             rtpptdemux gstrtpptdemux.c:321:gst_rtp_pt_demux_chain:<rtpptdemux0> received buffer for pt 96
0:00:02.703125000  3920   00AFA7F0 DEBUG        rtpjitterbuffer rtpjitterbuffer.c:280:calculate_skew: time 0:00:02.066966863, base 0:00:00.252180149, recv_diff 0:00:01.814786714, slope 8
0:00:02.703125000  3920   00BCEE40 LOG         basertpdepayload gstbasertpdepayload.c:298:gst_base_rtp_depayload_chain:<rtpmp4vdepay0> discont 0, seqnum 47814, rtptime 185375553, timestamp 0:00:01.084127129
0:00:02.703125000  3920   00AFA7F0 DEBUG        rtpjitterbuffer rtpjitterbuffer.c:297:calculate_skew: filling 329, delta -46168842
0:00:02.703125000  3920   00BCEE40 DEBUG           rtpmp4vdepay gstrtpmp4vdepay.c:198:gst_rtp_mp4v_depay_process: gst_rtp_mp4v_depay_chain: pushing buffer of size 8118
0:00:02.703125000  3920   00AFA7F0 DEBUG        rtpjitterbuffer rtpjitterbuffer.c:390:calculate_skew: backwards timestamps, using previous time
0:00:02.703125000  3920   00BCEE40 LOG         basertpdepayload gstbasertpdepayload.c:521:gst_base_rtp_depayload_push_full:<rtpmp4vdepay0> Pushing buffer size 8118, timestamp 0:00:01.084127129
0:00:02.703125000  3920   00AFA7F0 DEBUG        rtpjitterbuffer rtpjitterbuffer.c:413:calculate_skew: skew -98531238, out 0:00:02.014604467
0:00:02.703125000  3920   00AFA7F0 DEBUG     gstrtpjitterbuffer gstrtpjitterbuffer.c:1247:gst_rtp_jitter_buffer_chain:<rtpjitterbuffer0> Pushed packet #48030, now 144 packets, tail: 0
0:00:02.703125000  3920   00BCEE40 DEBUG     gstrtpjitterbuffer gstrtpjitterbuffer.c:1389:gst_rtp_jitter_buffer_loop:<rtpjitterbuffer0> Peeking item
0:00:02.703125000  3920   00AFA7F0 LOG               rtpsession gstrtpsession.c:1343:gst_rtp_session_chain_recv_rtp:<rtpsession0> received RTP packet
0:00:02.703125000  3920   00BCEE40 DEBUG     gstrtpjitterbuffer gstrtpjitterbuffer.c:1452:gst_rtp_jitter_buffer_loop:<rtpjitterbuffer0> Peeked buffer #47815, expect #47815, timestamp 0:00:01.115749015, now 144 left
0:00:02.703125000  3920   00AFA7F0 LOG                rtpsource rtpsource.c:1059:rtp_source_process_rtp: seq 48031, PC: 330, OC: 439539
0:00:02.703125000  3920   00BCEE40 LOG       gstrtpjitterbuffer gstrtpjitterbuffer.c:1628:gst_rtp_jitter_buffer_loop:<rtpjitterbuffer0> rtp 185378399, ext 185375553
0:00:02.703125000  3920   00AFA7F0 LOG                rtpsource rtpsource.c:894:calculate_jitter: SSRC 02564c67 got payload 96
0:00:02.703125000  3920   00BCEE40 LOG       gstrtpjitterbuffer gstrtpjitterbuffer.c:1656:gst_rtp_jitter_buffer_loop:<rtpjitterbuffer0> elapsed 0:00:00.962100000, estimated 0:00:11.597017098
0:00:02.703125000  3920   00AFA7F0 LOG                rtpsource rtpsource.c:927:calculate_jitter: rtparrival 1487035821, rtptime 185459296, clock-rate 90000, diff 607, jitter: 971.687500
0:00:02.703125000  3920   00BCEE40 DEBUG     gstrtpjitterbuffer gstrtpjitterbuffer.c:1672:gst_rtp_jitter_buffer_loop:<rtpjitterbuffer0> Pushing buffer 47815, timestamp 0:00:01.115749015
0:00:02.703125000  3920   00AFA7F0 LOG                rtpsource rtpsource.c:835:push_packet: pushing new packet
0:00:02.703125000  3920   00BCEE40 DEBUG             rtpptdemux gstrtpptdemux.c:321:gst_rtp_pt_demux_chain:<rtpptdemux0> received buffer for pt 96
0:00:02.703125000  3920   00AFA7F0 LOG               rtpsession rtpsession.c:929:source_push_rtp: source 02564c67 pushed receiver RTP packet
0:00:02.703125000  3920   00BCEE40 LOG         basertpdepayload gstbasertpdepayload.c:298:gst_base_rtp_depayload_chain:<rtpmp4vdepay0> discont 0, seqnum 47815, rtptime 185378399, timestamp 0:00:01.115749015
0:00:02.703125000  3920   00AFA7F0 LOG               rtpsession gstrtpsession.c:959:gst_rtp_session_process_rtp:<rtpsession0> pushing received RTP packet
0:00:02.703125000  3920   00BCEE40 DEBUG     gstrtpjitterbuffer gstrtpjitterbuffer.c:1389:gst_rtp_jitter_buffer_loop:<rtpjitterbuffer0> Peeking item
0:00:02.703125000  3920   00AFA7F0 DEBUG           rtpssrcdemux gstrtpssrcdemux.c:499:gst_rtp_ssrc_demux_chain:<rtpssrcdemux0> received buffer of SSRC 02564c67
0:00:02.703125000  3920   00BCEE40 DEBUG     gstrtpjitterbuffer gstrtpjitterbuffer.c:1452:gst_rtp_jitter_buffer_loop:<rtpjitterbuffer0> Peeked buffer #47816, expect #47816, timestamp 0:00:01.115749015, now 143 left
0:00:02.703125000  3920   00AFA7F0 DEBUG     gstrtpjitterbuffer gstrtpjitterbuffer.c:1125:gst_rtp_jitter_buffer_chain:<rtpjitterbuffer0> Received packet #48031 at time 0:00:02.073710280
0:00:02.703125000  3920   00BCEE40 LOG       gstrtpjitterbuffer gstrtpjitterbuffer.c:1628:gst_rtp_jitter_buffer_loop:<rtpjitterbuffer0> rtp 185378399, ext 185378399
0:00:02.703125000  3920   00BCEE40 DEBUG     gstrtpjitterbuffer gstrtpjitterbuffer.c:1672:gst_rtp_jitter_buffer_loop:<rtpjitterbuffer0> Pushing buffer 47816, timestamp 0:00:01.115749015
0:00:02.703125000  3920   00AFA7F0 DEBUG        rtpjitterbuffer rtpjitterbuffer.c:257:calculate_skew: extrtp 185459296, gstrtp 0:34:20.658844444, base 0:34:18.797888888, send_diff 0:00:01.860955556
0:00:02.703125000  3920   00BCEE40 DEBUG             rtpptdemux gstrtpptdemux.c:321:gst_rtp_pt_demux_chain:<rtpptdemux0> received buffer for pt 96
0:00:02.703125000  3920   00AFA7F0 DEBUG        rtpjitterbuffer rtpjitterbuffer.c:280:calculate_skew: time 0:00:02.073710280, base 0:00:00.252180149, recv_diff 0:00:01.821530131, slope 8
0:00:02.703125000  3920   00BCEE40 LOG         basertpdepayload gstbasertpdepayload.c:298:gst_base_rtp_depayload_chain:<rtpmp4vdepay0> discont 0, seqnum 47816, rtptime 185378399, timestamp 0:00:01.115749015
0:00:02.703125000  3920   00AFA7F0 DEBUG        rtpjitterbuffer rtpjitterbuffer.c:297:calculate_skew: filling 330, delta -39425425
0:00:02.703125000  3920   00AFA7F0 DEBUG        rtpjitterbuffer rtpjitterbuffer.c:390:calculate_skew: backwards timestamps, using previous time
0:00:02.703125000  3920   00AFA7F0 DEBUG        rtpjitterbuffer rtpjitterbuffer.c:413:calculate_skew: skew -98531238, out 0:00:02.014604467
0:00:02.703125000  3920   00AFA7F0 DEBUG     gstrtpjitterbuffer gstrtpjitterbuffer.c:1247:gst_rtp_jitter_buffer_chain:<rtpjitterbuffer0> Pushed packet #48031, now 143 packets, tail: 0
0:00:02.703125000  3920   00AFA7F0 LOG               rtpsession gstrtpsession.c:1343:gst_rtp_session_chain_recv_rtp:<rtpsession0> received RTP packet
0:00:02.703125000  3920   00BCEE40 DEBUG     gstrtpjitterbuffer gstrtpjitterbuffer.c:1389:gst_rtp_jitter_buffer_loop:<rtpjitterbuffer0> Peeking item
0:00:02.703125000  3920   00AFA7F0 LOG                rtpsource rtpsource.c:1059:rtp_source_process_rtp: seq 48032, PC: 331, OC: 440927
0:00:02.703125000  3920   00BCEE40 DEBUG     gstrtpjitterbuffer gstrtpjitterbuffer.c:1452:gst_rtp_jitter_buffer_loop:<rtpjitterbuffer0> Peeked buffer #47817, expect #47817, timestamp 0:00:01.115749015, now 143 left
0:00:02.703125000  3920   00AFA7F0 LOG                rtpsource rtpsource.c:894:calculate_jitter: SSRC 02564c67 got payload 96
0:00:02.703125000  3920   00BCEE40 LOG       gstrtpjitterbuffer gstrtpjitterbuffer.c:1628:gst_rtp_jitter_buffer_loop:<rtpjitterbuffer0> rtp 185378399, ext 185378399
0:00:02.703125000  3920   00AFA7F0 LOG                rtpsource rtpsource.c:927:calculate_jitter: rtparrival 1487036432, rtptime 185459296, clock-rate 90000, diff 611, jitter: 949.125000
0:00:02.703125000  3920   00BCEE40 DEBUG     gstrtpjitterbuffer gstrtpjitterbuffer.c:1672:gst_rtp_jitter_buffer_loop:<rtpjitterbuffer0> Pushing buffer 47817, timestamp 0:00:01.115749015
0:00:02.703125000  3920   00AFA7F0 LOG                rtpsource rtpsource.c:835:push_packet: pushing new packet
0:00:02.703125000  3920   00BCEE40 DEBUG             rtpptdemux gstrtpptdemux.c:321:gst_rtp_pt_demux_chain:<rtpptdemux0> received buffer for pt 96
0:00:02.703125000  3920   00AFA7F0 LOG               rtpsession rtpsession.c:929:source_push_rtp: source 02564c67 pushed receiver RTP packet
0:00:02.703125000  3920   00BCEE40 LOG         basertpdepayload gstbasertpdepayload.c:298:gst_base_rtp_depayload_chain:<rtpmp4vdepay0> discont 0, seqnum 47817, rtptime 185378399, timestamp 0:00:01.115749015
0:00:02.703125000  3920   00AFA7F0 LOG               rtpsession gstrtpsession.c:959:gst_rtp_session_process_rtp:<rtpsession0> pushing received RTP packet
0:00:02.703125000  3920   00BCEE40 DEBUG     gstrtpjitterbuffer gstrtpjitterbuffer.c:1389:gst_rtp_jitter_buffer_loop:<rtpjitterbuffer0> Peeking item
0:00:02.703125000  3920   00AFA7F0 DEBUG           rtpssrcdemux gstrtpssrcdemux.c:499:gst_rtp_ssrc_demux_chain:<rtpssrcdemux0> received buffer of SSRC 02564c67
0:00:02.703125000  3920   00BCEE40 DEBUG     gstrtpjitterbuffer gstrtpjitterbuffer.c:1452:gst_rtp_jitter_buffer_loop:<rtpjitterbuffer0> Peeked buffer #47818, expect #47818, timestamp 0:00:01.115749015, now 142 left
0:00:02.703125000  3920   00AFA7F0 DEBUG     gstrtpjitterbuffer gstrtpjitterbuffer.c:1125:gst_rtp_jitter_buffer_chain:<rtpjitterbuffer0> Received packet #48032 at time 0:00:02.080502418
0:00:02.703125000  3920   00BCEE40 LOG       gstrtpjitterbuffer gstrtpjitterbuffer.c:1628:gst_rtp_jitter_buffer_loop:<rtpjitterbuffer0> rtp 185378399, ext 185378399
0:00:02.703125000  3920   00BCEE40 DEBUG     gstrtpjitterbuffer gstrtpjitterbuffer.c:1672:gst_rtp_jitter_buffer_loop:<rtpjitterbuffer0> Pushing buffer 47818, timestamp 0:00:01.115749015
0:00:02.703125000  3920   00AFA7F0 DEBUG        rtpjitterbuffer rtpjitterbuffer.c:257:calculate_skew: extrtp 185459296, gstrtp 0:34:20.658844444, base 0:34:18.797888888, send_diff 0:00:01.860955556
0:00:02.703125000  3920   00BCEE40 DEBUG             rtpptdemux gstrtpptdemux.c:321:gst_rtp_pt_demux_chain:<rtpptdemux0> received buffer for pt 96
0:00:02.703125000  3920   00AFA7F0 DEBUG        rtpjitterbuffer rtpjitterbuffer.c:280:calculate_skew: time 0:00:02.080502418, base 0:00:00.252180149, recv_diff 0:00:01.828322269, slope 8
0:00:02.718750000  3920   00BCEE40 LOG         basertpdepayload gstbasertpdepayload.c:298:gst_base_rtp_depayload_chain:<rtpmp4vdepay0> discont 0, seqnum 47818, rtptime 185378399, timestamp 0:00:01.115749015
0:00:02.718750000  3920   00AFA7F0 DEBUG        rtpjitterbuffer rtpjitterbuffer.c:297:calculate_skew: filling 331, delta -32633287
0:00:02.718750000  3920   00AFA7F0 DEBUG        rtpjitterbuffer rtpjitterbuffer.c:390:calculate_skew: backwards timestamps, using previous time
0:00:02.718750000  3920   00AFA7F0 DEBUG        rtpjitterbuffer rtpjitterbuffer.c:413:calculate_skew: skew -98531238, out 0:00:02.014604467
0:00:02.718750000  3920   00AFA7F0 DEBUG     gstrtpjitterbuffer gstrtpjitterbuffer.c:1247:gst_rtp_jitter_buffer_chain:<rtpjitterbuffer0> Pushed packet #48032, now 142 packets, tail: 0
0:00:02.718750000  3920   00BCEE40 DEBUG     gstrtpjitterbuffer gstrtpjitterbuffer.c:1389:gst_rtp_jitter_buffer_loop:<rtpjitterbuffer0> Peeking item
0:00:02.718750000  3920   00AFA7F0 LOG               rtpsession gstrtpsession.c:1343:gst_rtp_session_chain_recv_rtp:<rtpsession0> received RTP packet
0:00:02.718750000  3920   00BCEE40 DEBUG     gstrtpjitterbuffer gstrtpjitterbuffer.c:1452:gst_rtp_jitter_buffer_loop:<rtpjitterbuffer0> Peeked buffer #47819, expect #47819, timestamp 0:00:01.115749015, now 142 left
0:00:02.718750000  3920   00AFA7F0 LOG                rtpsource rtpsource.c:1059:rtp_source_process_rtp: seq 48033, PC: 332, OC: 442315
0:00:02.718750000  3920   00BCEE40 LOG       gstrtpjitterbuffer gstrtpjitterbuffer.c:1628:gst_rtp_jitter_buffer_loop:<rtpjitterbuffer0> rtp 185378399, ext 185378399
0:00:02.718750000  3920   00AFA7F0 LOG                rtpsource rtpsource.c:894:calculate_jitter: SSRC 02564c67 got payload 96
0:00:02.718750000  3920   00BCEE40 DEBUG     gstrtpjitterbuffer gstrtpjitterbuffer.c:1672:gst_rtp_jitter_buffer_loop:<rtpjitterbuffer0> Pushing buffer 47819, timestamp 0:00:01.115749015
0:00:02.718750000  3920   00AFA7F0 LOG                rtpsource rtpsource.c:927:calculate_jitter: rtparrival 1487037013, rtptime 185459296, clock-rate 90000, diff 581, jitter: 926.125000
0:00:02.718750000  3920   00BCEE40 DEBUG             rtpptdemux gstrtpptdemux.c:321:gst_rtp_pt_demux_chain:<rtpptdemux0> received buffer for pt 96
0:00:02.718750000  3920   00AFA7F0 LOG                rtpsource rtpsource.c:835:push_packet: pushing new packet
0:00:02.718750000  3920   00BCEE40 LOG         basertpdepayload gstbasertpdepayload.c:298:gst_base_rtp_depayload_chain:<rtpmp4vdepay0> discont 0, seqnum 47819, rtptime 185378399, timestamp 0:00:01.115749015
0:00:02.718750000  3920   00AFA7F0 LOG               rtpsession rtpsession.c:929:source_push_rtp: source 02564c67 pushed receiver RTP packet
0:00:02.718750000  3920   00BCEE40 DEBUG     gstrtpjitterbuffer gstrtpjitterbuffer.c:1389:gst_rtp_jitter_buffer_loop:<rtpjitterbuffer0> Peeking item
0:00:02.718750000  3920   00AFA7F0 LOG               rtpsession gstrtpsession.c:959:gst_rtp_session_process_rtp:<rtpsession0> pushing received RTP packet
0:00:02.718750000  3920   00BCEE40 DEBUG     gstrtpjitterbuffer gstrtpjitterbuffer.c:1452:gst_rtp_jitter_buffer_loop:<rtpjitterbuffer0> Peeked buffer #47820, expect #47820, timestamp 0:00:01.115749015, now 141 left
0:00:02.718750000  3920   00AFA7F0 DEBUG           rtpssrcdemux gstrtpssrcdemux.c:499:gst_rtp_ssrc_demux_chain:<rtpssrcdemux0> received buffer of SSRC 02564c67
0:00:02.718750000  3920   00BCEE40 LOG       gstrtpjitterbuffer gstrtpjitterbuffer.c:1628:gst_rtp_jitter_buffer_loop:<rtpjitterbuffer0> rtp 185378399, ext 185378399
0:00:02.718750000  3920   00AFA7F0 DEBUG     gstrtpjitterbuffer gstrtpjitterbuffer.c:1125:gst_rtp_jitter_buffer_chain:<rtpjitterbuffer0> Received packet #48033 at time 0:00:02.086953458
0:00:02.718750000  3920   00BCEE40 DEBUG     gstrtpjitterbuffer gstrtpjitterbuffer.c:1672:gst_rtp_jitter_buffer_loop:<rtpjitterbuffer0> Pushing buffer 47820, timestamp 0:00:01.115749015
0:00:02.718750000  3920   00AFA7F0 DEBUG        rtpjitterbuffer rtpjitterbuffer.c:257:calculate_skew: extrtp 185459296, gstrtp 0:34:20.658844444, base 0:34:18.797888888, send_diff 0:00:01.860955556
0:00:02.718750000  3920   00BCEE40 DEBUG             rtpptdemux gstrtpptdemux.c:321:gst_rtp_pt_demux_chain:<rtpptdemux0> received buffer for pt 96
0:00:02.718750000  3920   00AFA7F0 DEBUG        rtpjitterbuffer rtpjitterbuffer.c:280:calculate_skew: time 0:00:02.086953458, base 0:00:00.252180149, recv_diff 0:00:01.834773309, slope 8
0:00:02.718750000  3920   00BCEE40 LOG         basertpdepayload gstbasertpdepayload.c:298:gst_base_rtp_depayload_chain:<rtpmp4vdepay0> discont 0, seqnum 47820, rtptime 185378399, timestamp 0:00:01.115749015
0:00:02.718750000  3920   00AFA7F0 DEBUG        rtpjitterbuffer rtpjitterbuffer.c:297:calculate_skew: filling 332, delta -26182247
0:00:02.718750000  3920   00BCEE40 DEBUG           rtpmp4vdepay gstrtpmp4vdepay.c:198:gst_rtp_mp4v_depay_process: gst_rtp_mp4v_depay_chain: pushing buffer of size 8292
0:00:02.718750000  3920   00AFA7F0 DEBUG        rtpjitterbuffer rtpjitterbuffer.c:390:calculate_skew: backwards timestamps, using previous time
0:00:02.718750000  3920   00BCEE40 LOG         basertpdepayload gstbasertpdepayload.c:521:gst_base_rtp_depayload_push_full:<rtpmp4vdepay0> Pushing buffer size 8292, timestamp 0:00:01.115749015
0:00:02.718750000  3920   00AFA7F0 DEBUG        rtpjitterbuffer rtpjitterbuffer.c:413:calculate_skew: skew -98531238, out 0:00:02.014604467
0:00:02.718750000  3920   00AFA7F0 DEBUG     gstrtpjitterbuffer gstrtpjitterbuffer.c:1247:gst_rtp_jitter_buffer_chain:<rtpjitterbuffer0> Pushed packet #48033, now 141 packets, tail: 0
0:00:02.718750000  3920   00BCEE40 DEBUG     gstrtpjitterbuffer gstrtpjitterbuffer.c:1389:gst_rtp_jitter_buffer_loop:<rtpjitterbuffer0> Peeking item
0:00:02.718750000  3920   00AFA7F0 LOG               rtpsession gstrtpsession.c:1343:gst_rtp_session_chain_recv_rtp:<rtpsession0> received RTP packet
0:00:02.718750000  3920   00BCEE40 DEBUG     gstrtpjitterbuffer gstrtpjitterbuffer.c:1452:gst_rtp_jitter_buffer_loop:<rtpjitterbuffer0> Peeked buffer #47821, expect #47821, timestamp 0:00:01.152371156, now 141 left
0:00:02.718750000  3920   00AFA7F0 LOG                rtpsource rtpsource.c:1059:rtp_source_process_rtp: seq 48035, PC: 333, OC: 443102
0:00:02.718750000  3920   00BCEE40 LOG       gstrtpjitterbuffer gstrtpjitterbuffer.c:1628:gst_rtp_jitter_buffer_loop:<rtpjitterbuffer0> rtp 185381695, ext 185378399
0:00:02.718750000  3920   00AFA7F0 LOG                rtpsource rtpsource.c:894:calculate_jitter: SSRC 02564c67 got payload 96
0:00:02.718750000  3920   00BCEE40 LOG       gstrtpjitterbuffer gstrtpjitterbuffer.c:1656:gst_rtp_jitter_buffer_loop:<rtpjitterbuffer0> elapsed 0:00:00.998722222, estimated 0:00:11.538455144
0:00:02.718750000  3920   00AFA7F0 LOG                rtpsource rtpsource.c:927:calculate_jitter: rtparrival 1487037619, rtptime 185459296, clock-rate 90000, diff 606, jitter: 906.125000
0:00:02.718750000  3920   00BCEE40 DEBUG     gstrtpjitterbuffer gstrtpjitterbuffer.c:1672:gst_rtp_jitter_buffer_loop:<rtpjitterbuffer0> Pushing buffer 47821, timestamp 0:00:01.152371156
0:00:02.718750000  3920   00AFA7F0 LOG                rtpsource rtpsource.c:835:push_packet: pushing new packet
0:00:02.718750000  3920   00BCEE40 DEBUG             rtpptdemux gstrtpptdemux.c:321:gst_rtp_pt_demux_chain:<rtpptdemux0> received buffer for pt 96
0:00:02.718750000  3920   00AFA7F0 LOG               rtpsession rtpsession.c:929:source_push_rtp: source 02564c67 pushed receiver RTP packet
0:00:02.718750000  3920   00BCEE40 LOG         basertpdepayload gstbasertpdepayload.c:298:gst_base_rtp_depayload_chain:<rtpmp4vdepay0> discont 0, seqnum 47821, rtptime 185381695, timestamp 0:00:01.152371156
0:00:02.718750000  3920   00AFA7F0 LOG               rtpsession gstrtpsession.c:959:gst_rtp_session_process_rtp:<rtpsession0> pushing received RTP packet
0:00:02.718750000  3920   00BCEE40 DEBUG     gstrtpjitterbuffer gstrtpjitterbuffer.c:1389:gst_rtp_jitter_buffer_loop:<rtpjitterbuffer0> Peeking item
0:00:02.718750000  3920   00AFA7F0 DEBUG           rtpssrcdemux gstrtpssrcdemux.c:499:gst_rtp_ssrc_demux_chain:<rtpssrcdemux0> received buffer of SSRC 02564c67
0:00:02.718750000  3920   00BCEE40 DEBUG     gstrtpjitterbuffer gstrtpjitterbuffer.c:1452:gst_rtp_jitter_buffer_loop:<rtpjitterbuffer0> Peeked buffer #47822, expect #47822, timestamp 0:00:01.152371156, now 140 left
0:00:02.718750000  3920   00AFA7F0 DEBUG     gstrtpjitterbuffer gstrtpjitterbuffer.c:1125:gst_rtp_jitter_buffer_chain:<rtpjitterbuffer0> Received packet #48035 at time 0:00:02.093689038
0:00:02.718750000  3920   00BCEE40 LOG       gstrtpjitterbuffer gstrtpjitterbuffer.c:1628:gst_rtp_jitter_buffer_loop:<rtpjitterbuffer0> rtp 185381695, ext 185381695
0:00:02.718750000  3920   00BCEE40 DEBUG     gstrtpjitterbuffer gstrtpjitterbuffer.c:1672:gst_rtp_jitter_buffer_loop:<rtpjitterbuffer0> Pushing buffer 47822, timestamp 0:00:01.152371156
0:00:02.718750000  3920   00AFA7F0 DEBUG     gstrtpjitterbuffer gstrtpjitterbuffer.c:1164:gst_rtp_jitter_buffer_chain:<rtpjitterbuffer0> expected #48034, got #48035, gap of 1
0:00:02.718750000  3920   00BCEE40 DEBUG             rtpptdemux gstrtpptdemux.c:321:gst_rtp_pt_demux_chain:<rtpptdemux0> received buffer for pt 96
0:00:02.718750000  3920   00AFA7F0 DEBUG     gstrtpjitterbuffer gstrtpjitterbuffer.c:1177:gst_rtp_jitter_buffer_chain:<rtpjitterbuffer0> tolerable gap
0:00:02.718750000  3920   00BCEE40 LOG         basertpdepayload gstbasertpdepayload.c:298:gst_base_rtp_depayload_chain:<rtpmp4vdepay0> discont 0, seqnum 47822, rtptime 185381695, timestamp 0:00:01.152371156
0:00:02.718750000  3920   00AFA7F0 DEBUG        rtpjitterbuffer rtpjitterbuffer.c:257:calculate_skew: extrtp 185459296, gstrtp 0:34:20.658844444, base 0:34:18.797888888, send_diff 0:00:01.860955556
0:00:02.718750000  3920   00AFA7F0 DEBUG        rtpjitterbuffer rtpjitterbuffer.c:280:calculate_skew: time 0:00:02.093689038, base 0:00:00.252180149, recv_diff 0:00:01.841508889, slope 8
0:00:02.718750000  3920   00AFA7F0 DEBUG        rtpjitterbuffer rtpjitterbuffer.c:297:calculate_skew: filling 333, delta -19446667
0:00:02.718750000  3920   00AFA7F0 DEBUG        rtpjitterbuffer rtpjitterbuffer.c:390:calculate_skew: backwards timestamps, using previous time
0:00:02.718750000  3920   00AFA7F0 DEBUG        rtpjitterbuffer rtpjitterbuffer.c:413:calculate_skew: skew -98531238, out 0:00:02.014604467
0:00:02.718750000  3920   00AFA7F0 DEBUG     gstrtpjitterbuffer gstrtpjitterbuffer.c:1247:gst_rtp_jitter_buffer_chain:<rtpjitterbuffer0> Pushed packet #48035, now 140 packets, tail: 0
0:00:02.718750000  3920   00BCEE40 DEBUG     gstrtpjitterbuffer gstrtpjitterbuffer.c:1389:gst_rtp_jitter_buffer_loop:<rtpjitterbuffer0> Peeking item
0:00:02.718750000  3920   00AFA7F0 LOG               rtpsession gstrtpsession.c:1343:gst_rtp_session_chain_recv_rtp:<rtpsession0> received RTP packet
0:00:02.718750000  3920   00BCEE40 DEBUG     gstrtpjitterbuffer gstrtpjitterbuffer.c:1452:gst_rtp_jitter_buffer_loop:<rtpjitterbuffer0> Peeked buffer #47823, expect #47823, timestamp 0:00:01.152371156, now 140 left
0:00:02.734375000  3920   00AFA7F0 LOG                rtpsource rtpsource.c:1059:rtp_source_process_rtp: seq 48036, PC: 334, OC: 444490
0:00:02.734375000  3920   00BCEE40 LOG       gstrtpjitterbuffer gstrtpjitterbuffer.c:1628:gst_rtp_jitter_buffer_loop:<rtpjitterbuffer0> rtp 185381695, ext 185381695
0:00:02.734375000  3920   00AFA7F0 LOG                rtpsource rtpsource.c:894:calculate_jitter: SSRC 02564c67 got payload 96
0:00:02.734375000  3920   00BCEE40 DEBUG     gstrtpjitterbuffer gstrtpjitterbuffer.c:1672:gst_rtp_jitter_buffer_loop:<rtpjitterbuffer0> Pushing buffer 47823, timestamp 0:00:01.152371156
0:00:02.734375000  3920   00AFA7F0 LOG                rtpsource rtpsource.c:927:calculate_jitter: rtparrival 1487038240, rtptime 185462593, clock-rate 90000, diff 2676, jitter: 1016.750000
0:00:02.734375000  3920   00BCEE40 DEBUG             rtpptdemux gstrtpptdemux.c:321:gst_rtp_pt_demux_chain:<rtpptdemux0> received buffer for pt 96
0:00:02.734375000  3920   00AFA7F0 LOG                rtpsource rtpsource.c:835:push_packet: pushing new packet
0:00:02.734375000  3920   00BCEE40 LOG         basertpdepayload gstbasertpdepayload.c:298:gst_base_rtp_depayload_chain:<rtpmp4vdepay0> discont 0, seqnum 47823, rtptime 185381695, timestamp 0:00:01.152371156
0:00:02.734375000  3920   00AFA7F0 LOG               rtpsession rtpsession.c:929:source_push_rtp: source 02564c67 pushed receiver RTP packet
0:00:02.734375000  3920   00BCEE40 DEBUG     gstrtpjitterbuffer gstrtpjitterbuffer.c:1389:gst_rtp_jitter_buffer_loop:<rtpjitterbuffer0> Peeking item
0:00:02.734375000  3920   00AFA7F0 LOG               rtpsession gstrtpsession.c:959:gst_rtp_session_process_rtp:<rtpsession0> pushing received RTP packet
0:00:02.734375000  3920   00BCEE40 DEBUG     gstrtpjitterbuffer gstrtpjitterbuffer.c:1452:gst_rtp_jitter_buffer_loop:<rtpjitterbuffer0> Peeked buffer #47824, expect #47824, timestamp 0:00:01.152371156, now 139 left
0:00:02.734375000  3920   00AFA7F0 DEBUG           rtpssrcdemux gstrtpssrcdemux.c:499:gst_rtp_ssrc_demux_chain:<rtpssrcdemux0> received buffer of SSRC 02564c67
0:00:02.734375000  3920   00BCEE40 LOG       gstrtpjitterbuffer gstrtpjitterbuffer.c:1628:gst_rtp_jitter_buffer_loop:<rtpjitterbuffer0> rtp 185381695, ext 185381695
0:00:02.734375000  3920   00AFA7F0 DEBUG     gstrtpjitterbuffer gstrtpjitterbuffer.c:1125:gst_rtp_jitter_buffer_chain:<rtpjitterbuffer0> Received packet #48036 at time 0:00:02.100593216
0:00:02.734375000  3920   00BCEE40 DEBUG     gstrtpjitterbuffer gstrtpjitterbuffer.c:1672:gst_rtp_jitter_buffer_loop:<rtpjitterbuffer0> Pushing buffer 47824, timestamp 0:00:01.152371156
0:00:02.734375000  3920   00AFA7F0 DEBUG        rtpjitterbuffer rtpjitterbuffer.c:257:calculate_skew: extrtp 185462593, gstrtp 0:34:20.695477777, base 0:34:18.797888888, send_diff 0:00:01.897588889
0:00:02.734375000  3920   00BCEE40 DEBUG             rtpptdemux gstrtpptdemux.c:321:gst_rtp_pt_demux_chain:<rtpptdemux0> received buffer for pt 96
0:00:02.734375000  3920   00AFA7F0 DEBUG        rtpjitterbuffer rtpjitterbuffer.c:280:calculate_skew: time 0:00:02.100593216, base 0:00:00.252180149, recv_diff 0:00:01.848413067, slope 8
0:00:02.734375000  3920   00BCEE40 LOG         basertpdepayload gstbasertpdepayload.c:298:gst_base_rtp_depayload_chain:<rtpmp4vdepay0> discont 0, seqnum 47824, rtptime 185381695, timestamp 0:00:01.152371156
0:00:02.734375000  3920   00AFA7F0 DEBUG        rtpjitterbuffer rtpjitterbuffer.c:297:calculate_skew: filling 334, delta -49175822
0:00:02.734375000  3920   00AFA7F0 DEBUG        rtpjitterbuffer rtpjitterbuffer.c:413:calculate_skew: skew -98531238, out 0:00:02.051237800
0:00:02.734375000  3920   00AFA7F0 DEBUG     gstrtpjitterbuffer gstrtpjitterbuffer.c:1247:gst_rtp_jitter_buffer_chain:<rtpjitterbuffer0> Pushed packet #48036, now 139 packets, tail: 0
0:00:02.734375000  3920   00BCEE40 DEBUG     gstrtpjitterbuffer gstrtpjitterbuffer.c:1389:gst_rtp_jitter_buffer_loop:<rtpjitterbuffer0> Peeking item
0:00:02.734375000  3920   00AFA7F0 LOG               rtpsession gstrtpsession.c:1343:gst_rtp_session_chain_recv_rtp:<rtpsession0> received RTP packet
0:00:02.734375000  3920   00BCEE40 DEBUG     gstrtpjitterbuffer gstrtpjitterbuffer.c:1452:gst_rtp_jitter_buffer_loop:<rtpjitterbuffer0> Peeked buffer #47825, expect #47825, timestamp 0:00:01.152371156, now 139 left
0:00:02.734375000  3920   00AFA7F0 LOG                rtpsource rtpsource.c:1059:rtp_source_process_rtp: seq 48037, PC: 335, OC: 445878
0:00:02.734375000  3920   00BCEE40 LOG       gstrtpjitterbuffer gstrtpjitterbuffer.c:1628:gst_rtp_jitter_buffer_loop:<rtpjitterbuffer0> rtp 185381695, ext 185381695
0:00:02.734375000  3920   00AFA7F0 LOG                rtpsource rtpsource.c:894:calculate_jitter: SSRC 02564c67 got payload 96
0:00:02.734375000  3920   00BCEE40 DEBUG     gstrtpjitterbuffer gstrtpjitterbuffer.c:1672:gst_rtp_jitter_buffer_loop:<rtpjitterbuffer0> Pushing buffer 47825, timestamp 0:00:01.152371156
0:00:02.734375000  3920   00AFA7F0 LOG                rtpsource rtpsource.c:927:calculate_jitter: rtparrival 1487038777, rtptime 185462593, clock-rate 90000, diff 537, jitter: 986.750000
0:00:02.734375000  3920   00BCEE40 DEBUG             rtpptdemux gstrtpptdemux.c:321:gst_rtp_pt_demux_chain:<rtpptdemux0> received buffer for pt 96
0:00:02.734375000  3920   00AFA7F0 LOG                rtpsource rtpsource.c:835:push_packet: pushing new packet
0:00:02.734375000  3920   00BCEE40 LOG         basertpdepayload gstbasertpdepayload.c:298:gst_base_rtp_depayload_chain:<rtpmp4vdepay0> discont 0, seqnum 47825, rtptime 185381695, timestamp 0:00:01.152371156
0:00:02.734375000  3920   00AFA7F0 LOG               rtpsession rtpsession.c:929:source_push_rtp: source 02564c67 pushed receiver RTP packet
0:00:02.734375000  3920   00BCEE40 DEBUG     gstrtpjitterbuffer gstrtpjitterbuffer.c:1389:gst_rtp_jitter_buffer_loop:<rtpjitterbuffer0> Peeking item
0:00:02.734375000  3920   00AFA7F0 LOG               rtpsession gstrtpsession.c:959:gst_rtp_session_process_rtp:<rtpsession0> pushing received RTP packet
0:00:02.734375000  3920   00BCEE40 DEBUG     gstrtpjitterbuffer gstrtpjitterbuffer.c:1452:gst_rtp_jitter_buffer_loop:<rtpjitterbuffer0> Peeked buffer #47826, expect #47826, timestamp 0:00:01.152371156, now 138 left
0:00:02.734375000  3920   00AFA7F0 DEBUG           rtpssrcdemux gstrtpssrcdemux.c:499:gst_rtp_ssrc_demux_chain:<rtpssrcdemux0> received buffer of SSRC 02564c67
0:00:02.734375000  3920   00BCEE40 LOG       gstrtpjitterbuffer gstrtpjitterbuffer.c:1628:gst_rtp_jitter_buffer_loop:<rtpjitterbuffer0> rtp 185381695, ext 185381695
0:00:02.734375000  3920   00AFA7F0 DEBUG     gstrtpjitterbuffer gstrtpjitterbuffer.c:1125:gst_rtp_jitter_buffer_chain:<rtpjitterbuffer0> Received packet #48037 at time 0:00:02.106550501
0:00:02.734375000  3920   00BCEE40 DEBUG     gstrtpjitterbuffer gstrtpjitterbuffer.c:1672:gst_rtp_jitter_buffer_loop:<rtpjitterbuffer0> Pushing buffer 47826, timestamp 0:00:01.152371156
0:00:02.734375000  3920   00AFA7F0 DEBUG        rtpjitterbuffer rtpjitterbuffer.c:257:calculate_skew: extrtp 185462593, gstrtp 0:34:20.695477777, base 0:34:18.797888888, send_diff 0:00:01.897588889
0:00:02.734375000  3920   00BCEE40 DEBUG             rtpptdemux gstrtpptdemux.c:321:gst_rtp_pt_demux_chain:<rtpptdemux0> received buffer for pt 96
0:00:02.734375000  3920   00AFA7F0 DEBUG        rtpjitterbuffer rtpjitterbuffer.c:280:calculate_skew: time 0:00:02.106550501, base 0:00:00.252180149, recv_diff 0:00:01.854370352, slope 8
0:00:02.734375000  3920   00BCEE40 LOG         basertpdepayload gstbasertpdepayload.c:298:gst_base_rtp_depayload_chain:<rtpmp4vdepay0> discont 0, seqnum 47826, rtptime 185381695, timestamp 0:00:01.152371156
0:00:02.734375000  3920   00AFA7F0 DEBUG        rtpjitterbuffer rtpjitterbuffer.c:297:calculate_skew: filling 335, delta -43218537
0:00:02.734375000  3920   00AFA7F0 DEBUG        rtpjitterbuffer rtpjitterbuffer.c:390:calculate_skew: backwards timestamps, using previous time
0:00:02.734375000  3920   00AFA7F0 DEBUG        rtpjitterbuffer rtpjitterbuffer.c:413:calculate_skew: skew -98531238, out 0:00:02.051237800
0:00:02.734375000  3920   00AFA7F0 DEBUG     gstrtpjitterbuffer gstrtpjitterbuffer.c:1247:gst_rtp_jitter_buffer_chain:<rtpjitterbuffer0> Pushed packet #48037, now 138 packets, tail: 0
0:00:02.734375000  3920   00AFA7F0 LOG               rtpsession gstrtpsession.c:1343:gst_rtp_session_chain_recv_rtp:<rtpsession0> received RTP packet
0:00:02.734375000  3920   00BCEE40 DEBUG     gstrtpjitterbuffer gstrtpjitterbuffer.c:1389:gst_rtp_jitter_buffer_loop:<rtpjitterbuffer0> Peeking item
0:00:02.734375000  3920   00AFA7F0 LOG                rtpsource rtpsource.c:1059:rtp_source_process_rtp: seq 48038, PC: 336, OC: 447266
0:00:02.734375000  3920   00BCEE40 DEBUG     gstrtpjitterbuffer gstrtpjitterbuffer.c:1452:gst_rtp_jitter_buffer_loop:<rtpjitterbuffer0> Peeked buffer #47827, expect #47827, timestamp 0:00:01.152371156, now 138 left
0:00:02.734375000  3920   00AFA7F0 LOG                rtpsource rtpsource.c:894:calculate_jitter: SSRC 02564c67 got payload 96
0:00:02.734375000  3920   00BCEE40 LOG       gstrtpjitterbuffer gstrtpjitterbuffer.c:1628:gst_rtp_jitter_buffer_loop:<rtpjitterbuffer0> rtp 185381695, ext 185381695
0:00:02.734375000  3920   00AFA7F0 LOG                rtpsource rtpsource.c:927:calculate_jitter: rtparrival 1487039353, rtptime 185462593, clock-rate 90000, diff 576, jitter: 961.062500
0:00:02.734375000  3920   00BCEE40 DEBUG     gstrtpjitterbuffer gstrtpjitterbuffer.c:1672:gst_rtp_jitter_buffer_loop:<rtpjitterbuffer0> Pushing buffer 47827, timestamp 0:00:01.152371156
0:00:02.734375000  3920   00AFA7F0 LOG                rtpsource rtpsource.c:835:push_packet: pushing new packet
0:00:02.734375000  3920   00BCEE40 DEBUG             rtpptdemux gstrtpptdemux.c:321:gst_rtp_pt_demux_chain:<rtpptdemux0> received buffer for pt 96
0:00:02.734375000  3920   00AFA7F0 LOG               rtpsession rtpsession.c:929:source_push_rtp: source 02564c67 pushed receiver RTP packet
0:00:02.734375000  3920   00BCEE40 LOG         basertpdepayload gstbasertpdepayload.c:298:gst_base_rtp_depayload_chain:<rtpmp4vdepay0> discont 0, seqnum 47827, rtptime 185381695, timestamp 0:00:01.152371156
0:00:02.734375000  3920   00AFA7F0 LOG               rtpsession gstrtpsession.c:959:gst_rtp_session_process_rtp:<rtpsession0> pushing received RTP packet
0:00:02.734375000  3920   00BCEE40 DEBUG           rtpmp4vdepay gstrtpmp4vdepay.c:198:gst_rtp_mp4v_depay_process: gst_rtp_mp4v_depay_chain: pushing buffer of size 8423
0:00:02.734375000  3920   00AFA7F0 DEBUG           rtpssrcdemux gstrtpssrcdemux.c:499:gst_rtp_ssrc_demux_chain:<rtpssrcdemux0> received buffer of SSRC 02564c67
0:00:02.734375000  3920   00BCEE40 LOG         basertpdepayload gstbasertpdepayload.c:521:gst_base_rtp_depayload_push_full:<rtpmp4vdepay0> Pushing buffer size 8423, timestamp 0:00:01.152371156
0:00:02.750000000  3920   00AFA7F0 DEBUG     gstrtpjitterbuffer gstrtpjitterbuffer.c:1125:gst_rtp_jitter_buffer_chain:<rtpjitterbuffer0> Received packet #48038 at time 0:00:02.112955087
0:00:02.750000000  3920   00BCEE40 DEBUG     gstrtpjitterbuffer gstrtpjitterbuffer.c:1389:gst_rtp_jitter_buffer_loop:<rtpjitterbuffer0> Peeking item
0:00:02.750000000  3920   00BCEE40 DEBUG     gstrtpjitterbuffer gstrtpjitterbuffer.c:1452:gst_rtp_jitter_buffer_loop:<rtpjitterbuffer0> Peeked buffer #47828, expect #47828, timestamp 0:00:01.183993360, now 137 left
0:00:02.750000000  3920   00BCEE40 LOG       gstrtpjitterbuffer gstrtpjitterbuffer.c:1628:gst_rtp_jitter_buffer_loop:<rtpjitterbuffer0> rtp 185384541, ext 185381695
0:00:02.750000000  3920   00BCEE40 LOG       gstrtpjitterbuffer gstrtpjitterbuffer.c:1656:gst_rtp_jitter_buffer_loop:<rtpjitterbuffer0> elapsed 0:00:01.030344444, estimated 0:00:11.491238361
0:00:02.750000000  3920   00BCEE40 DEBUG     gstrtpjitterbuffer gstrtpjitterbuffer.c:1672:gst_rtp_jitter_buffer_loop:<rtpjitterbuffer0> Pushing buffer 47828, timestamp 0:00:01.183993360
0:00:02.750000000  3920   00AFA7F0 DEBUG        rtpjitterbuffer rtpjitterbuffer.c:257:calculate_skew: extrtp 185462593, gstrtp 0:34:20.695477777, base 0:34:18.797888888, send_diff 0:00:01.897588889
0:00:02.750000000  3920   00BCEE40 DEBUG             rtpptdemux gstrtpptdemux.c:321:gst_rtp_pt_demux_chain:<rtpptdemux0> received buffer for pt 96
0:00:02.750000000  3920   00AFA7F0 DEBUG        rtpjitterbuffer rtpjitterbuffer.c:280:calculate_skew: time 0:00:02.112955087, base 0:00:00.252180149, recv_diff 0:00:01.860774938, slope 8
0:00:02.750000000  3920   00BCEE40 LOG         basertpdepayload gstbasertpdepayload.c:298:gst_base_rtp_depayload_chain:<rtpmp4vdepay0> discont 0, seqnum 47828, rtptime 185384541, timestamp 0:00:01.183993360
0:00:02.750000000  3920   00AFA7F0 DEBUG        rtpjitterbuffer rtpjitterbuffer.c:297:calculate_skew: filling 336, delta -36813951
0:00:02.750000000  3920   00AFA7F0 DEBUG        rtpjitterbuffer rtpjitterbuffer.c:390:calculate_skew: backwards timestamps, using previous time
0:00:02.750000000  3920   00AFA7F0 DEBUG        rtpjitterbuffer rtpjitterbuffer.c:413:calculate_skew: skew -98531238, out 0:00:02.051237800
0:00:02.750000000  3920   00AFA7F0 DEBUG     gstrtpjitterbuffer gstrtpjitterbuffer.c:1247:gst_rtp_jitter_buffer_chain:<rtpjitterbuffer0> Pushed packet #48038, now 137 packets, tail: 0
0:00:02.750000000  3920   00BCEE40 DEBUG     gstrtpjitterbuffer gstrtpjitterbuffer.c:1389:gst_rtp_jitter_buffer_loop:<rtpjitterbuffer0> Peeking item
0:00:02.750000000  3920   00AFA7F0 LOG               rtpsession gstrtpsession.c:1343:gst_rtp_session_chain_recv_rtp:<rtpsession0> received RTP packet
0:00:02.750000000  3920   00BCEE40 DEBUG     gstrtpjitterbuffer gstrtpjitterbuffer.c:1452:gst_rtp_jitter_buffer_loop:<rtpjitterbuffer0> Peeked buffer #47829, expect #47829, timestamp 0:00:01.183993360, now 137 left
0:00:02.750000000  3920   00AFA7F0 LOG                rtpsource rtpsource.c:1059:rtp_source_process_rtp: seq 48039, PC: 337, OC: 448654
0:00:02.750000000  3920   00BCEE40 LOG       gstrtpjitterbuffer gstrtpjitterbuffer.c:1628:gst_rtp_jitter_buffer_loop:<rtpjitterbuffer0> rtp 185384541, ext 185384541
0:00:02.750000000  3920   00AFA7F0 LOG                rtpsource rtpsource.c:894:calculate_jitter: SSRC 02564c67 got payload 96
0:00:02.750000000  3920   00BCEE40 DEBUG     gstrtpjitterbuffer gstrtpjitterbuffer.c:1672:gst_rtp_jitter_buffer_loop:<rtpjitterbuffer0> Pushing buffer 47829, timestamp 0:00:01.183993360
0:00:02.750000000  3920   00AFA7F0 LOG                rtpsource rtpsource.c:927:calculate_jitter: rtparrival 1487040016, rtptime 185462593, clock-rate 90000, diff 663, jitter: 942.437500
0:00:02.750000000  3920   00BCEE40 DEBUG             rtpptdemux gstrtpptdemux.c:321:gst_rtp_pt_demux_chain:<rtpptdemux0> received buffer for pt 96
0:00:02.750000000  3920   00AFA7F0 LOG                rtpsource rtpsource.c:835:push_packet: pushing new packet
0:00:02.750000000  3920   00BCEE40 LOG         basertpdepayload gstbasertpdepayload.c:298:gst_base_rtp_depayload_chain:<rtpmp4vdepay0> discont 0, seqnum 47829, rtptime 185384541, timestamp 0:00:01.183993360
0:00:02.750000000  3920   00AFA7F0 LOG               rtpsession rtpsession.c:929:source_push_rtp: source 02564c67 pushed receiver RTP packet
0:00:02.750000000  3920   00BCEE40 DEBUG     gstrtpjitterbuffer gstrtpjitterbuffer.c:1389:gst_rtp_jitter_buffer_loop:<rtpjitterbuffer0> Peeking item
0:00:02.750000000  3920   00AFA7F0 LOG               rtpsession gstrtpsession.c:959:gst_rtp_session_process_rtp:<rtpsession0> pushing received RTP packet
0:00:02.750000000  3920   00BCEE40 DEBUG     gstrtpjitterbuffer gstrtpjitterbuffer.c:1452:gst_rtp_jitter_buffer_loop:<rtpjitterbuffer0> Peeked buffer #47830, expect #47830, timestamp 0:00:01.183993360, now 136 left
0:00:02.750000000  3920   00AFA7F0 DEBUG           rtpssrcdemux gstrtpssrcdemux.c:499:gst_rtp_ssrc_demux_chain:<rtpssrcdemux0> received buffer of SSRC 02564c67
0:00:02.750000000  3920   00BCEE40 LOG       gstrtpjitterbuffer gstrtpjitterbuffer.c:1628:gst_rtp_jitter_buffer_loop:<rtpjitterbuffer0> rtp 185384541, ext 185384541
0:00:02.750000000  3920   00AFA7F0 DEBUG     gstrtpjitterbuffer gstrtpjitterbuffer.c:1125:gst_rtp_jitter_buffer_chain:<rtpjitterbuffer0> Received packet #48039 at time 0:00:02.120324557
0:00:02.750000000  3920   00BCEE40 DEBUG     gstrtpjitterbuffer gstrtpjitterbuffer.c:1672:gst_rtp_jitter_buffer_loop:<rtpjitterbuffer0> Pushing buffer 47830, timestamp 0:00:01.183993360
0:00:02.750000000  3920   00AFA7F0 DEBUG        rtpjitterbuffer rtpjitterbuffer.c:257:calculate_skew: extrtp 185462593, gstrtp 0:34:20.695477777, base 0:34:18.797888888, send_diff 0:00:01.897588889
0:00:02.750000000  3920   00BCEE40 DEBUG             rtpptdemux gstrtpptdemux.c:321:gst_rtp_pt_demux_chain:<rtpptdemux0> received buffer for pt 96
0:00:02.750000000  3920   00AFA7F0 DEBUG        rtpjitterbuffer rtpjitterbuffer.c:280:calculate_skew: time 0:00:02.120324557, base 0:00:00.252180149, recv_diff 0:00:01.868144408, slope 8
0:00:02.750000000  3920   00BCEE40 LOG         basertpdepayload gstbasertpdepayload.c:298:gst_base_rtp_depayload_chain:<rtpmp4vdepay0> discont 0, seqnum 47830, rtptime 185384541, timestamp 0:00:01.183993360
0:00:02.750000000  3920   00AFA7F0 DEBUG        rtpjitterbuffer rtpjitterbuffer.c:297:calculate_skew: filling 337, delta -29444481
0:00:02.750000000  3920   00AFA7F0 DEBUG        rtpjitterbuffer rtpjitterbuffer.c:390:calculate_skew: backwards timestamps, using previous time
0:00:02.750000000  3920   00AFA7F0 DEBUG        rtpjitterbuffer rtpjitterbuffer.c:413:calculate_skew: skew -98531238, out 0:00:02.051237800
0:00:02.750000000  3920   00AFA7F0 DEBUG     gstrtpjitterbuffer gstrtpjitterbuffer.c:1247:gst_rtp_jitter_buffer_chain:<rtpjitterbuffer0> Pushed packet #48039, now 136 packets, tail: 0
0:00:02.750000000  3920   00BCEE40 DEBUG     gstrtpjitterbuffer gstrtpjitterbuffer.c:1389:gst_rtp_jitter_buffer_loop:<rtpjitterbuffer0> Peeking item
0:00:02.750000000  3920   00AFA7F0 LOG               rtpsession gstrtpsession.c:1343:gst_rtp_session_chain_recv_rtp:<rtpsession0> received RTP packet
0:00:02.750000000  3920   00BCEE40 DEBUG     gstrtpjitterbuffer gstrtpjitterbuffer.c:1452:gst_rtp_jitter_buffer_loop:<rtpjitterbuffer0> Peeked buffer #47831, expect #47831, timestamp 0:00:01.183993360, now 136 left
0:00:02.750000000  3920   00AFA7F0 LOG                rtpsource rtpsource.c:1059:rtp_source_process_rtp: seq 48041, PC: 338, OC: 450042
0:00:02.750000000  3920   00BCEE40 LOG       gstrtpjitterbuffer gstrtpjitterbuffer.c:1628:gst_rtp_jitter_buffer_loop:<rtpjitterbuffer0> rtp 185384541, ext 185384541
0:00:02.750000000  3920   00AFA7F0 LOG                rtpsource rtpsource.c:894:calculate_jitter: SSRC 02564c67 got payload 96
0:00:02.750000000  3920   00BCEE40 DEBUG     gstrtpjitterbuffer gstrtpjitterbuffer.c:1672:gst_rtp_jitter_buffer_loop:<rtpjitterbuffer0> Pushing buffer 47831, timestamp 0:00:01.183993360
0:00:02.750000000  3920   00AFA7F0 LOG                rtpsource rtpsource.c:927:calculate_jitter: rtparrival 1487040581, rtptime 185462593, clock-rate 90000, diff 565, jitter: 918.875000
0:00:02.750000000  3920   00BCEE40 DEBUG             rtpptdemux gstrtpptdemux.c:321:gst_rtp_pt_demux_chain:<rtpptdemux0> received buffer for pt 96
0:00:02.750000000  3920   00AFA7F0 LOG                rtpsource rtpsource.c:835:push_packet: pushing new packet
0:00:02.750000000  3920   00BCEE40 LOG         basertpdepayload gstbasertpdepayload.c:298:gst_base_rtp_depayload_chain:<rtpmp4vdepay0> discont 0, seqnum 47831, rtptime 185384541, timestamp 0:00:01.183993360
0:00:02.750000000  3920   00AFA7F0 LOG               rtpsession rtpsession.c:929:source_push_rtp: source 02564c67 pushed receiver RTP packet
0:00:02.750000000  3920   00BCEE40 DEBUG     gstrtpjitterbuffer gstrtpjitterbuffer.c:1389:gst_rtp_jitter_buffer_loop:<rtpjitterbuffer0> Peeking item
0:00:02.750000000  3920   00AFA7F0 LOG               rtpsession gstrtpsession.c:959:gst_rtp_session_process_rtp:<rtpsession0> pushing received RTP packet
0:00:02.750000000  3920   00BCEE40 DEBUG     gstrtpjitterbuffer gstrtpjitterbuffer.c:1452:gst_rtp_jitter_buffer_loop:<rtpjitterbuffer0> Peeked buffer #47832, expect #47832, timestamp 0:00:01.183993360, now 135 left
0:00:02.750000000  3920   00AFA7F0 DEBUG           rtpssrcdemux gstrtpssrcdemux.c:499:gst_rtp_ssrc_demux_chain:<rtpssrcdemux0> received buffer of SSRC 02564c67
0:00:02.750000000  3920   00BCEE40 LOG       gstrtpjitterbuffer gstrtpjitterbuffer.c:1628:gst_rtp_jitter_buffer_loop:<rtpjitterbuffer0> rtp 185384541, ext 185384541
0:00:02.750000000  3920   00AFA7F0 DEBUG     gstrtpjitterbuffer gstrtpjitterbuffer.c:1125:gst_rtp_jitter_buffer_chain:<rtpjitterbuffer0> Received packet #48041 at time 0:00:02.126595203
0:00:02.750000000  3920   00BCEE40 DEBUG     gstrtpjitterbuffer gstrtpjitterbuffer.c:1672:gst_rtp_jitter_buffer_loop:<rtpjitterbuffer0> Pushing buffer 47832, timestamp 0:00:01.183993360
0:00:02.750000000  3920   00AFA7F0 DEBUG     gstrtpjitterbuffer gstrtpjitterbuffer.c:1164:gst_rtp_jitter_buffer_chain:<rtpjitterbuffer0> expected #48040, got #48041, gap of 1
0:00:02.750000000  3920   00BCEE40 DEBUG             rtpptdemux gstrtpptdemux.c:321:gst_rtp_pt_demux_chain:<rtpptdemux0> received buffer for pt 96
0:00:02.750000000  3920   00AFA7F0 DEBUG     gstrtpjitterbuffer gstrtpjitterbuffer.c:1177:gst_rtp_jitter_buffer_chain:<rtpjitterbuffer0> tolerable gap
0:00:02.750000000  3920   00BCEE40 LOG         basertpdepayload gstbasertpdepayload.c:298:gst_base_rtp_depayload_chain:<rtpmp4vdepay0> discont 0, seqnum 47832, rtptime 185384541, timestamp 0:00:01.183993360
0:00:02.750000000  3920   00AFA7F0 DEBUG        rtpjitterbuffer rtpjitterbuffer.c:257:calculate_skew: extrtp 185462593, gstrtp 0:34:20.695477777, base 0:34:18.797888888, send_diff 0:00:01.897588889
0:00:02.750000000  3920   00AFA7F0 DEBUG        rtpjitterbuffer rtpjitterbuffer.c:280:calculate_skew: time 0:00:02.126595203, base 0:00:00.252180149, recv_diff 0:00:01.874415054, slope 8
0:00:02.765625000  3920   00AFA7F0 DEBUG        rtpjitterbuffer rtpjitterbuffer.c:297:calculate_skew: filling 338, delta -23173835
0:00:02.765625000  3920   00AFA7F0 DEBUG        rtpjitterbuffer rtpjitterbuffer.c:390:calculate_skew: backwards timestamps, using previous time
0:00:02.765625000  3920   00AFA7F0 DEBUG        rtpjitterbuffer rtpjitterbuffer.c:413:calculate_skew: skew -98531238, out 0:00:02.051237800
0:00:02.765625000  3920   00AFA7F0 DEBUG     gstrtpjitterbuffer gstrtpjitterbuffer.c:1247:gst_rtp_jitter_buffer_chain:<rtpjitterbuffer0> Pushed packet #48041, now 135 packets, tail: 0
0:00:02.765625000  3920   00BCEE40 DEBUG     gstrtpjitterbuffer gstrtpjitterbuffer.c:1389:gst_rtp_jitter_buffer_loop:<rtpjitterbuffer0> Peeking item
0:00:02.765625000  3920   00AFA7F0 LOG               rtpsession gstrtpsession.c:1343:gst_rtp_session_chain_recv_rtp:<rtpsession0> received RTP packet
